000
CDUS44 KSJT 260801
CLISJT


CLIMATE REPORT
NATIONAL WEATHER SERVICE SAN ANGELO TX
201 AM CST MON JAN 26 2015


...................................

...THE SAN ANGELO CLIMATE SUMMARY FOR JANUARY 25 2015...

CLIMATE NORMAL PERIOD 1981 TO 2010
CLIMATE RECORD PERIOD 1907 TO 2015


WEATHER ITEM   OBSERVED TIME   RECORD YEAR NORMAL DEPARTURE LAST
                VALUE   (LST)  VALUE       VALUE  FROM      YEAR
                                                  NORMAL
..................................................................
TEMPERATURE (F)
 YESTERDAY
  MAXIMUM         66    354 PM  82    1950  60      6       70
  MINIMUM         35    336 AM   4    1926  34      1       23
  AVERAGE         51                        47      4       47

PRECIPITATION (IN)
  YESTERDAY        0.00          1.36 2012   0.03  -0.03     0.00
  MONTH TO DATE    1.50                      0.73   0.77      T
  SINCE DEC 1      1.86                      1.58   0.28     1.15
  SINCE JAN 1      1.50                      0.73   0.77      T

SNOWFALL (IN)
  YESTERDAY        0.0           4.9  1973   0.0    0.0      0.0
  MONTH TO DATE    T                         1.0   -1.0       T
  SINCE NOV 1      T                         1.6   -1.6      1.5
  SINCE JUL 1      T                         1.6   -1.6      1.5
  SNOW DEPTH       0

DEGREE DAYS
 HEATING
  YESTERDAY       14                        18     -4       18
  MONTH TO DATE  572                       469    103      467
  SINCE DEC 1    963                      1036    -73     1090
  SINCE JUL 1   1333                      1436   -103     1566

 COOLING
  YESTERDAY        0                         0      0        0
  MONTH TO DATE    0                         0      0        0
  SINCE DEC 1      1                         1      0        3
  SINCE JAN 1      0                         0      0        0
..................................................................


WIND (MPH)
  HIGHEST WIND SPEED    20   HIGHEST WIND DIRECTION    NE (30)
  HIGHEST GUST SPEED    23   HIGHEST GUST DIRECTION    NE (40)
  AVERAGE WIND SPEED     7.0


SKY COVER
  POSSIBLE SUNSHINE  MM
  AVERAGE SKY COVER 0.0


WEATHER CONDITIONS
 THE FOLLOWING WEATHER WAS RECORDED YESTERDAY.
  NO SIGNIFICANT WEATHER WAS OBSERVED.


RELATIVE HUMIDITY (PERCENT)
 HIGHEST    89           500 AM
 LOWEST     24           400 PM
 AVERAGE    57

..........................................................


THE SAN ANGELO CLIMATE NORMALS FOR TODAY
                         NORMAL    RECORD    YEAR
 MAXIMUM TEMPERATURE (F)   60        88      1912
 MINIMUM TEMPERATURE (F)   34         6      1926


SUNRISE AND SUNSET
JANUARY 26 2015.......SUNRISE   738 AM CST   SUNSET   611 PM CST
JANUARY 27 2015.......SUNRISE   737 AM CST   SUNSET   612 PM CST


-  INDICATES NEGATIVE NUMBERS.
R  INDICATES RECORD WAS SET OR TIED.
MM INDICATES DATA IS MISSING.
T  INDICATES TRACE AMOUNT.




$$
