000
CDUS44 KSJT 182229
CLISJT


CLIMATE REPORT
NATIONAL WEATHER SERVICE SAN ANGELO TX
528 PM CDT FRI AUG 18 2017


...................................

...THE SAN ANGELO CLIMATE SUMMARY FOR AUGUST 18 2017...
VALID TODAY AS OF 0500 PM LOCAL TIME.

CLIMATE NORMAL PERIOD 1981 TO 2010
CLIMATE RECORD PERIOD 1907 TO 2017


WEATHER ITEM   OBSERVED TIME   RECORD YEAR NORMAL DEPARTURE LAST
                VALUE   (LST)  VALUE       VALUE  FROM      YEAR
                                                  NORMAL
..................................................................
TEMPERATURE (F)
 TODAY
  MAXIMUM         95    246 PM 105    1924  95      0       88
                                      1919
                                      1917
  MINIMUM         71    607 AM  62    1950  71      0       73
                                      1931
  AVERAGE         83                        83      0       81

PRECIPITATION (IN)
  TODAY            0.00          1.83 2007   0.08  -0.08      T
  MONTH TO DATE    1.70                      1.10   0.60     2.79
  SINCE JUN 1      4.91                      4.89   0.02     9.81
  SINCE JAN 1     11.39                     12.91  -1.52    25.44

DEGREE DAYS
 HEATING
  TODAY            0                         0      0        0
  MONTH TO DATE    0                         0      0        0
  SINCE JUN 1      0                         0      0        0
  SINCE JUL 1      0                         0      0        0

 COOLING
  TODAY           18                        18      0       16
  MONTH TO DATE  326                       334     -8      391
  SINCE JUN 1   1500                      1361    139     1538
  SINCE JAN 1   2076                      1821    255     1949
..................................................................


WIND (MPH)
  HIGHEST WIND SPEED    14   HIGHEST WIND DIRECTION    NE (60)
  HIGHEST GUST SPEED    17   HIGHEST GUST DIRECTION    NE (50)
  AVERAGE WIND SPEED     4.7


SKY COVER
  POSSIBLE SUNSHINE  MM
  AVERAGE SKY COVER 0.0


WEATHER CONDITIONS
 THE FOLLOWING WEATHER WAS RECORDED TODAY.
  NO SIGNIFICANT WEATHER WAS OBSERVED.


RELATIVE HUMIDITY (PERCENT)
 HIGHEST    90           200 AM
 LOWEST     44           200 PM
 AVERAGE    67

..........................................................


THE SAN ANGELO CLIMATE NORMALS FOR TOMORROW
                         NORMAL    RECORD    YEAR
 MAXIMUM TEMPERATURE (F)   95       106      1924
 MINIMUM TEMPERATURE (F)   71        58      1950


SUNRISE AND SUNSET
AUGUST 18 2017........SUNRISE   710 AM CDT   SUNSET   821 PM CDT
AUGUST 19 2017........SUNRISE   710 AM CDT   SUNSET   820 PM CDT


-  INDICATES NEGATIVE NUMBERS.
R  INDICATES RECORD WAS SET OR TIED.
MM INDICATES DATA IS MISSING.
T  INDICATES TRACE AMOUNT.




$$
