000
CDUS44 KSJT 190805
CLISJT


CLIMATE REPORT
NATIONAL WEATHER SERVICE SAN ANGELO TX
204 AM CST FRI JAN 19 2018


...................................

...THE SAN ANGELO CLIMATE SUMMARY FOR JANUARY 18 2018...

CLIMATE NORMAL PERIOD 1981 TO 2010
CLIMATE RECORD PERIOD 1907 TO 2018


WEATHER ITEM   OBSERVED TIME   RECORD YEAR NORMAL DEPARTURE LAST
                VALUE   (LST)  VALUE       VALUE  FROM      YEAR
                                                  NORMAL
..................................................................
TEMPERATURE (F)
 YESTERDAY
  MAXIMUM         52    412 PM  86    1914  60     -8       55
  MINIMUM         31    409 AM   1    1930  33     -2       42
  AVERAGE         42                        46     -4       49

PRECIPITATION (IN)
  YESTERDAY        0.00          0.58 1934   0.03  -0.03      T
  MONTH TO DATE    T                         0.49  -0.49     1.35
  SINCE DEC 1      1.13                      1.34  -0.21     2.09
  SINCE JAN 1      T                         0.49  -0.49     1.35

SNOWFALL (IN)
  YESTERDAY        0.0           3.1  1956   0.1   -0.1      0.0
  MONTH TO DATE    T                         0.8   -0.8       T
  SINCE NOV 1      T                         1.4   -1.4       T
  SINCE JUL 1      T                         1.4   -1.4       T
  SNOW DEPTH       0

DEGREE DAYS
 HEATING
  YESTERDAY       23                        19      4       16
  MONTH TO DATE  429                       342     87      302
  SINCE DEC 1    983                       909     74      776
  SINCE JUL 1   1283                      1309    -26      944

 COOLING
  YESTERDAY        0                         0      0        0
  MONTH TO DATE    0                         0      0        0
  SINCE DEC 1      3                         1      2        1
  SINCE JAN 1      0                         0      0        0
..................................................................


WIND (MPH)
  HIGHEST WIND SPEED    18   HIGHEST WIND DIRECTION     S (200)
  HIGHEST GUST SPEED    22   HIGHEST GUST DIRECTION     S (200)
  AVERAGE WIND SPEED     7.3


SKY COVER
  POSSIBLE SUNSHINE  MM
  AVERAGE SKY COVER 0.5


WEATHER CONDITIONS
 THE FOLLOWING WEATHER WAS RECORDED YESTERDAY.
  HAZE


RELATIVE HUMIDITY (PERCENT)
 HIGHEST    47          1000 PM
 LOWEST     22          1200 PM
 AVERAGE    35

..........................................................


THE SAN ANGELO CLIMATE NORMALS FOR TODAY
                         NORMAL    RECORD    YEAR
 MAXIMUM TEMPERATURE (F)   60        87      2000
 MINIMUM TEMPERATURE (F)   33         8      1943


SUNRISE AND SUNSET
JANUARY 19 2018.......SUNRISE   740 AM CST   SUNSET   605 PM CST
JANUARY 20 2018.......SUNRISE   740 AM CST   SUNSET   606 PM CST


-  INDICATES NEGATIVE NUMBERS.
R  INDICATES RECORD WAS SET OR TIED.
MM INDICATES DATA IS MISSING.
T  INDICATES TRACE AMOUNT.




$$
