000
CDUS44 KSJT 072234
CLISJT


CLIMATE REPORT
NATIONAL WEATHER SERVICE SAN ANGELO TX
533 PM CDT TUE JUL 7 2015


...................................

...THE SAN ANGELO CLIMATE SUMMARY FOR JULY 7 2015...
VALID TODAY AS OF 0500 PM LOCAL TIME.

CLIMATE NORMAL PERIOD 1981 TO 2010
CLIMATE RECORD PERIOD 1907 TO 2015


WEATHER ITEM   OBSERVED TIME   RECORD YEAR NORMAL DEPARTURE LAST
                VALUE   (LST)  VALUE       VALUE  FROM      YEAR
                                                  NORMAL
..................................................................
TEMPERATURE (F)
 TODAY
  MAXIMUM         85    108 PM 108    1994  95    -10       95
  MINIMUM         74    359 PM  62    1958  71      3       73
                                      1940
  AVERAGE         80                        83     -3       84

PRECIPITATION (IN)
  TODAY            0.32          1.80 1945   0.04   0.28     0.00
  MONTH TO DATE    0.32                      0.32   0.00     0.00
  SINCE JUN 1      3.87                      2.91   0.96     2.29
  SINCE JAN 1     18.73                     10.93   7.80    10.56

DEGREE DAYS
 HEATING
  TODAY            0                         0      0        0
  MONTH TO DATE    0                         0      0        0
  SINCE JUN 1      0                         0      0        0
  SINCE JUL 1      0                         0      0        0

 COOLING
  TODAY           15                        18     -3       19
  MONTH TO DATE  117                       122     -5      131
  SINCE JUN 1    561                       586    -25      615
  SINCE JAN 1   1028                      1046    -18     1217
..................................................................


WIND (MPH)
  HIGHEST WIND SPEED    22   HIGHEST WIND DIRECTION     S (180)
  HIGHEST GUST SPEED    28   HIGHEST GUST DIRECTION     S (170)
  AVERAGE WIND SPEED    12.5


SKY COVER
  POSSIBLE SUNSHINE  MM
  AVERAGE SKY COVER 0.7


WEATHER CONDITIONS
 THE FOLLOWING WEATHER WAS RECORDED TODAY.
  THUNDERSTORM
  RAIN
  LIGHT RAIN
  FOG


RELATIVE HUMIDITY (PERCENT)
 HIGHEST    82           900 AM
 LOWEST     58          1200 AM
 AVERAGE    70

..........................................................


THE SAN ANGELO CLIMATE NORMALS FOR TOMORROW
                         NORMAL    RECORD    YEAR
 MAXIMUM TEMPERATURE (F)   95       105      2011
 MINIMUM TEMPERATURE (F)   71        61      1952
                                             1921


SUNRISE AND SUNSET
JULY  7 2015..........SUNRISE   644 AM CDT   SUNSET   850 PM CDT
JULY  8 2015..........SUNRISE   644 AM CDT   SUNSET   850 PM CDT


-  INDICATES NEGATIVE NUMBERS.
R  INDICATES RECORD WAS SET OR TIED.
MM INDICATES DATA IS MISSING.
T  INDICATES TRACE AMOUNT.




$$
