000
CDUS44 KSJT 242231
CLISJT


CLIMATE REPORT
NATIONAL WEATHER SERVICE SAN ANGELO TX
531 PM CDT WED AUG 24 2016


...................................

...THE SAN ANGELO CLIMATE SUMMARY FOR AUGUST 24 2016...
VALID TODAY AS OF 0500 PM LOCAL TIME.

CLIMATE NORMAL PERIOD 1981 TO 2010
CLIMATE RECORD PERIOD 1907 TO 2016


WEATHER ITEM   OBSERVED TIME   RECORD YEAR NORMAL DEPARTURE LAST
                VALUE   (LST)  VALUE       VALUE  FROM      YEAR
                                                  NORMAL
..................................................................
TEMPERATURE (F)
 TODAY
  MAXIMUM         95    342 PM 105    1918  94      1       98
  MINIMUM         72    623 AM  55    1961  70      2       69
  AVERAGE         84                        82      2       84

PRECIPITATION (IN)
  TODAY            0.00          2.77 1966   0.08  -0.08     0.75
  MONTH TO DATE    2.87                      1.59   1.28     1.28
  SINCE JUN 1      9.89                      5.38   4.51     5.38
  SINCE JAN 1     25.52                     13.40  12.12    20.24

DEGREE DAYS
 HEATING
  TODAY            0                         0      0        0
  MONTH TO DATE    0                         0      0        0
  SINCE JUN 1      0                         0      0        0
  SINCE JUL 1      0                         0      0        0

 COOLING
  TODAY           19                        17      2       19
  MONTH TO DATE  488                       438     50      547
  SINCE JUN 1   1635                      1465    170     1621
  SINCE JAN 1   2046                      1925    121     2088
..................................................................


WIND (MPH)
  HIGHEST WIND SPEED    22   HIGHEST WIND DIRECTION     S (180)
  HIGHEST GUST SPEED    27   HIGHEST GUST DIRECTION     S (180)
  AVERAGE WIND SPEED    10.9


SKY COVER
  POSSIBLE SUNSHINE  MM
  AVERAGE SKY COVER 0.2


WEATHER CONDITIONS
 THE FOLLOWING WEATHER WAS RECORDED TODAY.
  NO SIGNIFICANT WEATHER WAS OBSERVED.


RELATIVE HUMIDITY (PERCENT)
 HIGHEST    87           700 AM
 LOWEST     33           300 PM
 AVERAGE    60

..........................................................


THE SAN ANGELO CLIMATE NORMALS FOR TOMORROW
                         NORMAL    RECORD    YEAR
 MAXIMUM TEMPERATURE (F)   94       105      1924
 MINIMUM TEMPERATURE (F)   70        58      1926
                                             1916


SUNRISE AND SUNSET
AUGUST 24 2016........SUNRISE   713 AM CDT   SUNSET   814 PM CDT
AUGUST 25 2016........SUNRISE   714 AM CDT   SUNSET   813 PM CDT


-  INDICATES NEGATIVE NUMBERS.
R  INDICATES RECORD WAS SET OR TIED.
MM INDICATES DATA IS MISSING.
T  INDICATES TRACE AMOUNT.




$$
