000
CDUS44 KSJT 300651
CLISJT


CLIMATE REPORT
NATIONAL WEATHER SERVICE SAN ANGELO TX
151 AM CDT FRI SEP 30 2016


...................................

...THE SAN ANGELO CLIMATE SUMMARY FOR SEPTEMBER 29 2016...

CLIMATE NORMAL PERIOD 1981 TO 2010
CLIMATE RECORD PERIOD 1907 TO 2016


WEATHER ITEM   OBSERVED TIME   RECORD YEAR NORMAL DEPARTURE LAST
                VALUE   (LST)  VALUE       VALUE  FROM      YEAR
                                                  NORMAL
..................................................................
TEMPERATURE (F)
 YESTERDAY
  MAXIMUM         82    407 PM 101    1977  84     -2       91
  MINIMUM         52    646 AM  39    1908  59     -7       58
  AVERAGE         67                        71     -4       75

PRECIPITATION (IN)
  YESTERDAY        0.00          2.66 2012   0.07  -0.07     0.00
  MONTH TO DATE    5.24                      2.39   2.85     0.45
  SINCE SEP 1      5.24                      2.39   2.85     0.45
  SINCE JAN 1     30.76                     16.46  14.30    20.69

DEGREE DAYS
 HEATING
  YESTERDAY        0                         1     -1        0
  MONTH TO DATE    0                         7     -7        0
  SINCE SEP 1      0                         7     -7        0
  SINCE JUL 1      0                         7     -7        0

 COOLING
  YESTERDAY        2                         7     -5       10
  MONTH TO DATE  398                       322     76      475
  SINCE SEP 1    398                       322     76      475
  SINCE JAN 1   2558                      2358    200     2690
..................................................................


WIND (MPH)
  HIGHEST WIND SPEED    14   HIGHEST WIND DIRECTION    NE (60)
  HIGHEST GUST SPEED    20   HIGHEST GUST DIRECTION    NE (60)
  AVERAGE WIND SPEED     6.6


SKY COVER
  POSSIBLE SUNSHINE  MM
  AVERAGE SKY COVER 0.0


WEATHER CONDITIONS
 THE FOLLOWING WEATHER WAS RECORDED YESTERDAY.
  NO SIGNIFICANT WEATHER WAS OBSERVED.


RELATIVE HUMIDITY (PERCENT)
 HIGHEST    93           100 AM
 LOWEST     37           400 PM
 AVERAGE    65

..........................................................


THE SAN ANGELO CLIMATE NORMALS FOR TODAY
                         NORMAL    RECORD    YEAR
 MAXIMUM TEMPERATURE (F)   83       102      1977
 MINIMUM TEMPERATURE (F)   59        38      1984


SUNRISE AND SUNSET
SEPTEMBER 30 2016.....SUNRISE   735 AM CDT   SUNSET   728 PM CDT
OCTOBER  1 2016.......SUNRISE   736 AM CDT   SUNSET   726 PM CDT


-  INDICATES NEGATIVE NUMBERS.
R  INDICATES RECORD WAS SET OR TIED.
MM INDICATES DATA IS MISSING.
T  INDICATES TRACE AMOUNT.




$$
