000
CDUS44 KSJT 040651
CLISJT


CLIMATE REPORT
NATIONAL WEATHER SERVICE SAN ANGELO TX
151 AM CDT FRI SEP 4 2015


...................................

...THE SAN ANGELO CLIMATE SUMMARY FOR SEPTEMBER 3 2015...

CLIMATE NORMAL PERIOD 1981 TO 2010
CLIMATE RECORD PERIOD 1907 TO 2015


WEATHER ITEM   OBSERVED TIME   RECORD YEAR NORMAL DEPARTURE LAST
                VALUE   (LST)  VALUE       VALUE  FROM      YEAR
                                                  NORMAL
..................................................................
TEMPERATURE (F)
 YESTERDAY
  MAXIMUM         97    431 PM 104    2000  92      5       95
  MINIMUM         67    650 AM  49    1915  68     -1       75
  AVERAGE         82                        80      2       85

PRECIPITATION (IN)
  YESTERDAY        0.00          1.24 1935   0.09  -0.09     0.00
  MONTH TO DATE    0.00                      0.26  -0.26     0.00
  SINCE SEP 1      0.00                      0.26  -0.26     0.00
  SINCE JAN 1     20.24                     14.33   5.91    11.98

DEGREE DAYS
 HEATING
  YESTERDAY        0                         0      0        0
  MONTH TO DATE    0                         0      0        0
  SINCE SEP 1      0                         0      0        0
  SINCE JUL 1      0                         0      0        0

 COOLING
  YESTERDAY       17                        15      2       20
  MONTH TO DATE   52                        45      7       65
  SINCE SEP 1     52                        45      7       65
  SINCE JAN 1   2267                      2081    186     2323
..................................................................


WIND (MPH)
  HIGHEST WIND SPEED    14   HIGHEST WIND DIRECTION     S (190)
  HIGHEST GUST SPEED    19   HIGHEST GUST DIRECTION     E (90)
  AVERAGE WIND SPEED     5.3


SKY COVER
  POSSIBLE SUNSHINE  MM
  AVERAGE SKY COVER 0.2


WEATHER CONDITIONS
 THE FOLLOWING WEATHER WAS RECORDED YESTERDAY.
  NO SIGNIFICANT WEATHER WAS OBSERVED.


RELATIVE HUMIDITY (PERCENT)
 HIGHEST    76           700 AM
 LOWEST     27           300 PM
 AVERAGE    52

..........................................................


THE SAN ANGELO CLIMATE NORMALS FOR TODAY
                         NORMAL    RECORD    YEAR
 MAXIMUM TEMPERATURE (F)   91       105      2000
 MINIMUM TEMPERATURE (F)   67        53      2010
                                             1915


SUNRISE AND SUNSET
SEPTEMBER  4 2015.....SUNRISE   720 AM CDT   SUNSET   802 PM CDT
SEPTEMBER  5 2015.....SUNRISE   720 AM CDT   SUNSET   801 PM CDT


-  INDICATES NEGATIVE NUMBERS.
R  INDICATES RECORD WAS SET OR TIED.
MM INDICATES DATA IS MISSING.
T  INDICATES TRACE AMOUNT.


$$
