000
CDUS44 KSJT 280705
CLISJT


CLIMATE REPORT
NATIONAL WEATHER SERVICE SAN ANGELO TX
205 AM CDT TUE JUL 28 2015


...................................

...THE SAN ANGELO CLIMATE SUMMARY FOR JULY 27 2015...

CLIMATE NORMAL PERIOD 1981 TO 2010
CLIMATE RECORD PERIOD 1907 TO 2015


WEATHER ITEM   OBSERVED TIME   RECORD YEAR NORMAL DEPARTURE LAST
                VALUE   (LST)  VALUE       VALUE  FROM      YEAR
                                                  NORMAL
..................................................................
TEMPERATURE (F)
 YESTERDAY
  MAXIMUM        103    448 PM 111    1944  96      7      102
  MINIMUM         76    630 AM  60    1913  72      4       76
  AVERAGE         90                        84      6       89

PRECIPITATION (IN)
  YESTERDAY        0.00          0.68 1992   0.04  -0.04     0.00
  MONTH TO DATE    0.55                      1.05  -0.50     0.77
  SINCE JUN 1      4.10                      3.64   0.46     3.06
  SINCE JAN 1     18.96                     11.66   7.30    11.33

DEGREE DAYS
 HEATING
  YESTERDAY        0                         0      0        0
  MONTH TO DATE    0                         0      0        0
  SINCE JUN 1      0                         0      0        0
  SINCE JUL 1      0                         0      0        0

 COOLING
  YESTERDAY       25                        19      6       24
  MONTH TO DATE  538                       488     50      495
  SINCE JUN 1    982                       952     30      979
  SINCE JAN 1   1449                      1412     37     1581
..................................................................


WIND (MPH)
  HIGHEST WIND SPEED    16   HIGHEST WIND DIRECTION     E (110)
  HIGHEST GUST SPEED    23   HIGHEST GUST DIRECTION    NE (40)
  AVERAGE WIND SPEED     7.0


SKY COVER
  POSSIBLE SUNSHINE  MM
  AVERAGE SKY COVER 0.1


WEATHER CONDITIONS
 THE FOLLOWING WEATHER WAS RECORDED YESTERDAY.
  NO SIGNIFICANT WEATHER WAS OBSERVED.


RELATIVE HUMIDITY (PERCENT)
 HIGHEST    76           600 AM
 LOWEST     24           600 PM
 AVERAGE    50

..........................................................


THE SAN ANGELO CLIMATE NORMALS FOR TODAY
                         NORMAL    RECORD    YEAR
 MAXIMUM TEMPERATURE (F)   96       110      1944
 MINIMUM TEMPERATURE (F)   72        62      1915


SUNRISE AND SUNSET
JULY 28 2015..........SUNRISE   656 AM CDT   SUNSET   841 PM CDT
JULY 29 2015..........SUNRISE   657 AM CDT   SUNSET   840 PM CDT


-  INDICATES NEGATIVE NUMBERS.
R  INDICATES RECORD WAS SET OR TIED.
MM INDICATES DATA IS MISSING.
T  INDICATES TRACE AMOUNT.




$$
