000
CDUS44 KSJT 240935
CLISJT


CLIMATE REPORT
NATIONAL WEATHER SERVICE SAN ANGELO TX
435 AM CDT TUE MAY 24 2016


...................................

...THE SAN ANGELO CLIMATE SUMMARY FOR MAY 23 2016...

CLIMATE NORMAL PERIOD 1981 TO 2010
CLIMATE RECORD PERIOD 1907 TO 2016


WEATHER ITEM   OBSERVED TIME   RECORD YEAR NORMAL DEPARTURE LAST
                VALUE   (LST)  VALUE       VALUE  FROM      YEAR
                                                  NORMAL
..................................................................
TEMPERATURE (F)
 YESTERDAY
  MAXIMUM         88    325 PM 105    2011  89     -1       84
                                      2000
  MINIMUM         74    453 AM  50    1910  64     10       64
  AVERAGE         81                        76      5       74

PRECIPITATION (IN)
  YESTERDAY        T             1.83 1954   0.11  -0.11      T
  MONTH TO DATE    2.99                      1.93   1.06     6.73
  SINCE MAR 1     11.42                      4.85   6.57    10.21
  SINCE JAN 1     12.22                      7.13   5.09    12.47

DEGREE DAYS
 HEATING
  YESTERDAY        0                         0      0        0
  MONTH TO DATE   22                         8     14        8
  SINCE MAR 1    232                       353   -121      338
  SINCE JUL 1   1825                      2314   -489     2185

 COOLING
  YESTERDAY       16                        11      5        9
  MONTH TO DATE  170                       205    -35      202
  SINCE MAR 1    294                       356    -62      396
  SINCE JAN 1    304                       361    -57      398
..................................................................


WIND (MPH)
  HIGHEST WIND SPEED    26   HIGHEST WIND DIRECTION     S (170)
  HIGHEST GUST SPEED    38   HIGHEST GUST DIRECTION     S (170)
  AVERAGE WIND SPEED    10.9


SKY COVER
  POSSIBLE SUNSHINE  MM
  AVERAGE SKY COVER 0.5


WEATHER CONDITIONS
 THE FOLLOWING WEATHER WAS RECORDED YESTERDAY.
  LIGHT RAIN


RELATIVE HUMIDITY (PERCENT)
 HIGHEST    84           500 AM
 LOWEST     59           300 PM
 AVERAGE    72

..........................................................


THE SAN ANGELO CLIMATE NORMALS FOR TODAY
                         NORMAL    RECORD    YEAR
 MAXIMUM TEMPERATURE (F)   89       109      2000
 MINIMUM TEMPERATURE (F)   64        49      1940
                                             1910


SUNRISE AND SUNSET
MAY 24 2016...........SUNRISE   641 AM CDT   SUNSET   837 PM CDT
MAY 25 2016...........SUNRISE   640 AM CDT   SUNSET   838 PM CDT


-  INDICATES NEGATIVE NUMBERS.
R  INDICATES RECORD WAS SET OR TIED.
MM INDICATES DATA IS MISSING.
T  INDICATES TRACE AMOUNT.




$$
