000
CDCA42 TJSJ 292126
CLISJU


CLIMATE REPORT
NATIONAL WEATHER SERVICE SAN JUAN, PR
526 PM AST FRI APR 29 2016


...................................

...THE SAN JUAN AREA/PR CLIMATE SUMMARY FOR APRIL 29 2016...
VALID TODAY AS OF 0500 PM LOCAL TIME.

CLIMATE NORMAL PERIOD 1981 TO 2010
CLIMATE RECORD PERIOD 1898 TO 2016


WEATHER ITEM   OBSERVED TIME   RECORD YEAR NORMAL DEPARTURE LAST
                VALUE   (LST)  VALUE       VALUE  FROM      YEAR
                                                  NORMAL
..................................................................
TEMPERATURE (F)
 TODAY
  MAXIMUM         84   1001 AM  93    2015  87     -3       93
                                      1999
  MINIMUM         76   1114 AM  68    1957  75      1       79
  AVERAGE         80                        81     -1       86

PRECIPITATION (IN)
  TODAY            0.11          5.12 1940   0.21  -0.10     0.00
  MONTH TO DATE   10.02                      4.48   5.54     1.38
  SINCE MAR 1     12.24                      6.43   5.81     2.88
  SINCE JAN 1     17.72                     12.58   5.14    11.11

SNOWFALL (IN)
  TODAY           MM                         0.0   MM        0.0
  MONTH TO DATE    0.0                       0.0    0.0      0.0
  SINCE MAR 1      0.0                       0.0    0.0      0.0
  SINCE JUL 1      0.0                       0.0    0.0      0.0

DEGREE DAYS
 HEATING
  TODAY            0                         0      0        0
  MONTH TO DATE    0                         0      0        0
  SINCE MAR 1      0                         0      0        0
  SINCE JUL 1      0                         0      0        0

 COOLING
  TODAY           15                        16     -1       21
  MONTH TO DATE  448                       445      3      479
  SINCE MAR 1    889                       876     13      911
  SINCE JAN 1   1732                      1627    105     1751
..................................................................


WIND (MPH)
  HIGHEST WIND SPEED    18   HIGHEST WIND DIRECTION     E (80)
  HIGHEST GUST SPEED    22   HIGHEST GUST DIRECTION     E (80)
  AVERAGE WIND SPEED     3.0


SKY COVER
  AVERAGE SKY COVER 0.7


WEATHER CONDITIONS
 THE FOLLOWING WEATHER WAS RECORDED TODAY.
  LIGHT RAIN
  FOG


RELATIVE HUMIDITY (PERCENT)
 HIGHEST    91
 LOWEST     69
 AVERAGE    80

..........................................................


THE SAN JUAN AREA/PR CLIMATE NORMALS FOR TOMORROW
                         NORMAL    RECORD    YEAR
 MAXIMUM TEMPERATURE (F)   87        94      2015
                                             1995
 MINIMUM TEMPERATURE (F)   75        68      1929


SUNRISE AND SUNSET
APRIL 29 2016.........SUNRISE   558 AM AST   SUNSET   645 PM AST
APRIL 30 2016.........SUNRISE   557 AM AST   SUNSET   645 PM AST


-  INDICATES NEGATIVE NUMBERS.
R  INDICATES RECORD WAS SET OR TIED.
MM INDICATES DATA IS MISSING.
T  INDICATES TRACE AMOUNT.




$$
