000
CDUS45 KSLC 291234
CLISLC


CLIMATE REPORT
NATIONAL WEATHER SERVICE SALT LAKE CITY UT
633 AM MDT WED MAR 29 2017


...................................

...THE SALT LAKE CITY UT CLIMATE SUMMARY FOR MARCH 28 2017...

CLIMATE NORMAL PERIOD 1981 TO 2010
CLIMATE RECORD PERIOD 1874 TO 2017


WEATHER ITEM   OBSERVED TIME   RECORD YEAR NORMAL DEPARTURE LAST
                VALUE   (LST)  VALUE       VALUE  FROM      YEAR
                                                  NORMAL
..................................................................
TEMPERATURE (F)
 YESTERDAY
  MAXIMUM         54    545 PM  77    1943  57     -3       48
  MINIMUM         38    651 AM  18    1956  36      2       33
                                      1944
                                      1886
  AVERAGE         46                        46      0       41

PRECIPITATION (IN)
  YESTERDAY        0.00          0.95 1878   0.07  -0.07     0.47
  MONTH TO DATE    3.36                      1.60   1.76     1.89
  SINCE OCT 1     11.66                      8.48   3.18     7.60
  SINCE JAN 1      7.02                      4.10   2.92     4.35

SNOWFALL (IN)
  YESTERDAY        0.0           3.0  1987   0.2   -0.2      1.4
  MONTH TO DATE    3.6                       5.9   -2.3      2.7
  SINCE OCT 1     50.3                      51.3   -1.0     34.3
  SINCE JUL 1     50.3                      51.3   -1.0     34.3
  SNOW DEPTH       0

DEGREE DAYS
 HEATING
  YESTERDAY       19                        19      0       24
  MONTH TO DATE  405                       608   -203      483
  SINCE MAR 1    405                       608   -203      483
  SINCE JUL 1   4158                      4864   -706     4328

 COOLING
  YESTERDAY        0                         0      0        0
  MONTH TO DATE    2                         0      2        0
  SINCE MAR 1      2                         0      2        0
  SINCE JAN 1      2                         0      2        0
..................................................................


WIND (MPH)
  RESULTANT WIND SPEED  12   RESULTANT WIND DIRECTION  NW (330)
  HIGHEST WIND SPEED    22   HIGHEST WIND DIRECTION    NW (330)
  HIGHEST GUST SPEED    28   HIGHEST GUST DIRECTION    NW (310)
  AVERAGE WIND SPEED    12.6


SKY COVER
  POSSIBLE SUNSHINE  MM
  AVERAGE SKY COVER 0.3


WEATHER CONDITIONS
 THE FOLLOWING WEATHER WAS RECORDED YESTERDAY.
  NO SIGNIFICANT WEATHER WAS OBSERVED.


RELATIVE HUMIDITY (PERCENT)
 HIGHEST    82           500 AM
 LOWEST     41           300 PM
 AVERAGE    62

..........................................................


THE SALT LAKE CITY UT CLIMATE NORMALS FOR TODAY
                         NORMAL    RECORD    YEAR
 MAXIMUM TEMPERATURE (F)   57        75      1968
 MINIMUM TEMPERATURE (F)   36        17      1975


SUNRISE AND SUNSET
MARCH 29 2017.........SUNRISE   716 AM MDT   SUNSET   750 PM MDT
MARCH 30 2017.........SUNRISE   714 AM MDT   SUNSET   751 PM MDT


-  INDICATES NEGATIVE NUMBERS.
R  INDICATES RECORD WAS SET OR TIED.
MM INDICATES DATA IS MISSING.
T  INDICATES TRACE AMOUNT.




$$
