000
CDUS45 KSLC 061231
CLISLC


CLIMATE REPORT
NATIONAL WEATHER SERVICE SALT LAKE CITY UT
631 AM MDT FRI MAY 6 2016


...................................

...THE SALT LAKE CITY UT CLIMATE SUMMARY FOR MAY 5 2016...

CLIMATE NORMAL PERIOD 1981 TO 2010
CLIMATE RECORD PERIOD 1874 TO 2016


WEATHER ITEM   OBSERVED TIME   RECORD YEAR NORMAL DEPARTURE LAST
                VALUE   (LST)  VALUE       VALUE  FROM      YEAR
                                                  NORMAL
..................................................................
TEMPERATURE (F)
 YESTERDAY
  MAXIMUM         84    330 PM  88    1966  68     16       69
                                      1947
  MINIMUM         63    517 AM  28    1961  45     18       55
  AVERAGE         74                        56     18       62

PRECIPITATION (IN)
  YESTERDAY        0.00          1.12 1965   0.07  -0.07     0.02
  MONTH TO DATE    0.00                      0.35  -0.35     0.02
  SINCE OCT 1      9.32                     11.01  -1.69     6.23
  SINCE JAN 1      6.07                      6.63  -0.56     4.22

SNOWFALL (IN)
  YESTERDAY        0.0           5.3  1965   0.0    0.0      0.0
  MONTH TO DATE    0.0                       0.1   -0.1      0.0
  SINCE OCT 1     34.3                      56.0  -21.7     15.4
  SINCE JUL 1     34.3                      56.0  -21.7     15.4
  SNOW DEPTH       0

DEGREE DAYS
 HEATING
  YESTERDAY        0                         9     -9        3
  MONTH TO DATE   21                        49    -28        5
  SINCE MAR 1    865                      1149   -284      842
  SINCE JUL 1   4710                      5405   -695     4189

 COOLING
  YESTERDAY        9                         1      8        0
  MONTH TO DATE   11                         4      7       11
  SINCE MAR 1     21                         8     13       11
  SINCE JAN 1     21                         8     13       11
..................................................................


WIND (MPH)
  RESULTANT WIND SPEED   9   RESULTANT WIND DIRECTION   S (160)
  HIGHEST WIND SPEED    24   HIGHEST WIND DIRECTION     S (170)
  HIGHEST GUST SPEED    29   HIGHEST GUST DIRECTION     S (190)
  AVERAGE WIND SPEED    10.5


SKY COVER
  POSSIBLE SUNSHINE  MM
  AVERAGE SKY COVER 0.5


WEATHER CONDITIONS
 THE FOLLOWING WEATHER WAS RECORDED YESTERDAY.
  NO SIGNIFICANT WEATHER WAS OBSERVED.


RELATIVE HUMIDITY (PERCENT)
 HIGHEST    37           900 PM
 LOWEST     13           600 PM
 AVERAGE    25

..........................................................


THE SALT LAKE CITY UT CLIMATE NORMALS FOR TODAY
                         NORMAL    RECORD    YEAR
 MAXIMUM TEMPERATURE (F)   68        91      1947
 MINIMUM TEMPERATURE (F)   45        25      1965


SUNRISE AND SUNSET
MAY  6 2016...........SUNRISE   620 AM MDT   SUNSET   830 PM MDT
MAY  7 2016...........SUNRISE   618 AM MDT   SUNSET   831 PM MDT


-  INDICATES NEGATIVE NUMBERS.
R  INDICATES RECORD WAS SET OR TIED.
MM INDICATES DATA IS MISSING.
T  INDICATES TRACE AMOUNT.




$$
