000
CDUS45 KSLC 260017
CLISLC


CLIMATE REPORT
NATIONAL WEATHER SERVICE SALT LAKE CITY UT
516 PM MST SUN JAN 25 2015


...................................

...THE SALT LAKE CITY UT CLIMATE SUMMARY FOR JANUARY 25 2015...
VALID TODAY AS OF 0500 PM LOCAL TIME.

CLIMATE NORMAL PERIOD 1981 TO 2010
CLIMATE RECORD PERIOD 1874 TO 2015


WEATHER ITEM   OBSERVED TIME   RECORD YEAR NORMAL DEPARTURE LAST
                VALUE   (LST)  VALUE       VALUE  FROM      YEAR
                                                  NORMAL
..................................................................
TEMPERATURE (F)
 TODAY
  MAXIMUM         52    245 PM  59    1953  38     14       37
  MINIMUM         31    754 AM -22    1949  22      9       19
  AVERAGE         42                        30     12       28

PRECIPITATION (IN)
  TODAY            0.00          0.76 2009   0.04  -0.04     0.00
  MONTH TO DATE    0.86                      1.02  -0.16     0.57
  SINCE OCT 1      2.87                      5.40  -2.53     3.58
  SINCE JAN 1      0.86                      1.02  -0.16     0.57

SNOWFALL (IN)
  TODAY            0.0          13.4  1996   0.3   -0.3      0.0
  MONTH TO DATE    0.3                      10.3  -10.0      8.3
  SINCE OCT 1      6.8                      32.5  -25.7     31.0
  SINCE JUL 1      6.8                      32.5  -25.7     31.0
  SNOW DEPTH       0

DEGREE DAYS
 HEATING
  TODAY           23                        35    -12       37
  MONTH TO DATE  796                       894    -98      877
  SINCE DEC 1   1646                      1970   -324     2121
  SINCE JUL 1   2616                      3188   -572     3168

 COOLING
  TODAY            0                         0      0        0
  MONTH TO DATE    0                         0      0        0
  SINCE DEC 1      0                         0      0        0
  SINCE JAN 1      0                         0      0        0
..................................................................


WIND (MPH)
  RESULTANT WIND SPEED   1   RESULTANT WIND DIRECTION  NW (330)
  HIGHEST WIND SPEED     9   HIGHEST WIND DIRECTION     N (340)
  HIGHEST GUST SPEED    12   HIGHEST GUST DIRECTION     N (340)
  AVERAGE WIND SPEED     2.5


SKY COVER
  POSSIBLE SUNSHINE  MM
  AVERAGE SKY COVER 0.4


WEATHER CONDITIONS
 THE FOLLOWING WEATHER WAS RECORDED TODAY.
  FOG
  HAZE


RELATIVE HUMIDITY (PERCENT)
 HIGHEST    89           300 AM
 LOWEST     46           100 PM
 AVERAGE    68

..........................................................


THE SALT LAKE CITY UT CLIMATE NORMALS FOR TOMORROW
                         NORMAL    RECORD    YEAR
 MAXIMUM TEMPERATURE (F)   38        62      1982
 MINIMUM TEMPERATURE (F)   22       -15      1949


SUNRISE AND SUNSET
JANUARY 25 2015.......SUNRISE   744 AM MST   SUNSET   537 PM MST
JANUARY 26 2015.......SUNRISE   743 AM MST   SUNSET   538 PM MST


-  INDICATES NEGATIVE NUMBERS.
R  INDICATES RECORD WAS SET OR TIED.
MM INDICATES DATA IS MISSING.
T  INDICATES TRACE AMOUNT.




$$
