000
CDUS45 KSLC 211236
CLISLC


CLIMATE REPORT
NATIONAL WEATHER SERVICE SALT LAKE CITY UT
536 AM MST SAT JAN 21 2017


...................................

...THE SALT LAKE CITY UT CLIMATE SUMMARY FOR JANUARY 20 2017...

CLIMATE NORMAL PERIOD 1981 TO 2010
CLIMATE RECORD PERIOD 1874 TO 2017


WEATHER ITEM   OBSERVED TIME   RECORD YEAR NORMAL DEPARTURE LAST
                VALUE   (LST)  VALUE       VALUE  FROM      YEAR
                                                  NORMAL
..................................................................
TEMPERATURE (F)
 YESTERDAY
  MAXIMUM         43    314 PM  58    1953  38      5       42
  MINIMUM         29    552 AM -20    1883  22      7       30
  AVERAGE         36                        30      6       36

PRECIPITATION (IN)
  YESTERDAY        0.02          0.61 1875   0.04  -0.02     0.07
  MONTH TO DATE    1.17                      0.83   0.34     0.81
  SINCE OCT 1      5.81                      5.21   0.60     4.06
  SINCE JAN 1      1.17                      0.83   0.34     0.81

SNOWFALL (IN)
  YESTERDAY        0.7           9.7  1962   0.4    0.3      0.0
  MONTH TO DATE   14.4                       8.5    5.9      2.7
  SINCE OCT 1     31.2                      30.7    0.5     20.0
  SINCE JUL 1     31.2                      30.7    0.5     20.0
  SNOW DEPTH       T

DEGREE DAYS
 HEATING
  YESTERDAY       29                        35     -6       29
  MONTH TO DATE  743                       719     24      710
  SINCE DEC 1   1836                      1795     41     1745
  SINCE JUL 1   2635                      3013   -378     2687

 COOLING
  YESTERDAY        0                         0      0        0
  MONTH TO DATE    0                         0      0        0
  SINCE DEC 1      0                         0      0        0
  SINCE JAN 1      0                         0      0        0
..................................................................


WIND (MPH)
  RESULTANT WIND SPEED   7   RESULTANT WIND DIRECTION   S (180)
  HIGHEST WIND SPEED    21   HIGHEST WIND DIRECTION     S (170)
  HIGHEST GUST SPEED    26   HIGHEST GUST DIRECTION     S (160)
  AVERAGE WIND SPEED     8.9


SKY COVER
  POSSIBLE SUNSHINE  MM
  AVERAGE SKY COVER 0.9


WEATHER CONDITIONS
 THE FOLLOWING WEATHER WAS RECORDED YESTERDAY.
  LIGHT SNOW
  FOG
  FOG W/VISIBILITY <= 1/4 MILE


RELATIVE HUMIDITY (PERCENT)
 HIGHEST   100          1200 AM
 LOWEST     53           400 PM
 AVERAGE    77

..........................................................


THE SALT LAKE CITY UT CLIMATE NORMALS FOR TODAY
                         NORMAL    RECORD    YEAR
 MAXIMUM TEMPERATURE (F)   38        57      1943
 MINIMUM TEMPERATURE (F)   22       -20      1937


SUNRISE AND SUNSET
JANUARY 21 2017.......SUNRISE   747 AM MST   SUNSET   532 PM MST
JANUARY 22 2017.......SUNRISE   746 AM MST   SUNSET   534 PM MST


-  INDICATES NEGATIVE NUMBERS.
R  INDICATES RECORD WAS SET OR TIED.
MM INDICATES DATA IS MISSING.
T  INDICATES TRACE AMOUNT.




$$
