000
CDUS45 KSLC 281226
CLISLC


CLIMATE REPORT
NATIONAL WEATHER SERVICE SALT LAKE CITY UT
625 AM MDT FRI JUL 28 2017


...................................

...THE SALT LAKE CITY UT CLIMATE SUMMARY FOR JULY 27 2017...

CLIMATE NORMAL PERIOD 1981 TO 2010
CLIMATE RECORD PERIOD 1874 TO 2017


WEATHER ITEM   OBSERVED TIME   RECORD YEAR NORMAL DEPARTURE LAST
                VALUE   (LST)  VALUE       VALUE  FROM      YEAR
                                                  NORMAL
..................................................................
TEMPERATURE (F)
 YESTERDAY
  MAXIMUM         91    612 PM 105    1994  94     -3      101
  MINIMUM         67    601 AM  48    1963  66      1       70
  AVERAGE         79                        80     -1       86

PRECIPITATION (IN)
  YESTERDAY        0.00          0.57 1951   0.02  -0.02     0.00
  MONTH TO DATE    0.50                      0.52  -0.02      T
  SINCE OCT 1     16.39                     14.11   2.28    11.42
  SINCE JAN 1     11.75                      9.73   2.02     8.17

SNOWFALL (IN)
  YESTERDAY        0.0          MM      MM   0.0    0.0      0.0
  MONTH TO DATE    0.0                       0.0    0.0      0.0
  SINCE OCT 1     51.4                      56.2   -4.8     34.3
  SINCE JUL 1      0.0                       0.0    0.0      0.0
  SNOW DEPTH       0

DEGREE DAYS
 HEATING
  YESTERDAY        0                         0      0        0
  MONTH TO DATE    0                         0      0        1
  SINCE JUN 1      4                        46    -42        1
  SINCE JUL 1      0                         0      0        1

 COOLING
  YESTERDAY       14                        15     -1       21
  MONTH TO DATE  567                       366    201      479
  SINCE JUN 1    908                       553    355      859
  SINCE JAN 1    983                       603    380      906
..................................................................


WIND (MPH)
  RESULTANT WIND SPEED   2   RESULTANT WIND DIRECTION   E (100)
  HIGHEST WIND SPEED    14   HIGHEST WIND DIRECTION    NW (330)
  HIGHEST GUST SPEED    19   HIGHEST GUST DIRECTION     N (350)
  AVERAGE WIND SPEED     6.2


SKY COVER
  POSSIBLE SUNSHINE  MM
  AVERAGE SKY COVER 0.0


WEATHER CONDITIONS
 THE FOLLOWING WEATHER WAS RECORDED YESTERDAY.
  NO SIGNIFICANT WEATHER WAS OBSERVED.


RELATIVE HUMIDITY (PERCENT)
 HIGHEST    81           400 AM
 LOWEST     24           600 PM
 AVERAGE    53

..........................................................


THE SALT LAKE CITY UT CLIMATE NORMALS FOR TODAY
                         NORMAL    RECORD    YEAR
 MAXIMUM TEMPERATURE (F)   94       106      1934
 MINIMUM TEMPERATURE (F)   66        51      1929


SUNRISE AND SUNSET
JULY 28 2017..........SUNRISE   621 AM MDT   SUNSET   847 PM MDT
JULY 29 2017..........SUNRISE   622 AM MDT   SUNSET   846 PM MDT


-  INDICATES NEGATIVE NUMBERS.
R  INDICATES RECORD WAS SET OR TIED.
MM INDICATES DATA IS MISSING.
T  INDICATES TRACE AMOUNT.




$$
