000
CDUS45 KSLC 311233
CLISLC


CLIMATE REPORT
NATIONAL WEATHER SERVICE SALT LAKE CITY UT
632 AM MDT TUE MAY 31 2016


...................................

...THE SALT LAKE CITY UT CLIMATE SUMMARY FOR MAY 30 2016...

CLIMATE NORMAL PERIOD 1981 TO 2010
CLIMATE RECORD PERIOD 1874 TO 2016


WEATHER ITEM   OBSERVED TIME   RECORD YEAR NORMAL DEPARTURE LAST
                VALUE   (LST)  VALUE       VALUE  FROM      YEAR
                                                  NORMAL
..................................................................
TEMPERATURE (F)
 YESTERDAY
  MAXIMUM         79    522 PM  97    2003  77      2       85
  MINIMUM         55    451 AM  34    1979  52      3       56
                                      1919
  AVERAGE         67                        64      3       71

PRECIPITATION (IN)
  YESTERDAY        0.01          1.03 1896   0.06  -0.05     0.00
  MONTH TO DATE    1.58                      1.90  -0.32     4.19
  SINCE OCT 1     10.90                     12.56  -1.66    10.40
  SINCE JAN 1      7.65                      8.18  -0.53     8.39

SNOWFALL (IN)
  YESTERDAY        0.0          MM      MM   0.0    0.0      0.0
  MONTH TO DATE    0.0                       0.3   -0.3      0.0
  SINCE OCT 1     34.3                      56.2  -21.9     15.4
  SINCE JUL 1     34.3                      56.2  -21.9     15.4
  SNOW DEPTH       0

DEGREE DAYS
 HEATING
  YESTERDAY        0                         4     -4        0
  MONTH TO DATE  133                       202    -69      179
  SINCE MAR 1    977                      1302   -325     1016
  SINCE JUL 1   4822                      5558   -736     4363

 COOLING
  YESTERDAY        2                         3     -1        6
  MONTH TO DATE   36                        43     -7       20
  SINCE MAR 1     46                        47     -1       20
  SINCE JAN 1     46                        47     -1       20
..................................................................


WIND (MPH)
  RESULTANT WIND SPEED   3   RESULTANT WIND DIRECTION   N (20)
  HIGHEST WIND SPEED    21   HIGHEST WIND DIRECTION    SE (120)
  HIGHEST GUST SPEED    26   HIGHEST GUST DIRECTION    SE (150)
  AVERAGE WIND SPEED     9.1


SKY COVER
  POSSIBLE SUNSHINE  MM
  AVERAGE SKY COVER 0.4


WEATHER CONDITIONS
 THE FOLLOWING WEATHER WAS RECORDED YESTERDAY.
  LIGHT RAIN


RELATIVE HUMIDITY (PERCENT)
 HIGHEST    72           500 AM
 LOWEST     19           400 PM
 AVERAGE    46

..........................................................


THE SALT LAKE CITY UT CLIMATE NORMALS FOR TODAY
                         NORMAL    RECORD    YEAR
 MAXIMUM TEMPERATURE (F)   77        95      1997
 MINIMUM TEMPERATURE (F)   52        33      1919


SUNRISE AND SUNSET
MAY 31 2016...........SUNRISE   559 AM MDT   SUNSET   853 PM MDT
JUNE  1 2016..........SUNRISE   559 AM MDT   SUNSET   853 PM MDT


-  INDICATES NEGATIVE NUMBERS.
R  INDICATES RECORD WAS SET OR TIED.
MM INDICATES DATA IS MISSING.
T  INDICATES TRACE AMOUNT.




$$
