000
CDUS45 KSLC 300016
CLISLC


CLIMATE REPORT
NATIONAL WEATHER SERVICE SALT LAKE CITY UT
616 PM MDT SUN MAR 29 2015


...................................

...THE SALT LAKE CITY UT CLIMATE SUMMARY FOR MARCH 29 2015...
VALID TODAY AS OF 0500 PM LOCAL TIME.

CLIMATE NORMAL PERIOD 1981 TO 2010
CLIMATE RECORD PERIOD 1874 TO 2015


WEATHER ITEM   OBSERVED TIME   RECORD YEAR NORMAL DEPARTURE LAST
                VALUE   (LST)  VALUE       VALUE  FROM      YEAR
                                                  NORMAL
..................................................................
TEMPERATURE (F)
 TODAY
  MAXIMUM         66    323 PM  75    1968  57      9       66
  MINIMUM         39    654 AM  17    1975  36      3       47
  AVERAGE         53                        47      6       57

PRECIPITATION (IN)
  TODAY            0.00          0.88 1915   0.06  -0.06     0.00
  MONTH TO DATE    0.71                      1.66  -0.95     0.60
  SINCE OCT 1      3.89                      8.54  -4.65     6.38
  SINCE JAN 1      1.88                      4.16  -2.28     3.37

SNOWFALL (IN)
  TODAY            0.0           8.2  1967   0.2   -0.2      0.0
  MONTH TO DATE    2.8                       6.1   -3.3       T
  SINCE OCT 1      9.6                      51.5  -41.9     35.0
  SINCE JUL 1      9.6                      51.5  -41.9     35.0
  SNOW DEPTH       0

DEGREE DAYS
 HEATING
  TODAY           12                        18     -6        8
  MONTH TO DATE  456                       626   -170      453
  SINCE MAR 1    456                       626   -170      453
  SINCE JUL 1   3803                      4882  -1079     4440

 COOLING
  TODAY            0                         0      0        0
  MONTH TO DATE    0                         0      0        0
  SINCE MAR 1      0                         0      0        0
  SINCE JAN 1      0                         0      0        0
..................................................................


WIND (MPH)
  RESULTANT WIND SPEED   3   RESULTANT WIND DIRECTION  NW (320)
  HIGHEST WIND SPEED    16   HIGHEST WIND DIRECTION    NW (330)
  HIGHEST GUST SPEED    20   HIGHEST GUST DIRECTION     N (360)
  AVERAGE WIND SPEED     5.4


SKY COVER
  POSSIBLE SUNSHINE  MM
  AVERAGE SKY COVER 0.0


WEATHER CONDITIONS
 THE FOLLOWING WEATHER WAS RECORDED TODAY.
  NO SIGNIFICANT WEATHER WAS OBSERVED.


RELATIVE HUMIDITY (PERCENT)
 HIGHEST    60           300 AM
 LOWEST     18           300 PM
 AVERAGE    39

..........................................................


THE SALT LAKE CITY UT CLIMATE NORMALS FOR TOMORROW
                         NORMAL    RECORD    YEAR
 MAXIMUM TEMPERATURE (F)   57        77      1879
 MINIMUM TEMPERATURE (F)   36        13      1977


SUNRISE AND SUNSET
MARCH 29 2015.........SUNRISE   717 AM MDT   SUNSET   749 PM MDT
MARCH 30 2015.........SUNRISE   715 AM MDT   SUNSET   750 PM MDT


-  INDICATES NEGATIVE NUMBERS.
R  INDICATES RECORD WAS SET OR TIED.
MM INDICATES DATA IS MISSING.
T  INDICATES TRACE AMOUNT.




$$
