000
CDUS45 KSLC 240032
CLISLC


CLIMATE REPORT
NATIONAL WEATHER SERVICE SALT LAKE CITY UT
532 PM MST TUE JAN 23 2018


...................................

...THE SALT LAKE CITY UT CLIMATE SUMMARY FOR JANUARY 23 2018...
VALID TODAY AS OF 0500 PM LOCAL TIME.

CLIMATE NORMAL PERIOD 1981 TO 2010
CLIMATE RECORD PERIOD 1874 TO 2018


WEATHER ITEM   OBSERVED TIME   RECORD YEAR NORMAL DEPARTURE LAST
                VALUE   (LST)  VALUE       VALUE  FROM      YEAR
                                                  NORMAL
..................................................................
TEMPERATURE (F)
 TODAY
  MAXIMUM         44    359 PM  60    1970  38      6       41
  MINIMUM         27    357 AM -14    1962  22      5       32
  AVERAGE         36                        30      6       37

PRECIPITATION (IN)
  TODAY            0.00          0.52 1967   0.04  -0.04     0.15
  MONTH TO DATE    0.78                      0.95  -0.17     1.87
  SINCE OCT 1      2.91                      5.33  -2.42     6.51
  SINCE JAN 1      0.78                      0.95  -0.17     1.87

SNOWFALL (IN)
  TODAY            0.0           6.0  1928   0.3   -0.3      0.6
  MONTH TO DATE    9.2                       9.6   -0.4     21.1
  SINCE OCT 1     16.9                      31.8  -14.9     37.9
  SINCE JUL 1     16.9                      31.8  -14.9     37.9
  SNOW DEPTH       0

DEGREE DAYS
 HEATING
  TODAY           29                        35     -6       28
  MONTH TO DATE  618                       824   -206      836
  SINCE DEC 1   1603                      1900   -297     1929
  SINCE JUL 1   2625                      3118   -493     2728

 COOLING
  TODAY            0                         0      0        0
  MONTH TO DATE    0                         0      0        0
  SINCE DEC 1      0                         0      0        0
  SINCE JAN 1      0                         0      0        0
..................................................................


WIND (MPH)
  RESULTANT WIND SPEED   4   RESULTANT WIND DIRECTION  SE (150)
  HIGHEST WIND SPEED    12   HIGHEST WIND DIRECTION    SE (150)
  HIGHEST GUST SPEED    14   HIGHEST GUST DIRECTION    SE (150)
  AVERAGE WIND SPEED     4.9


SKY COVER
  POSSIBLE SUNSHINE  MM
  AVERAGE SKY COVER 0.6


WEATHER CONDITIONS
 THE FOLLOWING WEATHER WAS RECORDED TODAY.
  NO SIGNIFICANT WEATHER WAS OBSERVED.


RELATIVE HUMIDITY (PERCENT)
 HIGHEST    85           100 AM
 LOWEST     49           300 PM
 AVERAGE    67

..........................................................


THE SALT LAKE CITY UT CLIMATE NORMALS FOR TOMORROW
                         NORMAL    RECORD    YEAR
 MAXIMUM TEMPERATURE (F)   38        59      1970
 MINIMUM TEMPERATURE (F)   22        -9      1929


SUNRISE AND SUNSET
JANUARY 23 2018.......SUNRISE   745 AM MST   SUNSET   535 PM MST
JANUARY 24 2018.......SUNRISE   745 AM MST   SUNSET   536 PM MST


-  INDICATES NEGATIVE NUMBERS.
R  INDICATES RECORD WAS SET OR TIED.
MM INDICATES DATA IS MISSING.
T  INDICATES TRACE AMOUNT.




$$
