000
CDUS45 KSLC 041238
CLISLC


CLIMATE REPORT
NATIONAL WEATHER SERVICE SALT LAKE CITY UT
538 AM MST WED MAR 4 2015


...................................

...THE SALT LAKE CITY UT CLIMATE SUMMARY FOR MARCH 3 2015...

CLIMATE NORMAL PERIOD 1981 TO 2010
CLIMATE RECORD PERIOD 1874 TO 2015


WEATHER ITEM   OBSERVED TIME   RECORD YEAR NORMAL DEPARTURE LAST
                VALUE   (LST)  VALUE       VALUE  FROM      YEAR
                                                  NORMAL
..................................................................
TEMPERATURE (F)
 YESTERDAY
  MAXIMUM         38    441 PM  71    1921  50    -12       62
  MINIMUM         29   1150 PM   5    1952  30     -1       45
  AVERAGE         34                        40     -6       54

PRECIPITATION (IN)
  YESTERDAY        0.18          0.66 1938   0.05   0.13      T
  MONTH TO DATE    0.48                      0.15   0.33     0.04
  SINCE OCT 1      3.66                      7.03  -3.37     5.82
  SINCE JAN 1      1.65                      2.65  -1.00     2.81

SNOWFALL (IN)
  YESTERDAY        2.5           4.2  1962   0.3    2.2      0.0
  MONTH TO DATE    2.8                       0.8    2.0      0.0
  SINCE OCT 1      9.6                      46.2  -36.6     35.0
  SINCE JUL 1      9.6                      46.2  -36.6     35.0
  SNOW DEPTH       0

DEGREE DAYS
 HEATING
  YESTERDAY       31                        25      6       11
  MONTH TO DATE   84                        76      8       39
  SINCE MAR 1     84                        76      8       39
  SINCE JUL 1   3431                      4332   -901     4026

 COOLING
  YESTERDAY        0                         0      0        0
  MONTH TO DATE    0                         0      0        0
  SINCE MAR 1      0                         0      0        0
  SINCE JAN 1      0                         0      0        0
..................................................................


WIND (MPH)
  RESULTANT WIND SPEED   2   RESULTANT WIND DIRECTION   N (10)
  HIGHEST WIND SPEED    22   HIGHEST WIND DIRECTION    NW (330)
  HIGHEST GUST SPEED    26   HIGHEST GUST DIRECTION    NW (330)
  AVERAGE WIND SPEED     7.6


SKY COVER
  POSSIBLE SUNSHINE  MM
  AVERAGE SKY COVER 0.9


WEATHER CONDITIONS
 THE FOLLOWING WEATHER WAS RECORDED YESTERDAY.
  LIGHT RAIN
  LIGHT SNOW
  FOG
  FOG W/VISIBILITY <= 1/4 MILE


RELATIVE HUMIDITY (PERCENT)
 HIGHEST   100          1200 AM
 LOWEST     56           600 PM
 AVERAGE    78

..........................................................


THE SALT LAKE CITY UT CLIMATE NORMALS FOR TODAY
                         NORMAL    RECORD    YEAR
 MAXIMUM TEMPERATURE (F)   50        69      1987
 MINIMUM TEMPERATURE (F)   31         2      1966


SUNRISE AND SUNSET
MARCH  4 2015.........SUNRISE   657 AM MST   SUNSET   622 PM MST
MARCH  5 2015.........SUNRISE   656 AM MST   SUNSET   623 PM MST


-  INDICATES NEGATIVE NUMBERS.
R  INDICATES RECORD WAS SET OR TIED.
MM INDICATES DATA IS MISSING.
T  INDICATES TRACE AMOUNT.




$$
