000
CDUS46 KPQR 030228
CLISLE


CLIMATE REPORT
NATIONAL WEATHER SERVICE PORTLAND OREGON
728 PM PDT MON MAY 2 2016


...................................

...THE SALEM OR CLIMATE SUMMARY FOR MAY 2 2016...
VALID TODAY AS OF 0700 PM LOCAL TIME.

CLIMATE NORMAL PERIOD 1981 TO 2010
CLIMATE RECORD PERIOD 1892 TO 2016


WEATHER ITEM   OBSERVED TIME   RECORD YEAR NORMAL DEPARTURE LAST
                VALUE   (LST)  VALUE       VALUE  FROM      YEAR
                                                  NORMAL
..................................................................
TEMPERATURE (F)
 TODAY
  MAXIMUM         86    226 PM  87    1946  65     21       70
  MINIMUM         50    517 AM  30    1952  42      8       44
  AVERAGE         68                        53     15       57

PRECIPITATION (IN)
  TODAY            0.00          0.78 1975   0.07  -0.07     0.00
                                      1932
  MONTH TO DATE    0.00                      0.14  -0.14     0.00
  SINCE OCT 1     42.68                     33.85   8.83    31.42
  SINCE JAN 1     19.13                     17.46   1.67    13.88

DEGREE DAYS
 HEATING
  TODAY            0                        12    -12        8
  MONTH TO DATE    0                        24    -24       13
  SINCE MAR 1    726                      1027   -301      840
  SINCE JUL 1   3382                      4267   -885     3310

 COOLING
  TODAY            3                         0      3        0
  MONTH TO DATE    3                         0      3        0
  SINCE MAR 1     10                         0     10        0
  SINCE JAN 1     10                         0     10        0
..................................................................


WIND (MPH)
  HIGHEST WIND SPEED    18   HIGHEST WIND DIRECTION    NW (310)
  HIGHEST GUST SPEED    22   HIGHEST GUST DIRECTION    NW (310)
  AVERAGE WIND SPEED     4.3


SKY COVER
  POSSIBLE SUNSHINE  MM
  AVERAGE SKY COVER 0.1


WEATHER CONDITIONS
 THE FOLLOWING WEATHER WAS RECORDED TODAY.
  NO SIGNIFICANT WEATHER WAS OBSERVED.


RELATIVE HUMIDITY (PERCENT)
 HIGHEST    80           500 AM
 LOWEST     25           200 PM
 AVERAGE    53

..........................................................


THE SALEM OR CLIMATE NORMALS FOR TOMORROW
                         NORMAL    RECORD    YEAR
 MAXIMUM TEMPERATURE (F)   65        86      1992
 MINIMUM TEMPERATURE (F)   42        32      1964
                                             1952
                                             1894


SUNRISE AND SUNSET
MAY  2 2016...........SUNRISE   559 AM PDT   SUNSET   819 PM PDT
MAY  3 2016...........SUNRISE   558 AM PDT   SUNSET   821 PM PDT


-  INDICATES NEGATIVE NUMBERS.
R  INDICATES RECORD WAS SET OR TIED.
MM INDICATES DATA IS MISSING.
T  INDICATES TRACE AMOUNT.




$$
