000
CDUS46 KPQR 251143
CLISLE


CLIMATE REPORT
NATIONAL WEATHER SERVICE PORTLAND OREGON
442 AM PDT TUE APR 25 2017


...................................

...THE SALEM OR CLIMATE SUMMARY FOR APRIL 24 2017...

CLIMATE NORMAL PERIOD 1981 TO 2010
CLIMATE RECORD PERIOD 1892 TO 2017


WEATHER ITEM   OBSERVED TIME   RECORD YEAR NORMAL DEPARTURE LAST
                VALUE   (LST)  VALUE       VALUE  FROM      YEAR
                                                  NORMAL
..................................................................
TEMPERATURE (F)
 YESTERDAY
  MAXIMUM         58    132 PM  84    1910  63     -5       56
  MINIMUM         45    930 PM  28    1986  40      5       42
  AVERAGE         52                        52      0       49

PRECIPITATION (IN)
  YESTERDAY        0.38          0.42 2014   0.08   0.30     0.15
  MONTH TO DATE    3.40                      2.36   1.04     1.96
  SINCE OCT 1     53.20                     33.26  19.94    42.60
  SINCE JAN 1     29.90                     16.87  13.03    19.05

DEGREE DAYS
 HEATING
  YESTERDAY       13                        13      0       16
  MONTH TO DATE  343                       363    -20      171
  SINCE MAR 1    862                       926    -64      649
  SINCE JUL 1   4020                      4166   -146     3305

 COOLING
  YESTERDAY        0                         0      0        0
  MONTH TO DATE    0                         0      0        7
  SINCE MAR 1      0                         0      0        7
  SINCE JAN 1      0                         0      0        7
..................................................................


WIND (MPH)
  HIGHEST WIND SPEED    24   HIGHEST WIND DIRECTION     W (280)
  HIGHEST GUST SPEED    32   HIGHEST GUST DIRECTION     W (280)
  AVERAGE WIND SPEED    12.1


SKY COVER
  POSSIBLE SUNSHINE  MM
  AVERAGE SKY COVER 0.9


WEATHER CONDITIONS
 THE FOLLOWING WEATHER WAS RECORDED YESTERDAY.
  RAIN
  LIGHT RAIN
  FOG
  HAZE


RELATIVE HUMIDITY (PERCENT)
 HIGHEST    93          1000 PM
 LOWEST     66           400 PM
 AVERAGE    80

..........................................................


THE SALEM OR CLIMATE NORMALS FOR TODAY
                         NORMAL    RECORD    YEAR
 MAXIMUM TEMPERATURE (F)   63        84      1926
 MINIMUM TEMPERATURE (F)   41        28      1982


SUNRISE AND SUNSET
APRIL 25 2017.........SUNRISE   610 AM PDT   SUNSET   810 PM PDT
APRIL 26 2017.........SUNRISE   609 AM PDT   SUNSET   812 PM PDT


-  INDICATES NEGATIVE NUMBERS.
R  INDICATES RECORD WAS SET OR TIED.
MM INDICATES DATA IS MISSING.
T  INDICATES TRACE AMOUNT.




$$
