000
CDUS46 KPQR 010226
CLISLE


CLIMATE REPORT
NATIONAL WEATHER SERVICE PORTLAND OREGON
725 PM PDT FRI OCT 31 2014


...................................

...THE SALEM OR CLIMATE SUMMARY FOR OCTOBER 31 2014...
VALID TODAY AS OF 0700 PM LOCAL TIME.

CLIMATE NORMAL PERIOD 1981 TO 2010
CLIMATE RECORD PERIOD 1892 TO 2014


WEATHER ITEM   OBSERVED TIME   RECORD YEAR NORMAL DEPARTURE LAST
                VALUE   (LST)  VALUE       VALUE  FROM      YEAR
                                                  NORMAL
..................................................................
TEMPERATURE (F)
 TODAY
  MAXIMUM         59    353 PM  75    1954  58      1       57
  MINIMUM         51    829 AM  20    2002  40     11       41
  AVERAGE         55                        49      6       49

PRECIPITATION (IN)
  TODAY            0.56          2.71 1994   0.15   0.41      T
  MONTH TO DATE    5.80                      3.03   2.77     0.63
  SINCE OCT 1      5.80                      3.03   2.77     0.63
  SINCE JAN 1     29.82                     26.31   3.51    19.63

DEGREE DAYS
 HEATING
  TODAY           10                        16     -6       16
  MONTH TO DATE  174                       367   -193      413
  SINCE SEP 1    202                       476   -274      465
  SINCE JUL 1    206                       532   -326      470

 COOLING
  TODAY            0                         0      0        0
  MONTH TO DATE   14                         1     13        0
  SINCE SEP 1     87                        38     49       75
  SINCE JAN 1    605                       290    315      502
..................................................................


WIND (MPH)
  HIGHEST WIND SPEED    18   HIGHEST WIND DIRECTION     W (280)
  HIGHEST GUST SPEED    24   HIGHEST GUST DIRECTION     W (290)
  AVERAGE WIND SPEED     5.2


SKY COVER
  POSSIBLE SUNSHINE  MM
  AVERAGE SKY COVER 0.7


WEATHER CONDITIONS
 THE FOLLOWING WEATHER WAS RECORDED TODAY.
  HEAVY RAIN
  RAIN
  LIGHT RAIN
  FOG


RELATIVE HUMIDITY (PERCENT)
 HIGHEST    93          1200 AM
 LOWEST     62           200 PM
 AVERAGE    78

..........................................................


THE SALEM OR CLIMATE NORMALS FOR TOMORROW
                         NORMAL    RECORD    YEAR
 MAXIMUM TEMPERATURE (F)   57        72      1969
 MINIMUM TEMPERATURE (F)   40        14      1935


SUNRISE AND SUNSET
OCTOBER 31 2014.......SUNRISE   749 AM PDT   SUNSET   602 PM PDT
NOVEMBER  1 2014......SUNRISE   750 AM PDT   SUNSET   600 PM PDT


-  INDICATES NEGATIVE NUMBERS.
R  INDICATES RECORD WAS SET OR TIED.
MM INDICATES DATA IS MISSING.
T  INDICATES TRACE AMOUNT.




$$
