000
CDUS46 KPQR 201141
CLISLE


CLIMATE REPORT
NATIONAL WEATHER SERVICE PORTLAND OREGON
440 AM PDT THU JUL 20 2017


...................................

...THE SALEM OR CLIMATE SUMMARY FOR JULY 19 2017...

CLIMATE NORMAL PERIOD 1981 TO 2010
CLIMATE RECORD PERIOD 1892 TO 2017


WEATHER ITEM   OBSERVED TIME   RECORD YEAR NORMAL DEPARTURE LAST
                VALUE   (LST)  VALUE       VALUE  FROM      YEAR
                                                  NORMAL
..................................................................
TEMPERATURE (F)
 YESTERDAY
  MAXIMUM         83    419 PM 106    1956  83      0       78
  MINIMUM         50    503 AM  39    1930  54     -4       57
  AVERAGE         67                        68     -1       68

PRECIPITATION (IN)
  YESTERDAY        0.00          0.35 1983   0.01  -0.01     0.00
  MONTH TO DATE    0.00                      0.34  -0.34     0.45
  SINCE OCT 1     56.60                     37.82  18.78    45.31
  SINCE JAN 1     33.30                     21.43  11.87    21.76

DEGREE DAYS
 HEATING
  YESTERDAY        0                         1     -1        0
  MONTH TO DATE    0                        24    -24        5
  SINCE JUN 1     82                       154    -72       83
  SINCE JUL 1      0                        24    -24        5

 COOLING
  YESTERDAY        2                         4     -2        3
  MONTH TO DATE   75                        57     18       41
  SINCE JUN 1    147                        85     62      132
  SINCE JAN 1    174                        94     80      153
..................................................................


WIND (MPH)
  HIGHEST WIND SPEED    16   HIGHEST WIND DIRECTION     W (290)
  HIGHEST GUST SPEED    21   HIGHEST GUST DIRECTION     W (280)
  AVERAGE WIND SPEED     5.5


SKY COVER
  POSSIBLE SUNSHINE  MM
  AVERAGE SKY COVER 0.0


WEATHER CONDITIONS
 THE FOLLOWING WEATHER WAS RECORDED YESTERDAY.
  NO SIGNIFICANT WEATHER WAS OBSERVED.


RELATIVE HUMIDITY (PERCENT)
 HIGHEST    83           400 AM
 LOWEST     30           200 PM
 AVERAGE    57

..........................................................


THE SALEM OR CLIMATE NORMALS FOR TODAY
                         NORMAL    RECORD    YEAR
 MAXIMUM TEMPERATURE (F)   83       105      1946
 MINIMUM TEMPERATURE (F)   54        40      1930


SUNRISE AND SUNSET
JULY 20 2017..........SUNRISE   545 AM PDT   SUNSET   851 PM PDT
JULY 21 2017..........SUNRISE   546 AM PDT   SUNSET   850 PM PDT


-  INDICATES NEGATIVE NUMBERS.
R  INDICATES RECORD WAS SET OR TIED.
MM INDICATES DATA IS MISSING.
T  INDICATES TRACE AMOUNT.




$$
