016
CDUS46 KPQR 070222
CLISLE


CLIMATE REPORT
NATIONAL WEATHER SERVICE PORTLAND OREGON
621 PM PST SAT FEB 6 2016


...................................

...THE SALEM OR CLIMATE SUMMARY FOR FEBRUARY 6 2016...
VALID TODAY AS OF 0600 PM LOCAL TIME.

CLIMATE NORMAL PERIOD 1981 TO 2010
CLIMATE RECORD PERIOD 1892 TO 2016


WEATHER ITEM   OBSERVED TIME   RECORD YEAR NORMAL DEPARTURE LAST
                VALUE   (LST)  VALUE       VALUE  FROM      YEAR
                                                  NORMAL
..................................................................
TEMPERATURE (F)
 TODAY
  MAXIMUM         54    306 PM  67    1998  50      4       56
  MINIMUM         36    728 AM   3    1899  35      1       51
  AVERAGE         45                        42      3       54

PRECIPITATION (IN)
  TODAY            0.00          2.80 1943   0.17  -0.17     0.93
  MONTH TO DATE    0.44                      1.01  -0.57     2.36
  SINCE OCT 1     31.81                     23.36   8.45    23.11
  SINCE JAN 1      8.26                      6.97   1.29     5.57

DEGREE DAYS
 HEATING
  TODAY           20                        23     -3       11
  MONTH TO DATE  119                       138    -19       91
  SINCE DEC 1   1421                      1648   -227     1346
  SINCE JUL 1   2301                      2765   -464     2112

 COOLING
  TODAY            0                         0      0        0
  MONTH TO DATE    0                         0      0        0
  SINCE DEC 1      0                         0      0        0
  SINCE JAN 1      0                         0      0        0
..................................................................


WIND (MPH)
  HIGHEST WIND SPEED    10   HIGHEST WIND DIRECTION     S (170)
  HIGHEST GUST SPEED    12   HIGHEST GUST DIRECTION     S (170)
  AVERAGE WIND SPEED     4.1


SKY COVER
  POSSIBLE SUNSHINE  MM
  AVERAGE SKY COVER 0.2


WEATHER CONDITIONS
 THE FOLLOWING WEATHER WAS RECORDED TODAY.
  FOG
  FOG W/VISIBILITY <= 1/4 MILE


RELATIVE HUMIDITY (PERCENT)
 HIGHEST    96          1000 AM
 LOWEST     59           400 PM
 AVERAGE    78

..........................................................


THE SALEM OR CLIMATE NORMALS FOR TOMORROW
                         NORMAL    RECORD    YEAR
 MAXIMUM TEMPERATURE (F)   51        63      1993
 MINIMUM TEMPERATURE (F)   35         8      1989


SUNRISE AND SUNSET
FEBRUARY  6 2016......SUNRISE   726 AM PST   SUNSET   527 PM PST
FEBRUARY  7 2016......SUNRISE   725 AM PST   SUNSET   528 PM PST


-  INDICATES NEGATIVE NUMBERS.
R  INDICATES RECORD WAS SET OR TIED.
MM INDICATES DATA IS MISSING.
T  INDICATES TRACE AMOUNT.




$$
