000
CDUS46 KPQR 081145
CLISLE


CLIMATE REPORT
NATIONAL WEATHER SERVICE PORTLAND OREGON
344 AM PST THU DEC 8 2016


...................................

...THE SALEM OR CLIMATE SUMMARY FOR DECEMBER 7 2016...

CLIMATE NORMAL PERIOD 1981 TO 2010
CLIMATE RECORD PERIOD 1892 TO 2016


WEATHER ITEM   OBSERVED TIME   RECORD YEAR NORMAL DEPARTURE LAST
                VALUE   (LST)  VALUE       VALUE  FROM      YEAR
                                                  NORMAL
..................................................................
TEMPERATURE (F)
 YESTERDAY
  MAXIMUM         39    349 PM  61    2015  47     -8       61
                                      1938
  MINIMUM         29    903 AM  -4    1972  35     -6       50
  AVERAGE         34                        41     -7       56

PRECIPITATION (IN)
  YESTERDAY        0.00          1.86 2015   0.24  -0.24     1.86
  MONTH TO DATE    0.99                      1.70  -0.71     5.72
  SINCE OCT 1     19.14                     11.23   7.91    14.03
  SINCE JAN 1     42.84                     34.51   8.33    31.15

DEGREE DAYS
 HEATING
  YESTERDAY       31                        24      7        9
  MONTH TO DATE  172                       165      7      124
  SINCE DEC 1    172                       165      7      124
  SINCE JUL 1    976                      1282   -306     1004

 COOLING
  YESTERDAY        0                         0      0        0
  MONTH TO DATE    0                         0      0        0
  SINCE DEC 1      0                         0      0        0
  SINCE JAN 1    465                       290    175      682
..................................................................


WIND (MPH)
  HIGHEST WIND SPEED    13   HIGHEST WIND DIRECTION     N (20)
  HIGHEST GUST SPEED    16   HIGHEST GUST DIRECTION     N (20)
  AVERAGE WIND SPEED     5.9


SKY COVER
  POSSIBLE SUNSHINE  MM
  AVERAGE SKY COVER 0.5


WEATHER CONDITIONS
 THE FOLLOWING WEATHER WAS RECORDED YESTERDAY.
  FOG


RELATIVE HUMIDITY (PERCENT)
 HIGHEST    92          1200 AM
 LOWEST     59           200 PM
 AVERAGE    76

..........................................................


THE SALEM OR CLIMATE NORMALS FOR TODAY
                         NORMAL    RECORD    YEAR
 MAXIMUM TEMPERATURE (F)   47        68      1929
 MINIMUM TEMPERATURE (F)   34         8      2013


SUNRISE AND SUNSET
DECEMBER  8 2016......SUNRISE   738 AM PST   SUNSET   431 PM PST
DECEMBER  9 2016......SUNRISE   739 AM PST   SUNSET   431 PM PST


-  INDICATES NEGATIVE NUMBERS.
R  INDICATES RECORD WAS SET OR TIED.
MM INDICATES DATA IS MISSING.
T  INDICATES TRACE AMOUNT.




$$
