000
CDUS46 KPQR 251143
CLISLE


CLIMATE REPORT
NATIONAL WEATHER SERVICE PORTLAND OREGON
443 AM PDT MON SEP 25 2017


...................................

...THE SALEM OR CLIMATE SUMMARY FOR SEPTEMBER 24 2017...

CLIMATE NORMAL PERIOD 1981 TO 2010
CLIMATE RECORD PERIOD 1892 TO 2017


WEATHER ITEM   OBSERVED TIME   RECORD YEAR NORMAL DEPARTURE LAST
                VALUE   (LST)  VALUE       VALUE  FROM      YEAR
                                                  NORMAL
..................................................................
TEMPERATURE (F)
 YESTERDAY
  MAXIMUM         76    304 PM  98    1974  74      2       71
  MINIMUM         44    544 AM  34    1961  47     -3       46
                                      1934
                                      1908
  AVERAGE         60                        60      0       59

PRECIPITATION (IN)
  YESTERDAY        0.00          1.17 1924   0.05  -0.05     0.00
  MONTH TO DATE    2.29                      0.93   1.36     1.54
  SINCE OCT 1     59.04                     39.32  19.72    47.26
  SINCE JAN 1     35.74                     22.93  12.81    23.71

DEGREE DAYS
 HEATING
  YESTERDAY        5                         5      0        6
  MONTH TO DATE   63                        73    -10       71
  SINCE SEP 1     63                        73    -10       71
  SINCE JUL 1     65                       129    -64       86

 COOLING
  YESTERDAY        0                         1     -1        0
  MONTH TO DATE  116                        35     81       11
  SINCE SEP 1    116                        35     81       11
  SINCE JAN 1    636                       287    349      457
..................................................................


WIND (MPH)
  HIGHEST WIND SPEED    12   HIGHEST WIND DIRECTION     N (10)
  HIGHEST GUST SPEED    16   HIGHEST GUST DIRECTION     N (10)
  AVERAGE WIND SPEED     3.4


SKY COVER
  POSSIBLE SUNSHINE  MM
  AVERAGE SKY COVER 0.0


WEATHER CONDITIONS
 THE FOLLOWING WEATHER WAS RECORDED YESTERDAY.
  FOG


RELATIVE HUMIDITY (PERCENT)
 HIGHEST    93           100 AM
 LOWEST     33           300 PM
 AVERAGE    63

..........................................................


THE SALEM OR CLIMATE NORMALS FOR TODAY
                         NORMAL    RECORD    YEAR
 MAXIMUM TEMPERATURE (F)   74        94      1991
 MINIMUM TEMPERATURE (F)   46        26      1934


SUNRISE AND SUNSET
SEPTEMBER 25 2017.....SUNRISE   703 AM PDT   SUNSET   703 PM PDT
SEPTEMBER 26 2017.....SUNRISE   704 AM PDT   SUNSET   701 PM PDT


-  INDICATES NEGATIVE NUMBERS.
R  INDICATES RECORD WAS SET OR TIED.
MM INDICATES DATA IS MISSING.
T  INDICATES TRACE AMOUNT.




$$
