000
CDUS46 KPQR 281151
CLISLE


CLIMATE REPORT
NATIONAL WEATHER SERVICE PORTLAND OREGON
350 AM PST TUE FEB 28 2017


...................................

...THE SALEM OR CLIMATE SUMMARY FOR FEBRUARY 27 2017...

CLIMATE NORMAL PERIOD 1981 TO 2010
CLIMATE RECORD PERIOD 1892 TO 2017


WEATHER ITEM   OBSERVED TIME   RECORD YEAR NORMAL DEPARTURE LAST
                VALUE   (LST)  VALUE       VALUE  FROM      YEAR
                                                  NORMAL
..................................................................
TEMPERATURE (F)
 YESTERDAY
  MAXIMUM         45    350 PM  70    1986  54     -9       60
                                      1968
  MINIMUM         35    549 AM  16    1960  35      0       45
  AVERAGE         40                        44     -4       53

PRECIPITATION (IN)
  YESTERDAY        0.07          1.41 1999   0.16  -0.09     0.05
  MONTH TO DATE   13.29                      4.41   8.88     2.64
  SINCE OCT 1     41.99                     26.76  15.23    34.01
  SINCE JAN 1     18.69                     10.37   8.32    10.46

DEGREE DAYS
 HEATING
  YESTERDAY       25                        21      4       12
  MONTH TO DATE  587                       594     -7      439
  SINCE DEC 1   2333                      2104    229     1741
  SINCE JUL 1   3137                      3221    -84     2621

 COOLING
  YESTERDAY        0                         0      0        0
  MONTH TO DATE    0                         0      0        0
  SINCE DEC 1      0                         0      0        0
  SINCE JAN 1      0                         0      0        0
..................................................................


WIND (MPH)
  HIGHEST WIND SPEED    16   HIGHEST WIND DIRECTION    SW (210)
  HIGHEST GUST SPEED    20   HIGHEST GUST DIRECTION     S (190)
  AVERAGE WIND SPEED     9.6


SKY COVER
  POSSIBLE SUNSHINE  MM
  AVERAGE SKY COVER 1.0


WEATHER CONDITIONS
 THE FOLLOWING WEATHER WAS RECORDED YESTERDAY.
  LIGHT RAIN


RELATIVE HUMIDITY (PERCENT)
 HIGHEST    92           200 AM
 LOWEST     65           400 PM
 AVERAGE    79

..........................................................


THE SALEM OR CLIMATE NORMALS FOR TODAY
                         NORMAL    RECORD    YEAR
 MAXIMUM TEMPERATURE (F)   54        72      1968
 MINIMUM TEMPERATURE (F)   35        15      1971


SUNRISE AND SUNSET
FEBRUARY 28 2017......SUNRISE   651 AM PST   SUNSET   559 PM PST
MARCH  1 2017.........SUNRISE   649 AM PST   SUNSET   600 PM PST


-  INDICATES NEGATIVE NUMBERS.
R  INDICATES RECORD WAS SET OR TIED.
MM INDICATES DATA IS MISSING.
T  INDICATES TRACE AMOUNT.




$$
