000
CDUS46 KPQR 281141
CLISLE


CLIMATE REPORT
NATIONAL WEATHER SERVICE PORTLAND OREGON
341 AM PST SUN DEC 28 2014


...................................

...THE SALEM OR CLIMATE SUMMARY FOR DECEMBER 27 2014...

CLIMATE NORMAL PERIOD 1981 TO 2010
CLIMATE RECORD PERIOD 1892 TO 2014


WEATHER ITEM   OBSERVED TIME   RECORD YEAR NORMAL DEPARTURE LAST
                VALUE   (LST)  VALUE       VALUE  FROM      YEAR
                                                  NORMAL
..................................................................
TEMPERATURE (F)
 YESTERDAY
  MAXIMUM         47    952 PM  61    1980  46      1       38
  MINIMUM         40    928 AM  17    1985  34      6       31
  AVERAGE         44                        40      4       35

PRECIPITATION (IN)
  YESTERDAY        0.19          2.90 1937   0.21  -0.02     0.00
  MONTH TO DATE    6.77                      6.05   0.72     1.27
  SINCE OCT 1     17.44                     15.58   1.86     4.58
  SINCE JAN 1     41.46                     38.86   2.60    23.58

DEGREE DAYS
 HEATING
  YESTERDAY       21                        25     -4       30
  MONTH TO DATE  497                       672   -175      788
  SINCE DEC 1    497                       672   -175      788
  SINCE JUL 1   1263                      1789   -526     1831

 COOLING
  YESTERDAY        0                         0      0        0
  MONTH TO DATE    0                         0      0        0
  SINCE DEC 1      0                         0      0        0
  SINCE JAN 1    605                       290    315      502
..................................................................


WIND (MPH)
  HIGHEST WIND SPEED    20   HIGHEST WIND DIRECTION     S (180)
  HIGHEST GUST SPEED    27   HIGHEST GUST DIRECTION     S (170)
  AVERAGE WIND SPEED     9.9


SKY COVER
  POSSIBLE SUNSHINE  MM
  AVERAGE SKY COVER 1.0


WEATHER CONDITIONS
 THE FOLLOWING WEATHER WAS RECORDED YESTERDAY.
  LIGHT RAIN
  FOG


RELATIVE HUMIDITY (PERCENT)
 HIGHEST    89          1200 AM
 LOWEST     70          1200 PM
 AVERAGE    80

..........................................................


THE SALEM OR CLIMATE NORMALS FOR TODAY
                         NORMAL    RECORD    YEAR
 MAXIMUM TEMPERATURE (F)   46        62      1917
 MINIMUM TEMPERATURE (F)   34        15      1985


SUNRISE AND SUNSET
DECEMBER 28 2014......SUNRISE   749 AM PST   SUNSET   438 PM PST
DECEMBER 29 2014......SUNRISE   750 AM PST   SUNSET   439 PM PST


-  INDICATES NEGATIVE NUMBERS.
R  INDICATES RECORD WAS SET OR TIED.
MM INDICATES DATA IS MISSING.
T  INDICATES TRACE AMOUNT.




$$
