000
CDUS46 KPQR 252325
CLISLE


CLIMATE REPORT
NATIONAL WEATHER SERVICE PORTLAND OREGON
425 PM PDT FRI JUL 25 2014


...................................

...THE SALEM OR CLIMATE SUMMARY FOR JULY 25 2014...
VALID TODAY AS OF 0400 PM LOCAL TIME.

CLIMATE NORMAL PERIOD 1981 TO 2010
CLIMATE RECORD PERIOD 1892 TO 2014


WEATHER ITEM   OBSERVED TIME   RECORD YEAR NORMAL DEPARTURE LAST
                VALUE   (LST)  VALUE       VALUE  FROM      YEAR
                                                  NORMAL
..................................................................
TEMPERATURE (F)
 TODAY
  MAXIMUM         79    256 PM 102    1988  84     -5       94
  MINIMUM         53    518 AM  36    1920  54     -1       61
  AVERAGE         66                        69     -3       78

PRECIPITATION (IN)
  TODAY            0.00          0.08 1909   0.01  -0.01     0.00
  MONTH TO DATE    0.46                      0.40   0.06     0.00
  SINCE OCT 1     27.05                     37.88 -10.83    33.87
  SINCE JAN 1     22.47                     21.49   0.98    11.61

DEGREE DAYS
 HEATING
  TODAY            0                         1     -1        0
  MONTH TO DATE    3                        30    -27        1
  SINCE JUN 1     69                       160    -91       80
  SINCE JUL 1      3                        30    -27        1

 COOLING
  TODAY            1                         4     -3       13
  MONTH TO DATE  181                        81    100      152
  SINCE JUN 1    200                       109     91      205
  SINCE JAN 1    216                       118     98      215
..................................................................


WIND (MPH)
  HIGHEST WIND SPEED    12   HIGHEST WIND DIRECTION    NW (320)
  HIGHEST GUST SPEED    15   HIGHEST GUST DIRECTION     N (340)
  AVERAGE WIND SPEED     5.7


SKY COVER
  POSSIBLE SUNSHINE  MM
  AVERAGE SKY COVER 0.1


WEATHER CONDITIONS
 THE FOLLOWING WEATHER WAS RECORDED TODAY.
  NO SIGNIFICANT WEATHER WAS OBSERVED.


RELATIVE HUMIDITY (PERCENT)
 HIGHEST    89           500 AM
 LOWEST     35           300 PM
 AVERAGE    62

..........................................................


THE SALEM OR CLIMATE NORMALS FOR TOMORROW
                         NORMAL    RECORD    YEAR
 MAXIMUM TEMPERATURE (F)   84       103      1988
                                             1939
 MINIMUM TEMPERATURE (F)   54        38      1920


SUNRISE AND SUNSET
JULY 25 2014..........SUNRISE   550 AM PDT   SUNSET   846 PM PDT
JULY 26 2014..........SUNRISE   551 AM PDT   SUNSET   845 PM PDT


-  INDICATES NEGATIVE NUMBERS.
R  INDICATES RECORD WAS SET OR TIED.
MM INDICATES DATA IS MISSING.
T  INDICATES TRACE AMOUNT.




$$
