000
CDUS41 KBTV 050539
CLISLK


CLIMATE REPORT
NATIONAL WEATHER SERVICE BURLINGTON VT
137 AM EDT THU MAY 5 2016


...................................

...THE SARANAC LAKE NY CLIMATE SUMMARY FOR MAY 4 2016...

CLIMATE NORMAL PERIOD 1981 TO 2010
CLIMATE RECORD PERIOD 9999 TO 9999


WEATHER ITEM   OBSERVED TIME   NORMAL DEPARTURE LAST
                VALUE   (LST)  VALUE  FROM      YEAR
                                      NORMAL
......................................................
TEMPERATURE (F)
 YESTERDAY
  MAXIMUM         55    148 PM  59     -4       78
  MINIMUM         39    545 AM  32      7       32
  AVERAGE         47            46      1       55

PRECIPITATION (IN)
  YESTERDAY        0.07          0.10  -0.03     0.03
  MONTH TO DATE    0.67          0.38   0.29     0.03
  SINCE MAR 1      6.37          5.55   0.82     3.36
  SINCE JAN 1     10.25          9.29   0.96     4.23

DEGREE DAYS
 HEATING
  YESTERDAY       18            19     -1       10
  MONTH TO DATE   83            79      4       59
  SINCE MAR 1   2015          2145   -130     2280
  SINCE JUL 1   7610          8850  -1240     9063

 COOLING
  YESTERDAY        0             0      0        0
  MONTH TO DATE    0             0      0        0
  SINCE MAR 1      0             0      0        0
  SINCE JAN 1      0             0      0        0
......................................................


WIND (MPH)
  HIGHEST WIND SPEED    10   HIGHEST WIND DIRECTION    SE (140)
  HIGHEST GUST SPEED    14   HIGHEST GUST DIRECTION    SE (140)
  AVERAGE WIND SPEED     2.9


SKY COVER
  AVERAGE SKY COVER 1.0


WEATHER CONDITIONS
 THE FOLLOWING WEATHER WAS RECORDED YESTERDAY.
  LIGHT RAIN
  FOG


RELATIVE HUMIDITY (PERCENT)
 HIGHEST    92           500 AM
 LOWEST     64           200 PM
 AVERAGE    78

..........................................................


THE SARANAC LAKE NY CLIMATE NORMALS FOR TODAY
                         NORMAL    RECORD    YEAR
 MAXIMUM TEMPERATURE (F)   60        78      2013
 MINIMUM TEMPERATURE (F)   33        20      2005


SUNRISE AND SUNSET
MAY  5 2016...........SUNRISE   541 AM EDT   SUNSET   806 PM EDT
MAY  6 2016...........SUNRISE   540 AM EDT   SUNSET   808 PM EDT


-  INDICATES NEGATIVE NUMBERS.
R  INDICATES RECORD WAS SET OR TIED.
MM INDICATES DATA IS MISSING.
T  INDICATES TRACE AMOUNT.




$$
