000
CDUS41 KBTV 230602
CLISLK


CLIMATE REPORT
NATIONAL WEATHER SERVICE BURLINGTON VT
159 AM EDT SAT JUL 23 2016


...................................

...THE SARANAC LAKE NY CLIMATE SUMMARY FOR JULY 22 2016...

CLIMATE NORMAL PERIOD 1981 TO 2010
CLIMATE RECORD PERIOD 9999 TO 9999


WEATHER ITEM   OBSERVED TIME   NORMAL DEPARTURE LAST
                VALUE   (LST)  VALUE  FROM      YEAR
                                      NORMAL
......................................................
TEMPERATURE (F)
 YESTERDAY
  MAXIMUM         85    210 PM  76      9       69
  MINIMUM         61   1153 PM  51     10       49
  AVERAGE         73            64      9       59

PRECIPITATION (IN)
  YESTERDAY        0.13          0.14  -0.01     0.07
  MONTH TO DATE    2.68          2.97  -0.29     2.38
  SINCE JUN 1      5.82          6.82  -1.00    12.15
  SINCE JAN 1     18.33         19.17  -0.84    19.94

DEGREE DAYS
 HEATING
  YESTERDAY        0             3     -3        6
  MONTH TO DATE   60            66     -6       86
  SINCE JUN 1    275           250     25      282
  SINCE JUL 1     60            66     -6       86

 COOLING
  YESTERDAY        8             1      7        0
  MONTH TO DATE   44            37      7       29
  SINCE JUN 1     59            63     -4       35
  SINCE JAN 1     77            66     11       51
......................................................


WIND (MPH)
  HIGHEST WIND SPEED    18   HIGHEST WIND DIRECTION    SW (240)
  HIGHEST GUST SPEED    26   HIGHEST GUST DIRECTION    SW (230)
  AVERAGE WIND SPEED     8.1


SKY COVER
  AVERAGE SKY COVER 0.6


WEATHER CONDITIONS
 THE FOLLOWING WEATHER WAS RECORDED YESTERDAY.
  THUNDERSTORM
  HEAVY RAIN
  RAIN
  LIGHT RAIN
  FOG


RELATIVE HUMIDITY (PERCENT)
 HIGHEST    93          1100 PM
 LOWEST     47          1200 PM
 AVERAGE    70

..........................................................


THE SARANAC LAKE NY CLIMATE NORMALS FOR TODAY
                         NORMAL    RECORD    YEAR
 MAXIMUM TEMPERATURE (F)   76        87      2001
 MINIMUM TEMPERATURE (F)   51        40      2007


SUNRISE AND SUNSET
JULY 23 2016..........SUNRISE   535 AM EDT   SUNSET   831 PM EDT
JULY 24 2016..........SUNRISE   536 AM EDT   SUNSET   830 PM EDT


-  INDICATES NEGATIVE NUMBERS.
R  INDICATES RECORD WAS SET OR TIED.
MM INDICATES DATA IS MISSING.
T  INDICATES TRACE AMOUNT.




$$
