000
CDUS41 KBTV 030531
CLISLK


CLIMATE REPORT
NATIONAL WEATHER SERVICE BURLINGTON VT
1228 AM EST SAT DEC 3 2016


...................................

...THE SARANAC LAKE NY CLIMATE SUMMARY FOR DECEMBER 2 2016...

CLIMATE NORMAL PERIOD 1981 TO 2010
CLIMATE RECORD PERIOD 9999 TO 9999


WEATHER ITEM   OBSERVED TIME   NORMAL DEPARTURE LAST
                VALUE   (LST)  VALUE  FROM      YEAR
                                      NORMAL
......................................................
TEMPERATURE (F)
 YESTERDAY
  MAXIMUM         37   1218 PM  34      3       45
  MINIMUM         30   1159 PM  15     15       37
  AVERAGE         34            25      9       41

PRECIPITATION (IN)
  YESTERDAY        0.21          0.09   0.12     0.58
  MONTH TO DATE    0.57          0.18   0.39     0.96
  SINCE DEC 1      0.57          0.18   0.39     0.96
  SINCE JAN 1     31.30         35.41  -4.11    33.09

DEGREE DAYS
 HEATING
  YESTERDAY       31            40     -9       24
  MONTH TO DATE   54            80    -26       64
  SINCE DEC 1     54            80    -26       64
  SINCE JUL 1   1896          2355   -459     2014

 COOLING
  YESTERDAY        0             0      0        0
  MONTH TO DATE    0             0      0        0
  SINCE DEC 1      0             0      0        0
  SINCE JAN 1    166           114     52      130
......................................................


WIND (MPH)
  HIGHEST WIND SPEED    18   HIGHEST WIND DIRECTION     W (250)
  HIGHEST GUST SPEED    30   HIGHEST GUST DIRECTION    SW (220)
  AVERAGE WIND SPEED     8.8


SKY COVER
  AVERAGE SKY COVER 1.0


WEATHER CONDITIONS
 THE FOLLOWING WEATHER WAS RECORDED YESTERDAY.
  SNOW
  LIGHT SNOW
  FOG


RELATIVE HUMIDITY (PERCENT)
 HIGHEST    96           700 AM
 LOWEST     82           200 AM
 AVERAGE    89

..........................................................


THE SARANAC LAKE NY CLIMATE NORMALS FOR TODAY
                         NORMAL    RECORD    YEAR
 MAXIMUM TEMPERATURE (F)   34        51      2009
 MINIMUM TEMPERATURE (F)   15        -9      2000


SUNRISE AND SUNSET
DECEMBER  3 2016......SUNRISE   715 AM EST   SUNSET   418 PM EST
DECEMBER  4 2016......SUNRISE   716 AM EST   SUNSET   418 PM EST


-  INDICATES NEGATIVE NUMBERS.
R  INDICATES RECORD WAS SET OR TIED.
MM INDICATES DATA IS MISSING.
T  INDICATES TRACE AMOUNT.




$$
