000
CDUS41 KBTV 260713
CLISLK


CLIMATE REPORT
NATIONAL WEATHER SERVICE BURLINGTON VT
308 AM EDT SUN MAR 26 2017


...................................

...THE SARANAC LAKE NY CLIMATE SUMMARY FOR MARCH 25 2017...

CLIMATE NORMAL PERIOD 1981 TO 2010
CLIMATE RECORD PERIOD 9999 TO 9999


WEATHER ITEM   OBSERVED TIME   NORMAL DEPARTURE LAST
                VALUE   (LST)  VALUE  FROM      YEAR
                                      NORMAL
......................................................
TEMPERATURE (F)
 YESTERDAY
  MAXIMUM         33    455 PM  40     -7       47
  MINIMUM          9   1159 PM  17     -8       24
  AVERAGE         21            28     -7       36

PRECIPITATION (IN)
  YESTERDAY        T             0.09  -0.09     0.39
  MONTH TO DATE    1.60          1.75  -0.15     2.29
  SINCE MAR 1      1.60          1.75  -0.15     2.29
  SINCE JAN 1      6.14          5.49   0.65     6.17

DEGREE DAYS
 HEATING
  YESTERDAY       44            37      7       29
  MONTH TO DATE 1199          1047    152      867
  SINCE MAR 1   1199          1047    152      867
  SINCE JUL 1   6895          7752   -857     6462

 COOLING
  YESTERDAY        0             0      0        0
  MONTH TO DATE    0             0      0        0
  SINCE MAR 1      0             0      0        0
  SINCE JAN 1      0             0      0        0
......................................................


WIND (MPH)
  HIGHEST WIND SPEED    12   HIGHEST WIND DIRECTION    NE (60)
  HIGHEST GUST SPEED    14   HIGHEST GUST DIRECTION    NE (60)
  AVERAGE WIND SPEED     4.6


SKY COVER
  AVERAGE SKY COVER 0.8


WEATHER CONDITIONS
 THE FOLLOWING WEATHER WAS RECORDED YESTERDAY.
  LIGHT SNOW
  FOG


RELATIVE HUMIDITY (PERCENT)
 HIGHEST   100          1200 AM
 LOWEST     78           500 PM
 AVERAGE    89

..........................................................


THE SARANAC LAKE NY CLIMATE NORMALS FOR TODAY
                         NORMAL    RECORD    YEAR
 MAXIMUM TEMPERATURE (F)   40        60      2004
 MINIMUM TEMPERATURE (F)   17       -11      2001


SUNRISE AND SUNSET
MARCH 26 2017.........SUNRISE   649 AM EDT   SUNSET   717 PM EDT
MARCH 27 2017.........SUNRISE   647 AM EDT   SUNSET   718 PM EDT


-  INDICATES NEGATIVE NUMBERS.
R  INDICATES RECORD WAS SET OR TIED.
MM INDICATES DATA IS MISSING.
T  INDICATES TRACE AMOUNT.




$$
