000
CDUS41 KBTV 190541
CLISLK


CLIMATE REPORT
NATIONAL WEATHER SERVICE BURLINGTON VT
1239 AM EST FRI DEC 19 2014


...................................

...THE SARANAC LAKE NY CLIMATE SUMMARY FOR DECEMBER 18 2014...

CLIMATE NORMAL PERIOD 1981 TO 2010
CLIMATE RECORD PERIOD 9999 TO 9999


WEATHER ITEM   OBSERVED TIME   NORMAL DEPARTURE LAST
                VALUE   (LST)  VALUE  FROM      YEAR
                                      NORMAL
......................................................
TEMPERATURE (F)
 YESTERDAY
  MAXIMUM         32   1257 AM  28      4       24
  MINIMUM         21   1159 PM   8     13       10
  AVERAGE         27            18      9       17

PRECIPITATION (IN)
  YESTERDAY        0.02          0.07  -0.05      T
  MONTH TO DATE    0.85          1.46  -0.61     0.53
  SINCE DEC 1      0.85          1.46  -0.61     0.53
  SINCE JAN 1     34.07         36.69  -2.62    39.38

DEGREE DAYS
 HEATING
  YESTERDAY       38            47     -9       48
  MONTH TO DATE  730           786    -56      885
  SINCE DEC 1    730           786    -56      885
  SINCE JUL 1   2894          3061   -167     3271

 COOLING
  YESTERDAY        0             0      0        0
  MONTH TO DATE    0             0      0        0
  SINCE DEC 1      0             0      0        0
  SINCE JAN 1     83           114    -31      187
......................................................


WIND (MPH)
  HIGHEST WIND SPEED    13   HIGHEST WIND DIRECTION     W (290)
  HIGHEST GUST SPEED    23   HIGHEST GUST DIRECTION     W (270)
  AVERAGE WIND SPEED     6.6


SKY COVER
  AVERAGE SKY COVER 1.0


WEATHER CONDITIONS
 THE FOLLOWING WEATHER WAS RECORDED YESTERDAY.
  LIGHT SNOW
  FOG
  HAZE


RELATIVE HUMIDITY (PERCENT)
 HIGHEST    85           700 AM
 LOWEST     81           100 PM
 AVERAGE    83

..........................................................


THE SARANAC LAKE NY CLIMATE NORMALS FOR TODAY
                         NORMAL    RECORD    YEAR
 MAXIMUM TEMPERATURE (F)   28        MM        MM
 MINIMUM TEMPERATURE (F)    8        MM        MM


SUNRISE AND SUNSET
DECEMBER 19 2014......SUNRISE   729 AM EST   SUNSET   419 PM EST
DECEMBER 20 2014......SUNRISE   729 AM EST   SUNSET   420 PM EST


-  INDICATES NEGATIVE NUMBERS.
R  INDICATES RECORD WAS SET OR TIED.
MM INDICATES DATA IS MISSING.
T  INDICATES TRACE AMOUNT.




$$
