000
CDUS41 KBTV 020529
CLISLK


CLIMATE REPORT
NATIONAL WEATHER SERVICE BURLINGTON VT
127 AM EDT THU JUL 2 2015


...................................

...THE SARANAC LAKE NY CLIMATE SUMMARY FOR JULY 1 2015...

CLIMATE NORMAL PERIOD 1981 TO 2010
CLIMATE RECORD PERIOD 9999 TO 9999


WEATHER ITEM   OBSERVED TIME   NORMAL DEPARTURE LAST
                VALUE   (LST)  VALUE  FROM      YEAR
                                      NORMAL
......................................................
TEMPERATURE (F)
 YESTERDAY
  MAXIMUM         MM        MM  76     MM       88
  MINIMUM         MM        MM  51     MM       62
  AVERAGE         MM            63     MM       75

PRECIPITATION (IN)
  YESTERDAY        0.30          0.13   0.17     0.00
  MONTH TO DATE    0.30          0.13   0.17     0.00
  SINCE JUN 1     10.07          3.98   6.09     6.78
  SINCE JAN 1     17.86         16.33   1.53    18.94

DEGREE DAYS
 HEATING
  YESTERDAY       MM             3     MM        0
  MONTH TO DATE   MM             3     MM        0
  SINCE JUN 1    196           187      9      167
  SINCE JUL 1     MM             3     MM        0

 COOLING
  YESTERDAY       MM             2     MM       10
  MONTH TO DATE   MM             2     MM       10
  SINCE JUN 1      6            28    -22       31
  SINCE JAN 1     22            31     -9       32
......................................................


WIND (MPH)
  HIGHEST WIND SPEED    20   HIGHEST WIND DIRECTION    SW (230)
  HIGHEST GUST SPEED    27   HIGHEST GUST DIRECTION     W (260)
  AVERAGE WIND SPEED     5.6


SKY COVER
  AVERAGE SKY COVER 0.9


WEATHER CONDITIONS
 THE FOLLOWING WEATHER WAS RECORDED YESTERDAY.
  HEAVY RAIN
  RAIN
  LIGHT RAIN
  FOG


RELATIVE HUMIDITY (PERCENT)
 HIGHEST    93           500 AM
 LOWEST     73           400 PM
 AVERAGE    83

..........................................................


THE SARANAC LAKE NY CLIMATE NORMALS FOR TODAY
                         NORMAL    RECORD    YEAR
 MAXIMUM TEMPERATURE (F)   76        88      2002
 MINIMUM TEMPERATURE (F)   51        39      2010


SUNRISE AND SUNSET
JULY  2 2015..........SUNRISE   517 AM EDT   SUNSET   845 PM EDT
JULY  3 2015..........SUNRISE   517 AM EDT   SUNSET   844 PM EDT


-  INDICATES NEGATIVE NUMBERS.
R  INDICATES RECORD WAS SET OR TIED.
MM INDICATES DATA IS MISSING.
T  INDICATES TRACE AMOUNT.




$$
