000
CDUS41 KBTV 220533
CLISLK


CLIMATE REPORT
NATIONAL WEATHER SERVICE BURLINGTON VT
130 AM EDT MON SEP 22 2014


...................................

...THE SARANAC LAKE NY CLIMATE SUMMARY FOR SEPTEMBER 21 2014...

CLIMATE NORMAL PERIOD 1981 TO 2010
CLIMATE RECORD PERIOD 9999 TO 9999


WEATHER ITEM   OBSERVED TIME   NORMAL DEPARTURE LAST
                VALUE   (LST)  VALUE  FROM      YEAR
                                      NORMAL
......................................................
TEMPERATURE (F)
 YESTERDAY
  MAXIMUM         74   1044 AM  64     10       72
  MINIMUM         58   1159 PM  39     19       55
  AVERAGE         66            52     14       64

PRECIPITATION (IN)
  YESTERDAY        0.12          0.11   0.01     0.22
  MONTH TO DATE    2.00          2.38  -0.38     3.44
  SINCE SEP 1      2.00          2.38  -0.38     3.44
  SINCE JAN 1     27.96         26.92   1.04    32.32

DEGREE DAYS
 HEATING
  YESTERDAY        0            13    -13        1
  MONTH TO DATE  238           206     32      231
  SINCE SEP 1    238           206     32      231
  SINCE JUL 1    517           446     71      444

 COOLING
  YESTERDAY        1             0      1        0
  MONTH TO DATE   13             7      6       16
  SINCE SEP 1     13             7      6       16
  SINCE JAN 1     81           114    -33      187
......................................................


WIND (MPH)
  HIGHEST WIND SPEED    23   HIGHEST WIND DIRECTION    SW (220)
  HIGHEST GUST SPEED    32   HIGHEST GUST DIRECTION    SW (210)
  AVERAGE WIND SPEED    11.1


SKY COVER
  AVERAGE SKY COVER 0.7


WEATHER CONDITIONS
 THE FOLLOWING WEATHER WAS RECORDED YESTERDAY.
  LIGHT RAIN
  FOG


RELATIVE HUMIDITY (PERCENT)
 HIGHEST   100           800 PM
 LOWEST     61          1100 AM
 AVERAGE    81

..........................................................


THE SARANAC LAKE NY CLIMATE NORMALS FOR TODAY
                         NORMAL    RECORD    YEAR
 MAXIMUM TEMPERATURE (F)   63        MM        MM
 MINIMUM TEMPERATURE (F)   39        MM        MM


SUNRISE AND SUNSET
SEPTEMBER 22 2014.....SUNRISE   644 AM EDT   SUNSET   654 PM EDT
SEPTEMBER 23 2014.....SUNRISE   645 AM EDT   SUNSET   652 PM EDT


-  INDICATES NEGATIVE NUMBERS.
R  INDICATES RECORD WAS SET OR TIED.
MM INDICATES DATA IS MISSING.
T  INDICATES TRACE AMOUNT.




$$
