000
CDUS41 KBTV 160524
CLISLK


CLIMATE REPORT
NATIONAL WEATHER SERVICE BURLINGTON VT
121 AM EDT WED AUG 16 2017


...................................

...THE SARANAC LAKE NY CLIMATE SUMMARY FOR AUGUST 15 2017...

CLIMATE NORMAL PERIOD 1981 TO 2010
CLIMATE RECORD PERIOD 9999 TO 9999


WEATHER ITEM   OBSERVED TIME   NORMAL DEPARTURE LAST
                VALUE   (LST)  VALUE  FROM      YEAR
                                      NORMAL
......................................................
TEMPERATURE (F)
 YESTERDAY
  MAXIMUM         76    333 PM  74      2       77
  MINIMUM         49    513 AM  49      0       52
  AVERAGE         63            62      1       65

PRECIPITATION (IN)
  YESTERDAY        0.17          0.13   0.04     0.00
  MONTH TO DATE    2.24          1.93   0.31     1.67
  SINCE JUN 1     14.13          9.97   4.16     7.74
  SINCE JAN 1     30.22         22.32   7.90    20.25

DEGREE DAYS
 HEATING
  YESTERDAY        2             4     -2        0
  MONTH TO DATE   46            60    -14       12
  SINCE JUN 1    356           338     18      300
  SINCE JUL 1    138           154    -16       85

 COOLING
  YESTERDAY        0             1     -1        0
  MONTH TO DATE    5            15    -10       46
  SINCE JUN 1     38            87    -49      110
  SINCE JAN 1     44            90    -46      128
......................................................


WIND (MPH)
  HIGHEST WIND SPEED    15   HIGHEST WIND DIRECTION    SW (220)
  HIGHEST GUST SPEED    20   HIGHEST GUST DIRECTION    SW (230)
  AVERAGE WIND SPEED     3.0


SKY COVER
  AVERAGE SKY COVER 0.6


WEATHER CONDITIONS
 THE FOLLOWING WEATHER WAS RECORDED YESTERDAY.
  THUNDERSTORM
  LIGHT RAIN
  FOG
  FOG W/VISIBILITY <= 1/4 MILE


RELATIVE HUMIDITY (PERCENT)
 HIGHEST   100          1200 AM
 LOWEST     54           300 PM
 AVERAGE    77

..........................................................


THE SARANAC LAKE NY CLIMATE NORMALS FOR TODAY
                         NORMAL    RECORD    YEAR
 MAXIMUM TEMPERATURE (F)   74        85      2009
 MINIMUM TEMPERATURE (F)   49        40      2013


SUNRISE AND SUNSET
AUGUST 16 2017........SUNRISE   601 AM EDT   SUNSET   800 PM EDT
AUGUST 17 2017........SUNRISE   602 AM EDT   SUNSET   758 PM EDT


-  INDICATES NEGATIVE NUMBERS.
R  INDICATES RECORD WAS SET OR TIED.
MM INDICATES DATA IS MISSING.
T  INDICATES TRACE AMOUNT.




$$
