000
CDUS41 KBTV 290531
CLISLK


CLIMATE REPORT
NATIONAL WEATHER SERVICE BURLINGTON VT
129 AM EDT SAT APR 29 2017


...................................

...THE SARANAC LAKE NY CLIMATE SUMMARY FOR APRIL 28 2017...

CLIMATE NORMAL PERIOD 1981 TO 2010
CLIMATE RECORD PERIOD 9999 TO 9999


WEATHER ITEM   OBSERVED TIME   NORMAL DEPARTURE LAST
                VALUE   (LST)  VALUE  FROM      YEAR
                                      NORMAL
......................................................
TEMPERATURE (F)
 YESTERDAY
  MAXIMUM         71    324 PM  57     14       48
  MINIMUM         46   1159 PM  30     16       16
  AVERAGE         59            43     16       32

PRECIPITATION (IN)
  YESTERDAY        0.22          0.10   0.12     0.00
  MONTH TO DATE    2.98          2.66   0.32     2.88
  SINCE MAR 1      5.10          4.94   0.16     5.70
  SINCE JAN 1      9.64          8.68   0.96     9.58

DEGREE DAYS
 HEATING
  YESTERDAY        6            22    -16       33
  MONTH TO DATE  592           768   -176      856
  SINCE MAR 1   1986          2025    -39     1887
  SINCE JUL 1   7682          8730  -1048     7482

 COOLING
  YESTERDAY        0             0      0        0
  MONTH TO DATE    0             0      0        0
  SINCE MAR 1      0             0      0        0
  SINCE JAN 1      0             0      0        0
......................................................


WIND (MPH)
  HIGHEST WIND SPEED    21   HIGHEST WIND DIRECTION    SW (230)
  HIGHEST GUST SPEED    28   HIGHEST GUST DIRECTION    SW (220)
  AVERAGE WIND SPEED     8.5


SKY COVER
  AVERAGE SKY COVER 0.3


WEATHER CONDITIONS
 THE FOLLOWING WEATHER WAS RECORDED YESTERDAY.
  HEAVY RAIN
  LIGHT RAIN
  FOG


RELATIVE HUMIDITY (PERCENT)
 HIGHEST   100           500 AM
 LOWEST     20           400 PM
 AVERAGE    60

..........................................................


THE SARANAC LAKE NY CLIMATE NORMALS FOR TODAY
                         NORMAL    RECORD    YEAR
 MAXIMUM TEMPERATURE (F)   57        79      2004
 MINIMUM TEMPERATURE (F)   31        15      2001


SUNRISE AND SUNSET
APRIL 29 2017.........SUNRISE   550 AM EDT   SUNSET   759 PM EDT
APRIL 30 2017.........SUNRISE   549 AM EDT   SUNSET   800 PM EDT


-  INDICATES NEGATIVE NUMBERS.
R  INDICATES RECORD WAS SET OR TIED.
MM INDICATES DATA IS MISSING.
T  INDICATES TRACE AMOUNT.




$$
