000
CDUS41 KBTV 231245
CLISLK


CLIMATE REPORT
NATIONAL WEATHER SERVICE BURLINGTON VT
845 AM EDT THU OCT 23 2014


...................................

...THE SARANAC LAKE NY CLIMATE SUMMARY FOR OCTOBER 22 2014...

CLIMATE NORMAL PERIOD 1981 TO 2010
CLIMATE RECORD PERIOD 9999 TO 9999


WEATHER ITEM   OBSERVED TIME   NORMAL DEPARTURE LAST
                VALUE   (LST)  VALUE  FROM      YEAR
                                      NORMAL
......................................................
TEMPERATURE (F)
 YESTERDAY
  MAXIMUM         44    750 PM  51     -7       52
  MINIMUM         39   1012 AM  29     10       30
  AVERAGE         42            40      2       41

PRECIPITATION (IN)
  YESTERDAY        0.00          0.13  -0.13     0.05
  MONTH TO DATE    2.19          2.84  -0.65     1.92
  SINCE SEP 1      4.19          6.13  -1.94     5.49
  SINCE JAN 1     30.15         30.67  -0.52    34.37

DEGREE DAYS
 HEATING
  YESTERDAY       23            25     -2       24
  MONTH TO DATE  373           472    -99      350
  SINCE SEP 1    708           817   -109      735
  SINCE JUL 1    987          1057    -70      948

 COOLING
  YESTERDAY        0             0      0        0
  MONTH TO DATE    2             0      2        0
  SINCE SEP 1     15             7      8       16
  SINCE JAN 1     83           114    -31      187
......................................................


WIND (MPH)
  HIGHEST WIND SPEED    15   HIGHEST WIND DIRECTION    NE (40)
  HIGHEST GUST SPEED    19   HIGHEST GUST DIRECTION    NE (30)
  AVERAGE WIND SPEED     8.3


SKY COVER
  AVERAGE SKY COVER 1.0


WEATHER CONDITIONS
 THE FOLLOWING WEATHER WAS RECORDED YESTERDAY.
  FOG


RELATIVE HUMIDITY (PERCENT)
 HIGHEST   100          1200 AM
 LOWEST     76          1100 PM
 AVERAGE    88

..........................................................


THE SARANAC LAKE NY CLIMATE NORMALS FOR TODAY
                         NORMAL    RECORD    YEAR
 MAXIMUM TEMPERATURE (F)   51        MM        MM
 MINIMUM TEMPERATURE (F)   29        MM        MM


SUNRISE AND SUNSET
OCTOBER 23 2014.......SUNRISE   722 AM EDT   SUNSET   600 PM EDT
OCTOBER 24 2014.......SUNRISE   723 AM EDT   SUNSET   558 PM EDT


-  INDICATES NEGATIVE NUMBERS.
R  INDICATES RECORD WAS SET OR TIED.
MM INDICATES DATA IS MISSING.
T  INDICATES TRACE AMOUNT.




$$
