000
CDUS41 KBTV 150618
CLISLK


CLIMATE REPORT
NATIONAL WEATHER SERVICE BURLINGTON VT
116 AM EST FRI DEC 15 2017


...................................

...THE SARANAC LAKE NY CLIMATE SUMMARY FOR DECEMBER 14 2017...

CLIMATE NORMAL PERIOD 1981 TO 2010
CLIMATE RECORD PERIOD 9999 TO 9999


WEATHER ITEM   OBSERVED TIME   NORMAL DEPARTURE LAST
                VALUE   (LST)  VALUE  FROM      YEAR
                                      NORMAL
......................................................
TEMPERATURE (F)
 YESTERDAY
  MAXIMUM          7    229 PM  29    -22       28
  MINIMUM         -6    811 AM  10    -16       15
  AVERAGE          1            19    -18       22

PRECIPITATION (IN)
  YESTERDAY        0.00          0.07  -0.07     0.14
  MONTH TO DATE    0.73          1.19  -0.46     1.22
  SINCE DEC 1      0.73          1.19  -0.46     1.22
  SINCE JAN 1     42.46         36.42   6.04    31.95

DEGREE DAYS
 HEATING
  YESTERDAY       64            46     18       43
  MONTH TO DATE  586           600    -14      575
  SINCE DEC 1    586           600    -14      575
  SINCE JUL 1   2643          2875   -232     2417

 COOLING
  YESTERDAY        0             0      0        0
  MONTH TO DATE    0             0      0        0
  SINCE DEC 1      0             0      0        0
  SINCE JAN 1     69           114    -45      166
......................................................


WIND (MPH)
  HIGHEST WIND SPEED    16   HIGHEST WIND DIRECTION     W (250)
  HIGHEST GUST SPEED    23   HIGHEST GUST DIRECTION    SW (230)
  AVERAGE WIND SPEED     6.0


SKY COVER
  AVERAGE SKY COVER 0.1


WEATHER CONDITIONS
 THE FOLLOWING WEATHER WAS RECORDED YESTERDAY.
  NO SIGNIFICANT WEATHER WAS OBSERVED.


RELATIVE HUMIDITY (PERCENT)
 HIGHEST    95          1100 PM
 LOWEST     60           200 PM
 AVERAGE    78

..........................................................


THE SARANAC LAKE NY CLIMATE NORMALS FOR TODAY
                         NORMAL    RECORD    YEAR
 MAXIMUM TEMPERATURE (F)   29        53      2015
 MINIMUM TEMPERATURE (F)    9       -18      2005


SUNRISE AND SUNSET
DECEMBER 15 2017......SUNRISE   726 AM EST   SUNSET   418 PM EST
DECEMBER 16 2017......SUNRISE   727 AM EST   SUNSET   418 PM EST


-  INDICATES NEGATIVE NUMBERS.
R  INDICATES RECORD WAS SET OR TIED.
MM INDICATES DATA IS MISSING.
T  INDICATES TRACE AMOUNT.




$$
