525
CDUS43 KICT 220630
CLISLN


CLIMATE REPORT
NATIONAL WEATHER SERVICE WICHITA KS
130 AM CDT SAT JUL 22 2017


...................................

...THE SALINA KS CLIMATE SUMMARY FOR JULY 21 2017...

CLIMATE NORMAL PERIOD 1981 TO 2010
CLIMATE RECORD PERIOD 1894 TO 2017


WEATHER ITEM   OBSERVED TIME   RECORD YEAR NORMAL DEPARTURE LAST
                VALUE   (LST)  VALUE       VALUE  FROM      YEAR
                                                  NORMAL
..................................................................
TEMPERATURE (F)
 YESTERDAY
  MAXIMUM        110R   320 PM 108    1934  93     17      105
  MINIMUM         81    545 AM  51    1970  70     11       79
  AVERAGE         96                        82     14       92

PRECIPITATION (IN)
  YESTERDAY        0.00          1.66 1993   0.13  -0.13     0.00
  MONTH TO DATE    0.40                      3.04  -2.64     1.64
  SINCE JUN 1      2.09                      7.15  -5.06     2.09
  SINCE JAN 1     15.33                     19.14  -3.81    13.91

DEGREE DAYS
 HEATING
  YESTERDAY        0                         0      0        0
  MONTH TO DATE    0                         0      0        0
  SINCE JUN 1      0                         7     -7        0
  SINCE JUL 1      0                         0      0        0

 COOLING
  YESTERDAY       31                        17     14       27
  MONTH TO DATE  443                       335    108      394
  SINCE JUN 1    877                       660    217      886
  SINCE JAN 1   1037                       788    249     1011
..................................................................


WIND (MPH)
  HIGHEST WIND SPEED    29   HIGHEST WIND DIRECTION     S (200)
  HIGHEST GUST SPEED    36   HIGHEST GUST DIRECTION     S (190)
  AVERAGE WIND SPEED    16.7


SKY COVER
  POSSIBLE SUNSHINE  MM
  AVERAGE SKY COVER 0.0


WEATHER CONDITIONS
 THE FOLLOWING WEATHER WAS RECORDED YESTERDAY.
  NO SIGNIFICANT WEATHER WAS OBSERVED.


RELATIVE HUMIDITY (PERCENT)
 HIGHEST    58           400 AM
 LOWEST     17           400 PM
 AVERAGE    38

..........................................................


THE SALINA KS CLIMATE NORMALS FOR TODAY
                         NORMAL    RECORD    YEAR
 MAXIMUM TEMPERATURE (F)   93       110      1934
 MINIMUM TEMPERATURE (F)   70        50      1970


SUNRISE AND SUNSET
JULY 22 2017..........SUNRISE   624 AM CDT   SUNSET   850 PM CDT
JULY 23 2017..........SUNRISE   624 AM CDT   SUNSET   849 PM CDT


-  INDICATES NEGATIVE NUMBERS.
R  INDICATES RECORD WAS SET OR TIED.
MM INDICATES DATA IS MISSING.
T  INDICATES TRACE AMOUNT.




$$
