000
CDUS43 KICT 200628
CLISLN


CLIMATE REPORT
NATIONAL WEATHER SERVICE WICHITA KS
128 AM CDT SUN APR 20 2014


...................................

...THE SALINA KS CLIMATE SUMMARY FOR APRIL 19 2014...

CLIMATE NORMAL PERIOD 1981 TO 2010
CLIMATE RECORD PERIOD 1894 TO 2014


WEATHER ITEM   OBSERVED TIME   RECORD YEAR NORMAL DEPARTURE LAST
                VALUE   (LST)  VALUE       VALUE  FROM      YEAR
                                                  NORMAL
..................................................................
TEMPERATURE (F)
 YESTERDAY
  MAXIMUM         83    344 PM  91    1961  68     15       59
  MINIMUM         53    604 AM  21    1907  44      9       30
  AVERAGE         68                        56     12       45

PRECIPITATION (IN)
  YESTERDAY        0.00          1.34 2003   0.11  -0.11     0.00
  MONTH TO DATE    0.22                      1.83  -1.61     1.77
  SINCE MAR 1      0.52                      4.22  -3.70     2.39
  SINCE JAN 1      2.33                      6.02  -3.69     5.66

DEGREE DAYS
 HEATING
  YESTERDAY        0                        10    -10       20
  MONTH TO DATE  247                       232     15      323
  SINCE MAR 1    982                       841    141     1045
  SINCE JUL 1   5232                      4682    550     4667

 COOLING
  YESTERDAY        3                         1      2        0
  MONTH TO DATE   14                        11      3        2
  SINCE MAR 1     14                        13      1        2
  SINCE JAN 1     14                        13      1        2
..................................................................


WIND (MPH)
  HIGHEST WIND SPEED    36   HIGHEST WIND DIRECTION     S (200)
  HIGHEST GUST SPEED    46   HIGHEST GUST DIRECTION     S (170)
  AVERAGE WIND SPEED    18.2


SKY COVER
  POSSIBLE SUNSHINE  MM
  AVERAGE SKY COVER 0.0


WEATHER CONDITIONS
 THE FOLLOWING WEATHER WAS RECORDED YESTERDAY.
  NO SIGNIFICANT WEATHER WAS OBSERVED.


RELATIVE HUMIDITY (PERCENT)
 HIGHEST    64           600 AM
 LOWEST     31           300 PM
 AVERAGE    48

..........................................................


THE SALINA KS CLIMATE NORMALS FOR TODAY
                         NORMAL    RECORD    YEAR
 MAXIMUM TEMPERATURE (F)   69        98      1902
 MINIMUM TEMPERATURE (F)   45        21      1953


SUNRISE AND SUNSET
APRIL 20 2014.........SUNRISE   647 AM CDT   SUNSET   812 PM CDT
APRIL 21 2014.........SUNRISE   646 AM CDT   SUNSET   813 PM CDT


-  INDICATES NEGATIVE NUMBERS.
R  INDICATES RECORD WAS SET OR TIED.
MM INDICATES DATA IS MISSING.
T  INDICATES TRACE AMOUNT.




$$
