000
CDUS43 KICT 280621
CLISLN


CLIMATE REPORT
NATIONAL WEATHER SERVICE WICHITA KS
121 AM CDT THU MAY 28 2015


...................................

...THE SALINA KS CLIMATE SUMMARY FOR MAY 27 2015...

CLIMATE NORMAL PERIOD 1981 TO 2010
CLIMATE RECORD PERIOD 1894 TO 2015


WEATHER ITEM   OBSERVED TIME   RECORD YEAR NORMAL DEPARTURE LAST
                VALUE   (LST)  VALUE       VALUE  FROM      YEAR
                                                  NORMAL
..................................................................
TEMPERATURE (F)
 YESTERDAY
  MAXIMUM         82    433 PM  98    1895  80      2       83
  MINIMUM         55    532 AM  28    1907  58     -3       63
  AVERAGE         69                        69      0       73

PRECIPITATION (IN)
  YESTERDAY        0.32          3.07 1953   0.17   0.15     0.00
  MONTH TO DATE    7.64                      4.05   3.59     3.95
  SINCE MAR 1      9.52                      9.49   0.03     5.58
  SINCE JAN 1     10.96                     11.29  -0.33     7.39

DEGREE DAYS
 HEATING
  YESTERDAY        0                         1     -1        0
  MONTH TO DATE   92                        92      0       99
  SINCE MAR 1    824                      1019   -195     1147
  SINCE JUL 1   4653                      4860   -207     5397

 COOLING
  YESTERDAY        4                         5     -1        8
  MONTH TO DATE   67                        80    -13      148
  SINCE MAR 1     79                       105    -26      184
  SINCE JAN 1     79                       105    -26      184
..................................................................


WIND (MPH)
  HIGHEST WIND SPEED    25   HIGHEST WIND DIRECTION    SW (240)
  HIGHEST GUST SPEED    32   HIGHEST GUST DIRECTION    SW (240)
  AVERAGE WIND SPEED     7.3


SKY COVER
  POSSIBLE SUNSHINE  MM
  AVERAGE SKY COVER 0.1


WEATHER CONDITIONS
 THE FOLLOWING WEATHER WAS RECORDED YESTERDAY.
  THUNDERSTORM
  HEAVY RAIN
  RAIN
  LIGHT RAIN
  FOG


RELATIVE HUMIDITY (PERCENT)
 HIGHEST    87           400 AM
 LOWEST     45          1200 PM
 AVERAGE    66

..........................................................


THE SALINA KS CLIMATE NORMALS FOR TODAY
                         NORMAL    RECORD    YEAR
 MAXIMUM TEMPERATURE (F)   80        99      1928
 MINIMUM TEMPERATURE (F)   58        40      1992


SUNRISE AND SUNSET
MAY 28 2015...........SUNRISE   609 AM CDT   SUNSET   847 PM CDT
MAY 29 2015...........SUNRISE   609 AM CDT   SUNSET   848 PM CDT


-  INDICATES NEGATIVE NUMBERS.
R  INDICATES RECORD WAS SET OR TIED.
MM INDICATES DATA IS MISSING.
T  INDICATES TRACE AMOUNT.




$$
