000
CDUS43 KICT 270646
CLISLN


CLIMATE REPORT
NATIONAL WEATHER SERVICE WICHITA KS
1246 AM CST SAT DEC 27 2014


...................................

...THE SALINA KS CLIMATE SUMMARY FOR DECEMBER 26 2014...

CLIMATE NORMAL PERIOD 1981 TO 2010
CLIMATE RECORD PERIOD 1894 TO 2014


WEATHER ITEM   OBSERVED TIME   RECORD YEAR NORMAL DEPARTURE LAST
                VALUE   (LST)  VALUE       VALUE  FROM      YEAR
                                                  NORMAL
..................................................................
TEMPERATURE (F)
 YESTERDAY
  MAXIMUM         43   1250 AM  67    2008  41      2       40
  MINIMUM         30   1156 PM  -4    1962  21      9       14
  AVERAGE         37                        31      6       27

PRECIPITATION (IN)
  YESTERDAY        T             0.47 1959   0.03  -0.03     0.00
  MONTH TO DATE    1.65                      0.82   0.83     1.22
  SINCE DEC 1      1.65                      0.82   0.83     1.22
  SINCE JAN 1     28.76                     31.38  -2.62    30.63

DEGREE DAYS
 HEATING
  YESTERDAY       28                        34     -6       38
  MONTH TO DATE  675                       840   -165      961
  SINCE DEC 1    675                       840   -165      961
  SINCE JUL 1   1672                      1792   -120     1949

 COOLING
  YESTERDAY        0                         0      0        0
  MONTH TO DATE    0                         0      0        0
  SINCE DEC 1      0                         0      0        0
  SINCE JAN 1   1801                      1647    154     1750
..................................................................


WIND (MPH)
  HIGHEST WIND SPEED    20   HIGHEST WIND DIRECTION     N (10)
  HIGHEST GUST SPEED    23   HIGHEST GUST DIRECTION     N (10)
  AVERAGE WIND SPEED    12.9


SKY COVER
  POSSIBLE SUNSHINE  MM
  AVERAGE SKY COVER 0.8


WEATHER CONDITIONS
 THE FOLLOWING WEATHER WAS RECORDED YESTERDAY.
  FOG
  HAZE


RELATIVE HUMIDITY (PERCENT)
 HIGHEST    92           700 PM
 LOWEST     62          1200 AM
 AVERAGE    77

..........................................................


THE SALINA KS CLIMATE NORMALS FOR TODAY
                         NORMAL    RECORD    YEAR
 MAXIMUM TEMPERATURE (F)   41        68      1928
 MINIMUM TEMPERATURE (F)   21        -6      1894


SUNRISE AND SUNSET
DECEMBER 27 2014......SUNRISE   748 AM CST   SUNSET   516 PM CST
DECEMBER 28 2014......SUNRISE   748 AM CST   SUNSET   516 PM CST


-  INDICATES NEGATIVE NUMBERS.
R  INDICATES RECORD WAS SET OR TIED.
MM INDICATES DATA IS MISSING.
T  INDICATES TRACE AMOUNT.




$$
