000
CDUS46 KLOX 010904
CLISMX


CLIMATE REPORT
NATIONAL WEATHER SERVICE LOS ANGELES/OXNARD CA
203 AM PDT WED OCT 1 2014


...................................

...THE SANTA MARIA AIRPORT CA CLIMATE SUMMARY FOR SEPTEMBER 30 2014...

CLIMATE NORMAL PERIOD 1981 TO 2010
CLIMATE RECORD PERIOD 1906 TO 2014


WEATHER ITEM   OBSERVED TIME   RECORD YEAR NORMAL DEPARTURE LAST
                VALUE   (LST)  VALUE       VALUE  FROM      YEAR
                                                  NORMAL
..................................................................
TEMPERATURE (F)
 YESTERDAY
  MAXIMUM         77   1128 AM  96    1980  74      3       83
  MINIMUM         52    545 AM  38    1950  51      1       50
  AVERAGE         65                        62      3       67

PRECIPITATION (IN)
  YESTERDAY        0.00          0.76 1983   0.01  -0.01     0.00
  MONTH TO DATE    0.00                      0.14  -0.14      T
  SINCE JUL 1      T                         0.19  -0.19     0.01
  SINCE JAN 1      4.01                      9.90  -5.89     2.50

SNOWFALL (IN)
  YESTERDAY        0.0
  MONTH TO DATE    0.0
  SINCE SEP 1      0.0
  SINCE JUL 1      0.0

DEGREE DAYS
 HEATING
  YESTERDAY        0                         3     -3
  MONTH TO DATE    1                        80    -79
  SINCE SEP 1      1                        81    -80
  SINCE JUL 1      1                       217   -216

 COOLING
  YESTERDAY        0                         1     -1
  MONTH TO DATE   92                        27     65
  SINCE SEP 1     92                        27     65
  SINCE JAN 1    437                        82    355
..................................................................


WIND (MPH)
  HIGHEST WIND SPEED    26   HIGHEST WIND DIRECTION    NW (300)
  HIGHEST GUST SPEED    33   HIGHEST GUST DIRECTION    NW (310)
  AVERAGE WIND SPEED     9.2


SKY COVER
  POSSIBLE SUNSHINE  MM
  AVERAGE SKY COVER 0.1


WEATHER CONDITIONS
 THE FOLLOWING WEATHER WAS RECORDED YESTERDAY.
  FOG
  FOG W/VISIBILITY <= 1/4 MILE
  HAZE


RELATIVE HUMIDITY (PERCENT)
 HIGHEST    93           200 AM
 LOWEST     47          1000 AM
 AVERAGE    70

..........................................................


THE SANTA MARIA AIRPORT CA CLIMATE NORMALS FOR TODAY
                         NORMAL    RECORD    YEAR
 MAXIMUM TEMPERATURE (F)   74       100      2012
 MINIMUM TEMPERATURE (F)   51        37      1950


SUNRISE AND SUNSET
OCTOBER  1 2014.......SUNRISE   657 AM PDT   SUNSET   646 PM PDT
OCTOBER  2 2014.......SUNRISE   657 AM PDT   SUNSET   644 PM PDT


-  INDICATES NEGATIVE NUMBERS.
R  INDICATES RECORD WAS SET OR TIED.
MM INDICATES DATA IS MISSING.
T  INDICATES TRACE AMOUNT.




$$
