000
CDUS46 KLOX 040907
CLISMX


CLIMATE REPORT
NATIONAL WEATHER SERVICE LOS ANGELES/OXNARD CA
206 AM PDT TUE AUG 4 2015


...................................

...THE SANTA MARIA AIRPORT CA CLIMATE SUMMARY FOR AUGUST 3 2015...

CLIMATE NORMAL PERIOD 1981 TO 2010
CLIMATE RECORD PERIOD 1906 TO 2015


WEATHER ITEM   OBSERVED TIME   RECORD YEAR NORMAL DEPARTURE LAST
                VALUE   (LST)  VALUE       VALUE  FROM      YEAR
                                                  NORMAL
..................................................................
TEMPERATURE (F)
 YESTERDAY
  MAXIMUM         77    201 PM  82    1998  73      4       78
  MINIMUM         59   1159 PM  41    1919  54      5       60
  AVERAGE         68                        64      4       69

PRECIPITATION (IN)
  YESTERDAY        0.00          0.01 1932   0.00   0.00     0.00
  MONTH TO DATE    0.00                      0.00   0.00     0.00
  SINCE OCT 1      7.78                     13.79  -6.01     4.50
  SINCE JAN 1      2.22                      9.74  -7.52     4.01

SNOWFALL (IN)
  YESTERDAY        0.0
  MONTH TO DATE    0.0
  SINCE JUN 1      0.0
  SINCE JUL 1      0.0

DEGREE DAYS
 HEATING
  YESTERDAY        0                         2     -2
  MONTH TO DATE    0                         6     -6
  SINCE JUN 1     43                       222   -179
  SINCE JUL 1      0                        81    -81

 COOLING
  YESTERDAY        3                         1      2
  MONTH TO DATE   11                         3      8
  SINCE JUN 1    150                        28    122
  SINCE JAN 1    178                        38    140
..................................................................


WIND (MPH)
  HIGHEST WIND SPEED    28   HIGHEST WIND DIRECTION     W (290)
  HIGHEST GUST SPEED    34   HIGHEST GUST DIRECTION    NW (300)
  AVERAGE WIND SPEED     9.9


SKY COVER
  POSSIBLE SUNSHINE  MM
  AVERAGE SKY COVER 0.5


WEATHER CONDITIONS
 THE FOLLOWING WEATHER WAS RECORDED YESTERDAY.
  FOG


RELATIVE HUMIDITY (PERCENT)
 HIGHEST    93           200 AM
 LOWEST     50           100 PM
 AVERAGE    72

..........................................................


THE SANTA MARIA AIRPORT CA CLIMATE NORMALS FOR TODAY
                         NORMAL    RECORD    YEAR
 MAXIMUM TEMPERATURE (F)   73        84      1978
 MINIMUM TEMPERATURE (F)   54        45      1923


SUNRISE AND SUNSET
AUGUST  4 2015........SUNRISE   614 AM PDT   SUNSET   802 PM PDT
AUGUST  5 2015........SUNRISE   614 AM PDT   SUNSET   801 PM PDT


-  INDICATES NEGATIVE NUMBERS.
R  INDICATES RECORD WAS SET OR TIED.
MM INDICATES DATA IS MISSING.
T  INDICATES TRACE AMOUNT.




$$
