000
CDUS46 KLOX 060859
CLISMX


CLIMATE REPORT
NATIONAL WEATHER SERVICE LOS ANGELES/OXNARD CA
158 AM PDT MON JUL 6 2015


...................................

...THE SANTA MARIA AIRPORT CA CLIMATE SUMMARY FOR JULY 5 2015...

CLIMATE NORMAL PERIOD 1981 TO 2010
CLIMATE RECORD PERIOD 1906 TO 2015


WEATHER ITEM   OBSERVED TIME   RECORD YEAR NORMAL DEPARTURE LAST
                VALUE   (LST)  VALUE       VALUE  FROM      YEAR
                                                  NORMAL
..................................................................
TEMPERATURE (F)
 YESTERDAY
  MAXIMUM         75    159 PM  87    1981  72      3       79
  MINIMUM         61   1038 PM  44    1975  53      8       57
                                      1948
  AVERAGE         68                        63      5       68

PRECIPITATION (IN)
  YESTERDAY        0.00          0.01 1931   0.00   0.00     0.00
                                      1923
  MONTH TO DATE    T                         0.00   0.00     0.00
  SINCE OCT 1      7.64                     13.76  -6.12     4.50
  SINCE JAN 1      2.08                      9.71  -7.63     4.01

SNOWFALL (IN)
  YESTERDAY        0.0
  MONTH TO DATE    0.0
  SINCE JUN 1      0.0
  SINCE JUL 1      0.0

DEGREE DAYS
 HEATING
  YESTERDAY        0                         3     -3
  MONTH TO DATE    0                        15    -15
  SINCE JUN 1     43                       156   -113
  SINCE JUL 1      0                        15    -15

 COOLING
  YESTERDAY        3                         0      3
  MONTH TO DATE   17                         0     17
  SINCE JUN 1     37                         6     31
  SINCE JAN 1     65                        16     49
..................................................................


WIND (MPH)
  HIGHEST WIND SPEED    17   HIGHEST WIND DIRECTION    NW (320)
  HIGHEST GUST SPEED    21   HIGHEST GUST DIRECTION    NW (320)
  AVERAGE WIND SPEED     6.3


SKY COVER
  POSSIBLE SUNSHINE  MM
  AVERAGE SKY COVER 0.7


WEATHER CONDITIONS
 THE FOLLOWING WEATHER WAS RECORDED YESTERDAY.
  FOG


RELATIVE HUMIDITY (PERCENT)
 HIGHEST    97           600 AM
 LOWEST     57          1200 PM
 AVERAGE    77

..........................................................


THE SANTA MARIA AIRPORT CA CLIMATE NORMALS FOR TODAY
                         NORMAL    RECORD    YEAR
 MAXIMUM TEMPERATURE (F)   72        95      1989
 MINIMUM TEMPERATURE (F)   53        43      1955
                                             1951
                                             1947


SUNRISE AND SUNSET
JULY  6 2015..........SUNRISE   554 AM PDT   SUNSET   819 PM PDT
JULY  7 2015..........SUNRISE   555 AM PDT   SUNSET   819 PM PDT


-  INDICATES NEGATIVE NUMBERS.
R  INDICATES RECORD WAS SET OR TIED.
MM INDICATES DATA IS MISSING.
T  INDICATES TRACE AMOUNT.




$$
