000
CDUS46 KLOX 180910
CLISMX


CLIMATE REPORT
NATIONAL WEATHER SERVICE LOS ANGELES/OXNARD CA
109 AM PST THU DEC 18 2014


...................................

...THE SANTA MARIA AIRPORT CA CLIMATE SUMMARY FOR DECEMBER 17 2014...

CLIMATE NORMAL PERIOD 1981 TO 2010
CLIMATE RECORD PERIOD 1906 TO 2014


WEATHER ITEM   OBSERVED TIME   RECORD YEAR NORMAL DEPARTURE LAST
                VALUE   (LST)  VALUE       VALUE  FROM      YEAR
                                                  NORMAL
..................................................................
TEMPERATURE (F)
 YESTERDAY
  MAXIMUM         61    124 PM  83    1979  63     -2       80
  MINIMUM         46    742 AM  28    1984  39      7       48
                                      1965
  AVERAGE         54                        51      3       64

PRECIPITATION (IN)
  YESTERDAY        T             0.71 1925   0.07  -0.07     0.00
  MONTH TO DATE    4.24                      1.02   3.22     0.15
  SINCE JUL 1      5.56                      3.14   2.42     0.47
  SINCE JAN 1      9.57                     12.85  -3.28     2.96

SNOWFALL (IN)
  YESTERDAY       MM
  MONTH TO DATE    0.0
  SINCE DEC 1      0.0
  SINCE JUL 1      0.0

DEGREE DAYS
 HEATING
  YESTERDAY       11                        14     -3
  MONTH TO DATE   88                       228   -140
  SINCE DEC 1     88                       228   -140
  SINCE JUL 1    186                       874   -688

 COOLING
  YESTERDAY        0                         0      0
  MONTH TO DATE    2                         0      2
  SINCE DEC 1      2                         0      2
  SINCE JAN 1    568                       104    464
..................................................................


WIND (MPH)
  HIGHEST WIND SPEED    12   HIGHEST WIND DIRECTION     W (260)
  HIGHEST GUST SPEED    15   HIGHEST GUST DIRECTION     W (260)
  AVERAGE WIND SPEED     3.3


SKY COVER
  POSSIBLE SUNSHINE  MM
  AVERAGE SKY COVER 0.5


WEATHER CONDITIONS
 THE FOLLOWING WEATHER WAS RECORDED YESTERDAY.
  LIGHT RAIN
  FOG


RELATIVE HUMIDITY (PERCENT)
 HIGHEST    93           700 AM
 LOWEST     60          1100 AM
 AVERAGE    77

..........................................................


THE SANTA MARIA AIRPORT CA CLIMATE NORMALS FOR TODAY
                         NORMAL    RECORD    YEAR
 MAXIMUM TEMPERATURE (F)   63        83      1917
 MINIMUM TEMPERATURE (F)   39        28      1928


SUNRISE AND SUNSET
DECEMBER 18 2014......SUNRISE   704 AM PST   SUNSET   453 PM PST
DECEMBER 19 2014......SUNRISE   705 AM PST   SUNSET   453 PM PST


-  INDICATES NEGATIVE NUMBERS.
R  INDICATES RECORD WAS SET OR TIED.
MM INDICATES DATA IS MISSING.
T  INDICATES TRACE AMOUNT.




$$
