837
CDUS46 KLOX 280912
CLISMX


CLIMATE REPORT
NATIONAL WEATHER SERVICE LOS ANGELES/OXNARD CA
212 AM PDT SUN AUG 28 2016


...................................

...THE SANTA MARIA AIRPORT CA CLIMATE SUMMARY FOR AUGUST 27 2016...

CLIMATE NORMAL PERIOD 1981 TO 2010
CLIMATE RECORD PERIOD 1906 TO 2016


WEATHER ITEM   OBSERVED TIME   RECORD YEAR NORMAL DEPARTURE LAST
                VALUE   (LST)  VALUE       VALUE  FROM      YEAR
                                                  NORMAL
..................................................................
TEMPERATURE (F)
 YESTERDAY
  MAXIMUM         70   1246 PM  92    2015  73     -3       92
  MINIMUM         54   1122 PM  42    1925  54      0       60
  AVERAGE         62                        64     -2       76

PRECIPITATION (IN)
  YESTERDAY        0.00          0.20 1982   0.01  -0.01     0.00
  MONTH TO DATE    T                         0.02  -0.02      T
  SINCE OCT 1      9.00                     13.81  -4.81     7.78
  SINCE JAN 1      7.12                      9.76  -2.64     2.22

SNOWFALL (IN)
  YESTERDAY        0.0
  MONTH TO DATE    0.0
  SINCE JUN 1      0.0
  SINCE JUL 1      0.0

DEGREE DAYS
 HEATING
  YESTERDAY        3                         2      1
  MONTH TO DATE   66                        54     12
  SINCE JUN 1    205                       270    -65
  SINCE JUL 1    127                       129     -2

 COOLING
  YESTERDAY        0                         1     -1
  MONTH TO DATE    3                        27    -24
  SINCE JUN 1     14                        52    -38
  SINCE JAN 1     52                        62    -10
..................................................................


WIND (MPH)
  HIGHEST WIND SPEED    17   HIGHEST WIND DIRECTION    NW (310)
  HIGHEST GUST SPEED    23   HIGHEST GUST DIRECTION     N (360)
  AVERAGE WIND SPEED     5.9


SKY COVER
  POSSIBLE SUNSHINE  MM
  AVERAGE SKY COVER 0.6


WEATHER CONDITIONS
 THE FOLLOWING WEATHER WAS RECORDED YESTERDAY.
  FOG


RELATIVE HUMIDITY (PERCENT)
 HIGHEST   100          1000 PM
 LOWEST     63           200 PM
 AVERAGE    82

..........................................................


THE SANTA MARIA AIRPORT CA CLIMATE NORMALS FOR TODAY
                         NORMAL    RECORD    YEAR
 MAXIMUM TEMPERATURE (F)   73        99      2009
 MINIMUM TEMPERATURE (F)   54        43      1930


SUNRISE AND SUNSET
AUGUST 28 2016........SUNRISE   632 AM PDT   SUNSET   733 PM PDT
AUGUST 29 2016........SUNRISE   633 AM PDT   SUNSET   732 PM PDT


-  INDICATES NEGATIVE NUMBERS.
R  INDICATES RECORD WAS SET OR TIED.
MM INDICATES DATA IS MISSING.
T  INDICATES TRACE AMOUNT.




$$
