000
CDUS46 KLOX 270912
CLISMX


CLIMATE REPORT
NATIONAL WEATHER SERVICE LOS ANGELES/OXNARD CA
212 AM PDT FRI MAR 27 2015


...................................

...THE SANTA MARIA AIRPORT CA CLIMATE SUMMARY FOR MARCH 26 2015...

CLIMATE NORMAL PERIOD 1981 TO 2010
CLIMATE RECORD PERIOD 1906 TO 2015


WEATHER ITEM   OBSERVED TIME   RECORD YEAR NORMAL DEPARTURE LAST
                VALUE   (LST)  VALUE       VALUE  FROM      YEAR
                                                  NORMAL
..................................................................
TEMPERATURE (F)
 YESTERDAY
  MAXIMUM         93   1140 AM  95    1988  66     27       66
  MINIMUM         49    428 AM  30    1985  43      6       51
  AVERAGE         71                        54     17       59

PRECIPITATION (IN)
  YESTERDAY        0.00          1.10 1991   0.07  -0.07     0.08
  MONTH TO DATE    0.30                      2.32  -2.02     0.93
  SINCE OCT 1      6.70                     12.11  -5.41     3.31
  SINCE JAN 1      1.14                      8.06  -6.92     2.82

SNOWFALL (IN)
  YESTERDAY        0.0
  MONTH TO DATE    0.0
  SINCE MAR 1      0.0
  SINCE JUL 1      0.0

DEGREE DAYS
 HEATING
  YESTERDAY        0                        11    -11
  MONTH TO DATE  115                       286   -171
  SINCE MAR 1    115                       286   -171
  SINCE JUL 1    802                      2119  -1317

 COOLING
  YESTERDAY        6                         0      6
  MONTH TO DATE   27                         0     27
  SINCE MAR 1     27                         0     27
  SINCE JAN 1     27                         1     26
..................................................................


WIND (MPH)
  HIGHEST WIND SPEED    20   HIGHEST WIND DIRECTION    NW (300)
  HIGHEST GUST SPEED    23   HIGHEST GUST DIRECTION    NW (310)
  AVERAGE WIND SPEED     4.5


SKY COVER
  POSSIBLE SUNSHINE  MM
  AVERAGE SKY COVER 0.0


WEATHER CONDITIONS
 THE FOLLOWING WEATHER WAS RECORDED YESTERDAY.
  NO SIGNIFICANT WEATHER WAS OBSERVED.


RELATIVE HUMIDITY (PERCENT)
 HIGHEST    77          1200 AM
 LOWEST     14          1100 AM
 AVERAGE    46

..........................................................


THE SANTA MARIA AIRPORT CA CLIMATE NORMALS FOR TODAY
                         NORMAL    RECORD    YEAR
 MAXIMUM TEMPERATURE (F)   66        83      1923
 MINIMUM TEMPERATURE (F)   43        29      1972


SUNRISE AND SUNSET
MARCH 27 2015.........SUNRISE   656 AM PDT   SUNSET   719 PM PDT
MARCH 28 2015.........SUNRISE   654 AM PDT   SUNSET   720 PM PDT


-  INDICATES NEGATIVE NUMBERS.
R  INDICATES RECORD WAS SET OR TIED.
MM INDICATES DATA IS MISSING.
T  INDICATES TRACE AMOUNT.




$$
