000
CDUS46 KSGX 271142
CLISNA


CLIMATE REPORT
NATIONAL WEATHER SERVICE SAN DIEGO, CA
441 AM PDT THU APR 27 2017


...................................

...THE JOHN WAYNE AIRPORT CA CLIMATE SUMMARY FOR APRIL 26 2017...

CLIMATE NORMAL PERIOD 1981 TO 2010
CLIMATE RECORD PERIOD 1999 TO 2017


WEATHER ITEM   OBSERVED TIME   RECORD YEAR NORMAL DEPARTURE LAST
                VALUE   (LST)  VALUE       VALUE  FROM      YEAR
                                                  NORMAL
..................................................................
TEMPERATURE (F)
 YESTERDAY
  MAXIMUM         73    219 PM  90    2004  70      3       68
  MINIMUM         59    541 AM  51    2009  55      4       52
  AVERAGE         66                        63      3       60

PRECIPITATION (IN)
  YESTERDAY        0.00          0.07 2012   0.03  -0.03     0.00
  MONTH TO DATE    0.04                      0.78  -0.74     0.18
  SINCE OCT 1     15.80                     12.62   3.18     4.87
  SINCE JAN 1      9.61                      8.54   1.07     3.65

DEGREE DAYS
 HEATING
  YESTERDAY        0                         3     -3        5
  MONTH TO DATE   30                       109    -79       37
  SINCE MAR 1    114                       290   -176      157
  SINCE JUL 1    855                      1196   -341      929

 COOLING
  YESTERDAY        1                         1      0        0
  MONTH TO DATE   31                         8     23       44
  SINCE MAR 1     39                        15     24       47
  SINCE JAN 1     39                        23     16       85
..................................................................


WIND (MPH)
  RESULTANT WIND SPEED   6   RESULTANT WIND DIRECTION   S (200)
  HIGHEST WIND SPEED    17   HIGHEST WIND DIRECTION     S (200)
  HIGHEST GUST SPEED    22   HIGHEST GUST DIRECTION     S (190)
  AVERAGE WIND SPEED     7.1


SKY COVER
  POSSIBLE SUNSHINE  MM
  AVERAGE SKY COVER 0.5


WEATHER CONDITIONS
 THE FOLLOWING WEATHER WAS RECORDED YESTERDAY.
  NO SIGNIFICANT WEATHER WAS OBSERVED.


RELATIVE HUMIDITY (PERCENT)
 HIGHEST    87           300 AM
 LOWEST     53           200 PM
 AVERAGE    70

..........................................................


THE JOHN WAYNE AIRPORT CA CLIMATE NORMALS FOR TODAY
                         NORMAL    RECORD    YEAR
 MAXIMUM TEMPERATURE (F)   70        99      2008
 MINIMUM TEMPERATURE (F)   55        53      2003


SUNRISE AND SUNSET
APRIL 27 2017.........SUNRISE   607 AM PDT   SUNSET   732 PM PDT
APRIL 28 2017.........SUNRISE   606 AM PDT   SUNSET   733 PM PDT


-  INDICATES NEGATIVE NUMBERS.
R  INDICATES RECORD WAS SET OR TIED.
MM INDICATES DATA IS MISSING.
T  INDICATES TRACE AMOUNT.




$$
