000
CDUS46 KSGX 070020
CLISNA


CLIMATE REPORT
NATIONAL WEATHER SERVICE SAN DIEGO, CA
419 PM PST SAT FEB 6 2016


...................................

...THE JOHN WAYNE AIRPORT CA CLIMATE SUMMARY FOR FEBRUARY 6 2016...
VALID TODAY AS OF 0400 PM LOCAL TIME.

CLIMATE NORMAL PERIOD 1981 TO 2010
CLIMATE RECORD PERIOD 1999 TO 2016


WEATHER ITEM   OBSERVED TIME   RECORD YEAR NORMAL DEPARTURE LAST
                VALUE   (LST)  VALUE       VALUE  FROM      YEAR
                                                  NORMAL
..................................................................
TEMPERATURE (F)
 TODAY
  MAXIMUM         78   1255 PM  82    2006  66     12       75
  MINIMUM         47    620 AM  41    2008  48     -1       56
                                      2002
  AVERAGE         63                        57      6       66

PRECIPITATION (IN)
  TODAY            0.00          1.32 2010   0.07  -0.07     0.00
  MONTH TO DATE    0.00                      0.36  -0.36     0.00
  SINCE OCT 1      3.26                      7.35  -4.09     4.62
  SINCE JAN 1      2.04                      3.27  -1.23     0.82

DEGREE DAYS
 HEATING
  TODAY            2                         8     -6        0
  MONTH TO DATE   55                        48      7        1
  SINCE DEC 1    604                       587     17      202
  SINCE JUL 1    734                       740     -6      206

 COOLING
  TODAY            0                         0      0        1
  MONTH TO DATE    0                         0      0        2
  SINCE DEC 1      0                         6     -6       50
  SINCE JAN 1      0                         5     -5       32
..................................................................


WIND (MPH)
  RESULTANT WIND SPEED   1   RESULTANT WIND DIRECTION   W (250)
  HIGHEST WIND SPEED    12   HIGHEST WIND DIRECTION     S (200)
  HIGHEST GUST SPEED    15   HIGHEST GUST DIRECTION     S (190)
  AVERAGE WIND SPEED     2.3


SKY COVER
  POSSIBLE SUNSHINE  MM
  AVERAGE SKY COVER 0.0


WEATHER CONDITIONS
 THE FOLLOWING WEATHER WAS RECORDED TODAY.
  NO SIGNIFICANT WEATHER WAS OBSERVED.


RELATIVE HUMIDITY (PERCENT)
 HIGHEST    42           500 AM
 LOWEST     13           100 PM
 AVERAGE    28

..........................................................


THE JOHN WAYNE AIRPORT CA CLIMATE NORMALS FOR TOMORROW
                         NORMAL    RECORD    YEAR
 MAXIMUM TEMPERATURE (F)   66        84      2006
 MINIMUM TEMPERATURE (F)   48        42      2008
                                             2003


SUNRISE AND SUNSET
FEBRUARY  6 2016......SUNRISE   644 AM PST   SUNSET   527 PM PST
FEBRUARY  7 2016......SUNRISE   644 AM PST   SUNSET   528 PM PST


-  INDICATES NEGATIVE NUMBERS.
R  INDICATES RECORD WAS SET OR TIED.
MM INDICATES DATA IS MISSING.
T  INDICATES TRACE AMOUNT.




$$
