000
CDUS46 KSGX 261418
CLISNA


CLIMATE REPORT
NATIONAL WEATHER SERVICE SAN DIEGO, CA
618 AM PST FRI DEC 26 2014


...................................

...THE JOHN WAYNE AIRPORT CA CLIMATE SUMMARY FOR DECEMBER 25 2014...

CLIMATE NORMAL PERIOD 1981 TO 2010
CLIMATE RECORD PERIOD 1999 TO 2014


WEATHER ITEM   OBSERVED TIME   RECORD YEAR NORMAL DEPARTURE LAST
                VALUE   (LST)  VALUE       VALUE  FROM      YEAR
                                                  NORMAL
..................................................................
TEMPERATURE (F)
 YESTERDAY
  MAXIMUM         70    128 PM  84    2013  66      4       84
  MINIMUM         52   1137 PM  40    2009  46      6       51
                                      2001
  AVERAGE         61                        56      5       68

PRECIPITATION (IN)
  YESTERDAY        T             0.44 2010   0.08  -0.08     0.00
  MONTH TO DATE    3.46                      1.29   2.17     0.29
  SINCE JUL 1      3.70                      3.58   0.12     1.05
  SINCE JAN 1      6.29                     12.54  -6.25     3.02

SNOWFALL (IN)
  YESTERDAY        0.0
  MONTH TO DATE    0.0
  SINCE JAN 1      0.0
  SINCE JUL 1      0.0
  SNOW DEPTH       0

DEGREE DAYS
 HEATING
  YESTERDAY        4                         9     -5        0
  MONTH TO DATE   55                       223   -168      171
  SINCE DEC 1     55                       223   -168      171
  SINCE JUL 1     59                       376   -317      244

 COOLING
  YESTERDAY        0                         0      0        3
  MONTH TO DATE   18                         0     18        3
  SINCE DEC 1     18                         0     18        3
  SINCE JAN 1   2058                       876   1182     1160
..................................................................


WIND (MPH)
  RESULTANT WIND SPEED   2   RESULTANT WIND DIRECTION  NW (320)
  HIGHEST WIND SPEED    12   HIGHEST WIND DIRECTION     W (280)
  HIGHEST GUST SPEED    16   HIGHEST GUST DIRECTION    NW (310)
  AVERAGE WIND SPEED     2.4


SKY COVER
  POSSIBLE SUNSHINE  MM
  AVERAGE SKY COVER 0.3


WEATHER CONDITIONS
 THE FOLLOWING WEATHER WAS RECORDED YESTERDAY.
  LIGHT RAIN


RELATIVE HUMIDITY (PERCENT)
 HIGHEST    84          1200 AM
 LOWEST     12           500 PM
 AVERAGE    48

..........................................................


THE JOHN WAYNE AIRPORT CA CLIMATE NORMALS FOR TODAY
                         NORMAL    RECORD    YEAR
 MAXIMUM TEMPERATURE (F)   66        84      2013
 MINIMUM TEMPERATURE (F)   46        37      2008


SUNRISE AND SUNSET
DECEMBER 26 2014......SUNRISE   654 AM PST   SUNSET   450 PM PST
DECEMBER 27 2014......SUNRISE   655 AM PST   SUNSET   451 PM PST


-  INDICATES NEGATIVE NUMBERS.
R  INDICATES RECORD WAS SET OR TIED.
MM INDICATES DATA IS MISSING.
T  INDICATES TRACE AMOUNT.




$$
