000
CDUS46 KSGX 170017
CLISNA


CLIMATE REPORT
NATIONAL WEATHER SERVICE SAN DIEGO, CA
517 PM PDT WED APR 16 2014


...................................

...THE JOHN WAYNE AIRPORT CA CLIMATE SUMMARY FOR APRIL 16 2014...
VALID TODAY AS OF 0500 PM LOCAL TIME.

CLIMATE NORMAL PERIOD 1981 TO 2010
CLIMATE RECORD PERIOD 1999 TO 2014


WEATHER ITEM   OBSERVED TIME   RECORD YEAR NORMAL DEPARTURE LAST
                VALUE   (LST)  VALUE       VALUE  FROM      YEAR
                                                  NORMAL
..................................................................
TEMPERATURE (F)
 TODAY
  MAXIMUM         69    233 PM  86    1999  69      0       65
  MINIMUM         59    545 AM  49    2009  54      5       53
                                      2003
  AVERAGE         64                        61      3       59

PRECIPITATION (IN)
  TODAY            0.00          0.00 2006   0.03  -0.03     0.00
  MONTH TO DATE    0.19                      0.44  -0.25     0.01
  SINCE JUL 1      3.51                     12.57  -9.06     4.70
  SINCE JAN 1      2.46                      8.20  -5.74     1.68

SNOWFALL (IN)
  TODAY            0.0
  MONTH TO DATE    0.0
  SINCE JAN 1      0.0
  SINCE JUL 1      0.0
  SNOW DEPTH       0

DEGREE DAYS
 HEATING
  TODAY            1                         4     -3        6
  MONTH TO DATE   36                        73    -37       48
  SINCE MAR 1    105                       254   -149      202
  SINCE JUL 1    595                      1160   -565     1068

 COOLING
  TODAY            0                         0      0        0
  MONTH TO DATE   30                         0     30        0
  SINCE MAR 1     50                         7     43        4
  SINCE JAN 1     77                        15     62        4
..................................................................


WIND (MPH)
  RESULTANT WIND SPEED   4   RESULTANT WIND DIRECTION   S (190)
  HIGHEST WIND SPEED    15   HIGHEST WIND DIRECTION     S (190)
  HIGHEST GUST SPEED    18   HIGHEST GUST DIRECTION     S (180)
  AVERAGE WIND SPEED     5.6


SKY COVER
  POSSIBLE SUNSHINE  MM
  AVERAGE SKY COVER 0.6


WEATHER CONDITIONS
 THE FOLLOWING WEATHER WAS RECORDED TODAY.
  NO SIGNIFICANT WEATHER WAS OBSERVED.


RELATIVE HUMIDITY (PERCENT)
 HIGHEST    75          1200 AM
 LOWEST     55          1200 PM
 AVERAGE    65

..........................................................


THE JOHN WAYNE AIRPORT CA CLIMATE NORMALS FOR TOMORROW
                         NORMAL    RECORD    YEAR
 MAXIMUM TEMPERATURE (F)   69        84      1999
 MINIMUM TEMPERATURE (F)   54        49      2009
                                             2001


SUNRISE AND SUNSET
APRIL 16 2014.........SUNRISE   620 AM PDT   SUNSET   723 PM PDT
APRIL 17 2014.........SUNRISE   618 AM PDT   SUNSET   724 PM PDT


-  INDICATES NEGATIVE NUMBERS.
R  INDICATES RECORD WAS SET OR TIED.
MM INDICATES DATA IS MISSING.
T  INDICATES TRACE AMOUNT.




$$
