000
CDUS46 KSGX 251136
CLISNA


CLIMATE REPORT
NATIONAL WEATHER SERVICE SAN DIEGO, CA
436 AM PDT SUN JUN 25 2017


...................................

...THE JOHN WAYNE AIRPORT CA CLIMATE SUMMARY FOR JUNE 24 2017...

CLIMATE NORMAL PERIOD 1981 TO 2010
CLIMATE RECORD PERIOD 1999 TO 2017


WEATHER ITEM   OBSERVED TIME   RECORD YEAR NORMAL DEPARTURE LAST
                VALUE   (LST)  VALUE       VALUE  FROM      YEAR
                                                  NORMAL
..................................................................
TEMPERATURE (F)
 YESTERDAY
  MAXIMUM         74   1233 PM  81    2005  75     -1       73
  MINIMUM         63    710 AM  60    2005  62      1       64
  AVERAGE         69                        68      1       69

PRECIPITATION (IN)
  YESTERDAY        0.00          0.01 2013   0.00   0.00     0.00
  MONTH TO DATE    T                         0.07  -0.07     0.01
  SINCE OCT 1     15.88                     13.03   2.85     4.98
  SINCE JAN 1      9.69                      8.95   0.74     3.76

DEGREE DAYS
 HEATING
  YESTERDAY        0                         0      0        0
  MONTH TO DATE    1                         0      1        1
  SINCE JUN 1      1                         0      1        1
  SINCE JUL 1    881                      1245   -364      971

 COOLING
  YESTERDAY        4                         3      1        4
  MONTH TO DATE   85                        55     30       97
  SINCE JUN 1     85                        55     30       97
  SINCE JAN 1    195                       122     73      193
..................................................................


WIND (MPH)
  RESULTANT WIND SPEED   5   RESULTANT WIND DIRECTION  SW (230)
  HIGHEST WIND SPEED    13   HIGHEST WIND DIRECTION    SW (220)
  HIGHEST GUST SPEED    20   HIGHEST GUST DIRECTION    SW (220)
  AVERAGE WIND SPEED     5.9


SKY COVER
  POSSIBLE SUNSHINE  MM
  AVERAGE SKY COVER 0.5


WEATHER CONDITIONS
 THE FOLLOWING WEATHER WAS RECORDED YESTERDAY.
  FOG
  HAZE


RELATIVE HUMIDITY (PERCENT)
 HIGHEST    93           300 AM
 LOWEST     68          1100 AM
 AVERAGE    81

..........................................................


THE JOHN WAYNE AIRPORT CA CLIMATE NORMALS FOR TODAY
                         NORMAL    RECORD    YEAR
 MAXIMUM TEMPERATURE (F)   75        93      2006
                                             1990
 MINIMUM TEMPERATURE (F)   62        60      2012


SUNRISE AND SUNSET
JUNE 25 2017..........SUNRISE   543 AM PDT   SUNSET   806 PM PDT
JUNE 26 2017..........SUNRISE   543 AM PDT   SUNSET   806 PM PDT


-  INDICATES NEGATIVE NUMBERS.
R  INDICATES RECORD WAS SET OR TIED.
MM INDICATES DATA IS MISSING.
T  INDICATES TRACE AMOUNT.




$$
