000
CDUS46 KSGX 161417
CLISNA


CLIMATE REPORT
NATIONAL WEATHER SERVICE SAN DIEGO, CA
717 AM PDT TUE SEP 16 2014


...................................

...THE JOHN WAYNE AIRPORT CA CLIMATE SUMMARY FOR SEPTEMBER 15 2014...

CLIMATE NORMAL PERIOD 1981 TO 2010
CLIMATE RECORD PERIOD 1999 TO 2014


WEATHER ITEM   OBSERVED TIME   RECORD YEAR NORMAL DEPARTURE LAST
                VALUE   (LST)  VALUE       VALUE  FROM      YEAR
                                                  NORMAL
..................................................................
TEMPERATURE (F)
 YESTERDAY
  MAXIMUM         98    245 PM 102    2012  80     18       91
  MINIMUM         76    554 AM  59    2007  64     12       69
                                      2002
  AVERAGE         87                        72     15       80

PRECIPITATION (IN)
  YESTERDAY        0.00          0.00 2006   0.01  -0.01     0.00
  MONTH TO DATE    0.00                      0.08  -0.08     0.00
  SINCE JUL 1      0.03                      0.15  -0.12     0.12
  SINCE JAN 1      2.62                      9.11  -6.49     2.09

SNOWFALL (IN)
  YESTERDAY        0.0
  MONTH TO DATE    0.0
  SINCE JAN 1      0.0
  SINCE JUL 1      0.0
  SNOW DEPTH       0

DEGREE DAYS
 HEATING
  YESTERDAY        0                         0      0        0
  MONTH TO DATE    0                         0      0        0
  SINCE SEP 1      0                         0      0        0
  SINCE JUL 1      0                         0      0        0

 COOLING
  YESTERDAY       22                         7     15       15
  MONTH TO DATE  234                       113    121      219
  SINCE SEP 1    234                       113    121      219
  SINCE JAN 1   1478                       684    794      923
..................................................................


WIND (MPH)
  RESULTANT WIND SPEED   3   RESULTANT WIND DIRECTION  SW (220)
  HIGHEST WIND SPEED    13   HIGHEST WIND DIRECTION     S (190)
  HIGHEST GUST SPEED    15   HIGHEST GUST DIRECTION    SW (220)
  AVERAGE WIND SPEED     4.5


SKY COVER
  POSSIBLE SUNSHINE  MM
  AVERAGE SKY COVER 0.1


WEATHER CONDITIONS
 THE FOLLOWING WEATHER WAS RECORDED YESTERDAY.
  NO SIGNIFICANT WEATHER WAS OBSERVED.


RELATIVE HUMIDITY (PERCENT)
 HIGHEST    69           600 AM
 LOWEST     30           300 PM
 AVERAGE    50

..........................................................


THE JOHN WAYNE AIRPORT CA CLIMATE NORMALS FOR TODAY
                         NORMAL    RECORD    YEAR
 MAXIMUM TEMPERATURE (F)   80        92      2013
 MINIMUM TEMPERATURE (F)   64        59      2007
                                             2002


SUNRISE AND SUNSET
SEPTEMBER 16 2014.....SUNRISE   636 AM PDT   SUNSET   656 PM PDT
SEPTEMBER 17 2014.....SUNRISE   636 AM PDT   SUNSET   655 PM PDT


-  INDICATES NEGATIVE NUMBERS.
R  INDICATES RECORD WAS SET OR TIED.
MM INDICATES DATA IS MISSING.
T  INDICATES TRACE AMOUNT.




$$
