000
CDUS46 KSGX 261416
CLISNA


CLIMATE REPORT
NATIONAL WEATHER SERVICE SAN DIEGO, CA
716 AM PDT TUE JUL 26 2016


...................................

...THE JOHN WAYNE AIRPORT CA CLIMATE SUMMARY FOR JULY 25 2016...

CLIMATE NORMAL PERIOD 1981 TO 2010
CLIMATE RECORD PERIOD 1999 TO 2016


WEATHER ITEM   OBSERVED TIME   RECORD YEAR NORMAL DEPARTURE LAST
                VALUE   (LST)  VALUE       VALUE  FROM      YEAR
                                                  NORMAL
..................................................................
TEMPERATURE (F)
 YESTERDAY
  MAXIMUM         86R  1150 AM  84    2015  79      7       84
                                      2006
  MINIMUM         70    555 AM  60    1999  65      5       67
  AVERAGE         78                        72      6       76

PRECIPITATION (IN)
  YESTERDAY        0.00          0.01 2013   0.00   0.00     0.00
  MONTH TO DATE    0.00                      0.03  -0.03     0.45
  SINCE OCT 1      4.98                     13.07  -8.09     7.30
  SINCE JAN 1      3.76                      8.99  -5.23     3.50

DEGREE DAYS
 HEATING
  YESTERDAY        0                         0      0        0
  MONTH TO DATE    0                         0      0        0
  SINCE JUN 1      1                         7     -6        0
  SINCE JUL 1      0                         0      0        0

 COOLING
  YESTERDAY       13                         7      6       11
  MONTH TO DATE  206                       149     57      194
  SINCE JUN 1    348                       225    123      343
  SINCE JAN 1    444                       292    152      584
..................................................................


WIND (MPH)
  RESULTANT WIND SPEED   6   RESULTANT WIND DIRECTION  SW (210)
  HIGHEST WIND SPEED    16   HIGHEST WIND DIRECTION     S (190)
  HIGHEST GUST SPEED    20   HIGHEST GUST DIRECTION     S (190)
  AVERAGE WIND SPEED     5.9


SKY COVER
  POSSIBLE SUNSHINE  MM
  AVERAGE SKY COVER 0.4


WEATHER CONDITIONS
 THE FOLLOWING WEATHER WAS RECORDED YESTERDAY.
  HAZE


RELATIVE HUMIDITY (PERCENT)
 HIGHEST    90           100 AM
 LOWEST     55          1200 PM
 AVERAGE    73

..........................................................


THE JOHN WAYNE AIRPORT CA CLIMATE NORMALS FOR TODAY
                         NORMAL    RECORD    YEAR
 MAXIMUM TEMPERATURE (F)   79        92      2006
 MINIMUM TEMPERATURE (F)   65        62      1999


SUNRISE AND SUNSET
JULY 26 2016..........SUNRISE   600 AM PDT   SUNSET   756 PM PDT
JULY 27 2016..........SUNRISE   601 AM PDT   SUNSET   755 PM PDT


-  INDICATES NEGATIVE NUMBERS.
R  INDICATES RECORD WAS SET OR TIED.
MM INDICATES DATA IS MISSING.
T  INDICATES TRACE AMOUNT.




$$
