000
CDUS46 KSGX 251420
CLISNA


CLIMATE REPORT
NATIONAL WEATHER SERVICE SAN DIEGO, CA
720 AM PDT MON MAY 25 2015


...................................

...THE JOHN WAYNE AIRPORT CA CLIMATE SUMMARY FOR MAY 24 2015...

CLIMATE NORMAL PERIOD 1981 TO 2010
CLIMATE RECORD PERIOD 1999 TO 2015


WEATHER ITEM   OBSERVED TIME   RECORD YEAR NORMAL DEPARTURE LAST
                VALUE   (LST)  VALUE       VALUE  FROM      YEAR
                                                  NORMAL
..................................................................
TEMPERATURE (F)
 YESTERDAY
  MAXIMUM         68    403 PM  80    2006  72     -4       69
  MINIMUM         60    924 PM  53    2008  59      1       64
  AVERAGE         64                        66     -2       67

PRECIPITATION (IN)
  YESTERDAY        0.00          T    2007   0.00   0.00     0.00
  MONTH TO DATE    1.07                      0.22   0.85     0.00
  SINCE OCT 1      6.85                     12.95  -6.10     3.52
  SINCE JAN 1      3.05                      8.87  -5.82     2.59

SNOWFALL (IN)
  YESTERDAY        0.0
  MONTH TO DATE    0.0
  SINCE MAR 1      0.0
  SINCE JUL 1      0.0
  SNOW DEPTH       0

DEGREE DAYS
 HEATING
  YESTERDAY        1                         1      0        0
  MONTH TO DATE   46                        35     11        1
  SINCE MAR 1    121                       336   -215      114
  SINCE JUL 1    346                      1242   -896      604

 COOLING
  YESTERDAY        0                         1     -1        2
  MONTH TO DATE   11                        24    -13      170
  SINCE MAR 1    163                        45    118      262
  SINCE JAN 1    235                        53    182      289
..................................................................


WIND (MPH)
  RESULTANT WIND SPEED   3   RESULTANT WIND DIRECTION  SW (220)
  HIGHEST WIND SPEED    10   HIGHEST WIND DIRECTION     S (190)
  HIGHEST GUST SPEED    16   HIGHEST GUST DIRECTION    SW (220)
  AVERAGE WIND SPEED     4.5


SKY COVER
  POSSIBLE SUNSHINE  MM
  AVERAGE SKY COVER 0.8


WEATHER CONDITIONS
 THE FOLLOWING WEATHER WAS RECORDED YESTERDAY.
  NO SIGNIFICANT WEATHER WAS OBSERVED.


RELATIVE HUMIDITY (PERCENT)
 HIGHEST    78          1000 PM
 LOWEST     56          1200 PM
 AVERAGE    67

..........................................................


THE JOHN WAYNE AIRPORT CA CLIMATE NORMALS FOR TODAY
                         NORMAL    RECORD    YEAR
 MAXIMUM TEMPERATURE (F)   72        77      2014
 MINIMUM TEMPERATURE (F)   59        51      2008


SUNRISE AND SUNSET
MAY 25 2015...........SUNRISE   545 AM PDT   SUNSET   752 PM PDT
MAY 26 2015...........SUNRISE   544 AM PDT   SUNSET   753 PM PDT


-  INDICATES NEGATIVE NUMBERS.
R  INDICATES RECORD WAS SET OR TIED.
MM INDICATES DATA IS MISSING.
T  INDICATES TRACE AMOUNT.




$$
