000
CDUS46 KSGX 311417
CLISNA


CLIMATE REPORT
NATIONAL WEATHER SERVICE SAN DIEGO, CA
617 AM PST SAT JAN 31 2015


...................................

...THE JOHN WAYNE AIRPORT CA CLIMATE SUMMARY FOR JANUARY 30 2015...

CLIMATE NORMAL PERIOD 1981 TO 2010
CLIMATE RECORD PERIOD 1999 TO 2015


WEATHER ITEM   OBSERVED TIME   RECORD YEAR NORMAL DEPARTURE LAST
                VALUE   (LST)  VALUE       VALUE  FROM      YEAR
                                                  NORMAL
..................................................................
TEMPERATURE (F)
 YESTERDAY
  MAXIMUM         69    246 PM  82    2009  67      2       62
  MINIMUM         62   1159 PM  35    2002  48     14       56
  AVERAGE         66                        57      9       59

PRECIPITATION (IN)
  YESTERDAY        T             0.10 2000   0.08  -0.08     0.02
  MONTH TO DATE    0.82                      2.83  -2.01     0.02
  SINCE OCT 1      4.62                      6.91  -2.29     0.95
  SINCE JAN 1      0.82                      2.83  -2.01     0.02

SNOWFALL (IN)
  YESTERDAY        0.0
  MONTH TO DATE    0.0
  SINCE JAN 1      0.0
  SINCE JUL 1      0.0
  SNOW DEPTH       0

DEGREE DAYS
 HEATING
  YESTERDAY        0                         8     -8        6
  MONTH TO DATE   90                       251   -161      107
  SINCE DEC 1    200                       530   -330      303
  SINCE JUL 1    204                       683   -479      376

 COOLING
  YESTERDAY        1                         0      1        0
  MONTH TO DATE   30                         0     30       27
  SINCE DEC 1     48                         1     47       31
  SINCE JAN 1     30                         0     30       27
..................................................................


WIND (MPH)
  RESULTANT WIND SPEED   2   RESULTANT WIND DIRECTION   S (200)
  HIGHEST WIND SPEED    10   HIGHEST WIND DIRECTION    SW (210)
  HIGHEST GUST SPEED    13   HIGHEST GUST DIRECTION    SW (210)
  AVERAGE WIND SPEED     3.0


SKY COVER
  POSSIBLE SUNSHINE  MM
  AVERAGE SKY COVER 0.9


WEATHER CONDITIONS
 THE FOLLOWING WEATHER WAS RECORDED YESTERDAY.
  LIGHT RAIN


RELATIVE HUMIDITY (PERCENT)
 HIGHEST    78           500 PM
 LOWEST     42           100 AM
 AVERAGE    60

..........................................................


THE JOHN WAYNE AIRPORT CA CLIMATE NORMALS FOR TODAY
                         NORMAL    RECORD    YEAR
 MAXIMUM TEMPERATURE (F)   66        90      2003
 MINIMUM TEMPERATURE (F)   48        37      2002


SUNRISE AND SUNSET
JANUARY 31 2015.......SUNRISE   649 AM PST   SUNSET   522 PM PST
FEBRUARY  1 2015......SUNRISE   648 AM PST   SUNSET   523 PM PST


-  INDICATES NEGATIVE NUMBERS.
R  INDICATES RECORD WAS SET OR TIED.
MM INDICATES DATA IS MISSING.
T  INDICATES TRACE AMOUNT.




$$
