000
CDAK48 PASN 231205
CLISNP

CLIMATE REPORT
NATIONAL WEATHER SERVICE ST PAUL, AK
305 AM AKST SUN NOV 23 2014

...................................
...THE ST PAUL AIRPORT CLIMATE SUMMARY FOR NOVEMBER 22 2014...

CLIMATE NORMAL PERIOD  1981 TO  2010
CLIMATE RECORD PERIOD  1949 TO  2014

WEATHER ITEM   OBSERVED TIME    RECORD YEAR NORMAL DEPARTURE LAST
               VALUE    (LST)   VALUE       VALUE  FROM      YEAR
                                                   NORMAL
...................................................................
TEMPERATURE
YESTERDAY
 MAXIMUM            37  0601 AM    43  1970     36       1     30
 MINIMUM            33  1146 PM    16  2007     28       5     21
 AVERAGE            35                          32       3     26

PRECIPITATION
(INCHES)
 YESTERDAY        0.01           0.34  1955   0.10   -0.09   0.07
 MONTH TO DATE    1.28                        2.18   -0.90   3.47
 SINCE SEP 1      6.43                        8.28   -1.85  10.03
 SINCE JAN 1     19.78                       20.71   -0.93  24.06

SNOWFALL
(INCHES)
 YESTERDAY           T            2.8  1967    0.3    -0.3    0.7
 MONTH TO DATE     0.7                         5.5    -4.8    1.1
 SINCE SEP 1       0.7                         7.5    -6.8    1.1
 SINCE JUL 1       0.7                         7.5    -6.8    1.1
 SNOW DEPTH (IN)     0                                          1

DEGREE DAYS
 HEATING
  YESTERDAY         30                          33      -3     39
  MONTH TO DATE    612                         690     -78    630
  SINCE SEP 1     1873                        2098    -225   1966
  SINCE JUL 1     2691                        3150    -459   3009

 COOLING
  YESTERDAY          0                           0       0      0
  MONTH TO DATE      0                           0       0      0
  SINCE SEP 1        0                           0       0      0
  SINCE JAN 1        0                           0       0      0
...................................................................

WIND (MPH)
 HIGHEST WIND SPEED    30     HIGHEST WIND DIRECTION     10
 HIGHEST GUST SPEED    35     HIGHEST GUST DIRECTION     20
 AVERAGE WIND SPEED  16.5

WEATHER CONDITIONS
 THE FOLLOWING WEATHER WAS RECORDED YESTERDAY.
  SMOKE OR HAZE
FOG
RAIN
SNOW

...................................................................

THE ST PAUL CLIMATE NORMALS FOR TODAY
                           NORMAL    RECORD   YEAR
 MAXIMUM TEMPERATURE (F)     36        44     2003
 MINIMUM TEMPERATURE (F)     28        11     1972

SUNRISE AND SUNSET
 NOV 23 2014..........SUNRISE 10:21 AM      SUNSET  5:54 PM
 NOV 24 2014..........SUNRISE 10:23 AM      SUNSET  5:53 PM

-  INDICATES NEGATIVE NUMBERS.
R  INDICATES RECORD HAS BEEN SET OR TIED.
MM INDICATES DATA IS MISSING.
T  INDICATES TRACE OF PRECIPITATION.

&&
-------------------------------------------------------------------

AMOUNT OF DAYLIGHT TODAY  (HOUR:MIN)........7 HOURS 33 MINUTES
GAIN/LOSS SINCE YESTERDAY (HOUR:MIN:SEC)....-0:03:28

$$
TR NOV 14
