000
CDAK48 PASN 281125
CLISNP

CLIMATE REPORT
NATIONAL WEATHER SERVICE ST PAUL, AK
325 AM AKDT MON JUL 28 2014

...................................
...THE ST PAUL AIRPORT CLIMATE SUMMARY FOR JULY 27 2014...

CLIMATE NORMAL PERIOD  1981 TO  2010
CLIMATE RECORD PERIOD  1949 TO  2014

WEATHER ITEM   OBSERVED TIME    RECORD YEAR NORMAL DEPARTURE LAST
               VALUE    (LST)   VALUE       VALUE  FROM      YEAR
                                                   NORMAL
...................................................................
TEMPERATURE
YESTERDAY
 MAXIMUM            56  0431 PM    58  2005     52       4     50
 MINIMUM            47  0745 AM    35  1973     45       2     45
 AVERAGE            52                          48       4     48

PRECIPITATION
(INCHES)
 YESTERDAY        0.00           1.00  1996   0.07   -0.07   0.00
 MONTH TO DATE    1.07                        1.56   -0.49   1.40
 SINCE JUN 1      2.09                        2.91   -0.82   2.95
 SINCE JAN 1      9.23                        9.07    0.16  10.13

SNOWFALL
(INCHES)
 YESTERDAY         0.0            0.0  2014    0.0     0.0    0.0
 MONTH TO DATE     0.0                         0.0     0.0    0.0
 SINCE JUN 1       0.0                         0.0     0.0    0.0
 SINCE JUL 1       0.0                         0.0     0.0    0.0
 SNOW DEPTH (IN)     0                                          0

DEGREE DAYS
 HEATING
  YESTERDAY         13                          17      -4     17
  MONTH TO DATE    393                         485     -92    494
  SINCE JUN 1     1021                        1164    -143   1204
  SINCE JUL 1      393                         485     -92    494

 COOLING
  YESTERDAY          0                           0       0      0
  MONTH TO DATE      0                           0       0      0
  SINCE JUN 1        0                           0       0      0
  SINCE JAN 1        0                           0       0      0
...................................................................

WIND (MPH)
 HIGHEST WIND SPEED    14     HIGHEST WIND DIRECTION    330
 HIGHEST GUST SPEED    17     HIGHEST GUST DIRECTION    340
 AVERAGE WIND SPEED   9.3

SKY COVER
  POSSIBLE SUNSHINE    MM          AVERAGE SKY COVER     MM

WEATHER CONDITIONS
 THE FOLLOWING WEATHER WAS RECORDED YESTERDAY.
 FOG


RELATIVE HUMIDITY
 HIGHEST RH     MM PERCENT       MM
 LOWEST  RH     MM PERCENT       MM
 AVERAGE RH     MM PERCENT       MM
...................................................................

THE ST PAUL CLIMATE NORMALS FOR TODAY
                           NORMAL    RECORD   YEAR
 MAXIMUM TEMPERATURE (F)     52        63     1992
 MINIMUM TEMPERATURE (F)     45        39     1972

SUNRISE AND SUNSET
 JUL 28 2014..........SUNRISE  7:12 AM      SUNSET 11:42 PM
 JUL 29 2014..........SUNRISE  7:14 AM      SUNSET 11:40 PM

-  INDICATES NEGATIVE NUMBERS.
R  INDICATES RECORD HAS BEEN SET OR TIED.
MM INDICATES DATA IS MISSING.
T  INDICATES TRACE OF PRECIPITATION.

&&
-------------------------------------------------------------------

AMOUNT OF DAYLIGHT TODAY  (HOUR:MIN)........16 HOURS 30 MINUTES
GAIN/LOSS SINCE YESTERDAY (HOUR:MIN:SEC)....-0:03:54

$$
HCH JUL 14
