933
CDAK48 PAFC 171304
CLISNP


CLIMATE REPORT
NATIONAL WEATHER SERVICE ANCHORAGE, AK
403 AM AKST SAT FEB 17 2018


...................................

...THE SAINT PAUL ISLAND CLIMATE SUMMARY FOR FEBRUARY 16 2018...

CLIMATE NORMAL PERIOD 1981 TO 2010
CLIMATE RECORD PERIOD 1892 TO 2018


WEATHER ITEM   OBSERVED TIME   RECORD YEAR NORMAL DEPARTURE LAST
                VALUE   (LST)  VALUE       VALUE  FROM      YEAR
                                                  NORMAL
..................................................................
TEMPERATURE (F)
 YESTERDAY
  MAXIMUM         39    521 PM  40    2016  29     10       17
                                      1980
  MINIMUM         35    229 AM -14    1971  20     15       11
  AVERAGE         37                        24     13       14

PRECIPITATION (IN)
  YESTERDAY        T             0.39 2016   0.05  -0.05      T
  MONTH TO DATE    0.66                      0.79  -0.13     0.25
  SINCE SEP 1     16.48                     13.61   2.87    18.29
  SINCE JAN 1      1.62                      2.37  -0.75     1.76

SNOWFALL (IN)
  YESTERDAY        0.0          MM      MM   0.3   -0.3      0.6
  MONTH TO DATE    1.3                       6.0   -4.7      6.0
  SINCE SEP 1      8.4                      41.0  -32.6     44.1
  SINCE JUL 1      8.4                      41.0  -32.6     44.1
  SNOW DEPTH       0

DEGREE DAYS
 HEATING
  YESTERDAY       28                        41    -13       51
  MONTH TO DATE  487                       656   -169      652
  SINCE DEC 1   2566                      3014   -448     2827
  SINCE JUL 1   5644                      6435   -791     5396

 COOLING
  YESTERDAY        0                         0      0        0
  MONTH TO DATE    0                         0      0        0
  SINCE DEC 1      0                         0      0        0
  SINCE JAN 1      0                         0      0        0
..................................................................


WIND (MPH)
  RESULTANT WIND SPEED  24   RESULTANT WIND DIRECTION   S (170)
  HIGHEST WIND SPEED    38   HIGHEST WIND DIRECTION     S (180)
  HIGHEST GUST SPEED    46   HIGHEST GUST DIRECTION     S (180)
  AVERAGE WIND SPEED    26.5



WEATHER CONDITIONS
 THE FOLLOWING WEATHER WAS RECORDED YESTERDAY.
  LIGHT SNOW
  FOG
  HAZE


..........................................................


THE SAINT PAUL ISLAND CLIMATE NORMALS FOR TODAY
                         NORMAL    RECORD    YEAR
 MAXIMUM TEMPERATURE (F)   29        42      1996
 MINIMUM TEMPERATURE (F)   20       -11      1976
                                             1972


SUNRISE AND SUNSET
FEBRUARY 17 2018......SUNRISE   944 AM AKST  SUNSET   727 PM AKST
FEBRUARY 18 2018......SUNRISE   941 AM AKST  SUNSET   729 PM AKST


-  INDICATES NEGATIVE NUMBERS.
R  INDICATES RECORD WAS SET OR TIED.
MM INDICATES DATA IS MISSING.
T  INDICATES TRACE AMOUNT.




$$
