000
CDAK48 PASN 251311
CLISNP


CLIMATE REPORT
NATIONAL WEATHER SERVICE ANCHORAGE, AK
508 AM AKDT THU MAY 25 2017


...................................

...THE SAINT PAUL ISLAND CLIMATE SUMMARY FOR MAY 24 2017...

CLIMATE NORMAL PERIOD 1981 TO 2010
CLIMATE RECORD PERIOD 1892 TO 2017


WEATHER ITEM   OBSERVED TIME   RECORD YEAR NORMAL DEPARTURE LAST
                VALUE   (LST)  VALUE       VALUE  FROM      YEAR
                                                  NORMAL
..................................................................
TEMPERATURE (F)
 YESTERDAY
  MAXIMUM         46    154 PM  54    2006  42      4       49
  MINIMUM         34    329 AM  21    1983  33      1       40
  AVERAGE         40                        38      2       45

PRECIPITATION (IN)
  YESTERDAY        0.03          0.41 1988   0.04  -0.01     0.01
  MONTH TO DATE    1.49                      0.87   0.62     0.76
  SINCE MAR 1      2.66                      3.02  -0.36     2.92
  SINCE JAN 1      5.75                      5.90  -0.15     5.68

SNOWFALL (IN)
  YESTERDAY       MM            MM      MM   0.0   MM       MM
  MONTH TO DATE    T                         1.0   -1.0      0.0
  SINCE MAR 1      0.6                      14.7  -14.1      0.0
  SINCE JUL 1     48.8                      59.7  -10.9     23.7
  SNOW DEPTH       0

DEGREE DAYS
 HEATING
  YESTERDAY       25                        27     -2       20
  MONTH TO DATE  638                       708    -70      582
  SINCE MAR 1   2825                      3026   -201     2198
  SINCE JUL 1   8700                      9943  -1243     7383

 COOLING
  YESTERDAY        0                         0      0        0
  MONTH TO DATE    0                         0      0        0
  SINCE MAR 1      0                         0      0        0
  SINCE JAN 1      0                         0      0        0
..................................................................


WIND (MPH)
  RESULTANT WIND SPEED  21   RESULTANT WIND DIRECTION   W (260)
  HIGHEST WIND SPEED    32   HIGHEST WIND DIRECTION     W (270)
  HIGHEST GUST SPEED    40   HIGHEST GUST DIRECTION     W (260)
  AVERAGE WIND SPEED    19.9



WEATHER CONDITIONS
 THE FOLLOWING WEATHER WAS RECORDED YESTERDAY.
  RAIN
  LIGHT RAIN
  FOG


..........................................................


THE SAINT PAUL ISLAND CLIMATE NORMALS FOR TODAY
                         NORMAL    RECORD    YEAR
 MAXIMUM TEMPERATURE (F)   42        53      2006
 MINIMUM TEMPERATURE (F)   33        24      1951


SUNRISE AND SUNSET
MAY 25 2017...........SUNRISE   643 AM AKDT  SUNSET  1154 PM AKDT
MAY 26 2017...........SUNRISE   642 AM AKDT  SUNSET  1155 PM AKDT


-  INDICATES NEGATIVE NUMBERS.
R  INDICATES RECORD WAS SET OR TIED.
MM INDICATES DATA IS MISSING.
T  INDICATES TRACE AMOUNT.




$$
