000
CDAK48 PASN 230921
CLISNP

CLIMATE REPORT
NATIONAL WEATHER SERVICE ST PAUL, AK
122 AM AKDT THU OCT 23 2014

...................................
...THE ST PAUL AIRPORT CLIMATE SUMMARY FOR OCTOBER 22 2014...

CLIMATE NORMAL PERIOD  1981 TO  2010
CLIMATE RECORD PERIOD  1949 TO  2014

WEATHER ITEM   OBSERVED TIME    RECORD YEAR NORMAL DEPARTURE LAST
               VALUE    (LST)   VALUE       VALUE  FROM      YEAR
                                                   NORMAL
...................................................................
TEMPERATURE
YESTERDAY
 MAXIMUM            42  0234 PM    47  1989     41       1     44
 MINIMUM            33  0806 PM    18  1962     33       0     35
 AVERAGE            38                          37       1     40

PRECIPITATION
(INCHES)
 YESTERDAY        0.06           1.43  1987   0.10   -0.04   0.27
 MONTH TO DATE    0.67                        2.21   -1.54   2.37
 SINCE SEP 1      4.24                        5.20   -0.96   5.38
 SINCE JAN 1     17.47                       17.63   -0.16  19.41

SNOWFALL
(INCHES)
 YESTERDAY           T            1.7  1961    0.0       T    0.0
 MONTH TO DATE       T                         0.9    -0.9      T
 SINCE SEP 1       0.0                         0.9    -0.9    0.0
 SINCE JUL 1         T                         0.9    -0.9      T
 SNOW DEPTH (IN)     0                                          0

DEGREE DAYS
 HEATING
  YESTERDAY         27                          28      -1     25
  MONTH TO DATE    559                         560      -1    511
  SINCE SEP 1     1018                        1151    -133   1103
  SINCE JUL 1     1835                        2203    -368   2146

 COOLING
  YESTERDAY          0                           0       0      0
  MONTH TO DATE      0                           0       0      0
  SINCE SEP 1        0                           0       0      0
  SINCE JAN 1        0                           0       0      0
...................................................................

WIND (MPH)
 HIGHEST WIND SPEED    31     HIGHEST WIND DIRECTION    340
 HIGHEST GUST SPEED    39     HIGHEST GUST DIRECTION    350
 AVERAGE WIND SPEED  13.8

SKY COVER
  POSSIBLE SUNSHINE    MM          AVERAGE SKY COVER     MM

WEATHER CONDITIONS
 THE FOLLOWING WEATHER WAS RECORDED YESTERDAY.
  FOG
RAIN
SNOW


RELATIVE HUMIDITY
 HIGHEST RH     MM PERCENT       MM
 LOWEST  RH     MM PERCENT       MM
 AVERAGE RH     MM PERCENT       MM
...................................................................

THE ST PAUL CLIMATE NORMALS FOR TODAY
                           NORMAL    RECORD   YEAR
 MAXIMUM TEMPERATURE (F)     41        47     1979
 MINIMUM TEMPERATURE (F)     33        21     2008

SUNRISE AND SUNSET
 OCT 23 2014..........SUNRISE 10:13 AM      SUNSET  7:57 PM
 OCT 24 2014..........SUNRISE 10:15 AM      SUNSET  7:55 PM

-  INDICATES NEGATIVE NUMBERS.
R  INDICATES RECORD HAS BEEN SET OR TIED.
MM INDICATES DATA IS MISSING.
T  INDICATES TRACE OF PRECIPITATION.

&&
-------------------------------------------------------------------

AMOUNT OF DAYLIGHT TODAY  (HOUR:MIN)........9 HOURS 44 MINUTES
GAIN/LOSS SINCE YESTERDAY (HOUR:MIN:SEC)....-0:04:41

$$
TR OCT 14
