000
CDAK48 PASN 291126 CCA
CLISNP

CLIMATE REPORT
NATIONAL WEATHER SERVICE ST PAUL, AK
226 AM AKST THU JAN 29 2015

...................................
...THE ST PAUL AIRPORT CLIMATE SUMMARY FOR JANUARY 28 2015...

CLIMATE NORMAL PERIOD  1981 TO  2010
CLIMATE RECORD PERIOD  1892 TO  2015

WEATHER ITEM   OBSERVED TIME    RECORD YEAR NORMAL DEPARTURE LAST
               VALUE    (LST)   VALUE       VALUE  FROM      YEAR
                                                   NORMAL
...................................................................
TEMPERATURE
YESTERDAY
 MAXIMUM            25  0314 PM    41  1963     28      -3     37
 MINIMUM            22  0830 PM    -7  1989     20       2     33
 AVERAGE            24                          24       0     35

PRECIPITATION
(INCHES)
 YESTERDAY           T           0.65  1894   0.04   -0.04   0.05
 MONTH TO DATE    1.20                        1.44   -0.24   3.14
 SINCE DEC 1      4.16                        3.69    0.47   6.33
 SINCE JAN 1      1.20                        1.44   -0.24   3.14

SNOWFALL
(INCHES)
 YESTERDAY         0.3            3.9  2012    0.4    -0.1    0.0
 MONTH TO DATE    14.2                        11.5     2.7   16.7
 SINCE DEC 1      18.5                        23.6    -5.1   22.2
 SINCE JUL 1      19.2                        33.9   -14.7   24.9
 SNOW DEPTH (IN)     9                                          9

DEGREE DAYS
 HEATING
  YESTERDAY         41                          41       0     30
  MONTH TO DATE    961                        1115    -154    976
  SINCE DEC 1     1925                        2236    -311   1959
  SINCE JUL 1     4830                        5656    -826   5241

 COOLING
  YESTERDAY          0                           0       0      0
  MONTH TO DATE      0                           0       0      0
  SINCE DEC 1        0                           0       0      0
  SINCE JAN 1        0                           0       0      0
...................................................................

WIND (MPH)
 HIGHEST WIND SPEED    40     HIGHEST WIND DIRECTION     10
 HIGHEST GUST SPEED    50     HIGHEST GUST DIRECTION     10
 AVERAGE WIND SPEED  33.5

SKY COVER
  POSSIBLE SUNSHINE    MM          AVERAGE SKY COVER     MM

WEATHER CONDITIONS
 THE FOLLOWING WEATHER WAS RECORDED YESTERDAY.
  FOG
  BLOWING SNOW
  SNOW


RELATIVE HUMIDITY
 HIGHEST RH     MM PERCENT       MM
 LOWEST  RH     MM PERCENT       MM
 AVERAGE RH     MM PERCENT       MM
...................................................................

THE ST PAUL CLIMATE NORMALS FOR TODAY
                           NORMAL    RECORD   YEAR
 MAXIMUM TEMPERATURE (F)     28        40     1979
 MINIMUM TEMPERATURE (F)     20       -14     1976

SUNRISE AND SUNSET
 JAN 29 2015..........SUNRISE 10:27 AM      SUNSET  6:43 PM
 JAN 30 2015..........SUNRISE 10:25 AM      SUNSET  6:45 PM

-  INDICATES NEGATIVE NUMBERS.
R  INDICATES RECORD HAS BEEN SET OR TIED.
MM INDICATES DATA IS MISSING.
T  INDICATES TRACE OF PRECIPITATION.

&&
-------------------------------------------------------------------

AMOUNT OF DAYLIGHT TODAY  (HOUR:MIN)........8 HOURS 16 MINUTES
GAIN/LOSS SINCE YESTERDAY (HOUR:MIN:SEC)....+0:04:08

$$
HCH JAN 15
