000
CDAK48 PASN 031149
CLISNP

CLIMATE REPORT
NATIONAL WEATHER SERVICE ST PAUL, AK
349 AM AKDT WED JUN 3 2015

...................................
...THE ST PAUL AIRPORT CLIMATE SUMMARY FOR JUNE 2 2015...

CLIMATE NORMAL PERIOD  1981 TO  2010
CLIMATE RECORD PERIOD  1892 TO  2015

WEATHER ITEM   OBSERVED TIME    RECORD YEAR NORMAL DEPARTURE LAST
               VALUE    (LST)   VALUE       VALUE  FROM      YEAR
                                                   NORMAL
...................................................................
TEMPERATURE
YESTERDAY
 MAXIMUM            45  0529 PM    57  2005     44       1     45
 MINIMUM            39  0648 AM    20  1985     35       4     41
 AVERAGE            42                          40       2     43

PRECIPITATION
(INCHES)
 YESTERDAY        0.07           0.70  2011   0.03    0.04   0.04
 MONTH TO DATE    0.07                        0.07    0.00   0.20
 SINCE JUN 1      0.07                        0.07    0.00   0.20
 SINCE JAN 1      6.35                        6.23    0.12   7.34

SNOWFALL
(INCHES)
 YESTERDAY         0.0            0.6  1985    0.0     0.0    0.0
 MONTH TO DATE     0.0                         0.0     0.0    0.0
 SINCE JUN 1       0.0                         0.0     0.0    0.0
 SINCE JUL 1      48.6                        59.8   -11.2   43.7
 SNOW DEPTH (IN)     0                                          0

DEGREE DAYS
 HEATING
  YESTERDAY         23                          26      -3     22
  MONTH TO DATE     45                          52      -7     47
  SINCE JUN 1       45                          52      -7     47
  SINCE JUL 1     8999                       10173   -1174   9471

 COOLING
  YESTERDAY          0                           0       0      0
  MONTH TO DATE      0                           0       0      0
  SINCE JUN 1        0                           0       0      0
  SINCE JAN 1        0                           0       0      0
...................................................................

WIND (MPH)
 HIGHEST WIND SPEED    10     HIGHEST WIND DIRECTION    240
 HIGHEST GUST SPEED    13     HIGHEST GUST DIRECTION    240
 AVERAGE WIND SPEED   5.6

SKY COVER
  POSSIBLE SUNSHINE    MM          AVERAGE SKY COVER     MM

WEATHER CONDITIONS
 THE FOLLOWING WEATHER WAS RECORDED YESTERDAY.
FOG
RAIN


RELATIVE HUMIDITY
 HIGHEST RH     MM PERCENT       MM
 LOWEST  RH     MM PERCENT       MM
 AVERAGE RH     MM PERCENT       MM
...................................................................

THE ST PAUL CLIMATE NORMALS FOR TODAY
                           NORMAL    RECORD   YEAR
 MAXIMUM TEMPERATURE (F)     44        54     1996
 MINIMUM TEMPERATURE (F)     35        16     1985

SUNRISE AND SUNSET
 JUN 3 2015..........SUNRISE  6:33 AM      SUNSET 12:07 AM
 JUN 4 2015..........SUNRISE  6:32 AM      SUNSET 12:08 AM

-  INDICATES NEGATIVE NUMBERS.
R  INDICATES RECORD HAS BEEN SET OR TIED.
MM INDICATES DATA IS MISSING.
T  INDICATES TRACE OF PRECIPITATION.

&&
-------------------------------------------------------------------

AMOUNT OF DAYLIGHT TODAY  (HOUR:MIN)........17 HOURS 34 MINUTES
GAIN/LOSS SINCE YESTERDAY (HOUR:MIN:SEC)....+0:02:27

$$
WIW JUN 15
