000
CDAK48 PASN 230935
CLISNP


CLIMATE REPORT
NATIONAL WEATHER SERVICE ANCHORAGE, AK
135 AM AKDT SAT SEP 23 2017


...................................

...THE SAINT PAUL ISLAND CLIMATE SUMMARY FOR SEPTEMBER 22 2017...

CLIMATE NORMAL PERIOD 1981 TO 2010
CLIMATE RECORD PERIOD 1892 TO 2017


WEATHER ITEM   OBSERVED TIME   RECORD YEAR NORMAL DEPARTURE LAST
                VALUE   (LST)  VALUE       VALUE  FROM      YEAR
                                                  NORMAL
..................................................................
TEMPERATURE (F)
 YESTERDAY
  MAXIMUM         48    210 PM  53    2014  49     -1       52
                                      1995
  MINIMUM         39    858 AM  29    1964  39      0       44
                                      1962
  AVERAGE         44                        44      0       48

PRECIPITATION (IN)
  YESTERDAY        0.04          0.74 1991   0.09  -0.05     0.08
  MONTH TO DATE    1.52                      2.21  -0.69     3.37
  SINCE SEP 1      1.52                      2.21  -0.69     3.37
  SINCE JAN 1     14.19                     14.64  -0.45    14.11

SNOWFALL (IN)
  YESTERDAY        0.0          MM      MM   0.0    0.0      0.0
  MONTH TO DATE    0.0                       0.0    0.0      0.0
  SINCE SEP 1      0.0                       0.0    0.0      0.0
  SINCE JUL 1      0.0                       0.0    0.0      0.0
  SNOW DEPTH       0

DEGREE DAYS
 HEATING
  YESTERDAY       21                        21      0       17
  MONTH TO DATE  404                       413     -9      286
  SINCE SEP 1    404                       413     -9      286
  SINCE JUL 1   1395                      1466    -71      899

 COOLING
  YESTERDAY        0                         0      0        0
  MONTH TO DATE    0                         0      0        0
  SINCE SEP 1      0                         0      0        0
  SINCE JAN 1      0                         0      0        0
..................................................................


WIND (MPH)
  RESULTANT WIND SPEED  19   RESULTANT WIND DIRECTION   N (0)
  HIGHEST WIND SPEED    25   HIGHEST WIND DIRECTION     N (10)
  HIGHEST GUST SPEED    31   HIGHEST GUST DIRECTION     N (10)
  AVERAGE WIND SPEED    18.3



WEATHER CONDITIONS
 THE FOLLOWING WEATHER WAS RECORDED YESTERDAY.
  LIGHT RAIN
  FOG


..........................................................


THE SAINT PAUL ISLAND CLIMATE NORMALS FOR TODAY
                         NORMAL    RECORD    YEAR
 MAXIMUM TEMPERATURE (F)   48        54      1977
 MINIMUM TEMPERATURE (F)   39        26      1964


SUNRISE AND SUNSET
SEPTEMBER 23 2017.....SUNRISE   909 AM AKDT  SUNSET   916 PM AKDT
SEPTEMBER 24 2017.....SUNRISE   911 AM AKDT  SUNSET   913 PM AKDT


-  INDICATES NEGATIVE NUMBERS.
R  INDICATES RECORD WAS SET OR TIED.
MM INDICATES DATA IS MISSING.
T  INDICATES TRACE AMOUNT.




$$
