000
CDUS46 KMTR 310910
CLISNS


CLIMATE REPORT
NATIONAL WEATHER SERVICE SAN FRANCISCO BAY AREA
209 AM PDT MON AUG 31 2015


...................................

...THE SALINAS AIRPORT CLIMATE SUMMARY FOR AUGUST 30 2015...

CLIMATE NORMAL PERIOD 1981 TO 2010
CLIMATE RECORD PERIOD 1930 TO 2015


WEATHER ITEM   OBSERVED TIME   RECORD YEAR NORMAL DEPARTURE LAST
                VALUE   (LST)  VALUE       VALUE  FROM      YEAR
                                                  NORMAL
..................................................................
TEMPERATURE (F)
 YESTERDAY
  MAXIMUM         76    135 PM  87    1943  73      3       78
  MINIMUM         59    620 AM  43    1941  56      3       58
  AVERAGE         68                        64      4       68

PRECIPITATION (IN)
  YESTERDAY        0.00          0.02 1966   0.00   0.00     0.00
  MONTH TO DATE    0.06                      0.03   0.03      T
  SINCE OCT 1      9.88                     12.66  -2.78     5.81
  SINCE JAN 1      1.89                      8.75  -6.86     4.98

DEGREE DAYS
 HEATING
  YESTERDAY        0                         2     -2        0
  MONTH TO DATE    1                        60    -59        3
  SINCE JUN 1     84                       251   -167      155
  SINCE JUL 1      3                       138   -135       41

 COOLING
  YESTERDAY        3                         1      2        3
  MONTH TO DATE  112                        27     85       37
  SINCE JUN 1    178                        57    121       80
  SINCE JAN 1    209                        73    136      130
..................................................................


WIND (MPH)
  RESULTANT WIND SPEED   7   RESULTANT WIND DIRECTION   W (270)
  HIGHEST WIND SPEED    18   HIGHEST WIND DIRECTION     W (250)
  HIGHEST GUST SPEED    23   HIGHEST GUST DIRECTION     W (260)
  AVERAGE WIND SPEED     8.9


SKY COVER
  POSSIBLE SUNSHINE  MM
  AVERAGE SKY COVER 0.0


WEATHER CONDITIONS
 THE FOLLOWING WEATHER WAS RECORDED YESTERDAY.
  NO SIGNIFICANT WEATHER WAS OBSERVED.


RELATIVE HUMIDITY (PERCENT)
 HIGHEST    87           600 AM
 LOWEST     46          1100 AM
 AVERAGE    67

..........................................................


THE SALINAS AIRPORT CLIMATE NORMALS FOR TODAY
                         NORMAL    RECORD    YEAR
 MAXIMUM TEMPERATURE (F)   74        92      1947
 MINIMUM TEMPERATURE (F)   56        44      1932


SUNRISE AND SUNSET
AUGUST 31 2015........SUNRISE   537 AM PST   SUNSET   636 PM PST
SEPTEMBER  1 2015.....SUNRISE   537 AM PST   SUNSET   635 PM PST


-  INDICATES NEGATIVE NUMBERS.
R  INDICATES RECORD WAS SET OR TIED.
MM INDICATES DATA IS MISSING.
T  INDICATES TRACE AMOUNT.




$$
