000
CDUS46 KMTR 200825
CLISNS


CLIMATE REPORT
NATIONAL WEATHER SERVICE SAN FRANCISCO BAY AREA
125 AM PDT MON OCT 20 2014


...................................

...THE SALINAS AIRPORT CLIMATE SUMMARY FOR OCTOBER 19 2014...

CLIMATE NORMAL PERIOD 1981 TO 2010
CLIMATE RECORD PERIOD 1930 TO 2014


WEATHER ITEM   OBSERVED TIME   RECORD YEAR NORMAL DEPARTURE LAST
                VALUE   (LST)  VALUE       VALUE  FROM      YEAR
                                                  NORMAL
..................................................................
TEMPERATURE (F)
 YESTERDAY
  MAXIMUM         79   1219 PM  97    1964  73      6       78
  MINIMUM         53    642 AM  31    1939  49      4       44
  AVERAGE         66                        61      5       61

PRECIPITATION (IN)
  YESTERDAY        0.00          0.85 2004   0.02  -0.02     0.00
  MONTH TO DATE    T                         0.29  -0.29     0.00
  SINCE JUL 1      0.11                      0.49  -0.38     0.11
  SINCE JAN 1      5.08                      9.21  -4.13     2.44

DEGREE DAYS
 HEATING
  YESTERDAY        0                         5     -5        4
  MONTH TO DATE    8                        71    -63       65
  SINCE SEP 1     19                       131   -112       83
  SINCE JUL 1     60                       266   -206      188

 COOLING
  YESTERDAY        1                         1      0        0
  MONTH TO DATE   73                        19     54       17
  SINCE SEP 1    120                        55     65       71
  SINCE JAN 1    253                       124    129      155
..................................................................


WIND (MPH)
  RESULTANT WIND SPEED   1   RESULTANT WIND DIRECTION   W (290)
  HIGHEST WIND SPEED    17   HIGHEST WIND DIRECTION     W (290)
  HIGHEST GUST SPEED    22   HIGHEST GUST DIRECTION     W (290)
  AVERAGE WIND SPEED     6.1


SKY COVER
  POSSIBLE SUNSHINE  MM
  AVERAGE SKY COVER 0.0


WEATHER CONDITIONS
 THE FOLLOWING WEATHER WAS RECORDED YESTERDAY.
  NO SIGNIFICANT WEATHER WAS OBSERVED.


RELATIVE HUMIDITY (PERCENT)
 HIGHEST    84          1000 PM
 LOWEST     43          1200 PM
 AVERAGE    64

..........................................................


THE SALINAS AIRPORT CLIMATE NORMALS FOR TODAY
                         NORMAL    RECORD    YEAR
 MAXIMUM TEMPERATURE (F)   73        97      1964
 MINIMUM TEMPERATURE (F)   49        34      1949


SUNRISE AND SUNSET
OCTOBER 20 2014.......SUNRISE   618 AM PST   SUNSET   523 PM PST
OCTOBER 21 2014.......SUNRISE   619 AM PST   SUNSET   522 PM PST


-  INDICATES NEGATIVE NUMBERS.
R  INDICATES RECORD WAS SET OR TIED.
MM INDICATES DATA IS MISSING.
T  INDICATES TRACE AMOUNT.




$$
