000
CDUS46 KMTR 190828
CLISNS


CLIMATE REPORT
NATIONAL WEATHER SERVICE SAN FRANCISCO BAY AREA
127 AM PDT FRI SEP 19 2014


...................................

...THE SALINAS AIRPORT CLIMATE SUMMARY FOR SEPTEMBER 18 2014...

CLIMATE NORMAL PERIOD 1981 TO 2010
CLIMATE RECORD PERIOD 1930 TO 2014


WEATHER ITEM   OBSERVED TIME   RECORD YEAR NORMAL DEPARTURE LAST
                VALUE   (LST)  VALUE       VALUE  FROM      YEAR
                                                  NORMAL
..................................................................
TEMPERATURE (F)
 YESTERDAY
  MAXIMUM         77   1217 PM  95    1946  74      3       78
  MINIMUM         61    237 AM  43    1936  54      7       52
  AVERAGE         69                        64      5       65

PRECIPITATION (IN)
  YESTERDAY        0.00          0.14 1989   0.00   0.00     0.00
  MONTH TO DATE    0.00                      0.06  -0.06     0.02
  SINCE JUL 1      0.01                      0.09  -0.08     0.04
  SINCE JAN 1      4.98                      8.81  -3.83     2.37

DEGREE DAYS
 HEATING
  YESTERDAY        0                         2     -2        0
  MONTH TO DATE    5                        36    -31        1
  SINCE SEP 1      5                        36    -31        1
  SINCE JUL 1     46                       171   -125      106

 COOLING
  YESTERDAY        4                         1      3        0
  MONTH TO DATE   26                        18      8       46
  SINCE SEP 1     26                        18      8       46
  SINCE JAN 1    159                        87     72      130
..................................................................


WIND (MPH)
  RESULTANT WIND SPEED   4   RESULTANT WIND DIRECTION   W (280)
  HIGHEST WIND SPEED    20   HIGHEST WIND DIRECTION    NW (310)
  HIGHEST GUST SPEED    25   HIGHEST GUST DIRECTION    NW (310)
  AVERAGE WIND SPEED     7.7


SKY COVER
  POSSIBLE SUNSHINE  MM
  AVERAGE SKY COVER 0.8


WEATHER CONDITIONS
 THE FOLLOWING WEATHER WAS RECORDED YESTERDAY.
  NO SIGNIFICANT WEATHER WAS OBSERVED.


RELATIVE HUMIDITY (PERCENT)
 HIGHEST    87           700 PM
 LOWEST     61           900 AM
 AVERAGE    74

..........................................................


THE SALINAS AIRPORT CLIMATE NORMALS FOR TODAY
                         NORMAL    RECORD    YEAR
 MAXIMUM TEMPERATURE (F)   74       101      1946
 MINIMUM TEMPERATURE (F)   54        43      1978


SUNRISE AND SUNSET
SEPTEMBER 19 2014.....SUNRISE   552 AM PST   SUNSET   608 PM PST
SEPTEMBER 20 2014.....SUNRISE   553 AM PST   SUNSET   606 PM PST


-  INDICATES NEGATIVE NUMBERS.
R  INDICATES RECORD WAS SET OR TIED.
MM INDICATES DATA IS MISSING.
T  INDICATES TRACE AMOUNT.




$$
