000
CDUS46 KMTR 200826
CLISNS


CLIMATE REPORT
NATIONAL WEATHER SERVICE SAN FRANCISCO BAY AREA
1226 AM PST TUE FEB 20 2018


...................................

...THE SALINAS AIRPORT CLIMATE SUMMARY FOR FEBRUARY 19 2018...

CLIMATE NORMAL PERIOD 1981 TO 2010
CLIMATE RECORD PERIOD 1930 TO 2018


WEATHER ITEM   OBSERVED TIME   RECORD YEAR NORMAL DEPARTURE LAST
                VALUE   (LST)  VALUE       VALUE  FROM      YEAR
                                                  NORMAL
..................................................................
TEMPERATURE (F)
 YESTERDAY
  MAXIMUM         54    157 PM  80    1964  63     -9       56
  MINIMUM         35    543 AM  29    1933  44     -9       45
  AVERAGE         45                        53     -8       51

PRECIPITATION (IN)
  YESTERDAY        T             0.85 1944   0.09  -0.09      T
  MONTH TO DATE    T                         1.69  -1.69     2.58
  SINCE OCT 1      2.51                      8.20  -5.69    12.44
  SINCE JAN 1      1.73                      4.29  -2.56     8.44

DEGREE DAYS
 HEATING
  YESTERDAY       20                        12      8       14
  MONTH TO DATE  144                       234    -90      162
  SINCE DEC 1    774                      1094   -320     1053
  SINCE JUL 1   1210                      1712   -502     1623

 COOLING
  YESTERDAY        0                         0      0        0
  MONTH TO DATE    0                         0      0        0
  SINCE DEC 1      0                         0      0        0
  SINCE JAN 1      0                         0      0        0
..................................................................


WIND (MPH)
  RESULTANT WIND SPEED   9   RESULTANT WIND DIRECTION   W (270)
  HIGHEST WIND SPEED    26   HIGHEST WIND DIRECTION     W (260)
  HIGHEST GUST SPEED    32   HIGHEST GUST DIRECTION     W (260)
  AVERAGE WIND SPEED     9.3


SKY COVER
  POSSIBLE SUNSHINE  MM
  AVERAGE SKY COVER 0.2


WEATHER CONDITIONS
 THE FOLLOWING WEATHER WAS RECORDED YESTERDAY.
  NO SIGNIFICANT WEATHER WAS OBSERVED.


RELATIVE HUMIDITY (PERCENT)
 HIGHEST    82           600 AM
 LOWEST     38          1200 PM
 AVERAGE    60

..........................................................


THE SALINAS AIRPORT CLIMATE NORMALS FOR TODAY
                         NORMAL    RECORD    YEAR
 MAXIMUM TEMPERATURE (F)   63        85      1995
 MINIMUM TEMPERATURE (F)   44        28      1953


SUNRISE AND SUNSET
FEBRUARY 20 2018......SUNRISE   648 AM PST   SUNSET   552 PM PST
FEBRUARY 21 2018......SUNRISE   647 AM PST   SUNSET   553 PM PST


-  INDICATES NEGATIVE NUMBERS.
R  INDICATES RECORD WAS SET OR TIED.
MM INDICATES DATA IS MISSING.
T  INDICATES TRACE AMOUNT.




$$
