000
CDUS46 KMTR 220852
CLISNS


CLIMATE REPORT
NATIONAL WEATHER SERVICE SAN FRANCISCO BAY AREA
151 AM PDT FRI SEP 22 2017


...................................

...THE SALINAS AIRPORT CLIMATE SUMMARY FOR SEPTEMBER 21 2017...

CLIMATE NORMAL PERIOD 1981 TO 2010
CLIMATE RECORD PERIOD 1930 TO 2017


WEATHER ITEM   OBSERVED TIME   RECORD YEAR NORMAL DEPARTURE LAST
                VALUE   (LST)  VALUE       VALUE  FROM      YEAR
                                                  NORMAL
..................................................................
TEMPERATURE (F)
 YESTERDAY
  MAXIMUM         68    115 PM 102    1939  74     -6       66
  MINIMUM         50   1159 PM  41    1968  54     -4       56
  AVERAGE         59                        64     -5       61

PRECIPITATION (IN)
  YESTERDAY        0.00          0.14 1967   0.01  -0.01     0.00
  MONTH TO DATE    0.04                      0.09  -0.05     0.00
  SINCE OCT 1     16.49                     12.75   3.74    13.47
  SINCE JAN 1     12.49                      8.84   3.65     8.57

DEGREE DAYS
 HEATING
  YESTERDAY        6                         2      4        4
  MONTH TO DATE   15                        42    -27       54
  SINCE SEP 1     15                        42    -27       54
  SINCE JUL 1    106                       177    -71      202

 COOLING
  YESTERDAY        0                         1     -1        0
  MONTH TO DATE  125                        21    104       16
  SINCE SEP 1    125                        21    104       16
  SINCE JAN 1    193                        90    103       49
..................................................................


WIND (MPH)
  RESULTANT WIND SPEED  11   RESULTANT WIND DIRECTION   W (250)
  HIGHEST WIND SPEED    28   HIGHEST WIND DIRECTION    SW (230)
  HIGHEST GUST SPEED    34   HIGHEST GUST DIRECTION     W (250)
  AVERAGE WIND SPEED    11.6


SKY COVER
  POSSIBLE SUNSHINE  MM
  AVERAGE SKY COVER 0.1


WEATHER CONDITIONS
 THE FOLLOWING WEATHER WAS RECORDED YESTERDAY.
  LIGHT RAIN


RELATIVE HUMIDITY (PERCENT)
 HIGHEST    89          1000 PM
 LOWEST     52          1100 AM
 AVERAGE    71

..........................................................


THE SALINAS AIRPORT CLIMATE NORMALS FOR TODAY
                         NORMAL    RECORD    YEAR
 MAXIMUM TEMPERATURE (F)   74       103      1949
 MINIMUM TEMPERATURE (F)   54        40      1968


SUNRISE AND SUNSET
SEPTEMBER 22 2017.....SUNRISE   655 AM PDT   SUNSET   703 PM PDT
SEPTEMBER 23 2017.....SUNRISE   655 AM PDT   SUNSET   701 PM PDT


-  INDICATES NEGATIVE NUMBERS.
R  INDICATES RECORD WAS SET OR TIED.
MM INDICATES DATA IS MISSING.
T  INDICATES TRACE AMOUNT.




$$
