000
CDUS46 KMTR 230825
CLISNS


CLIMATE REPORT
NATIONAL WEATHER SERVICE SAN FRANCISCO BAY AREA
125 AM PDT THU OCT 23 2014


...................................

...THE SALINAS AIRPORT CLIMATE SUMMARY FOR OCTOBER 22 2014...

CLIMATE NORMAL PERIOD 1981 TO 2010
CLIMATE RECORD PERIOD 1930 TO 2014


WEATHER ITEM   OBSERVED TIME   RECORD YEAR NORMAL DEPARTURE LAST
                VALUE   (LST)  VALUE       VALUE  FROM      YEAR
                                                  NORMAL
..................................................................
TEMPERATURE (F)
 YESTERDAY
  MAXIMUM         75    245 PM  98    1965  72      3       65
  MINIMUM         48    705 AM  30    1935  49     -1       48
  AVERAGE         62                        60      2       57

PRECIPITATION (IN)
  YESTERDAY        0.00          0.50 1973   0.02  -0.02     0.00
  MONTH TO DATE    T                         0.35  -0.35     0.00
  SINCE JUL 1      0.11                      0.55  -0.44     0.11
  SINCE JAN 1      5.08                      9.27  -4.19     2.44

DEGREE DAYS
 HEATING
  YESTERDAY        3                         5     -2        8
  MONTH TO DATE   15                        86    -71       89
  SINCE SEP 1     26                       146   -120      107
  SINCE JUL 1     67                       281   -214      212

 COOLING
  YESTERDAY        0                         1     -1        0
  MONTH TO DATE   74                        22     52       17
  SINCE SEP 1    121                        58     63       71
  SINCE JAN 1    254                       127    127      155
..................................................................


WIND (MPH)
  RESULTANT WIND SPEED   3   RESULTANT WIND DIRECTION   W (260)
  HIGHEST WIND SPEED    16   HIGHEST WIND DIRECTION     W (260)
  HIGHEST GUST SPEED    21   HIGHEST GUST DIRECTION     W (250)
  AVERAGE WIND SPEED     4.6


SKY COVER
  POSSIBLE SUNSHINE  MM
  AVERAGE SKY COVER 0.0


WEATHER CONDITIONS
 THE FOLLOWING WEATHER WAS RECORDED YESTERDAY.
  NO SIGNIFICANT WEATHER WAS OBSERVED.


RELATIVE HUMIDITY (PERCENT)
 HIGHEST    86           300 AM
 LOWEST     41           200 PM
 AVERAGE    64

..........................................................


THE SALINAS AIRPORT CLIMATE NORMALS FOR TODAY
                         NORMAL    RECORD    YEAR
 MAXIMUM TEMPERATURE (F)   72        99      1965
 MINIMUM TEMPERATURE (F)   49        33      1961


SUNRISE AND SUNSET
OCTOBER 23 2014.......SUNRISE   621 AM PST   SUNSET   520 PM PST
OCTOBER 24 2014.......SUNRISE   622 AM PST   SUNSET   518 PM PST


-  INDICATES NEGATIVE NUMBERS.
R  INDICATES RECORD WAS SET OR TIED.
MM INDICATES DATA IS MISSING.
T  INDICATES TRACE AMOUNT.




$$
