000
CDUS46 KMTR 210834
CLISNS


CLIMATE REPORT
NATIONAL WEATHER SERVICE SAN FRANCISCO BAY AREA
1234 AM PST TUE FEB 21 2017


...................................

...THE SALINAS AIRPORT CLIMATE SUMMARY FOR FEBRUARY 20 2017...

CLIMATE NORMAL PERIOD 1981 TO 2010
CLIMATE RECORD PERIOD 1930 TO 2017


WEATHER ITEM   OBSERVED TIME   RECORD YEAR NORMAL DEPARTURE LAST
                VALUE   (LST)  VALUE       VALUE  FROM      YEAR
                                                  NORMAL
..................................................................
TEMPERATURE (F)
 YESTERDAY
  MAXIMUM         68    408 PM  85    1995  63      5       66
  MINIMUM         52    119 AM  28    1953  44      8       46
  AVERAGE         60                        53      7       56

PRECIPITATION (IN)
  YESTERDAY        1.72R         0.61 1979   0.10   1.62     0.00
  MONTH TO DATE    4.30                      1.79   2.51     0.45
  SINCE OCT 1     14.16                      8.30   5.86     9.39
  SINCE JAN 1     10.16                      4.39   5.77     4.49

DEGREE DAYS
 HEATING
  YESTERDAY        5                        12     -7        9
  MONTH TO DATE  167                       246    -79      139
  SINCE DEC 1   1058                      1106    -48      979
  SINCE JUL 1   1628                      1724    -96     1339

 COOLING
  YESTERDAY        0                         0      0        0
  MONTH TO DATE    0                         0      0        3
  SINCE DEC 1      0                         0      0        3
  SINCE JAN 1      0                         0      0        3
..................................................................


WIND (MPH)
  RESULTANT WIND SPEED   9   RESULTANT WIND DIRECTION  SE (120)
  HIGHEST WIND SPEED    29   HIGHEST WIND DIRECTION     E (110)
  HIGHEST GUST SPEED    40   HIGHEST GUST DIRECTION    SE (130)
  AVERAGE WIND SPEED    10.6


SKY COVER
  POSSIBLE SUNSHINE  MM
  AVERAGE SKY COVER 0.9


WEATHER CONDITIONS
 THE FOLLOWING WEATHER WAS RECORDED YESTERDAY.
  HEAVY RAIN
  RAIN
  LIGHT RAIN
  FOG


RELATIVE HUMIDITY (PERCENT)
 HIGHEST   100           500 AM
 LOWEST     56           500 PM
 AVERAGE    78

..........................................................


THE SALINAS AIRPORT CLIMATE NORMALS FOR TODAY
                         NORMAL    RECORD    YEAR
 MAXIMUM TEMPERATURE (F)   63        80      1995
 MINIMUM TEMPERATURE (F)   44        30      1953


SUNRISE AND SUNSET
FEBRUARY 21 2017......SUNRISE   647 AM PST   SUNSET   553 PM PST
FEBRUARY 22 2017......SUNRISE   646 AM PST   SUNSET   554 PM PST


-  INDICATES NEGATIVE NUMBERS.
R  INDICATES RECORD WAS SET OR TIED.
MM INDICATES DATA IS MISSING.
T  INDICATES TRACE AMOUNT.




$$
