000
CDUS46 KMTR 230048
CLISNS


CLIMATE REPORT
NATIONAL WEATHER SERVICE SAN FRANCISCO BAY AREA
447 PM PST MON DEC 22 2014


...................................

...THE SALINAS AIRPORT CLIMATE SUMMARY FOR DECEMBER 22 2014...
VALID TODAY AS OF 0400 PM LOCAL TIME.

CLIMATE NORMAL PERIOD 1981 TO 2010
CLIMATE RECORD PERIOD 1930 TO 2014


WEATHER ITEM   OBSERVED TIME   RECORD YEAR NORMAL DEPARTURE LAST
                VALUE   (LST)  VALUE       VALUE  FROM      YEAR
                                                  NORMAL
..................................................................
TEMPERATURE (F)
 TODAY
  MAXIMUM         70    154 PM  76    1960  61      9       68
  MINIMUM         55    704 AM  24    1990  40     15       39
  AVERAGE         63                        50     13       54

PRECIPITATION (IN)
  TODAY            0.00          1.18 1955   0.07  -0.07     0.00
  MONTH TO DATE    5.97                      1.30   4.67     0.21
  SINCE JUL 1      8.06                      3.48   4.58     0.94
  SINCE JAN 1     13.03                     12.20   0.83     3.27

DEGREE DAYS
 HEATING
  TODAY            2                        15    -13       11
  MONTH TO DATE  127                       305   -178      336
  SINCE DEC 1    127                       305   -178      336
  SINCE JUL 1    341                       923   -582      862

 COOLING
  TODAY            0                         0      0        0
  MONTH TO DATE    1                         0      1        0
  SINCE DEC 1      1                         0      1        0
  SINCE JAN 1    270                       130    140      155
..................................................................


WIND (MPH)
  RESULTANT WIND SPEED   4   RESULTANT WIND DIRECTION   W (280)
  HIGHEST WIND SPEED    13   HIGHEST WIND DIRECTION     W (270)
  HIGHEST GUST SPEED    16   HIGHEST GUST DIRECTION    NW (300)
  AVERAGE WIND SPEED     5.4


SKY COVER
  POSSIBLE SUNSHINE  MM
  AVERAGE SKY COVER 0.5


WEATHER CONDITIONS
 THE FOLLOWING WEATHER WAS RECORDED TODAY.
  FOG
  FOG W/VISIBILITY <= 1/4 MILE
  HAZE


RELATIVE HUMIDITY (PERCENT)
 HIGHEST    93           300 AM
 LOWEST     59           100 PM
 AVERAGE    76

..........................................................


THE SALINAS AIRPORT CLIMATE NORMALS FOR TOMORROW
                         NORMAL    RECORD    YEAR
 MAXIMUM TEMPERATURE (F)   61        76      1960
 MINIMUM TEMPERATURE (F)   40        24      1998


SUNRISE AND SUNSET
DECEMBER 22 2014......SUNRISE   716 AM PST   SUNSET   455 PM PST
DECEMBER 23 2014......SUNRISE   716 AM PST   SUNSET   455 PM PST


-  INDICATES NEGATIVE NUMBERS.
R  INDICATES RECORD WAS SET OR TIED.
MM INDICATES DATA IS MISSING.
T  INDICATES TRACE AMOUNT.




$$
