000
CDUS46 KMTR 010826
CLISNS


CLIMATE REPORT
NATIONAL WEATHER SERVICE SAN FRANCISCO BAY AREA
126 AM PDT SUN MAY 1 2016


...................................

...THE SALINAS AIRPORT CLIMATE SUMMARY FOR APRIL 30 2016...

CLIMATE NORMAL PERIOD 1981 TO 2010
CLIMATE RECORD PERIOD 1930 TO 2016


WEATHER ITEM   OBSERVED TIME   RECORD YEAR NORMAL DEPARTURE LAST
                VALUE   (LST)  VALUE       VALUE  FROM      YEAR
                                                  NORMAL
..................................................................
TEMPERATURE (F)
 YESTERDAY
  MAXIMUM         72    302 PM  93    2014  68      4       92
  MINIMUM         48    527 AM  32    1933  48      0       47
  AVERAGE         60                        58      2       70

PRECIPITATION (IN)
  YESTERDAY        0.00          0.87 1955   0.02  -0.02     0.00
  MONTH TO DATE    0.50                      0.93  -0.43     0.64
  SINCE OCT 1     13.34                     12.19   1.15     9.46
  SINCE JAN 1      8.44                      8.28   0.16     1.47

DEGREE DAYS
 HEATING
  YESTERDAY        5                         7     -2        0
  MONTH TO DATE  168                       254    -86      177
  SINCE MAR 1    404                       575   -171      290
  SINCE JUL 1   1795                      2389   -594     1139

 COOLING
  YESTERDAY        0                         0      0        5
  MONTH TO DATE   18                         6     12        6
  SINCE MAR 1     18                         7     11       23
  SINCE JAN 1     21                         7     14       31
..................................................................


WIND (MPH)
  RESULTANT WIND SPEED   7   RESULTANT WIND DIRECTION   W (260)
  HIGHEST WIND SPEED    17   HIGHEST WIND DIRECTION     W (260)
  HIGHEST GUST SPEED    20   HIGHEST GUST DIRECTION     W (260)
  AVERAGE WIND SPEED     8.5


SKY COVER
  POSSIBLE SUNSHINE  MM
  AVERAGE SKY COVER 0.0


WEATHER CONDITIONS
 THE FOLLOWING WEATHER WAS RECORDED YESTERDAY.
  NO SIGNIFICANT WEATHER WAS OBSERVED.


RELATIVE HUMIDITY (PERCENT)
 HIGHEST    86           500 AM
 LOWEST     31          1200 PM
 AVERAGE    59

..........................................................


THE SALINAS AIRPORT CLIMATE NORMALS FOR TODAY
                         NORMAL    RECORD    YEAR
 MAXIMUM TEMPERATURE (F)   68        90      2014
                                             1947
 MINIMUM TEMPERATURE (F)   48        34      1967


SUNRISE AND SUNSET
MAY  1 2016...........SUNRISE   512 AM PST   SUNSET   655 PM PST
MAY  2 2016...........SUNRISE   511 AM PST   SUNSET   656 PM PST


-  INDICATES NEGATIVE NUMBERS.
R  INDICATES RECORD WAS SET OR TIED.
MM INDICATES DATA IS MISSING.
T  INDICATES TRACE AMOUNT.




$$
