000
CDUS46 KMTR 030826
CLISNS


CLIMATE REPORT
NATIONAL WEATHER SERVICE SAN FRANCISCO BAY AREA
125 AM PDT WED JUN 3 2015


...................................

...THE SALINAS AIRPORT CLIMATE SUMMARY FOR JUNE 2 2015...

CLIMATE NORMAL PERIOD 1981 TO 2010
CLIMATE RECORD PERIOD 1930 TO 2015


WEATHER ITEM   OBSERVED TIME   RECORD YEAR NORMAL DEPARTURE LAST
                VALUE   (LST)  VALUE       VALUE  FROM      YEAR
                                                  NORMAL
..................................................................
TEMPERATURE (F)
 YESTERDAY
  MAXIMUM         71    122 PM  92    1935  69      2       66
  MINIMUM         55    539 AM  39    1933  52      3       52
  AVERAGE         63                        61      2       59

PRECIPITATION (IN)
  YESTERDAY        0.00          0.22 1936   0.00   0.00     0.00
  MONTH TO DATE    0.00                      0.01  -0.01     0.00
  SINCE OCT 1      9.66                     12.55  -2.89     5.78
  SINCE JAN 1      1.67                      8.64  -6.97     4.95

DEGREE DAYS
 HEATING
  YESTERDAY        2                         5     -3        6
  MONTH TO DATE    3                        10     -7       14
  SINCE JUN 1      3                        10     -7       14
  SINCE JUL 1   1313                      2583  -1270     1959

 COOLING
  YESTERDAY        0                         0      0        0
  MONTH TO DATE    0                         0      0        0
  SINCE JUN 1      0                         0      0        0
  SINCE JAN 1     31                        16     15       50
..................................................................


WIND (MPH)
  RESULTANT WIND SPEED   9   RESULTANT WIND DIRECTION   W (260)
  HIGHEST WIND SPEED    20   HIGHEST WIND DIRECTION     W (260)
  HIGHEST GUST SPEED    24   HIGHEST GUST DIRECTION     W (270)
  AVERAGE WIND SPEED     9.6


SKY COVER
  POSSIBLE SUNSHINE  MM
  AVERAGE SKY COVER 0.3


WEATHER CONDITIONS
 THE FOLLOWING WEATHER WAS RECORDED YESTERDAY.
  FOG
  FOG W/VISIBILITY <= 1/4 MILE


RELATIVE HUMIDITY (PERCENT)
 HIGHEST    93           600 AM
 LOWEST     53           100 PM
 AVERAGE    73

..........................................................


THE SALINAS AIRPORT CLIMATE NORMALS FOR TODAY
                         NORMAL    RECORD    YEAR
 MAXIMUM TEMPERATURE (F)   69        93      1935
 MINIMUM TEMPERATURE (F)   52        42      1939


SUNRISE AND SUNSET
JUNE  3 2015..........SUNRISE   449 AM PST   SUNSET   721 PM PST
JUNE  4 2015..........SUNRISE   448 AM PST   SUNSET   721 PM PST


-  INDICATES NEGATIVE NUMBERS.
R  INDICATES RECORD WAS SET OR TIED.
MM INDICATES DATA IS MISSING.
T  INDICATES TRACE AMOUNT.




$$
