000
CDUS46 KMTR 140035
CLISNS


CLIMATE REPORT
NATIONAL WEATHER SERVICE SAN FRANCISCO BAY AREA
535 PM PDT SUN JUL 13 2014


...................................

...THE SALINAS AIRPORT CLIMATE SUMMARY FOR JULY 13 2014...
VALID TODAY AS OF 0500 PM LOCAL TIME.

CLIMATE NORMAL PERIOD 1981 TO 2010
CLIMATE RECORD PERIOD 1930 TO 2014


WEATHER ITEM   OBSERVED TIME   RECORD YEAR NORMAL DEPARTURE LAST
                VALUE   (LST)  VALUE       VALUE  FROM      YEAR
                                                  NORMAL
..................................................................
TEMPERATURE (F)
 TODAY
  MAXIMUM         71   1255 PM  91    1983  71      0       69
  MINIMUM         56    726 AM  45    1930  55      1       53
  AVERAGE         64                        63      1       61

PRECIPITATION (IN)
  TODAY            0.00          0.01 2011   0.00   0.00     0.00
  MONTH TO DATE    T                         0.00   0.00      T
  SINCE JUL 1      T                         0.00   0.00      T
  SINCE JAN 1      4.97                      8.72  -3.75     2.33

DEGREE DAYS
 HEATING
  TODAY            1                         3     -2        4
  MONTH TO DATE   34                        39     -5       23
  SINCE JUN 1    148                       152     -4      121
  SINCE JUL 1     34                        39     -5       23

 COOLING
  TODAY            0                         1     -1        0
  MONTH TO DATE    0                        13    -13       11
  SINCE JUN 1      0                        25    -25       35
  SINCE JAN 1     50                        41      9       45
..................................................................


WIND (MPH)
  RESULTANT WIND SPEED   7   RESULTANT WIND DIRECTION   W (270)
  HIGHEST WIND SPEED    18   HIGHEST WIND DIRECTION     W (260)
  HIGHEST GUST SPEED    23   HIGHEST GUST DIRECTION     W (280)
  AVERAGE WIND SPEED     8.1


SKY COVER
  POSSIBLE SUNSHINE  MM
  AVERAGE SKY COVER 0.6


WEATHER CONDITIONS
 THE FOLLOWING WEATHER WAS RECORDED TODAY.
  FOG


RELATIVE HUMIDITY (PERCENT)
 HIGHEST   100           500 AM
 LOWEST     57           100 PM
 AVERAGE    79

..........................................................


THE SALINAS AIRPORT CLIMATE NORMALS FOR TOMORROW
                         NORMAL    RECORD    YEAR
 MAXIMUM TEMPERATURE (F)   71        96      1935
 MINIMUM TEMPERATURE (F)   55        47      1932


SUNRISE AND SUNSET
JULY 13 2014..........SUNRISE   458 AM PST   SUNSET   726 PM PST
JULY 14 2014..........SUNRISE   459 AM PST   SUNSET   725 PM PST


-  INDICATES NEGATIVE NUMBERS.
R  INDICATES RECORD WAS SET OR TIED.
MM INDICATES DATA IS MISSING.
T  INDICATES TRACE AMOUNT.




$$
