000
CDUS46 KMTR 290826
CLISNS


CLIMATE REPORT
NATIONAL WEATHER SERVICE SAN FRANCISCO BAY AREA
126 AM PDT FRI AUG 29 2014


...................................

...THE SALINAS AIRPORT CLIMATE SUMMARY FOR AUGUST 28 2014...

CLIMATE NORMAL PERIOD 1981 TO 2010
CLIMATE RECORD PERIOD 1930 TO 2014


WEATHER ITEM   OBSERVED TIME   RECORD YEAR NORMAL DEPARTURE LAST
                VALUE   (LST)  VALUE       VALUE  FROM      YEAR
                                                  NORMAL
..................................................................
TEMPERATURE (F)
 YESTERDAY
  MAXIMUM         75   1127 AM  97    2009  73      2       77
  MINIMUM         59    703 AM  45    1939  56      3       56
  AVERAGE         67                        64      3       67

PRECIPITATION (IN)
  YESTERDAY        0.00          0.02 1982   0.00   0.00     0.00
  MONTH TO DATE    T                         0.03  -0.03     0.02
  SINCE JUL 1      0.01                      0.03  -0.02     0.02
  SINCE JAN 1      4.98                      8.75  -3.77     2.35

DEGREE DAYS
 HEATING
  YESTERDAY        0                         2     -2        0
  MONTH TO DATE    3                        56    -53       35
  SINCE JUN 1    155                       247    -92      203
  SINCE JUL 1     41                       134    -93      105

 COOLING
  YESTERDAY        2                         1      1        2
  MONTH TO DATE   30                        25      5       24
  SINCE JUN 1     73                        55     18       61
  SINCE JAN 1    123                        71     52       71
..................................................................


WIND (MPH)
  RESULTANT WIND SPEED   4   RESULTANT WIND DIRECTION   W (280)
  HIGHEST WIND SPEED    18   HIGHEST WIND DIRECTION     W (270)
  HIGHEST GUST SPEED    25   HIGHEST GUST DIRECTION     W (250)
  AVERAGE WIND SPEED     6.9


SKY COVER
  POSSIBLE SUNSHINE  MM
  AVERAGE SKY COVER 0.7


WEATHER CONDITIONS
 THE FOLLOWING WEATHER WAS RECORDED YESTERDAY.
  HAZE


RELATIVE HUMIDITY (PERCENT)
 HIGHEST    90          1200 AM
 LOWEST     53          1100 AM
 AVERAGE    72

..........................................................


THE SALINAS AIRPORT CLIMATE NORMALS FOR TODAY
                         NORMAL    RECORD    YEAR
 MAXIMUM TEMPERATURE (F)   73        98      1968
 MINIMUM TEMPERATURE (F)   56        43      1945


SUNRISE AND SUNSET
AUGUST 29 2014........SUNRISE   535 AM PST   SUNSET   639 PM PST
AUGUST 30 2014........SUNRISE   536 AM PST   SUNSET   637 PM PST


-  INDICATES NEGATIVE NUMBERS.
R  INDICATES RECORD WAS SET OR TIED.
MM INDICATES DATA IS MISSING.
T  INDICATES TRACE AMOUNT.




$$
