000
CDUS46 KMTR 240034
CLISNS


CLIMATE REPORT
NATIONAL WEATHER SERVICE SAN FRANCISCO BAY AREA
534 PM PDT SUN JUL 23 2017


...................................

...THE SALINAS AIRPORT CLIMATE SUMMARY FOR JULY 23 2017...
VALID TODAY AS OF 0500 PM LOCAL TIME.

CLIMATE NORMAL PERIOD 1981 TO 2010
CLIMATE RECORD PERIOD 1930 TO 2017


WEATHER ITEM   OBSERVED TIME   RECORD YEAR NORMAL DEPARTURE LAST
                VALUE   (LST)  VALUE       VALUE  FROM      YEAR
                                                  NORMAL
..................................................................
TEMPERATURE (F)
 TODAY
  MAXIMUM         68   1119 AM  92    2005  71     -3       76
  MINIMUM         53    636 AM  47    1982  55     -2       54
  AVERAGE         61                        63     -2       65

PRECIPITATION (IN)
  TODAY            0.00          0.06 1948   0.00   0.00     0.00
  MONTH TO DATE    0.00                      0.00   0.00      T
  SINCE OCT 1     16.45                     12.63   3.82    13.47
  SINCE JAN 1     12.45                      8.72   3.73     8.57

DEGREE DAYS
 HEATING
  TODAY            4                         2      2        0
  MONTH TO DATE   58                        66     -8       69
  SINCE JUN 1    128                       179    -51      145
  SINCE JUL 1     58                        66     -8       69

 COOLING
  TODAY            0                         1     -1        0
  MONTH TO DATE    9                        23    -14        0
  SINCE JUN 1     18                        35    -17        8
  SINCE JAN 1     36                        51    -15       31
..................................................................


WIND (MPH)
  RESULTANT WIND SPEED   6   RESULTANT WIND DIRECTION   W (290)
  HIGHEST WIND SPEED    18   HIGHEST WIND DIRECTION    NW (300)
  HIGHEST GUST SPEED    23   HIGHEST GUST DIRECTION     W (290)
  AVERAGE WIND SPEED     7.0


SKY COVER
  POSSIBLE SUNSHINE  MM
  AVERAGE SKY COVER 0.5


WEATHER CONDITIONS
 THE FOLLOWING WEATHER WAS RECORDED TODAY.
  FOG


RELATIVE HUMIDITY (PERCENT)
 HIGHEST   100          1200 AM
 LOWEST     63          1200 PM
 AVERAGE    82

..........................................................


THE SALINAS AIRPORT CLIMATE NORMALS FOR TOMORROW
                         NORMAL    RECORD    YEAR
 MAXIMUM TEMPERATURE (F)   71        85      2006
 MINIMUM TEMPERATURE (F)   55        46      1936


SUNRISE AND SUNSET
JULY 23 2017..........SUNRISE   606 AM PDT   SUNSET   820 PM PDT
JULY 24 2017..........SUNRISE   606 AM PDT   SUNSET   819 PM PDT


-  INDICATES NEGATIVE NUMBERS.
R  INDICATES RECORD WAS SET OR TIED.
MM INDICATES DATA IS MISSING.
T  INDICATES TRACE AMOUNT.




$$
