000
CDUS45 KPIH 242329
CLISNT


CLIMATE REPORT
NATIONAL WEATHER SERVICE POCATELLO ID
526 PM MDT THU APR 24 2014


...................................

...THE STANLEY ID CLIMATE SUMMARY FOR APRIL 24 2014...
VALID TODAY AS OF 0500 PM LOCAL TIME.

CLIMATE NORMAL PERIOD 1981 TO 2010
CLIMATE RECORD PERIOD 1916 TO 2014


WEATHER ITEM   OBSERVED TIME   RECORD YEAR NORMAL DEPARTURE LAST
                VALUE   (LST)  VALUE       VALUE  FROM      YEAR
                                                  NORMAL
..................................................................
TEMPERATURE (F)
 TODAY
  MAXIMUM         44    305 PM  73    1977  50     -6       53
  MINIMUM         32    828 AM   6    2011  22     10       14
  AVERAGE         38                        36      2       34

PRECIPITATION (IN)
  TODAY            0.02          0.36 1996   0.05  -0.03     0.00
  MONTH TO DATE    1.57                      1.37   0.20     1.41
  SINCE OCT 1     14.71                     11.34   3.37    12.43
  SINCE JAN 1     11.10                      6.49   4.61     4.24

SNOWFALL (IN)
  TODAY           MM
  MONTH TO DATE   MM
  SINCE MAR 1     MM
  SINCE JUL 1     MM
  SNOW DEPTH      MM

DEGREE DAYS
 HEATING
  TODAY           27                        29     -2       31
  MONTH TO DATE  769                       776     -7      778
  SINCE MAR 1   1916                      1960    -44     1977
  SINCE JUL 1   9084                      9494   -410     9062

 COOLING
  TODAY            0                         0      0        0
  MONTH TO DATE    0                         0      0        0
  SINCE MAR 1      0                         0      0        0
  SINCE JAN 1      0                         0      0        0
..................................................................


WIND (MPH)
  HIGHEST WIND SPEED    17   HIGHEST WIND DIRECTION    SE (140)
  HIGHEST GUST SPEED    24   HIGHEST GUST DIRECTION    SE (140)
  AVERAGE WIND SPEED     8.6


SKY COVER
  POSSIBLE SUNSHINE  MM
  AVERAGE SKY COVER 0.0


WEATHER CONDITIONS
 THE FOLLOWING WEATHER WAS RECORDED TODAY.
  NO SIGNIFICANT WEATHER WAS OBSERVED.


RELATIVE HUMIDITY (PERCENT)
 HIGHEST    89           900 AM
 LOWEST     60           300 PM
 AVERAGE    75

..........................................................


THE STANLEY ID CLIMATE NORMALS FOR TOMORROW
                         NORMAL    RECORD    YEAR
 MAXIMUM TEMPERATURE (F)   51        75      1977
 MINIMUM TEMPERATURE (F)   22         5      1921


SUNRISE AND SUNSET
APRIL 24 2014.........SUNRISE   641 AM MDT   SUNSET   835 PM MDT
APRIL 25 2014.........SUNRISE   640 AM MDT   SUNSET   836 PM MDT


-  INDICATES NEGATIVE NUMBERS.
R  INDICATES RECORD WAS SET OR TIED.
MM INDICATES DATA IS MISSING.
T  INDICATES TRACE AMOUNT.




$$
