000
CDUS45 KPIH 202323
CLISNT


CLIMATE REPORT
NATIONAL WEATHER SERVICE POCATELLO ID
521 PM MDT WED SEP 20 2017


...................................

...THE STANLEY ID CLIMATE SUMMARY FOR SEPTEMBER 20 2017...
VALID TODAY AS OF 0500 PM LOCAL TIME.

CLIMATE NORMAL PERIOD 1981 TO 2010
CLIMATE RECORD PERIOD 1916 TO 2017


WEATHER ITEM   OBSERVED TIME   RECORD YEAR NORMAL DEPARTURE LAST
                VALUE   (LST)  VALUE       VALUE  FROM      YEAR
                                                  NORMAL
..................................................................
TEMPERATURE (F)
 TODAY
  MAXIMUM         43   1234 PM  85    1922  65    -22       71
  MINIMUM         33    409 AM  13    1983  27      6       35
  AVERAGE         38                        46     -8       53

PRECIPITATION (IN)
  TODAY            0.56R         0.52 2008   0.03   0.53     0.00
  MONTH TO DATE    1.94                      0.69   1.25     0.89
  SINCE OCT 1     30.92                     16.83  14.09    18.04
  SINCE JAN 1     19.59                     11.98   7.61    10.47

SNOWFALL (IN)
  TODAY           MM
  MONTH TO DATE   MM
  SINCE SEP 1     MM
  SINCE JUL 1     MM
  SNOW DEPTH      MM

DEGREE DAYS
 HEATING
  TODAY           27                        19      8       12
  MONTH TO DATE  194                       321   -127      321
  SINCE SEP 1    194                       321   -127      321
  SINCE JUL 1    409                       841   -432      799

 COOLING
  TODAY            0                         0      0        0
  MONTH TO DATE    0                         0      0        0
  SINCE SEP 1      0                         0      0        0
  SINCE JAN 1     25                         3     22        4
..................................................................


WIND (MPH)
  HIGHEST WIND SPEED    14   HIGHEST WIND DIRECTION    SE (150)
  HIGHEST GUST SPEED    22   HIGHEST GUST DIRECTION     S (190)
  AVERAGE WIND SPEED     6.2


SKY COVER
  POSSIBLE SUNSHINE  MM
  AVERAGE SKY COVER 0.0


WEATHER CONDITIONS
 THE FOLLOWING WEATHER WAS RECORDED TODAY.
  NO SIGNIFICANT WEATHER WAS OBSERVED.


RELATIVE HUMIDITY (PERCENT)
 HIGHEST   100           300 PM
 LOWEST     82           400 AM
 AVERAGE    91

..........................................................


THE STANLEY ID CLIMATE NORMALS FOR TOMORROW
                         NORMAL    RECORD    YEAR
 MAXIMUM TEMPERATURE (F)   65        82      1967
 MINIMUM TEMPERATURE (F)   27        11      1916


SUNRISE AND SUNSET
SEPTEMBER 20 2017.....SUNRISE   725 AM MDT   SUNSET   740 PM MDT
SEPTEMBER 21 2017.....SUNRISE   726 AM MDT   SUNSET   738 PM MDT


-  INDICATES NEGATIVE NUMBERS.
R  INDICATES RECORD WAS SET OR TIED.
MM INDICATES DATA IS MISSING.
T  INDICATES TRACE AMOUNT.




$$
