000
CDUS45 KPIH 232323
CLISNT


CLIMATE REPORT
NATIONAL WEATHER SERVICE POCATELLO ID
421 PM MST THU NOV 23 2017


...................................

...THE STANLEY ID CLIMATE SUMMARY FOR NOVEMBER 23 2017...
VALID TODAY AS OF 0400 PM LOCAL TIME.

CLIMATE NORMAL PERIOD 1981 TO 2010
CLIMATE RECORD PERIOD 1916 TO 2017


WEATHER ITEM   OBSERVED TIME   RECORD YEAR NORMAL DEPARTURE LAST
                VALUE   (LST)  VALUE       VALUE  FROM      YEAR
                                                  NORMAL
..................................................................
TEMPERATURE (F)
 TODAY
  MAXIMUM         55R  1056 AM  54    1924  31     24       34
  MINIMUM         28    259 AM -29    1982   9     19       23
  AVERAGE         42                        20     22       29

PRECIPITATION (IN)
  TODAY            0.00          0.72 1988   0.05  -0.05     0.05
  MONTH TO DATE    4.51                      1.78   2.73     0.88
  SINCE OCT 1      5.90                      3.25   2.65     5.19
  SINCE JAN 1     25.95                     15.46  10.49    16.18

SNOWFALL (IN)
  TODAY           MM
  MONTH TO DATE   MM
  SINCE SEP 1     MM
  SINCE JUL 1     MM
  SNOW DEPTH      MM

DEGREE DAYS
 HEATING
  TODAY           23                        45    -22       36
  MONTH TO DATE  874                       907    -33      658
  SINCE SEP 1   2154                      2251    -97     1857
  SINCE JUL 1   2369                      2771   -402     2335

 COOLING
  TODAY            0                         0      0        0
  MONTH TO DATE    0                         0      0        0
  SINCE SEP 1      0                         0      0        0
  SINCE JAN 1     25                         3     22        4
..................................................................


WIND (MPH)
  HIGHEST WIND SPEED    15   HIGHEST WIND DIRECTION     S (190)
  HIGHEST GUST SPEED    24   HIGHEST GUST DIRECTION     W (270)
  AVERAGE WIND SPEED     4.1


SKY COVER
  POSSIBLE SUNSHINE  MM
  AVERAGE SKY COVER 0.0


WEATHER CONDITIONS
 THE FOLLOWING WEATHER WAS RECORDED TODAY.
  NO SIGNIFICANT WEATHER WAS OBSERVED.


RELATIVE HUMIDITY (PERCENT)
 HIGHEST   100           300 AM
 LOWEST     41          1200 PM
 AVERAGE    71

..........................................................


THE STANLEY ID CLIMATE NORMALS FOR TOMORROW
                         NORMAL    RECORD    YEAR
 MAXIMUM TEMPERATURE (F)   30        54      1922
 MINIMUM TEMPERATURE (F)    9       -26      1982


SUNRISE AND SUNSET
NOVEMBER 23 2017......SUNRISE   746 AM MST   SUNSET   506 PM MST
NOVEMBER 24 2017......SUNRISE   747 AM MST   SUNSET   506 PM MST


-  INDICATES NEGATIVE NUMBERS.
R  INDICATES RECORD WAS SET OR TIED.
MM INDICATES DATA IS MISSING.
T  INDICATES TRACE AMOUNT.




$$
