000
CDUS45 KPIH 060733
CLISNT


CLIMATE REPORT
NATIONAL WEATHER SERVICE POCATELLO ID
1229 AM MST FRI MAR 6 2015


...................................

...THE STANLEY ID CLIMATE SUMMARY FOR MARCH 5 2015...

CLIMATE NORMAL PERIOD 1981 TO 2010
CLIMATE RECORD PERIOD 1916 TO 2015


WEATHER ITEM   OBSERVED TIME   RECORD YEAR NORMAL DEPARTURE LAST
                VALUE   (LST)  VALUE       VALUE  FROM      YEAR
                                                  NORMAL
..................................................................
TEMPERATURE (F)
 YESTERDAY
  MAXIMUM         46    459 PM  55    1987  39      7       46
  MINIMUM          1    736 AM -28    1923   9     -8       25
  AVERAGE         24                        24      0       36

PRECIPITATION (IN)
  YESTERDAY        0.00          0.79 1919   0.04  -0.04     0.06
  MONTH TO DATE    0.00                      0.20  -0.20     0.71
  SINCE OCT 1      9.98                      8.36   1.62    10.86
  SINCE JAN 1      3.27                      3.51  -0.24     7.25

SNOWFALL (IN)
  YESTERDAY       MM
  MONTH TO DATE   MM
  SINCE MAR 1     MM
  SINCE JUL 1     MM
  SNOW DEPTH      MM

DEGREE DAYS
 HEATING
  YESTERDAY       41                        41      0       29
  MONTH TO DATE  225                       208     17      164
  SINCE MAR 1    225                       208     17      164
  SINCE JUL 1   6603                      7742  -1139     7332

 COOLING
  YESTERDAY        0                         0      0        0
  MONTH TO DATE    0                         0      0        0
  SINCE MAR 1      0                         0      0        0
  SINCE JAN 1      0                         0      0        0
..................................................................


WIND (MPH)
  HIGHEST WIND SPEED    13   HIGHEST WIND DIRECTION     N (340)
  HIGHEST GUST SPEED    18   HIGHEST GUST DIRECTION     N (340)
  AVERAGE WIND SPEED     2.5


SKY COVER
  POSSIBLE SUNSHINE  MM
  AVERAGE SKY COVER 0.0


WEATHER CONDITIONS
 THE FOLLOWING WEATHER WAS RECORDED YESTERDAY.
  NO SIGNIFICANT WEATHER WAS OBSERVED.


RELATIVE HUMIDITY (PERCENT)
 HIGHEST    79           500 AM
 LOWEST     19           500 PM
 AVERAGE    49

..........................................................


THE STANLEY ID CLIMATE NORMALS FOR TODAY
                         NORMAL    RECORD    YEAR
 MAXIMUM TEMPERATURE (F)   39        53      1979
 MINIMUM TEMPERATURE (F)    9       -25      1971


SUNRISE AND SUNSET
MARCH  6 2015.........SUNRISE   708 AM MST   SUNSET   634 PM MST
MARCH  7 2015.........SUNRISE   707 AM MST   SUNSET   636 PM MST


-  INDICATES NEGATIVE NUMBERS.
R  INDICATES RECORD WAS SET OR TIED.
MM INDICATES DATA IS MISSING.
T  INDICATES TRACE AMOUNT.




$$
