000
CDUS45 KPIH 042325
CLISNT


CLIMATE REPORT
NATIONAL WEATHER SERVICE POCATELLO ID
424 PM MST SUN DEC 4 2016


...................................

...THE STANLEY ID CLIMATE SUMMARY FOR DECEMBER 4 2016...
VALID TODAY AS OF 0400 PM LOCAL TIME.

CLIMATE NORMAL PERIOD 1981 TO 2010
CLIMATE RECORD PERIOD 1916 TO 2016


WEATHER ITEM   OBSERVED TIME   RECORD YEAR NORMAL DEPARTURE LAST
                VALUE   (LST)  VALUE       VALUE  FROM      YEAR
                                                  NORMAL
..................................................................
TEMPERATURE (F)
 TODAY
  MAXIMUM         35    123 PM  53    1918  26      9       38
  MINIMUM         20   1210 AM -33    1984   6     14       25
  AVERAGE         28                        16     12       32

PRECIPITATION (IN)
  TODAY            0.41          0.80 1920   0.04   0.37     0.23
  MONTH TO DATE    0.41                      0.14   0.27     0.23
  SINCE OCT 1      5.87                      3.72   2.15     2.84
  SINCE JAN 1     16.86                     15.93   0.93    15.45

SNOWFALL (IN)
  TODAY           MM
  MONTH TO DATE   MM
  SINCE DEC 1     MM
  SINCE JUL 1     MM
  SNOW DEPTH      MM

DEGREE DAYS
 HEATING
  TODAY           37                        49    -12       33
  MONTH TO DATE  170                       194    -24      181
  SINCE DEC 1    170                       194    -24      181
  SINCE JUL 1   2787                      3291   -504     2953

 COOLING
  TODAY            0                         0      0        0
  MONTH TO DATE    0                         0      0        0
  SINCE DEC 1      0                         0      0        0
  SINCE JAN 1      4                         3      1       25
..................................................................


WIND (MPH)
  HIGHEST WIND SPEED    16   HIGHEST WIND DIRECTION    SW (210)
  HIGHEST GUST SPEED    24   HIGHEST GUST DIRECTION    SW (220)
  AVERAGE WIND SPEED     5.6


SKY COVER
  POSSIBLE SUNSHINE  MM
  AVERAGE SKY COVER 0.0


WEATHER CONDITIONS
 THE FOLLOWING WEATHER WAS RECORDED TODAY.
  NO SIGNIFICANT WEATHER WAS OBSERVED.


RELATIVE HUMIDITY (PERCENT)
 HIGHEST    92           500 AM
 LOWEST     68          1200 AM
 AVERAGE    80

..........................................................


THE STANLEY ID CLIMATE NORMALS FOR TOMORROW
                         NORMAL    RECORD    YEAR
 MAXIMUM TEMPERATURE (F)   26        47      1987
 MINIMUM TEMPERATURE (F)    6       -36      1972


SUNRISE AND SUNSET
DECEMBER  4 2016......SUNRISE   759 AM MST   SUNSET   501 PM MST
DECEMBER  5 2016......SUNRISE   800 AM MST   SUNSET   501 PM MST


-  INDICATES NEGATIVE NUMBERS.
R  INDICATES RECORD WAS SET OR TIED.
MM INDICATES DATA IS MISSING.
T  INDICATES TRACE AMOUNT.




$$
