000
CDUS45 KPIH 270737
CLISNT


CLIMATE REPORT
NATIONAL WEATHER SERVICE POCATELLO ID
1236 AM MST THU NOV 27 2014


...................................

...THE STANLEY ID CLIMATE SUMMARY FOR NOVEMBER 26 2014...

CLIMATE NORMAL PERIOD 1981 TO 2010
CLIMATE RECORD PERIOD 1916 TO 2014


WEATHER ITEM   OBSERVED TIME   RECORD YEAR NORMAL DEPARTURE LAST
                VALUE   (LST)  VALUE       VALUE  FROM      YEAR
                                                  NORMAL
..................................................................
TEMPERATURE (F)
 YESTERDAY
  MAXIMUM         48    256 PM  56    1924  29     19       38
  MINIMUM         31    853 PM -21    1993   8     23        8
  AVERAGE         40                        19     21       23

PRECIPITATION (IN)
  YESTERDAY        0.00          0.57 1998   0.05  -0.05     0.00
  MONTH TO DATE    2.22                      1.92   0.30     1.69
  SINCE OCT 1      3.53                      3.39   0.14     2.06
  SINCE JAN 1     19.44                     15.60   3.84    12.56

SNOWFALL (IN)
  YESTERDAY       MM
  MONTH TO DATE   MM
  SINCE SEP 1     MM
  SINCE JUL 1     MM
  SNOW DEPTH      MM

DEGREE DAYS
 HEATING
  YESTERDAY       25                        46    -21       42
  MONTH TO DATE 1028                      1045    -17     1004
  SINCE SEP 1   2115                      2389   -274     2305
  SINCE JUL 1   2454                      2909   -455     2632

 COOLING
  YESTERDAY        0                         0      0        0
  MONTH TO DATE    0                         0      0        0
  SINCE SEP 1      0                         0      0        0
  SINCE JAN 1     16                         3     13       19
..................................................................


WIND (MPH)
  HIGHEST WIND SPEED     9   HIGHEST WIND DIRECTION    SE (120)
  HIGHEST GUST SPEED    15   HIGHEST GUST DIRECTION     E (100)
  AVERAGE WIND SPEED     3.2


SKY COVER
  POSSIBLE SUNSHINE  MM
  AVERAGE SKY COVER 0.0


WEATHER CONDITIONS
 THE FOLLOWING WEATHER WAS RECORDED YESTERDAY.
  NO SIGNIFICANT WEATHER WAS OBSERVED.


RELATIVE HUMIDITY (PERCENT)
 HIGHEST    82          1200 AM
 LOWEST     42           300 PM
 AVERAGE    62

..........................................................


THE STANLEY ID CLIMATE NORMALS FOR TODAY
                         NORMAL    RECORD    YEAR
 MAXIMUM TEMPERATURE (F)   29        52      1924
 MINIMUM TEMPERATURE (F)    8       -30      1919


SUNRISE AND SUNSET
NOVEMBER 27 2014......SUNRISE   750 AM MST   SUNSET   504 PM MST
NOVEMBER 28 2014......SUNRISE   752 AM MST   SUNSET   504 PM MST


-  INDICATES NEGATIVE NUMBERS.
R  INDICATES RECORD WAS SET OR TIED.
MM INDICATES DATA IS MISSING.
T  INDICATES TRACE AMOUNT.




$$
