000
CDUS45 KPIH 250741
CLISNT


CLIMATE REPORT
NATIONAL WEATHER SERVICE POCATELLO ID
140 AM MDT THU AUG 25 2016


...................................

...THE STANLEY ID CLIMATE SUMMARY FOR AUGUST 24 2016...

CLIMATE NORMAL PERIOD 1981 TO 2010
CLIMATE RECORD PERIOD 1916 TO 2016


WEATHER ITEM   OBSERVED TIME   RECORD YEAR NORMAL DEPARTURE LAST
                VALUE   (LST)  VALUE       VALUE  FROM      YEAR
                                                  NORMAL
..................................................................
TEMPERATURE (F)
 YESTERDAY
  MAXIMUM         74    450 PM  93    1969  75     -1       86
  MINIMUM         27    606 AM  16    1992  33     -6       34
  AVERAGE         51                        54     -3       60

PRECIPITATION (IN)
  YESTERDAY        0.00          0.19 1989   0.03  -0.03     0.00
  MONTH TO DATE    0.02                      0.47  -0.45     0.42
  SINCE OCT 1     17.15                     15.93   1.22    17.08
  SINCE JAN 1      9.58                     11.08  -1.50    10.37

SNOWFALL (IN)
  YESTERDAY       MM
  MONTH TO DATE   MM
  SINCE JUN 1     MM
  SINCE JUL 1     MM
  SNOW DEPTH      MM

DEGREE DAYS
 HEATING
  YESTERDAY       14                        11      3        5
  MONTH TO DATE  185                       194     -9      157
  SINCE JUN 1    725                       889   -164      607
  SINCE JUL 1    421                       435    -14      373

 COOLING
  YESTERDAY        0                         0      0        0
  MONTH TO DATE    0                         0      0        6
  SINCE JUN 1      3                         3      0       24
  SINCE JAN 1      3                         3      0       24
..................................................................


WIND (MPH)
  HIGHEST WIND SPEED    15   HIGHEST WIND DIRECTION     N (350)
  HIGHEST GUST SPEED    20   HIGHEST GUST DIRECTION     N (350)
  AVERAGE WIND SPEED     4.6


SKY COVER
  POSSIBLE SUNSHINE  MM
  AVERAGE SKY COVER 0.0


WEATHER CONDITIONS
 THE FOLLOWING WEATHER WAS RECORDED YESTERDAY.
  NO SIGNIFICANT WEATHER WAS OBSERVED.


RELATIVE HUMIDITY (PERCENT)
 HIGHEST    75           500 AM
 LOWEST     13           400 PM
 AVERAGE    44

..........................................................


THE STANLEY ID CLIMATE NORMALS FOR TODAY
                         NORMAL    RECORD    YEAR
 MAXIMUM TEMPERATURE (F)   75        92      1969
 MINIMUM TEMPERATURE (F)   33        16      1992


SUNRISE AND SUNSET
AUGUST 25 2016........SUNRISE   655 AM MDT   SUNSET   827 PM MDT
AUGUST 26 2016........SUNRISE   657 AM MDT   SUNSET   825 PM MDT


-  INDICATES NEGATIVE NUMBERS.
R  INDICATES RECORD WAS SET OR TIED.
MM INDICATES DATA IS MISSING.
T  INDICATES TRACE AMOUNT.




$$
