000
CDUS45 KCYS 042226
CLISNY


CLIMATE REPORT
NATIONAL WEATHER SERVICE CHEYENNE WY
325 PM MST SUN DEC 4 2016


...................................

...THE SIDNEY NE AIRPORT CLIMATE SUMMARY FOR DECEMBER 4 2016...
VALID AS OF 0300 PM LOCAL TIME.

CLIMATE NORMAL PERIOD 1981 TO 2010
CLIMATE RECORD PERIOD 1948 TO 2016


WEATHER ITEM   OBSERVED TIME   RECORD YEAR NORMAL DEPARTURE LAST
                VALUE   (LST)  VALUE       VALUE  FROM      YEAR
                                                  NORMAL
..................................................................
TEMPERATURE (F)
 TODAY
  MAXIMUM         48    157 PM  68    1989  43      5       55
  MINIMUM         20    638 AM  -5    2009  18      2       20
  AVERAGE         34                        30      4       38

PRECIPITATION (IN)
  TODAY            0.00          0.62 1958   0.02  -0.02     0.00
  MONTH TO DATE    0.00                      0.08  -0.08     0.00
  SINCE JAN 1     12.55                     18.08  -5.53    21.85

DEGREE DAYS
 HEATING
  TODAY           31                        35     -4       27
  MONTH TO DATE  139                       138      1      123
  SINCE DEC 1    139                       138      1      123
  SINCE JUL 1   1290                      1560   -270     1473

 COOLING
  TODAY            0                         0      0        0
  MONTH TO DATE    0                         0      0        0
  SINCE DEC 1      0                         0      0        0
  SINCE JAN 1    770                       830    -60      669
..................................................................


WIND (MPH)
  HIGHEST WIND SPEED    23   HIGHEST WIND DIRECTION     W (290)
  HIGHEST GUST SPEED    27   HIGHEST GUST DIRECTION    SW (220)
  AVERAGE WIND SPEED    14.5


SKY COVER
  AVERAGE SKY COVER 0.0


WEATHER CONDITIONS
 THE FOLLOWING WEATHER WAS RECORDED TODAY.
  NO SIGNIFICANT WEATHER WAS OBSERVED.


RELATIVE HUMIDITY (PERCENT)
 HIGHEST    68          1200 AM
 LOWEST     19           200 PM
 AVERAGE    44

..........................................................


THE SIDNEY NE AIRPORT CLIMATE NORMALS FOR TOMORROW
                         NORMAL    RECORD    YEAR
 MAXIMUM TEMPERATURE (F)   42        71      1980
 MINIMUM TEMPERATURE (F)   17       -14      1972


SUNRISE AND SUNSET
DECEMBER  4 2016......SUNRISE   701 AM MST   SUNSET   423 PM MST
DECEMBER  5 2016......SUNRISE   702 AM MST   SUNSET   423 PM MST


-  INDICATES NEGATIVE NUMBERS.
R  INDICATES RECORD WAS SET OR TIED.
MM INDICATES DATA IS MISSING.
T  INDICATES TRACE AMOUNT.




$$
