000
CDUS45 KCYS 290730
CLISNY


CLIMATE REPORT
NATIONAL WEATHER SERVICE CHEYENNE WY
128 AM MDT FRI JUL 29 2016


...................................

...THE SIDNEY NE AIRPORT CLIMATE SUMMARY FOR JULY 28 2016...

CLIMATE NORMAL PERIOD 1981 TO 2010
CLIMATE RECORD PERIOD 1948 TO 2016


WEATHER ITEM   OBSERVED TIME   RECORD YEAR NORMAL DEPARTURE LAST
                VALUE   (LST)  VALUE       VALUE  FROM      YEAR
                                                  NORMAL
..................................................................
TEMPERATURE (F)
 YESTERDAY
  MAXIMUM         80    423 PM 100    1959  91    -11       83
  MINIMUM         59    941 PM  46    1971  61     -2       50
  AVERAGE         70                        76     -6       67

PRECIPITATION (IN)
  YESTERDAY        0.21          1.79 1961   0.09   0.12     0.00
  MONTH TO DATE    0.77                      2.69  -1.92     1.64
  SINCE JAN 1      8.56                     12.63  -4.07    18.73

DEGREE DAYS
 HEATING
  YESTERDAY        0                         0      0        0
  MONTH TO DATE    0                         0      0        7
  SINCE JUN 1     10                        59    -49        7
  SINCE JUL 1      0                         0      0        7

 COOLING
  YESTERDAY        5                        11     -6        2
  MONTH TO DATE  279                       288     -9      223
  SINCE JUN 1    489                       425     64      332
  SINCE JAN 1    493                       447     46      332
..................................................................


WIND (MPH)
  HIGHEST WIND SPEED    26   HIGHEST WIND DIRECTION     N (360)
  HIGHEST GUST SPEED    35   HIGHEST GUST DIRECTION     N (20)
  AVERAGE WIND SPEED     9.2


SKY COVER
  AVERAGE SKY COVER 0.4


WEATHER CONDITIONS
 THE FOLLOWING WEATHER WAS RECORDED YESTERDAY.
  THUNDERSTORM
  LIGHT RAIN
  FOG


RELATIVE HUMIDITY (PERCENT)
 HIGHEST    97           200 AM
 LOWEST     39           300 PM
 AVERAGE    68

..........................................................


THE SIDNEY NE AIRPORT CLIMATE NORMALS FOR TODAY
                         NORMAL    RECORD    YEAR
 MAXIMUM TEMPERATURE (F)   90        99      2006
                                             2001
                                             1986
 MINIMUM TEMPERATURE (F)   61        44      1971


SUNRISE AND SUNSET
JULY 29 2016..........SUNRISE   545 AM MDT   SUNSET   811 PM MDT
JULY 30 2016..........SUNRISE   546 AM MDT   SUNSET   810 PM MDT


-  INDICATES NEGATIVE NUMBERS.
R  INDICATES RECORD WAS SET OR TIED.
MM INDICATES DATA IS MISSING.
T  INDICATES TRACE AMOUNT.




$$
