000
CDUS45 KCYS 040741
CLISNY


CLIMATE REPORT
NATIONAL WEATHER SERVICE CHEYENNE WY
1240 AM MST WED MAR 4 2015


...................................

...THE SIDNEY NE AIRPORT CLIMATE SUMMARY FOR MARCH 3 2015...

CLIMATE NORMAL PERIOD 1981 TO 2010
CLIMATE RECORD PERIOD 1948 TO 2015


WEATHER ITEM   OBSERVED TIME   RECORD YEAR NORMAL DEPARTURE LAST
                VALUE   (LST)  VALUE       VALUE  FROM      YEAR
                                                  NORMAL
..................................................................
TEMPERATURE (F)
 YESTERDAY
  MAXIMUM         29    418 AM  73    2009  50    -21       45
  MINIMUM         14   1159 PM -25    1960  22     -8        4
  AVERAGE         22                        36    -14       25

PRECIPITATION (IN)
  YESTERDAY        0.05          0.84 1963   0.02   0.03     0.00
  MONTH TO DATE    0.05                      0.05   0.00     0.06
  SINCE JAN 1      0.69                      0.57   0.12     1.01

DEGREE DAYS
 HEATING
  YESTERDAY       43                        29     14       40
  MONTH TO DATE  120                        88     32      165
  SINCE MAR 1    120                        88     32      165
  SINCE JUL 1   4852                      4670    182     5154

 COOLING
  YESTERDAY        0                         0      0        0
  MONTH TO DATE    0                         0      0        0
  SINCE MAR 1      0                         0      0        0
  SINCE JAN 1      0                         0      0        0
..................................................................


WIND (MPH)
  HIGHEST WIND SPEED    33   HIGHEST WIND DIRECTION     N (360)
  HIGHEST GUST SPEED    42   HIGHEST GUST DIRECTION     N (350)
  AVERAGE WIND SPEED    14.9


SKY COVER
  AVERAGE SKY COVER 1.0


WEATHER CONDITIONS
 THE FOLLOWING WEATHER WAS RECORDED YESTERDAY.
  LIGHT SNOW
  FOG
  FOG W/VISIBILITY <= 1/4 MILE
  HAZE


RELATIVE HUMIDITY (PERCENT)
 HIGHEST    92          1200 AM
 LOWEST     54          1200 PM
 AVERAGE    73

..........................................................


THE SIDNEY NE AIRPORT CLIMATE NORMALS FOR TODAY
                         NORMAL    RECORD    YEAR
 MAXIMUM TEMPERATURE (F)   50        76      2009
 MINIMUM TEMPERATURE (F)   23       -20      1989


SUNRISE AND SUNSET
MARCH  4 2015.........SUNRISE   622 AM MST   SUNSET   546 PM MST
MARCH  5 2015.........SUNRISE   620 AM MST   SUNSET   547 PM MST


-  INDICATES NEGATIVE NUMBERS.
R  INDICATES RECORD WAS SET OR TIED.
MM INDICATES DATA IS MISSING.
T  INDICATES TRACE AMOUNT.




$$
