000
CDUS45 KCYS 010728
CLISNY


CLIMATE REPORT
NATIONAL WEATHER SERVICE CHEYENNE WY
126 AM MDT SAT NOV 1 2014


...................................

...THE SIDNEY NE AIRPORT CLIMATE SUMMARY FOR OCTOBER 31 2014...

CLIMATE NORMAL PERIOD 1981 TO 2010
CLIMATE RECORD PERIOD 1948 TO 2014


WEATHER ITEM   OBSERVED TIME   RECORD YEAR NORMAL DEPARTURE LAST
                VALUE   (LST)  VALUE       VALUE  FROM      YEAR
                                                  NORMAL
..................................................................
TEMPERATURE (F)
 YESTERDAY
  MAXIMUM         52    210 PM  76    1983  59     -7       57
                                      1975
  MINIMUM         24    448 AM  -1    1991  30     -6       34
  AVERAGE         38                        45     -7       46

PRECIPITATION (IN)
  YESTERDAY        0.00          0.19 2000   0.02  -0.02     0.02
  MONTH TO DATE    0.86                      1.02  -0.16     1.25
  SINCE JAN 1     15.53                     17.43  -1.90    16.47

DEGREE DAYS
 HEATING
  YESTERDAY       27                        20      7       19
  MONTH TO DATE  389                       464    -75      557
  SINCE SEP 1    494                       592    -98      652
  SINCE JUL 1    506                       603    -97      661

 COOLING
  YESTERDAY        0                         0      0        0
  MONTH TO DATE    0                         4     -4        0
  SINCE SEP 1     79                        88     -9      155
  SINCE JAN 1    637                       830   -193      918
..................................................................


WIND (MPH)
  HIGHEST WIND SPEED    29   HIGHEST WIND DIRECTION     S (160)
  HIGHEST GUST SPEED    35   HIGHEST GUST DIRECTION     S (160)
  AVERAGE WIND SPEED    15.9


SKY COVER
  AVERAGE SKY COVER 0.2


WEATHER CONDITIONS
 THE FOLLOWING WEATHER WAS RECORDED YESTERDAY.
  FOG


RELATIVE HUMIDITY (PERCENT)
 HIGHEST   100           600 AM
 LOWEST     41           200 PM
 AVERAGE    71

..........................................................


THE SIDNEY NE AIRPORT CLIMATE NORMALS FOR TODAY
                         NORMAL    RECORD    YEAR
 MAXIMUM TEMPERATURE (F)   59        77      2008
                                             1965
 MINIMUM TEMPERATURE (F)   30        -2      2002


SUNRISE AND SUNSET
NOVEMBER  1 2014......SUNRISE   723 AM MDT   SUNSET   548 PM MDT
NOVEMBER  2 2014......SUNRISE   624 AM MST   SUNSET   446 PM MST


-  INDICATES NEGATIVE NUMBERS.
R  INDICATES RECORD WAS SET OR TIED.
MM INDICATES DATA IS MISSING.
T  INDICATES TRACE AMOUNT.




$$
