000
CDUS45 KPUB 151053
CLISPD


CLIMATE REPORT
NATIONAL WEATHER SERVICE PUEBLO
453 AM MDT MON SEP 15 2014


...................................

...THE SPRINGFIELD CO CLIMATE SUMMARY FOR SEPTEMBER 14 2014...

CLIMATE NORMAL PERIOD 1981 TO 2010
CLIMATE RECORD PERIOD 9999 TO 9999


WEATHER ITEM   OBSERVED TIME   NORMAL DEPARTURE LAST
                VALUE   (LST)  VALUE  FROM      YEAR
                                      NORMAL
......................................................
TEMPERATURE (F)
 YESTERDAY
  MAXIMUM         85    312 PM  82      3       80
  MINIMUM         48    347 AM  52     -4       62
  AVERAGE         67                            71

PRECIPITATION (IN)
  YESTERDAY        0.00          0.04  -0.04     0.00
  MONTH TO DATE    1.21          0.72   0.49     2.64
  SINCE SEP 1      1.21          0.72   0.49     2.64
  SINCE JAN 1     11.85         14.46  -2.61    12.38

DEGREE DAYS
 HEATING
  YESTERDAY        0             2     -2        0
  MONTH TO DATE   47            18     29        0
  SINCE SEP 1     47            18     29        0
  SINCE JUL 1     53            25     28        1

 COOLING
  YESTERDAY        2             4     -2        6
  MONTH TO DATE   66            76    -10      153
  SINCE SEP 1     66            76    -10      153
  SINCE JAN 1    981           977      4     1317
......................................................


WIND (MPH)
  HIGHEST WIND SPEED    24   HIGHEST WIND DIRECTION     S (190)
  HIGHEST GUST SPEED    30   HIGHEST GUST DIRECTION     S (190)
  AVERAGE WIND SPEED    10.3


SKY COVER
  POSSIBLE SUNSHINE  MM



RELATIVE HUMIDITY (PERCENT)
 HIGHEST   100           200 AM
 LOWEST     29           300 PM
 AVERAGE    65

..........................................................


THE SPRINGFIELD CO CLIMATE NORMALS FOR TODAY
                         NORMAL    RECORD    YEAR
 MAXIMUM TEMPERATURE (F)   81        MM        MM
 MINIMUM TEMPERATURE (F)   52        MM        MM


SUNRISE AND SUNSET
SEPTEMBER 15 2014.....SUNRISE   632 AM MDT   SUNSET   658 PM MDT
SEPTEMBER 16 2014.....SUNRISE   633 AM MDT   SUNSET   657 PM MDT


-  INDICATES NEGATIVE NUMBERS.
R  INDICATES RECORD WAS SET OR TIED.
MM INDICATES DATA IS MISSING.
T  INDICATES TRACE AMOUNT.




$$
