000
CDUS45 KPUB 271143
CLISPD


CLIMATE REPORT
NATIONAL WEATHER SERVICE PUEBLO
441 AM MST MON FEB 27 2017


...................................

...THE SPRINGFIELD CO CLIMATE SUMMARY FOR FEBRUARY 26 2017...

CLIMATE NORMAL PERIOD 1981 TO 2010
CLIMATE RECORD PERIOD 9999 TO 9999


WEATHER ITEM   OBSERVED TIME   NORMAL DEPARTURE LAST
                VALUE   (LST)  VALUE  FROM      YEAR
                                      NORMAL
......................................................
TEMPERATURE (F)
 YESTERDAY
  MAXIMUM         51    145 PM  52     -1       62
  MINIMUM         12    549 AM  23    -11       21
  AVERAGE         32                            42

PRECIPITATION (IN)
  YESTERDAY        0.00          0.01  -0.01     0.00
  MONTH TO DATE    0.01          0.41  -0.40     0.16
  SINCE DEC 1      0.26          1.29  -1.03     0.41
  SINCE JAN 1      0.19          0.78  -0.59     0.32

DEGREE DAYS
 HEATING
  YESTERDAY       33            27      6       23
  MONTH TO DATE  613           777   -164      676
  SINCE DEC 1   2723          2807    -84     2625
  SINCE JUL 1   3540          3953   -413     3630

 COOLING
  YESTERDAY        0             0      0        0
  MONTH TO DATE    0             0      0        0
  SINCE DEC 1      0             0      0        0
  SINCE JAN 1      0             0      0        0
......................................................


WIND (MPH)
  HIGHEST WIND SPEED    21   HIGHEST WIND DIRECTION     S (190)
  HIGHEST GUST SPEED    24   HIGHEST GUST DIRECTION     S (170)
  AVERAGE WIND SPEED     8.5


SKY COVER
  POSSIBLE SUNSHINE  MM



RELATIVE HUMIDITY (PERCENT)
 HIGHEST    64           700 AM
 LOWEST     14           200 PM
 AVERAGE    39

..........................................................


THE SPRINGFIELD CO CLIMATE NORMALS FOR TODAY
                         NORMAL    RECORD    YEAR
 MAXIMUM TEMPERATURE (F)   53        MM        MM
 MINIMUM TEMPERATURE (F)   23        MM        MM


SUNRISE AND SUNSET
FEBRUARY 27 2017......SUNRISE   624 AM MST   SUNSET   543 PM MST
FEBRUARY 28 2017......SUNRISE   623 AM MST   SUNSET   544 PM MST


-  INDICATES NEGATIVE NUMBERS.
R  INDICATES RECORD WAS SET OR TIED.
MM INDICATES DATA IS MISSING.
T  INDICATES TRACE AMOUNT.




$$
