000
CDUS45 KPUB 011055
CLISPD


CLIMATE REPORT
NATIONAL WEATHER SERVICE PUEBLO
454 AM MDT WED OCT 1 2014


...................................

...THE SPRINGFIELD CO CLIMATE SUMMARY FOR SEPTEMBER 30 2014...

CLIMATE NORMAL PERIOD 1981 TO 2010
CLIMATE RECORD PERIOD 9999 TO 9999


WEATHER ITEM   OBSERVED TIME   NORMAL DEPARTURE LAST
                VALUE   (LST)  VALUE  FROM      YEAR
                                      NORMAL
......................................................
TEMPERATURE (F)
 YESTERDAY
  MAXIMUM         76    311 PM  75      1       86
  MINIMUM         41    607 AM  45     -4       46
  AVERAGE         59                            66

PRECIPITATION (IN)
  YESTERDAY        0.00          0.04  -0.04     0.00
  MONTH TO DATE    1.25          1.33  -0.08     3.50
  SINCE SEP 1      1.25          1.33  -0.08     3.50
  SINCE JAN 1     11.89         15.07  -3.18    13.24

DEGREE DAYS
 HEATING
  YESTERDAY        6             6      0        0
  MONTH TO DATE   63            83    -20       27
  SINCE SEP 1     63            83    -20       27
  SINCE JUL 1     69            90    -21       28

 COOLING
  YESTERDAY        0             1     -1        1
  MONTH TO DATE  125           116      9      192
  SINCE SEP 1    125           116      9      192
  SINCE JAN 1   1040          1017     23     1356
......................................................


WIND (MPH)
  HIGHEST WIND SPEED    16   HIGHEST WIND DIRECTION    NW (320)
  HIGHEST GUST SPEED    22   HIGHEST GUST DIRECTION    NW (320)
  AVERAGE WIND SPEED     4.9


SKY COVER
  POSSIBLE SUNSHINE  MM



RELATIVE HUMIDITY (PERCENT)
 HIGHEST   100          1200 AM
 LOWEST     18           300 PM
 AVERAGE    59

..........................................................


THE SPRINGFIELD CO CLIMATE NORMALS FOR TODAY
                         NORMAL    RECORD    YEAR
 MAXIMUM TEMPERATURE (F)   75        MM        MM
 MINIMUM TEMPERATURE (F)   45        MM        MM


SUNRISE AND SUNSET
OCTOBER  1 2014.......SUNRISE   646 AM MDT   SUNSET   634 PM MDT
OCTOBER  2 2014.......SUNRISE   647 AM MDT   SUNSET   632 PM MDT


-  INDICATES NEGATIVE NUMBERS.
R  INDICATES RECORD WAS SET OR TIED.
MM INDICATES DATA IS MISSING.
T  INDICATES TRACE AMOUNT.




$$
