000
CDUS45 KPUB 271032
CLISPD


CLIMATE REPORT
NATIONAL WEATHER SERVICE PUEBLO
432 AM MDT MON JUL 27 2015


...................................

...THE SPRINGFIELD CO CLIMATE SUMMARY FOR JULY 26 2015...

CLIMATE NORMAL PERIOD 1981 TO 2010
CLIMATE RECORD PERIOD 9999 TO 9999


WEATHER ITEM   OBSERVED TIME   NORMAL DEPARTURE LAST
                VALUE   (LST)  VALUE  FROM      YEAR
                                      NORMAL
......................................................
TEMPERATURE (F)
 YESTERDAY
  MAXIMUM         96    341 PM  90      6       99
  MINIMUM         62    457 AM  62      0       64
  AVERAGE         79                            82

PRECIPITATION (IN)
  YESTERDAY        0.02          0.08  -0.06     0.15
  MONTH TO DATE    3.12          2.32   0.80     2.56
  SINCE JUN 1      3.98          4.82  -0.84     4.49
  SINCE JAN 1     11.55         10.39   1.16     8.38

DEGREE DAYS
 HEATING
  YESTERDAY        0             0      0        0
  MONTH TO DATE    0             0      0        1
  SINCE JUN 1      0            21    -21       23
  SINCE JUL 1      0             0      0        1

 COOLING
  YESTERDAY       14            11      3       17
  MONTH TO DATE  283           295    -12      296
  SINCE JUN 1    530           503     27      515
  SINCE JAN 1    531           557    -26      573
......................................................


WIND (MPH)
  HIGHEST WIND SPEED    30   HIGHEST WIND DIRECTION     W (280)
  HIGHEST GUST SPEED    44   HIGHEST GUST DIRECTION    SW (230)
  AVERAGE WIND SPEED    10.6


SKY COVER
  POSSIBLE SUNSHINE  MM



RELATIVE HUMIDITY (PERCENT)
 HIGHEST    93           500 AM
 LOWEST     30           300 PM
 AVERAGE    62

..........................................................


THE SPRINGFIELD CO CLIMATE NORMALS FOR TODAY
                         NORMAL    RECORD    YEAR
 MAXIMUM TEMPERATURE (F)   90        MM        MM
 MINIMUM TEMPERATURE (F)   62        MM        MM


SUNRISE AND SUNSET
JULY 27 2015..........SUNRISE   551 AM MDT   SUNSET   803 PM MDT
JULY 28 2015..........SUNRISE   552 AM MDT   SUNSET   802 PM MDT


-  INDICATES NEGATIVE NUMBERS.
R  INDICATES RECORD WAS SET OR TIED.
MM INDICATES DATA IS MISSING.
T  INDICATES TRACE AMOUNT.




$$
