000
CDUS45 KPUB 301027
CLISPD


CLIMATE REPORT
NATIONAL WEATHER SERVICE PUEBLO
426 AM MDT SUN AUG 30 2015


...................................

...THE SPRINGFIELD CO CLIMATE SUMMARY FOR AUGUST 29 2015...

CLIMATE NORMAL PERIOD 1981 TO 2010
CLIMATE RECORD PERIOD 9999 TO 9999


WEATHER ITEM   OBSERVED TIME   NORMAL DEPARTURE LAST
                VALUE   (LST)  VALUE  FROM      YEAR
                                      NORMAL
......................................................
TEMPERATURE (F)
 YESTERDAY
  MAXIMUM         88    231 PM  86      2       86
  MINIMUM         56   1159 PM  58     -2       56
  AVERAGE         72                            71

PRECIPITATION (IN)
  YESTERDAY        0.00          0.07  -0.07     0.00
  MONTH TO DATE    1.12          2.71  -1.59     1.23
  SINCE JUN 1      5.20          8.04  -2.84     6.75
  SINCE JAN 1     12.77         13.61  -0.84    10.64

DEGREE DAYS
 HEATING
  YESTERDAY        0             0      0        0
  MONTH TO DATE    4             0      4        0
  SINCE JUN 1      4            23    -19       28
  SINCE JUL 1      4             2      2        6

 COOLING
  YESTERDAY        7             7      0        6
  MONTH TO DATE  309           276     33      299
  SINCE JUN 1    889           833     56      836
  SINCE JAN 1    890           887      3      894
......................................................


WIND (MPH)
  HIGHEST WIND SPEED    16   HIGHEST WIND DIRECTION    SE (140)
  HIGHEST GUST SPEED    19   HIGHEST GUST DIRECTION    SE (130)
  AVERAGE WIND SPEED     8.0


SKY COVER
  POSSIBLE SUNSHINE  MM



RELATIVE HUMIDITY (PERCENT)
 HIGHEST    67           100 AM
 LOWEST     19          1200 PM
 AVERAGE    43

..........................................................


THE SPRINGFIELD CO CLIMATE NORMALS FOR TODAY
                         NORMAL    RECORD    YEAR
 MAXIMUM TEMPERATURE (F)   86        MM        MM
 MINIMUM TEMPERATURE (F)   58        MM        MM


SUNRISE AND SUNSET
AUGUST 30 2015........SUNRISE   619 AM MDT   SUNSET   722 PM MDT
AUGUST 31 2015........SUNRISE   620 AM MDT   SUNSET   721 PM MDT


-  INDICATES NEGATIVE NUMBERS.
R  INDICATES RECORD WAS SET OR TIED.
MM INDICATES DATA IS MISSING.
T  INDICATES TRACE AMOUNT.




$$
