000
CDUS45 KPUB 211047
CLISPD


CLIMATE REPORT
NATIONAL WEATHER SERVICE PUEBLO
447 AM MDT MON JUL 21 2014


...................................

...THE SPRINGFIELD CO CLIMATE SUMMARY FOR JULY 20 2014...

CLIMATE NORMAL PERIOD 1981 TO 2010
CLIMATE RECORD PERIOD 9999 TO 9999


WEATHER ITEM   OBSERVED TIME   NORMAL DEPARTURE LAST
                VALUE   (LST)  VALUE  FROM      YEAR
                                      NORMAL
......................................................
TEMPERATURE (F)
 YESTERDAY
  MAXIMUM         97    236 PM  91      6       92
  MINIMUM         62    440 AM  62      0       64
  AVERAGE         80                            78

PRECIPITATION (IN)
  YESTERDAY        0.00          0.07  -0.07     0.00
  MONTH TO DATE    2.41          1.85   0.56     1.96
  SINCE JUN 1      4.34          4.35  -0.01     3.70
  SINCE JAN 1      8.23          9.92  -1.69     5.68

DEGREE DAYS
 HEATING
  YESTERDAY        0             0      0        0
  MONTH TO DATE    1             0      1        0
  SINCE JUN 1     23            21      2       19
  SINCE JUL 1      1             0      1        0

 COOLING
  YESTERDAY       15            12      3       13
  MONTH TO DATE  201           224    -23      223
  SINCE JUN 1    420           432    -12      574
  SINCE JAN 1    478           486     -8      691
......................................................


WIND (MPH)
  HIGHEST WIND SPEED    21   HIGHEST WIND DIRECTION     S (160)
  HIGHEST GUST SPEED    27   HIGHEST GUST DIRECTION     S (160)
  AVERAGE WIND SPEED    10.4


SKY COVER
  POSSIBLE SUNSHINE  MM



RELATIVE HUMIDITY (PERCENT)
 HIGHEST    78           400 AM
 LOWEST     19           400 PM
 AVERAGE    49

..........................................................


THE SPRINGFIELD CO CLIMATE NORMALS FOR TODAY
                         NORMAL    RECORD    YEAR
 MAXIMUM TEMPERATURE (F)   91        MM        MM
 MINIMUM TEMPERATURE (F)   62        MM        MM


SUNRISE AND SUNSET
JULY 21 2014..........SUNRISE   546 AM MDT   SUNSET   807 PM MDT
JULY 22 2014..........SUNRISE   547 AM MDT   SUNSET   806 PM MDT


-  INDICATES NEGATIVE NUMBERS.
R  INDICATES RECORD WAS SET OR TIED.
MM INDICATES DATA IS MISSING.
T  INDICATES TRACE AMOUNT.




$$
