000
CDUS45 KPUB 141128
CLISPD


CLIMATE REPORT
NATIONAL WEATHER SERVICE PUEBLO
428 AM MST SUN FEB 14 2016


...................................

...THE SPRINGFIELD CO CLIMATE SUMMARY FOR FEBRUARY 13 2016...

CLIMATE NORMAL PERIOD 1981 TO 2010
CLIMATE RECORD PERIOD 9999 TO 9999


WEATHER ITEM   OBSERVED TIME   NORMAL DEPARTURE LAST
                VALUE   (LST)  VALUE  FROM      YEAR
                                      NORMAL
......................................................
TEMPERATURE (F)
 YESTERDAY
  MAXIMUM         71    259 PM  50     21       63
  MINIMUM         25    701 AM  20      5       31
  AVERAGE         48                            47

PRECIPITATION (IN)
  YESTERDAY        0.00          0.02  -0.02     0.00
  MONTH TO DATE    0.14          0.24  -0.10     0.00
  SINCE DEC 1      0.39          1.12  -0.73     1.81
  SINCE JAN 1      0.30          0.61  -0.31     1.04

DEGREE DAYS
 HEATING
  YESTERDAY       17            30    -13       18
  MONTH TO DATE  383           403    -20      284
  SINCE DEC 1   2332          2433   -101     2207
  SINCE JUL 1   3337          3579   -242     3339

 COOLING
  YESTERDAY        0             0      0        0
  MONTH TO DATE    0             0      0        0
  SINCE DEC 1      0             0      0        0
  SINCE JAN 1      0             0      0        0
......................................................


WIND (MPH)
  HIGHEST WIND SPEED    18   HIGHEST WIND DIRECTION     S (170)
  HIGHEST GUST SPEED    22   HIGHEST GUST DIRECTION     S (180)
  AVERAGE WIND SPEED     9.5


SKY COVER
  POSSIBLE SUNSHINE  MM



RELATIVE HUMIDITY (PERCENT)
 HIGHEST   100           300 AM
 LOWEST     22           300 PM
 AVERAGE    61

..........................................................


THE SPRINGFIELD CO CLIMATE NORMALS FOR TODAY
                         NORMAL    RECORD    YEAR
 MAXIMUM TEMPERATURE (F)   50        MM        MM
 MINIMUM TEMPERATURE (F)   20        MM        MM


SUNRISE AND SUNSET
FEBRUARY 14 2016......SUNRISE   641 AM MST   SUNSET   529 PM MST
FEBRUARY 15 2016......SUNRISE   640 AM MST   SUNSET   530 PM MST


-  INDICATES NEGATIVE NUMBERS.
R  INDICATES RECORD WAS SET OR TIED.
MM INDICATES DATA IS MISSING.
T  INDICATES TRACE AMOUNT.




$$
