000
CDUS45 KPUB 011127
CLISPD


CLIMATE REPORT
NATIONAL WEATHER SERVICE PUEBLO
427 AM MST SUN FEB 1 2015


...................................

...THE SPRINGFIELD CO CLIMATE SUMMARY FOR JANUARY 31 2015...

CLIMATE NORMAL PERIOD 1981 TO 2010
CLIMATE RECORD PERIOD 9999 TO 9999


WEATHER ITEM   OBSERVED TIME   NORMAL DEPARTURE LAST
                VALUE   (LST)  VALUE  FROM      YEAR
                                      NORMAL
......................................................
TEMPERATURE (F)
 YESTERDAY
  MAXIMUM         47    232 PM  48     -1       30
  MINIMUM         32   1159 PM  19     13       14
  AVERAGE         40                            22

PRECIPITATION (IN)
  YESTERDAY        0.25          0.02   0.23     0.00
  MONTH TO DATE    1.04          0.37   0.67     0.20
  SINCE DEC 1      1.81          0.88   0.93     0.20
  SINCE JAN 1      1.04          0.37   0.67     0.20

DEGREE DAYS
 HEATING
  YESTERDAY       25            32     -7       43
  MONTH TO DATE  942          1019    -77      996
  SINCE DEC 1   1923          2030   -107     2008
  SINCE JUL 1   3055          3176   -121     3120

 COOLING
  YESTERDAY        0             0      0        0
  MONTH TO DATE    0             0      0        0
  SINCE DEC 1      0             0      0        0
  SINCE JAN 1      0             0      0        0
......................................................


WIND (MPH)
  HIGHEST WIND SPEED    26   HIGHEST WIND DIRECTION     S (190)
  HIGHEST GUST SPEED    34   HIGHEST GUST DIRECTION     S (190)
  AVERAGE WIND SPEED    10.4


SKY COVER
  POSSIBLE SUNSHINE  MM



RELATIVE HUMIDITY (PERCENT)
 HIGHEST   100           800 PM
 LOWEST     65           300 PM
 AVERAGE    83

..........................................................


THE SPRINGFIELD CO CLIMATE NORMALS FOR TODAY
                         NORMAL    RECORD    YEAR
 MAXIMUM TEMPERATURE (F)   48        MM        MM
 MINIMUM TEMPERATURE (F)   19        MM        MM


SUNRISE AND SUNSET
FEBRUARY  1 2015......SUNRISE   654 AM MST   SUNSET   515 PM MST
FEBRUARY  2 2015......SUNRISE   653 AM MST   SUNSET   516 PM MST


-  INDICATES NEGATIVE NUMBERS.
R  INDICATES RECORD WAS SET OR TIED.
MM INDICATES DATA IS MISSING.
T  INDICATES TRACE AMOUNT.




$$
