000
CDUS45 KPUB 191056
CLISPD


CLIMATE REPORT
NATIONAL WEATHER SERVICE PUEBLO
456 AM MDT SUN OCT 19 2014


...................................

...THE SPRINGFIELD CO CLIMATE SUMMARY FOR OCTOBER 18 2014...

CLIMATE NORMAL PERIOD 1981 TO 2010
CLIMATE RECORD PERIOD 9999 TO 9999


WEATHER ITEM   OBSERVED TIME   NORMAL DEPARTURE LAST
                VALUE   (LST)  VALUE  FROM      YEAR
                                      NORMAL
......................................................
TEMPERATURE (F)
 YESTERDAY
  MAXIMUM         62   1242 PM  68     -6       46
  MINIMUM         42    358 AM  38      4       22
  AVERAGE         52                            34

PRECIPITATION (IN)
  YESTERDAY        0.00          0.04  -0.04     0.02
  MONTH TO DATE    1.06          0.85   0.21     0.13
  SINCE SEP 1      2.31          2.18   0.13     3.63
  SINCE JAN 1     12.95         15.92  -2.97    13.37

DEGREE DAYS
 HEATING
  YESTERDAY       13            12      1       31
  MONTH TO DATE  169           165      4      196
  SINCE SEP 1    232           248    -16      223
  SINCE JUL 1    238           255    -17      224

 COOLING
  YESTERDAY        0             0      0        0
  MONTH TO DATE    0             9     -9        2
  SINCE SEP 1    125           125      0      194
  SINCE JAN 1   1040          1026     14     1358
......................................................


WIND (MPH)
  HIGHEST WIND SPEED    26   HIGHEST WIND DIRECTION     S (180)
  HIGHEST GUST SPEED    31   HIGHEST GUST DIRECTION     S (180)
  AVERAGE WIND SPEED    13.6


SKY COVER
  POSSIBLE SUNSHINE  MM



RELATIVE HUMIDITY (PERCENT)
 HIGHEST    93           800 PM
 LOWEST     49          1200 PM
 AVERAGE    71

..........................................................


THE SPRINGFIELD CO CLIMATE NORMALS FOR TODAY
                         NORMAL    RECORD    YEAR
 MAXIMUM TEMPERATURE (F)   68        MM        MM
 MINIMUM TEMPERATURE (F)   37        MM        MM


SUNRISE AND SUNSET
OCTOBER 19 2014.......SUNRISE   702 AM MDT   SUNSET   608 PM MDT
OCTOBER 20 2014.......SUNRISE   703 AM MDT   SUNSET   607 PM MDT


-  INDICATES NEGATIVE NUMBERS.
R  INDICATES RECORD WAS SET OR TIED.
MM INDICATES DATA IS MISSING.
T  INDICATES TRACE AMOUNT.




$$
