000
CDUS43 KILX 290639
CLISPI


CLIMATE REPORT
NATIONAL WEATHER SERVICE LINCOLN IL
138 AM CDT FRI MAY 29 2015


...................................

...THE SPRINGFIELD IL CLIMATE SUMMARY FOR MAY 28 2015...

CLIMATE NORMAL PERIOD 1981 TO 2010
CLIMATE RECORD PERIOD 1879 TO 2015


WEATHER ITEM   OBSERVED TIME   RECORD YEAR NORMAL DEPARTURE LAST
                VALUE   (LST)  VALUE       VALUE  FROM      YEAR
                                                  NORMAL
..................................................................
TEMPERATURE (F)
 YESTERDAY
  MAXIMUM         86    329 PM  94    2006  78      8       83
  MINIMUM         57    402 AM  40    1992  57      0       68
  AVERAGE         72                        67      5       76

PRECIPITATION (IN)
  YESTERDAY        0.48          1.24 1955   0.14   0.34     0.60
  MONTH TO DATE    4.15                      3.81   0.34     2.75
  SINCE MAR 1      7.83                      9.95  -2.12     8.85
  SINCE JAN 1     11.11                     13.58  -2.47    14.28

SNOWFALL (IN)
  YESTERDAY        0.0           0.0    MM   0.0    0.0      0.0
  MONTH TO DATE    0.0                       0.0    0.0      0.0
  SINCE MAR 1      3.7                       2.8    0.9      3.4
  SINCE JUL 1     33.9                      20.9   13.0     45.7
  SNOW DEPTH       0

DEGREE DAYS
 HEATING
  YESTERDAY        0                         2     -2        0
  MONTH TO DATE   70                       120    -50      115
  SINCE MAR 1   1085                      1194   -109     1259
  SINCE JUL 1   5654                      5465    189     6206

 COOLING
  YESTERDAY        7                         4      3       11
  MONTH TO DATE  144                        70     74      132
  SINCE MAR 1    154                        90     64      142
  SINCE JAN 1    154                        90     64      142
..................................................................


WIND (MPH)
  HIGHEST WIND SPEED    35   HIGHEST WIND DIRECTION     S (190)
  HIGHEST GUST SPEED    46   HIGHEST GUST DIRECTION     S (200)
  AVERAGE WIND SPEED     6.0


SKY COVER
  POSSIBLE SUNSHINE  MM
  AVERAGE SKY COVER 0.1


WEATHER CONDITIONS
 THE FOLLOWING WEATHER WAS RECORDED YESTERDAY.
  THUNDERSTORM
  HEAVY RAIN
  LIGHT RAIN
  FOG


RELATIVE HUMIDITY (PERCENT)
 HIGHEST    93           300 AM
 LOWEST     40           100 PM
 AVERAGE    67

..........................................................


THE SPRINGFIELD IL CLIMATE NORMALS FOR TODAY
                         NORMAL    RECORD    YEAR
 MAXIMUM TEMPERATURE (F)   79        95      1934
 MINIMUM TEMPERATURE (F)   57        39      1965


SUNRISE AND SUNSET
MAY 29 2015...........SUNRISE   534 AM CDT   SUNSET   819 PM CDT
MAY 30 2015...........SUNRISE   533 AM CDT   SUNSET   819 PM CDT


-  INDICATES NEGATIVE NUMBERS.
R  INDICATES RECORD WAS SET OR TIED.
MM INDICATES DATA IS MISSING.
T  INDICATES TRACE AMOUNT.




$$
