000
CDUS43 KILX 200650
CLISPI


CLIMATE REPORT
NATIONAL WEATHER SERVICE LINCOLN IL
1241 AM CST SAT DEC 20 2014


...................................

...THE SPRINGFIELD IL CLIMATE SUMMARY FOR DECEMBER 19 2014...

CLIMATE NORMAL PERIOD 1981 TO 2010
CLIMATE RECORD PERIOD 1879 TO 2014


WEATHER ITEM   OBSERVED TIME   RECORD YEAR NORMAL DEPARTURE LAST
                VALUE   (LST)  VALUE       VALUE  FROM      YEAR
                                                  NORMAL
..................................................................
TEMPERATURE (F)
 YESTERDAY
  MAXIMUM         37    113 PM  60    1997  37      0       49
                                      1957
  MINIMUM         23    737 AM -15    1981  21      2       39
  AVERAGE         30                        29      1       44

PRECIPITATION (IN)
  YESTERDAY        0.00          3.67 1895   0.07  -0.07     0.00
  MONTH TO DATE    1.11                      1.65  -0.54     0.91
  SINCE DEC 1      1.11                      1.65  -0.54     0.91
  SINCE JAN 1     44.60                     36.56   8.04    37.66

SNOWFALL (IN)
  YESTERDAY        0.0          10.9  1973   0.2   -0.2      0.0
  MONTH TO DATE    0.5                       3.0   -2.5      8.2
  SINCE DEC 1      0.5                       3.0   -2.5      8.2
  SINCE JUL 1      4.2                       3.6    0.6      8.9
  SNOW DEPTH       0

DEGREE DAYS
 HEATING
  YESTERDAY       35                        36     -1       21
  MONTH TO DATE  585                       629    -44      716
  SINCE DEC 1    585                       629    -44      716
  SINCE JUL 1   1821                      1697    124     1898

 COOLING
  YESTERDAY        0                         0      0        0
  MONTH TO DATE    0                         0      0        0
  SINCE DEC 1      0                         0      0        0
  SINCE JAN 1   1162                      1122     40     1145
..................................................................


WIND (MPH)
  HIGHEST WIND SPEED     7   HIGHEST WIND DIRECTION     E (80)
  HIGHEST GUST SPEED     9   HIGHEST GUST DIRECTION     E (70)
  AVERAGE WIND SPEED     3.2


SKY COVER
  POSSIBLE SUNSHINE  MM
  AVERAGE SKY COVER 0.8


WEATHER CONDITIONS
 THE FOLLOWING WEATHER WAS RECORDED YESTERDAY.
  NO SIGNIFICANT WEATHER WAS OBSERVED.


RELATIVE HUMIDITY (PERCENT)
 HIGHEST    88           600 AM
 LOWEST     56          1200 PM
 AVERAGE    72

..........................................................


THE SPRINGFIELD IL CLIMATE NORMALS FOR TODAY
                         NORMAL    RECORD    YEAR
 MAXIMUM TEMPERATURE (F)   37        64      1949
 MINIMUM TEMPERATURE (F)   21       -14      1989


SUNRISE AND SUNSET
DECEMBER 20 2014......SUNRISE   716 AM CST   SUNSET   437 PM CST
DECEMBER 21 2014......SUNRISE   717 AM CST   SUNSET   437 PM CST


-  INDICATES NEGATIVE NUMBERS.
R  INDICATES RECORD WAS SET OR TIED.
MM INDICATES DATA IS MISSING.
T  INDICATES TRACE AMOUNT.




$$
