000
CDUS43 KILX 282129
CLISPI


CLIMATE REPORT
NATIONAL WEATHER SERVICE LINCOLN IL
429 PM CDT MON JUL 28 2014


...................................

...THE SPRINGFIELD IL CLIMATE SUMMARY FOR JULY 28 2014...
VALID TODAY AS OF 0400 PM LOCAL TIME.

CLIMATE NORMAL PERIOD 1981 TO 2010
CLIMATE RECORD PERIOD 1879 TO 2014


WEATHER ITEM   OBSERVED TIME   RECORD YEAR NORMAL DEPARTURE LAST
                VALUE   (LST)  VALUE       VALUE  FROM      YEAR
                                                  NORMAL
..................................................................
TEMPERATURE (F)
 TODAY
  MAXIMUM         75    244 PM 104    1930  86    -11       75
  MINIMUM         63    516 AM  48    2013  65     -2       48
  AVERAGE         69                        75     -6       62

PRECIPITATION (IN)
  TODAY            0.00          2.33 1907   0.12  -0.12     0.00
  MONTH TO DATE    2.53                      3.60  -1.07     2.40
  SINCE JUN 1     11.40                      8.06   3.34     4.45
  SINCE JAN 1     25.69                     22.07   3.62    29.47

SNOWFALL (IN)
  TODAY            0.0           0.0    MM   0.0    0.0      0.0
  MONTH TO DATE    0.0                       0.0    0.0      0.0
  SINCE JUN 1      0.0                       0.0    0.0      0.0
  SINCE JUL 1      0.0                       0.0    0.0      0.0
  SNOW DEPTH       0

DEGREE DAYS
 HEATING
  TODAY            0                         0      0        3
  MONTH TO DATE    3                         0      3        6
  SINCE JUN 1      3                        15    -12       18
  SINCE JUL 1      3                         0      3        6

 COOLING
  TODAY            4                        10     -6        0
  MONTH TO DATE  204                       306   -102      281
  SINCE JUN 1    510                       546    -36      539
  SINCE JAN 1    686                       650     36      665
..................................................................


WIND (MPH)
  HIGHEST WIND SPEED    17   HIGHEST WIND DIRECTION    NW (320)
  HIGHEST GUST SPEED    23   HIGHEST GUST DIRECTION    NW (330)
  AVERAGE WIND SPEED    10.2


SKY COVER
  POSSIBLE SUNSHINE  MM
  AVERAGE SKY COVER 0.3


WEATHER CONDITIONS
 THE FOLLOWING WEATHER WAS RECORDED TODAY.
  NO SIGNIFICANT WEATHER WAS OBSERVED.


RELATIVE HUMIDITY (PERCENT)
 HIGHEST    93           500 AM
 LOWEST     53          1200 PM
 AVERAGE    73

..........................................................


THE SPRINGFIELD IL CLIMATE NORMALS FOR TOMORROW
                         NORMAL    RECORD    YEAR
 MAXIMUM TEMPERATURE (F)   86       103      1913
 MINIMUM TEMPERATURE (F)   65        50      2013


SUNRISE AND SUNSET
JULY 28 2014..........SUNRISE   554 AM CDT   SUNSET   816 PM CDT
JULY 29 2014..........SUNRISE   555 AM CDT   SUNSET   815 PM CDT


-  INDICATES NEGATIVE NUMBERS.
R  INDICATES RECORD WAS SET OR TIED.
MM INDICATES DATA IS MISSING.
T  INDICATES TRACE AMOUNT.




$$
