000
CDUS43 KILX 210647
CLISPI


CLIMATE REPORT
NATIONAL WEATHER SERVICE LINCOLN IL
1247 AM CST SUN JAN 21 2018


...................................

...THE SPRINGFIELD IL CLIMATE SUMMARY FOR JANUARY 20 2018...

CLIMATE NORMAL PERIOD 1981 TO 2010
CLIMATE RECORD PERIOD 1879 TO 2018


WEATHER ITEM   OBSERVED TIME   RECORD YEAR NORMAL DEPARTURE LAST
                VALUE   (LST)  VALUE       VALUE  FROM      YEAR
                                                  NORMAL
..................................................................
TEMPERATURE (F)
 YESTERDAY
  MAXIMUM         50    257 PM  71    1906  35     15       54
  MINIMUM         34    736 AM -21    1985  18     16       43
  AVERAGE         42                        26     16       49

PRECIPITATION (IN)
  YESTERDAY        0.00          1.55 1898   0.05  -0.05     0.07
  MONTH TO DATE    0.22                      1.22  -1.00     1.02
  SINCE DEC 1      0.59                      3.74  -3.15     1.93
  SINCE JAN 1      0.22                      1.22  -1.00     1.02

SNOWFALL (IN)
  YESTERDAY        0.0           5.6  1922   0.2   -0.2      0.0
  MONTH TO DATE    1.6                       4.1   -2.5      0.9
  SINCE DEC 1      5.7                       9.7   -4.0      3.6
  SINCE JUL 1      5.7                      10.3   -4.6      3.6
  SNOW DEPTH       0

DEGREE DAYS
 HEATING
  YESTERDAY       23                        38    -15       16
  MONTH TO DATE  906                       767    139      662
  SINCE DEC 1   1965                      1839    126     1710
  SINCE JUL 1   2830                      2907    -77     2361

 COOLING
  YESTERDAY        0                         0      0        0
  MONTH TO DATE    0                         0      0        0
  SINCE DEC 1      0                         0      0        0
  SINCE JAN 1      0                         0      0        0
..................................................................


WIND (MPH)
  HIGHEST WIND SPEED    16   HIGHEST WIND DIRECTION     S (200)
  HIGHEST GUST SPEED    21   HIGHEST GUST DIRECTION     S (190)
  AVERAGE WIND SPEED    10.0


SKY COVER
  POSSIBLE SUNSHINE  MM
  AVERAGE SKY COVER 0.5


WEATHER CONDITIONS
 THE FOLLOWING WEATHER WAS RECORDED YESTERDAY.
  NO SIGNIFICANT WEATHER WAS OBSERVED.


RELATIVE HUMIDITY (PERCENT)
 HIGHEST    92          1000 PM
 LOWEST     64          1200 AM
 AVERAGE    78

..........................................................


THE SPRINGFIELD IL CLIMATE NORMALS FOR TODAY
                         NORMAL    RECORD    YEAR
 MAXIMUM TEMPERATURE (F)   35        65      2017
 MINIMUM TEMPERATURE (F)   18       -15      1984


SUNRISE AND SUNSET
JANUARY 21 2018.......SUNRISE   715 AM CST   SUNSET   505 PM CST
JANUARY 22 2018.......SUNRISE   715 AM CST   SUNSET   506 PM CST


-  INDICATES NEGATIVE NUMBERS.
R  INDICATES RECORD WAS SET OR TIED.
MM INDICATES DATA IS MISSING.
T  INDICATES TRACE AMOUNT.




$$
