000
CDUS43 KILX 232130
CLISPI


CLIMATE REPORT
NATIONAL WEATHER SERVICE LINCOLN IL
430 PM CDT TUE MAY 23 2017


...................................

...THE SPRINGFIELD IL CLIMATE SUMMARY FOR MAY 23 2017...
VALID TODAY AS OF 0400 PM LOCAL TIME.

CLIMATE NORMAL PERIOD 1981 TO 2010
CLIMATE RECORD PERIOD 1879 TO 2017


WEATHER ITEM   OBSERVED TIME   RECORD YEAR NORMAL DEPARTURE LAST
                VALUE   (LST)  VALUE       VALUE  FROM      YEAR
                                                  NORMAL
..................................................................
TEMPERATURE (F)
 TODAY
  MAXIMUM         64    259 PM  92    1964  77    -13       87
                                      1921
  MINIMUM         58    544 AM  36    1963  55      3       54
                                      1961
  AVERAGE         61                        66     -5       71

PRECIPITATION (IN)
  TODAY            0.07          1.97 1968   0.13  -0.06     0.00
  MONTH TO DATE    3.89                      3.10   0.79     1.92
  SINCE MAR 1     15.07                      9.24   5.83    10.28
  SINCE JAN 1     16.54                     12.87   3.67    12.61

SNOWFALL (IN)
  TODAY            0.0           0.0    MM   0.0    0.0      0.0
  MONTH TO DATE    0.0                       0.0    0.0      0.0
  SINCE MAR 1      4.6                       2.8    1.8      0.1
  SINCE JUL 1     10.3                      20.9  -10.6     15.7
  SNOW DEPTH       0

DEGREE DAYS
 HEATING
  TODAY            4                         3      1        0
  MONTH TO DATE  104                       109     -5      119
  SINCE MAR 1    903                      1183   -280      891
  SINCE JUL 1   4158                      5454  -1296     4317

 COOLING
  TODAY            0                         4     -4        6
  MONTH TO DATE   73                        50     23       25
  SINCE MAR 1    110                        70     40       45
  SINCE JAN 1    110                        70     40       45
..................................................................


WIND (MPH)
  HIGHEST WIND SPEED     8   HIGHEST WIND DIRECTION     N (360)
  HIGHEST GUST SPEED    10   HIGHEST GUST DIRECTION     N (10)
  AVERAGE WIND SPEED     3.8


SKY COVER
  POSSIBLE SUNSHINE  MM
  AVERAGE SKY COVER 0.9


WEATHER CONDITIONS
 THE FOLLOWING WEATHER WAS RECORDED TODAY.
  RAIN
  LIGHT RAIN
  FOG


RELATIVE HUMIDITY (PERCENT)
 HIGHEST   100           100 AM
 LOWEST     84           800 AM
 AVERAGE    92

..........................................................


THE SPRINGFIELD IL CLIMATE NORMALS FOR TOMORROW
                         NORMAL    RECORD    YEAR
 MAXIMUM TEMPERATURE (F)   77        94      1939
 MINIMUM TEMPERATURE (F)   55        37      1925


SUNRISE AND SUNSET
MAY 23 2017...........SUNRISE   537 AM CDT   SUNSET   814 PM CDT
MAY 24 2017...........SUNRISE   537 AM CDT   SUNSET   815 PM CDT


-  INDICATES NEGATIVE NUMBERS.
R  INDICATES RECORD WAS SET OR TIED.
MM INDICATES DATA IS MISSING.
T  INDICATES TRACE AMOUNT.




$$
