000
CDUS43 KILX 020642
CLISPI


CLIMATE REPORT
NATIONAL WEATHER SERVICE LINCOLN IL
141 AM CDT MON MAY 2 2016


...................................

...THE SPRINGFIELD IL CLIMATE SUMMARY FOR MAY 1 2016...

CLIMATE NORMAL PERIOD 1981 TO 2010
CLIMATE RECORD PERIOD 1879 TO 2016


WEATHER ITEM   OBSERVED TIME   RECORD YEAR NORMAL DEPARTURE LAST
                VALUE   (LST)  VALUE       VALUE  FROM      YEAR
                                                  NORMAL
..................................................................
TEMPERATURE (F)
 YESTERDAY
  MAXIMUM         64    233 PM  88    1952  70     -6       72
  MINIMUM         53   1159 PM  32    2015  48      5       32
                                      1963
                                      1907
  AVERAGE         59                        59      0       52

PRECIPITATION (IN)
  YESTERDAY        0.02          1.54 1983   0.13  -0.11     0.00
  MONTH TO DATE    0.02                      0.13  -0.11     0.00
  SINCE MAR 1      8.38                      6.27   2.11     3.68
  SINCE JAN 1     10.71                      9.90   0.81     6.96

SNOWFALL (IN)
  YESTERDAY        0.0           0.2  1940   0.0    0.0      0.0
  MONTH TO DATE    0.0                       0.0    0.0      0.0
  SINCE MAR 1      0.1                       2.8   -2.7      3.7
  SINCE JUL 1     15.7                      20.9   -5.2     33.9
  SNOW DEPTH       0

DEGREE DAYS
 HEATING
  YESTERDAY        6                         7     -1       13
  MONTH TO DATE    6                         7     -1       13
  SINCE MAR 1    778                      1081   -303     1028
  SINCE JUL 1   4204                      5352  -1148     5597

 COOLING
  YESTERDAY        0                         1     -1        0
  MONTH TO DATE    0                         1     -1        0
  SINCE MAR 1     20                        21     -1       10
  SINCE JAN 1     20                        21     -1       10
..................................................................


WIND (MPH)
  HIGHEST WIND SPEED    13   HIGHEST WIND DIRECTION    NW (320)
  HIGHEST GUST SPEED    17   HIGHEST GUST DIRECTION     W (290)
  AVERAGE WIND SPEED     7.0


SKY COVER
  POSSIBLE SUNSHINE  MM
  AVERAGE SKY COVER 1.0


WEATHER CONDITIONS
 THE FOLLOWING WEATHER WAS RECORDED YESTERDAY.
  LIGHT RAIN
  FOG
  FOG W/VISIBILITY <= 1/4 MILE
  HAZE


RELATIVE HUMIDITY (PERCENT)
 HIGHEST   100           100 AM
 LOWEST     78          1200 PM
 AVERAGE    89

..........................................................


THE SPRINGFIELD IL CLIMATE NORMALS FOR TODAY
                         NORMAL    RECORD    YEAR
 MAXIMUM TEMPERATURE (F)   71        89      1959
 MINIMUM TEMPERATURE (F)   48        32      2005
                                             1966
                                             1929


SUNRISE AND SUNSET
MAY  2 2016...........SUNRISE   557 AM CDT   SUNSET   755 PM CDT
MAY  3 2016...........SUNRISE   556 AM CDT   SUNSET   756 PM CDT


-  INDICATES NEGATIVE NUMBERS.
R  INDICATES RECORD WAS SET OR TIED.
MM INDICATES DATA IS MISSING.
T  INDICATES TRACE AMOUNT.




$$
