000
CDUS43 KILX 312202
CLISPI


CLIMATE REPORT
NATIONAL WEATHER SERVICE LINCOLN IL
502 PM CDT TUE MAY 31 2016


...................................

...THE SPRINGFIELD IL CLIMATE SUMMARY FOR MAY 31 2016...
VALID TODAY AS OF 0400 PM LOCAL TIME.

CLIMATE NORMAL PERIOD 1981 TO 2010
CLIMATE RECORD PERIOD 1879 TO 2016


WEATHER ITEM   OBSERVED TIME   RECORD YEAR NORMAL DEPARTURE LAST
                VALUE   (LST)  VALUE       VALUE  FROM      YEAR
                                                  NORMAL
..................................................................
TEMPERATURE (F)
 TODAY
  MAXIMUM         80   1256 PM 101    1934  79      1       60
  MINIMUM         64    432 AM  39    1889  57      7       50
  AVERAGE         72                        68      4       55

PRECIPITATION (IN)
  TODAY            0.50          1.86 1899   0.14   0.36     0.00
  MONTH TO DATE    2.90                      4.24  -1.34     5.95
  SINCE MAR 1     11.26                     10.38   0.88     9.63
  SINCE JAN 1     13.59                     14.01  -0.42    12.91

SNOWFALL (IN)
  TODAY            0.0           0.0    MM   0.0    0.0      0.0
  MONTH TO DATE    0.0                       0.0    0.0      0.0
  SINCE MAR 1      0.1                       2.8   -2.7      3.7
  SINCE JUL 1     15.7                      20.9   -5.2     33.9
  SNOW DEPTH       0

DEGREE DAYS
 HEATING
  TODAY            0                         2     -2       10
  MONTH TO DATE  119                       126     -7       82
  SINCE MAR 1    891                      1199   -308     1097
  SINCE JUL 1   4317                      5470  -1153     5666

 COOLING
  TODAY            7                         5      2        0
  MONTH TO DATE  103                        84     19      156
  SINCE MAR 1    123                       104     19      166
  SINCE JAN 1    123                       104     19      166
..................................................................


WIND (MPH)
  HIGHEST WIND SPEED    20   HIGHEST WIND DIRECTION    SW (240)
  HIGHEST GUST SPEED    26   HIGHEST GUST DIRECTION     W (250)
  AVERAGE WIND SPEED     2.7


SKY COVER
  POSSIBLE SUNSHINE  MM
  AVERAGE SKY COVER 0.3


WEATHER CONDITIONS
 THE FOLLOWING WEATHER WAS RECORDED TODAY.
  THUNDERSTORM
  HEAVY RAIN
  RAIN
  LIGHT RAIN
  FOG


RELATIVE HUMIDITY (PERCENT)
 HIGHEST    87           400 AM
 LOWEST     58           100 PM
 AVERAGE    73

..........................................................


THE SPRINGFIELD IL CLIMATE NORMALS FOR TOMORROW
                         NORMAL    RECORD    YEAR
 MAXIMUM TEMPERATURE (F)   79       104      1934
 MINIMUM TEMPERATURE (F)   58        39      2003


SUNRISE AND SUNSET
MAY 31 2016...........SUNRISE   533 AM CDT   SUNSET   821 PM CDT
JUNE  1 2016..........SUNRISE   532 AM CDT   SUNSET   821 PM CDT


-  INDICATES NEGATIVE NUMBERS.
R  INDICATES RECORD WAS SET OR TIED.
MM INDICATES DATA IS MISSING.
T  INDICATES TRACE AMOUNT.




$$
