000
CDUS44 KOUN 282219
CLISPS

CLIMATE REPORT
NATIONAL WEATHER SERVICE NORMAN OK
516 PM CDT THU JUL 28 2016


...................................

...THE WICHITA FALLS CLIMATE SUMMARY FOR JULY 28 2016...
VALID TODAY AS OF 0500 PM LOCAL TIME.

CLIMATE NORMAL PERIOD 1981 TO 2010
CLIMATE RECORD PERIOD 1897 TO 2016


WEATHER ITEM   OBSERVED TIME   RECORD YEAR NORMAL DEPARTURE LAST
                VALUE   (LST)  VALUE       VALUE  FROM      YEAR
                                                  NORMAL
..................................................................
TEMPERATURE (F)
 TODAY
  MAXIMUM         98    356 PM 110    2008  98      0       99
  MINIMUM         71    608 AM  60    1994  73     -2       75
  AVERAGE         85                        85      0       87

PRECIPITATION (IN)
  TODAY            0.00          1.87 2004   0.05  -0.05     0.00
  MONTH TO DATE    1.82                      1.44   0.38     2.75
  SINCE JAN 1     21.60                     17.08   4.52    32.05

DEGREE DAYS
 COOLING
  TODAY           20                        20      0       22
  MONTH TO DATE  579                       540     39      539
  SINCE JAN 1   1296                      1295      1     1231
..................................................................


WIND (MPH)
  HIGHEST WIND SPEED    13   HIGHEST WIND DIRECTION    SE (140)
  HIGHEST GUST SPEED    16   HIGHEST GUST DIRECTION    SE (140)
  AVERAGE WIND SPEED     5.5


SKY COVER
  AVERAGE SKY COVER 0.2


WEATHER CONDITIONS
 THE FOLLOWING WEATHER WAS RECORDED TODAY.
  FOG


RELATIVE HUMIDITY (PERCENT)
 HIGHEST    93           300 AM
 LOWEST     42           300 PM
 AVERAGE    68

..........................................................


THE WICHITA FALLS CLIMATE NORMALS FOR TOMORROW
                         NORMAL    RECORD    YEAR
 MAXIMUM TEMPERATURE (F)   98       108      1986
                                             1980
 MINIMUM TEMPERATURE (F)   73        63      1969


SUNRISE AND SUNSET
JULY 28 2016..........SUNRISE   643 AM CDT   SUNSET   837 PM CDT
JULY 29 2016..........SUNRISE   644 AM CDT   SUNSET   837 PM CDT


-  INDICATES NEGATIVE NUMBERS.
R  INDICATES RECORD WAS SET OR TIED.
MM INDICATES DATA IS MISSING.
T  INDICATES TRACE AMOUNT.




$$
