000
CDUS44 KOUN 230632 RRA
CLISPS

CLIMATE REPORT
NATIONAL WEATHER SERVICE NORMAN OK
130 AM CDT WED AUG 23 2017


...................................

...THE WICHITA FALLS CLIMATE SUMMARY FOR AUGUST 22 2017...

CLIMATE NORMAL PERIOD 1981 TO 2010
CLIMATE RECORD PERIOD 1897 TO 2017


WEATHER ITEM   OBSERVED TIME   RECORD YEAR NORMAL DEPARTURE LAST
                VALUE   (LST)  VALUE       VALUE  FROM      YEAR
                                                  NORMAL
..................................................................
TEMPERATURE (F)
 YESTERDAY
  MAXIMUM         94   1236 PM 108    1980  96     -2       90
  MINIMUM         70    601 AM  60    1949  71     -1       61
  AVERAGE         82                        84     -2       76

PRECIPITATION (IN)
  YESTERDAY        0.02          2.25 1950   0.08  -0.06      T
  MONTH TO DATE    3.76                      1.69   2.07     0.74
  SINCE JUN 1      9.36                      7.43   1.93     5.85
  SINCE JAN 1     19.68                     18.92   0.76    22.34

SNOWFALL (IN)
  YESTERDAY        0.0

DEGREE DAYS
 HEATING
  YESTERDAY        0                         0      0        0
  MONTH TO DATE    0                         0      0        0
  SINCE JUN 1      0                         1     -1        0
  SINCE JUL 1      0                         0      0        0

 COOLING
  YESTERDAY       17                        18     -1       11
  MONTH TO DATE  373                       432    -59      407
  SINCE JUN 1   1389                      1469    -80     1516
  SINCE JAN 1   1738                      1788    -50     1769
..................................................................


WIND (MPH)
  HIGHEST WIND SPEED    26   HIGHEST WIND DIRECTION     W (280)
  HIGHEST GUST SPEED    32   HIGHEST GUST DIRECTION     W (280)
  AVERAGE WIND SPEED     9.2


SKY COVER
  AVERAGE SKY COVER 0.4


WEATHER CONDITIONS
 THE FOLLOWING WEATHER WAS RECORDED YESTERDAY.
  THUNDERSTORM
  LIGHT RAIN


RELATIVE HUMIDITY (PERCENT)
 HIGHEST    93          1100 PM
 LOWEST     44           100 PM
 AVERAGE    69

..........................................................


THE WICHITA FALLS CLIMATE NORMALS FOR TODAY
                         NORMAL    RECORD    YEAR
 MAXIMUM TEMPERATURE (F)   96       108      2011
 MINIMUM TEMPERATURE (F)   71        59      1961


SUNRISE AND SUNSET
AUGUST 23 2017........SUNRISE   701 AM CDT   SUNSET   811 PM CDT
AUGUST 24 2017........SUNRISE   702 AM CDT   SUNSET   810 PM CDT


-  INDICATES NEGATIVE NUMBERS.
R  INDICATES RECORD WAS SET OR TIED.
MM INDICATES DATA IS MISSING.
T  INDICATES TRACE AMOUNT.




$$
