653
CDUS44 KOUN 272314 RRA
CLISPS

CLIMATE REPORT
NATIONAL WEATHER SERVICE NORMAN OK
513 PM CST MON FEB 27 2017


...................................

...THE WICHITA FALLS CLIMATE SUMMARY FOR FEBRUARY 27 2017...
VALID TODAY AS OF 0500 PM LOCAL TIME.

CLIMATE NORMAL PERIOD 1981 TO 2010
CLIMATE RECORD PERIOD 1897 TO 2017


WEATHER ITEM   OBSERVED TIME   RECORD YEAR NORMAL DEPARTURE LAST
                VALUE   (LST)  VALUE       VALUE  FROM      YEAR
                                                  NORMAL
..................................................................
TEMPERATURE (F)
 TODAY
  MAXIMUM         80    432 PM  91    2011  61     19       73
  MINIMUM         42    123 AM  15    2002  37      5       39
  AVERAGE         61                        49     12       56

PRECIPITATION (IN)
  TODAY            0.00          1.30 1990   0.08  -0.08     0.00
  MONTH TO DATE    2.10                      1.67   0.43     1.27
  SINCE JAN 1      3.97                      2.81   1.16     1.70

SNOWFALL (IN)
  TODAY            0.0                       0.0    0.0      0.0
  MONTH TO DATE    0.0                       0.7   -0.7      0.0
  SINCE JUL 1      T                         3.4   -3.4      2.6
  SNOW DEPTH       0

DEGREE DAYS
 HEATING
  TODAY            4                        16    -12        9
  MONTH TO DATE  316                       521   -205      387
  SINCE JUL 1   1844                      2431   -587     1956
..................................................................


WIND (MPH)
  HIGHEST WIND SPEED    24   HIGHEST WIND DIRECTION     S (200)
  HIGHEST GUST SPEED    29   HIGHEST GUST DIRECTION     S (200)
  AVERAGE WIND SPEED     9.5


SKY COVER
  AVERAGE SKY COVER 0.6


WEATHER CONDITIONS
 THE FOLLOWING WEATHER WAS RECORDED TODAY.
  FOG


RELATIVE HUMIDITY (PERCENT)
 HIGHEST   100           600 AM
 LOWEST     33           400 PM
 AVERAGE    67

..........................................................


THE WICHITA FALLS CLIMATE NORMALS FOR TOMORROW
                         NORMAL    RECORD    YEAR
 MAXIMUM TEMPERATURE (F)   62        87      2006
 MINIMUM TEMPERATURE (F)   37        13      1962


SUNRISE AND SUNSET
FEBRUARY 27 2017......SUNRISE   705 AM CST   SUNSET   629 PM CST
FEBRUARY 28 2017......SUNRISE   703 AM CST   SUNSET   630 PM CST


-  INDICATES NEGATIVE NUMBERS.
R  INDICATES RECORD WAS SET OR TIED.
MM INDICATES DATA IS MISSING.
T  INDICATES TRACE AMOUNT.

$$
