000
CDUS44 KOUN 192327 RRA
CLISPS

CLIMATE REPORT
NATIONAL WEATHER SERVICE NORMAN OK
526 PM CST FRI DEC 19 2014


...................................

...THE WICHITA FALLS CLIMATE SUMMARY FOR DECEMBER 19 2014...
VALID TODAY AS OF 0500 PM LOCAL TIME.

CLIMATE NORMAL PERIOD 1981 TO 2010
CLIMATE RECORD PERIOD 1897 TO 2014


WEATHER ITEM   OBSERVED TIME   RECORD YEAR NORMAL DEPARTURE LAST
                VALUE   (LST)  VALUE       VALUE  FROM      YEAR
                                                  NORMAL
..................................................................
TEMPERATURE (F)
 TODAY
  MAXIMUM         46    409 PM  77    1962  54     -8       72
  MINIMUM         43    956 AM   4    1924  30     13       52
  AVERAGE         45                        42      3       62

PRECIPITATION (IN)
  TODAY            T             2.25 1991   0.05  -0.05     0.00
  MONTH TO DATE    0.80                      1.04  -0.24     0.39
  SINCE JAN 1     23.62                     28.34  -4.72    20.43

SNOWFALL (IN)
  TODAY            0.0                       0.0    0.0      0.0
  MONTH TO DATE    0.0                       0.5   -0.5      0.5
  SINCE JUL 1      0.3                       0.8   -0.5      0.7
  SNOW DEPTH       0

DEGREE DAYS
 HEATING
  TODAY           20                        23     -3        3
  MONTH TO DATE  304                       407   -103      482
  SINCE JUL 1    816                       914    -98     1040
..................................................................


WIND (MPH)
  HIGHEST WIND SPEED    12   HIGHEST WIND DIRECTION    NE (40)
  HIGHEST GUST SPEED    14   HIGHEST GUST DIRECTION    NE (60)
  AVERAGE WIND SPEED     7.8


SKY COVER
  AVERAGE SKY COVER 1.0


WEATHER CONDITIONS
 THE FOLLOWING WEATHER WAS RECORDED TODAY.
  LIGHT RAIN
  FOG


RELATIVE HUMIDITY (PERCENT)
 HIGHEST   100           600 AM
 LOWEST     76           400 PM
 AVERAGE    88

..........................................................


THE WICHITA FALLS CLIMATE NORMALS FOR TOMORROW
                         NORMAL    RECORD    YEAR
 MAXIMUM TEMPERATURE (F)   54        84      2010
 MINIMUM TEMPERATURE (F)   30         8      1924


SUNRISE AND SUNSET
DECEMBER 19 2014......SUNRISE   734 AM CST   SUNSET   528 PM CST
DECEMBER 20 2014......SUNRISE   735 AM CST   SUNSET   528 PM CST


-  INDICATES NEGATIVE NUMBERS.
R  INDICATES RECORD WAS SET OR TIED.
MM INDICATES DATA IS MISSING.
T  INDICATES TRACE AMOUNT.

$$
