000
CDUS44 KOUN 200639 RRA
CLISPS

CLIMATE REPORT
NATIONAL WEATHER SERVICE NORMAN OK
131 AM CDT SAT SEP 20 2014


...................................

...THE WICHITA FALLS CLIMATE SUMMARY FOR SEPTEMBER 19 2014...

CLIMATE NORMAL PERIOD 1981 TO 2010
CLIMATE RECORD PERIOD 1897 TO 2014


WEATHER ITEM   OBSERVED TIME   RECORD YEAR NORMAL DEPARTURE LAST
                VALUE   (LST)  VALUE       VALUE  FROM      YEAR
                                                  NORMAL
..................................................................
TEMPERATURE (F)
 YESTERDAY
  MAXIMUM         87    308 PM 100    1980  87      0       87
                                      1960
  MINIMUM         67    613 AM  48    1981  62      5       73
  AVERAGE         77                        74      3       80

PRECIPITATION (IN)
  YESTERDAY        0.00          3.60 1904   0.09  -0.09     0.01
  MONTH TO DATE    1.47                      1.86  -0.39     0.01
  SINCE JAN 1     17.28                     21.59  -4.31    15.49

DEGREE DAYS
 HEATING
  YESTERDAY        0                         1     -1        0
  MONTH TO DATE    8                         1      7        0
  SINCE JUL 1      8                         1      7        0

 COOLING
  YESTERDAY       12                        10      2       15
  MONTH TO DATE  278                       247     31      367
  SINCE JAN 1   2272                      2192     80     2426
..................................................................


WIND (MPH)
  HIGHEST WIND SPEED    20   HIGHEST WIND DIRECTION    SE (150)
  HIGHEST GUST SPEED    22   HIGHEST GUST DIRECTION    SE (150)
  AVERAGE WIND SPEED     8.4


SKY COVER
  AVERAGE SKY COVER 0.2


WEATHER CONDITIONS
 THE FOLLOWING WEATHER WAS RECORDED YESTERDAY.
  FOG


RELATIVE HUMIDITY (PERCENT)
 HIGHEST   100           600 AM
 LOWEST     51           500 PM
 AVERAGE    76

..........................................................


THE WICHITA FALLS CLIMATE NORMALS FOR TODAY
                         NORMAL    RECORD    YEAR
 MAXIMUM TEMPERATURE (F)   86       103      1954
                                             1953
 MINIMUM TEMPERATURE (F)   62        45      1971


SUNRISE AND SUNSET
SEPTEMBER 20 2014.....SUNRISE   721 AM CDT   SUNSET   733 PM CDT
SEPTEMBER 21 2014.....SUNRISE   721 AM CDT   SUNSET   732 PM CDT


-  INDICATES NEGATIVE NUMBERS.
R  INDICATES RECORD WAS SET OR TIED.
MM INDICATES DATA IS MISSING.
T  INDICATES TRACE AMOUNT.




$$
