000
CDUS44 KOUN 270632 RRA
CLISPS

OUNCLISPS 000
TTAA00 KOUN 270631


CLIMATE REPORT
NATIONAL WEATHER SERVICE NORMAN OK
131 AM CDT TUE SEP 27 2016


...................................

...THE WICHITA FALLS CLIMATE SUMMARY FOR SEPTEMBER 26 2016...

CLIMATE NORMAL PERIOD 1981 TO 2010
CLIMATE RECORD PERIOD 1897 TO 2016


WEATHER ITEM   OBSERVED TIME   RECORD YEAR NORMAL DEPARTURE LAST
                VALUE   (LST)  VALUE       VALUE  FROM      YEAR
                                                  NORMAL
..................................................................
TEMPERATURE (F)
 YESTERDAY
  MAXIMUM         77    311 PM 105    1977  84     -7       85
                                      1953
  MINIMUM         57   1159 PM  43    1926  59     -2       65
  AVERAGE         67                        72     -5       75

PRECIPITATION (IN)
  YESTERDAY        0.00          1.92 1960   0.09  -0.09     0.14
  MONTH TO DATE    9.82                      2.50   7.32     1.60
  SINCE JAN 1     32.20                     22.23   9.97    35.18

DEGREE DAYS
 HEATING
  YESTERDAY        0                         1     -1        0
  MONTH TO DATE    0                         8     -8        0
  SINCE JUL 1      0                         8     -8        0

 COOLING
  YESTERDAY        2                         8     -6       10
  MONTH TO DATE  390                       308     82      417
  SINCE JAN 1   2326                      2253     73     2302
..................................................................


WIND (MPH)
  HIGHEST WIND SPEED    23   HIGHEST WIND DIRECTION     N (10)
  HIGHEST GUST SPEED    32   HIGHEST GUST DIRECTION    NE (40)
  AVERAGE WIND SPEED    11.9


SKY COVER
  AVERAGE SKY COVER 0.4


WEATHER CONDITIONS
 THE FOLLOWING WEATHER WAS RECORDED YESTERDAY.
  NO SIGNIFICANT WEATHER WAS OBSERVED.


RELATIVE HUMIDITY (PERCENT)
 HIGHEST    78           200 AM
 LOWEST     29           300 PM
 AVERAGE    54

..........................................................


THE WICHITA FALLS CLIMATE NORMALS FOR TODAY
                         NORMAL    RECORD    YEAR
 MAXIMUM TEMPERATURE (F)   84       103      1977
 MINIMUM TEMPERATURE (F)   59        38      1942


SUNRISE AND SUNSET
SEPTEMBER 27 2016.....SUNRISE   726 AM CDT   SUNSET   723 PM CDT
SEPTEMBER 28 2016.....SUNRISE   727 AM CDT   SUNSET   722 PM CDT


-  INDICATES NEGATIVE NUMBERS.
R  INDICATES RECORD WAS SET OR TIED.
MM INDICATES DATA IS MISSING.
T  INDICATES TRACE AMOUNT.




$$
