000
CDUS44 KOUN 171345 CCA
CLISPS

CLIMATE REPORT
NATIONAL WEATHER SERVICE NORMAN OK
744 AM CST SUN DEC 17 2017


...................................

...THE WICHITA FALLS CLIMATE SUMMARY FOR DECEMBER 16 2017...

CLIMATE NORMAL PERIOD 1981 TO 2010
CLIMATE RECORD PERIOD 1897 TO 2017


WEATHER ITEM   OBSERVED TIME   RECORD YEAR NORMAL DEPARTURE LAST
                VALUE   (LST)  VALUE       VALUE  FROM      YEAR
                                                  NORMAL
..................................................................
TEMPERATURE (F)
 YESTERDAY
  MAXIMUM         64   1249 PM  81    2016  54     10       81
  MINIMUM         30    750 AM  11    1989  30      0       41
  AVERAGE         47                        42      5       61

PRECIPITATION (IN)
  YESTERDAY        T             1.00 1898   0.05  -0.05      T
  MONTH TO DATE    T                         0.88  -0.88     0.82
  SINCE DEC 1      T                         0.88  -0.88     0.82
  SINCE JAN 1     24.62                     28.18  -3.56    37.16

SNOWFALL (IN)
  YESTERDAY        0.0

DEGREE DAYS
 HEATING
  YESTERDAY       18                        23     -5        4
  MONTH TO DATE  261                       338    -77      365
  SINCE DEC 1    261                       338    -77      365
  SINCE JUL 1    675                       845   -170      616

 COOLING
  YESTERDAY        0                         0      0        0
  MONTH TO DATE    1                         0      1        0
  SINCE DEC 1      1                         0      1        0
  SINCE JAN 1   2326                      2388    -62     2532
..................................................................


WIND (MPH)
  HIGHEST WIND SPEED    28   HIGHEST WIND DIRECTION     S (170)
  HIGHEST GUST SPEED    35   HIGHEST GUST DIRECTION     S (170)
  AVERAGE WIND SPEED    15.6


SKY COVER
  AVERAGE SKY COVER 0.3


WEATHER CONDITIONS
 THE FOLLOWING WEATHER WAS RECORDED YESTERDAY.
  LIGHT RAIN


RELATIVE HUMIDITY (PERCENT)
 HIGHEST    83           800 PM
 LOWEST     23           100 PM
 AVERAGE    53

..........................................................


THE WICHITA FALLS CLIMATE NORMALS FOR TODAY
                         NORMAL    RECORD    YEAR
 MAXIMUM TEMPERATURE (F)   54        79      2002
 MINIMUM TEMPERATURE (F)   30        14      2016
                                             1979
                                             1964


SUNRISE AND SUNSET
DECEMBER 17 2017......SUNRISE   733 AM CST   SUNSET   527 PM CST
DECEMBER 18 2017......SUNRISE   734 AM CST   SUNSET   528 PM CST


-  INDICATES NEGATIVE NUMBERS.
R  INDICATES RECORD WAS SET OR TIED.
MM INDICATES DATA IS MISSING.
T  INDICATES TRACE AMOUNT.




$$
