000
CDUS44 KOUN 302211
CLISPS

CLIMATE REPORT
NATIONAL WEATHER SERVICE NORMAN OK
508 PM CDT SUN APR 30 2017


...................................

...THE WICHITA FALLS CLIMATE SUMMARY FOR APRIL 30 2017...
VALID TODAY AS OF 0500 PM LOCAL TIME.

CLIMATE NORMAL PERIOD 1981 TO 2010
CLIMATE RECORD PERIOD 1897 TO 2017


WEATHER ITEM   OBSERVED TIME   RECORD YEAR NORMAL DEPARTURE LAST
                VALUE   (LST)  VALUE       VALUE  FROM      YEAR
                                                  NORMAL
..................................................................
TEMPERATURE (F)
 TODAY
  MAXIMUM         59    107 PM  98    1948  80    -21       75
  MINIMUM         41    611 AM  37    1984  54    -13       48
  AVERAGE         50                        67    -17       62

PRECIPITATION (IN)
  TODAY            T             1.64 1951   0.12  -0.12     0.00
  MONTH TO DATE    1.04                      2.61  -1.57     7.31
  SINCE JAN 1      5.76                      7.70  -1.94    10.36

SNOWFALL (IN)
  TODAY            0.0                       0.0    0.0      0.0
  MONTH TO DATE    0.0                       0.0    0.0       T
  SINCE JUL 1      T                         3.9   -3.9      2.6
  SNOW DEPTH       0

DEGREE DAYS
 HEATING
  TODAY           15                         2     13        3
  MONTH TO DATE  101                       143    -42       81
  SINCE JUL 1   2149                      2945   -796     2271

 COOLING
  TODAY            0                         4     -4        0
  MONTH TO DATE   74                        70      4       47
  SINCE JAN 1    149                        92     57       68
..................................................................


WIND (MPH)
  HIGHEST WIND SPEED    44   HIGHEST WIND DIRECTION     W (280)
  HIGHEST GUST SPEED    58   HIGHEST GUST DIRECTION     W (280)
  AVERAGE WIND SPEED    26.5


SKY COVER
  AVERAGE SKY COVER 0.5


WEATHER CONDITIONS
 THE FOLLOWING WEATHER WAS RECORDED TODAY.
  LIGHT RAIN


RELATIVE HUMIDITY (PERCENT)
 HIGHEST    89           200 AM
 LOWEST     39           100 PM
 AVERAGE    64

..........................................................


THE WICHITA FALLS CLIMATE NORMALS FOR TOMORROW
                         NORMAL    RECORD    YEAR
 MAXIMUM TEMPERATURE (F)   80        99      1948
 MINIMUM TEMPERATURE (F)   55        35      2014


SUNRISE AND SUNSET
APRIL 30 2017.........SUNRISE   646 AM CDT   SUNSET   817 PM CDT
MAY  1 2017...........SUNRISE   645 AM CDT   SUNSET   818 PM CDT


-  INDICATES NEGATIVE NUMBERS.
R  INDICATES RECORD WAS SET OR TIED.
MM INDICATES DATA IS MISSING.
T  INDICATES TRACE AMOUNT.




$$
