000
CDUS42 KTBW 282245
CLISRQ


CLIMATE REPORT
NATIONAL WEATHER SERVICE TAMPA BAY FL
645 PM EDT TUE JUL 28 2015


...................................

...THE SARASOTA BRADENTON CLIMATE SUMMARY FOR JULY 28 2015...
VALID TODAY AS OF 0500 PM LOCAL TIME.

CLIMATE NORMAL PERIOD 1981 TO 2010
CLIMATE RECORD PERIOD 1911 TO 2015


WEATHER ITEM   OBSERVED TIME   RECORD YEAR NORMAL DEPARTURE LAST
                VALUE   (LST)  VALUE       VALUE  FROM      YEAR
                                                  NORMAL
..................................................................
TEMPERATURE (F)
 TODAY
  MAXIMUM         88    205 PM  97    1927  90     -2       93
  MINIMUM         79    920 AM  65    1984  75      4       84
  AVERAGE         84                        82      2       89

PRECIPITATION (IN)
  TODAY            T             2.68 1978   0.27  -0.27     0.00
  MONTH TO DATE    5.90                      7.19  -1.29     2.11
  SINCE JUN 1      9.63                     14.70  -5.07     9.09
  SINCE JAN 1     21.95                     28.40  -6.45    27.47

DEGREE DAYS
 HEATING
  TODAY            0                         0      0        0
  MONTH TO DATE    0                         0      0        0
  SINCE JUN 1      0                         0      0        0
  SINCE JUL 1      0                         0      0        0

 COOLING
  TODAY           19                        18      1       24
  MONTH TO DATE  495                       488      7      539
  SINCE JUN 1    996                       960     36     1049
  SINCE JAN 1   2036                      1711    325     1861
..................................................................


WIND (MPH)
  RESULTANT WIND SPEED  12   RESULTANT WIND DIRECTION   W (250)
  HIGHEST WIND SPEED    17   HIGHEST WIND DIRECTION    SW (230)
  HIGHEST GUST SPEED    22   HIGHEST GUST DIRECTION    SW (220)
  AVERAGE WIND SPEED    12.9


SKY COVER
  POSSIBLE SUNSHINE  MM
  AVERAGE SKY COVER 0.3


WEATHER CONDITIONS
 THE FOLLOWING WEATHER WAS RECORDED TODAY.
  NO SIGNIFICANT WEATHER WAS OBSERVED.


RELATIVE HUMIDITY (PERCENT)
 HIGHEST    79           300 AM
 LOWEST     70          1200 PM

..........................................................


THE SARASOTA BRADENTON CLIMATE NORMALS FOR TOMORROW
                         NORMAL    RECORD    YEAR
 MAXIMUM TEMPERATURE (F)   90        96      2011
                                             1998
                                             1996
 MINIMUM TEMPERATURE (F)   75        64      1976


SUNRISE AND SUNSET
JULY 28 2015..........SUNRISE   652 AM EDT   SUNSET   822 PM EDT
JULY 29 2015..........SUNRISE   652 AM EDT   SUNSET   821 PM EDT


-  INDICATES NEGATIVE NUMBERS.
R  INDICATES RECORD WAS SET OR TIED.
MM INDICATES DATA IS MISSING.
T  INDICATES TRACE AMOUNT.




$$
