000
CDUS42 KTBW 032223
CLISRQ


CLIMATE REPORT
NATIONAL WEATHER SERVICE TAMPA BAY FL
520 PM EST SAT DEC 3 2016


...................................

...THE SARASOTA BRADENTON CLIMATE SUMMARY FOR DECEMBER 3 2016...
VALID TODAY AS OF 0500 PM LOCAL TIME.

CLIMATE NORMAL PERIOD 1981 TO 2010
CLIMATE RECORD PERIOD 1911 TO 2016


WEATHER ITEM   OBSERVED TIME   RECORD YEAR NORMAL DEPARTURE LAST
                VALUE   (LST)  VALUE       VALUE  FROM      YEAR
                                                  NORMAL
..................................................................
TEMPERATURE (F)
 TODAY
  MAXIMUM         81    335 PM  87    1991  75      6       79
  MINIMUM         56    730 AM  36    1935  56      0       62
  AVERAGE         69                        66      3       71

PRECIPITATION (IN)
  TODAY            0.00          2.60 1971   0.07  -0.07     0.77
  MONTH TO DATE    0.00                      0.20  -0.20     0.77
  SINCE DEC 1      0.00                      0.20  -0.20     0.77
  SINCE JAN 1     47.86                     50.68  -2.82    39.13

DEGREE DAYS
 HEATING
  TODAY            0                         2     -2        0
  MONTH TO DATE    0                         6     -6        0
  SINCE DEC 1      0                         6     -6        0
  SINCE JUL 1     11                        39    -28        4

 COOLING
  TODAY            4                         3      1        6
  MONTH TO DATE   16                         9      7       28
  SINCE DEC 1     16                         9      7       28
  SINCE JAN 1   4042                      3309    733     3872
..................................................................


WIND (MPH)
  RESULTANT WIND SPEED  11   RESULTANT WIND DIRECTION   E (70)
  HIGHEST WIND SPEED    16   HIGHEST WIND DIRECTION     E (80)
  HIGHEST GUST SPEED    22   HIGHEST GUST DIRECTION     E (80)
  AVERAGE WIND SPEED    10.7


SKY COVER
  POSSIBLE SUNSHINE  MM
  AVERAGE SKY COVER 0.0


WEATHER CONDITIONS
 THE FOLLOWING WEATHER WAS RECORDED TODAY.
  NO SIGNIFICANT WEATHER WAS OBSERVED.


RELATIVE HUMIDITY (PERCENT)
 HIGHEST    72           700 AM
 LOWEST     42           300 PM

..........................................................


THE SARASOTA BRADENTON CLIMATE NORMALS FOR TOMORROW
                         NORMAL    RECORD    YEAR
 MAXIMUM TEMPERATURE (F)   75        86      1994
 MINIMUM TEMPERATURE (F)   56        31      1989


SUNRISE AND SUNSET
DECEMBER  3 2016......SUNRISE   705 AM EST   SUNSET   536 PM EST
DECEMBER  4 2016......SUNRISE   706 AM EST   SUNSET   536 PM EST


-  INDICATES NEGATIVE NUMBERS.
R  INDICATES RECORD WAS SET OR TIED.
MM INDICATES DATA IS MISSING.
T  INDICATES TRACE AMOUNT.




$$


&&
------------------------------------------------------------------
******************** SUPPLEMENTAL DATA ***************************

...GULF WATER TEMPERATURE AT VENICE 70 DEGREES
