000
CDUS42 KTBW 192115
CLISRQ


CLIMATE REPORT
NATIONAL WEATHER SERVICE TAMPA BAY FL
513 PM EDT THU OCT 19 2017


...................................

...THE SARASOTA BRADENTON CLIMATE SUMMARY FOR OCTOBER 19 2017...
VALID TODAY AS OF 0500 PM LOCAL TIME.

CLIMATE NORMAL PERIOD 1981 TO 2010
CLIMATE RECORD PERIOD 1911 TO 2017


WEATHER ITEM   OBSERVED TIME   RECORD YEAR NORMAL DEPARTURE LAST
                VALUE   (LST)  VALUE       VALUE  FROM      YEAR
                                                  NORMAL
..................................................................
TEMPERATURE (F)
 TODAY
  MAXIMUM         89    311 PM  92    1971  85      4       90
                                      1918
  MINIMUM         70    701 AM  47    1977  67      3       70
                                      1940
  AVERAGE         80                        76      4       80

PRECIPITATION (IN)
  TODAY            0.00          2.75 1958   0.09  -0.09     0.00
                                      1944
  MONTH TO DATE    0.31                      2.17  -1.86     2.64
  SINCE SEP 1     11.92                      9.27   2.65     8.12
  SINCE JAN 1     61.43                     47.60  13.83    47.84

DEGREE DAYS
 HEATING
  TODAY            0                         0      0        0
  MONTH TO DATE    0                         0      0        0
  SINCE SEP 1      0                         0      0        0
  SINCE JUL 1      0                         0      0        0

 COOLING
  TODAY           15                        11      4       15
  MONTH TO DATE  316                       244     72      318
  SINCE SEP 1    779                       736     43      893
  SINCE JAN 1   3438                      3033    405     3672
..................................................................


WIND (MPH)
  RESULTANT WIND SPEED  10   RESULTANT WIND DIRECTION  NE (50)
  HIGHEST WIND SPEED    17   HIGHEST WIND DIRECTION    NE (60)
  HIGHEST GUST SPEED    24   HIGHEST GUST DIRECTION    NE (50)
  AVERAGE WIND SPEED    10.1


SKY COVER
  POSSIBLE SUNSHINE  MM
  AVERAGE SKY COVER 0.2


WEATHER CONDITIONS
 THE FOLLOWING WEATHER WAS RECORDED TODAY.
  NO SIGNIFICANT WEATHER WAS OBSERVED.


RELATIVE HUMIDITY (PERCENT)
 HIGHEST    97           300 AM
 LOWEST     52           300 PM

..........................................................


THE SARASOTA BRADENTON CLIMATE NORMALS FOR TOMORROW
                         NORMAL    RECORD    YEAR
 MAXIMUM TEMPERATURE (F)   84        91      2005
 MINIMUM TEMPERATURE (F)   67        46      1996


SUNRISE AND SUNSET
OCTOBER 19 2017.......SUNRISE   733 AM EDT   SUNSET   657 PM EDT
OCTOBER 20 2017.......SUNRISE   733 AM EDT   SUNSET   656 PM EDT


-  INDICATES NEGATIVE NUMBERS.
R  INDICATES RECORD WAS SET OR TIED.
MM INDICATES DATA IS MISSING.
T  INDICATES TRACE AMOUNT.




$$


&&
------------------------------------------------------------------
******************** SUPPLEMENTAL DATA ***************************

...GULF WATER TEMPERATURE AT VENICE 82 DEGREES
