000
CDUS42 KTBW 292121
CLISRQ


CLIMATE REPORT
NATIONAL WEATHER SERVICE TAMPA BAY FL
519 PM EDT SUN MAR 29 2015


...................................

...THE SARASOTA BRADENTON CLIMATE SUMMARY FOR MARCH 29 2015...
VALID TODAY AS OF 0500 PM LOCAL TIME.

CLIMATE NORMAL PERIOD 1981 TO 2010
CLIMATE RECORD PERIOD 1911 TO 2015


WEATHER ITEM   OBSERVED TIME   RECORD YEAR NORMAL DEPARTURE LAST
                VALUE   (LST)  VALUE       VALUE  FROM      YEAR
                                                  NORMAL
..................................................................
TEMPERATURE (F)
 TODAY
  MAXIMUM         74    346 PM  89    1989  78     -4       77
  MINIMUM         48    428 AM  40    1919  59    -11       68
  AVERAGE         61                        68     -7       73

PRECIPITATION (IN)
  TODAY            0.00          5.05 2001   0.13  -0.13     0.46
  MONTH TO DATE    0.98                      3.60  -2.62     6.47
  SINCE MAR 1      0.98                      3.60  -2.62     6.47
  SINCE JAN 1      5.86                      8.79  -2.93    10.09

DEGREE DAYS
 HEATING
  TODAY            4                         1      3        0
  MONTH TO DATE    9                        48    -39       35
  SINCE MAR 1      9                        48    -39       35
  SINCE JUL 1    466                       466      0      343

 COOLING
  TODAY            0                         4     -4        8
  MONTH TO DATE  220                        94    126       86
  SINCE MAR 1    220                        94    126       86
  SINCE JAN 1    289                       198     91      202
..................................................................


WIND (MPH)
  RESULTANT WIND SPEED   6   RESULTANT WIND DIRECTION  NE (40)
  HIGHEST WIND SPEED    17   HIGHEST WIND DIRECTION     N (10)
  HIGHEST GUST SPEED    21   HIGHEST GUST DIRECTION     N (360)
  AVERAGE WIND SPEED     6.2


SKY COVER
  POSSIBLE SUNSHINE  MM
  AVERAGE SKY COVER 0.0


WEATHER CONDITIONS
 THE FOLLOWING WEATHER WAS RECORDED TODAY.
  NO SIGNIFICANT WEATHER WAS OBSERVED.


RELATIVE HUMIDITY (PERCENT)
 HIGHEST    89           500 AM
 LOWEST     29           300 PM

..........................................................


THE SARASOTA BRADENTON CLIMATE NORMALS FOR TOMORROW
                         NORMAL    RECORD    YEAR
 MAXIMUM TEMPERATURE (F)   78        88      2007
 MINIMUM TEMPERATURE (F)   59        41      1955


SUNRISE AND SUNSET
MARCH 29 2015.........SUNRISE   724 AM EDT   SUNSET   746 PM EDT
MARCH 30 2015.........SUNRISE   723 AM EDT   SUNSET   747 PM EDT


-  INDICATES NEGATIVE NUMBERS.
R  INDICATES RECORD WAS SET OR TIED.
MM INDICATES DATA IS MISSING.
T  INDICATES TRACE AMOUNT.




$$


&&
------------------------------------------------------------------
******************** SUPPLEMENTAL DATA ***************************

...GULF WATER TEMPERATURE AT NEW PASS 72
