331
CDUS42 KJAX 200536
CLISSI


CLIMATE REPORT
NATIONAL WEATHER SERVICE JACKSONVILLE FL
1231 AM EST MON FEB 20 2017


...................................

...THE ST SIMONS ISLAND CLIMATE SUMMARY FOR FEBRUARY 19 2017...

CLIMATE NORMAL PERIOD 1981 TO 2010
CLIMATE RECORD PERIOD 1948 TO 2017


WEATHER ITEM   OBSERVED TIME   RECORD YEAR NORMAL DEPARTURE LAST
                VALUE   (LST)  VALUE       VALUE  FROM      YEAR
                                                  NORMAL
..................................................................
TEMPERATURE (F)
 YESTERDAY
  MAXIMUM         78    338 PM  82    2012  64     14       61
                                      1956
  MINIMUM         55    229 AM  23    1958  47      8       43
  AVERAGE         67                        55     12       52

PRECIPITATION (IN)
  YESTERDAY        0.00          2.70 1988   0.14  -0.14     0.00
  MONTH TO DATE    0.39                      2.30  -1.91     3.88
  SINCE DEC 1      8.41                      8.16   0.25     8.38
  SINCE JAN 1      5.39                      5.52  -0.13     7.03

SNOWFALL (IN)
  YESTERDAY        0.0           0.0    MM                   0.0
  MONTH TO DATE    0.0                                       0.0
  SINCE DEC 1      0.0                                       0.0
  SINCE JUL 1      0.0                                       0.0
  SNOW DEPTH       0

DEGREE DAYS
 HEATING
  YESTERDAY        0                        10    -10       13
  MONTH TO DATE   95                       218   -123      239
  SINCE DEC 1    498                       989   -491      771
  SINCE JUL 1    603                      1169   -566      836

 COOLING
  YESTERDAY        2                         0      2        0
  MONTH TO DATE   12                         0     12        0
  SINCE DEC 1     56                        16     40       90
  SINCE JAN 1     31                         3     28        0
..................................................................


WIND (MPH)
  HIGHEST WIND SPEED    13   HIGHEST WIND DIRECTION    SE (140)
  HIGHEST GUST SPEED    21   HIGHEST GUST DIRECTION    NW (330)
  AVERAGE WIND SPEED     5.6


SKY COVER
  POSSIBLE SUNSHINE  MM
  AVERAGE SKY COVER 0.4


WEATHER CONDITIONS
 THE FOLLOWING WEATHER WAS RECORDED YESTERDAY.
  FOG
  FOG W/VISIBILITY <= 1/4 MILE


RELATIVE HUMIDITY (PERCENT)
 HIGHEST   100           700 AM
 LOWEST     46           300 PM
 AVERAGE    73

..........................................................


THE ST SIMONS ISLAND CLIMATE NORMALS FOR TODAY
                         NORMAL    RECORD    YEAR
 MAXIMUM TEMPERATURE (F)   64        76      1956
 MINIMUM TEMPERATURE (F)   47        24      2015


SUNRISE AND SUNSET
FEBRUARY 20 2017......SUNRISE   702 AM EST   SUNSET   617 PM EST
FEBRUARY 21 2017......SUNRISE   701 AM EST   SUNSET   618 PM EST


-  INDICATES NEGATIVE NUMBERS.
R  INDICATES RECORD WAS SET OR TIED.
MM INDICATES DATA IS MISSING.
T  INDICATES TRACE AMOUNT.




$$
