000
CDUS42 KJAX 060534
CLISSI


CLIMATE REPORT
NATIONAL WEATHER SERVICE JACKSONVILLE FL
1232 AM EST TUE DEC 6 2016


...................................

...THE ST SIMONS ISLAND CLIMATE SUMMARY FOR DECEMBER 5 2016...

CLIMATE NORMAL PERIOD 1981 TO 2010
CLIMATE RECORD PERIOD 1948 TO 2016


WEATHER ITEM   OBSERVED TIME   RECORD YEAR NORMAL DEPARTURE LAST
                VALUE   (LST)  VALUE       VALUE  FROM      YEAR
                                                  NORMAL
..................................................................
TEMPERATURE (F)
 YESTERDAY
  MAXIMUM         77    132 PM  78    1983  65     12       64
                                      1958
  MINIMUM         64   1147 PM  31    2000  48     16       51
  AVERAGE         71                        56     15       58

PRECIPITATION (IN)
  YESTERDAY        0.95R         0.92 2002   0.08   0.87     0.00
  MONTH TO DATE    1.13                      0.40   0.73      T
  SINCE DEC 1      1.13                      0.40   0.73      T
  SINCE JAN 1     44.38                     42.76   1.62    52.00

SNOWFALL (IN)
  YESTERDAY        0.0           0.0    MM                   0.0
  MONTH TO DATE    0.0                                       0.0
  SINCE DEC 1      0.0                                       0.0
  SINCE JUL 1      0.0                                       0.0
  SNOW DEPTH       0

DEGREE DAYS
 HEATING
  YESTERDAY        0                         9     -9        7
  MONTH TO DATE   19                        44    -25       21
  SINCE DEC 1     19                        44    -25       21
  SINCE JUL 1    124                       224   -100       86

 COOLING
  YESTERDAY        6                         1      5        0
  MONTH TO DATE    7                         5      2        8
  SINCE DEC 1      7                         5      2        8
  SINCE JAN 1   3008                      2620    388     2817
..................................................................


WIND (MPH)
  HIGHEST WIND SPEED    15   HIGHEST WIND DIRECTION    SW (210)
  HIGHEST GUST SPEED    30   HIGHEST GUST DIRECTION     S (200)
  AVERAGE WIND SPEED     6.9


SKY COVER
  POSSIBLE SUNSHINE  MM
  AVERAGE SKY COVER 0.8


WEATHER CONDITIONS
 THE FOLLOWING WEATHER WAS RECORDED YESTERDAY.
  THUNDERSTORM
  HEAVY RAIN
  RAIN
  LIGHT RAIN
  FOG


RELATIVE HUMIDITY (PERCENT)
 HIGHEST   100           700 PM
 LOWEST     74           200 PM
 AVERAGE    87

..........................................................


THE ST SIMONS ISLAND CLIMATE NORMALS FOR TODAY
                         NORMAL    RECORD    YEAR
 MAXIMUM TEMPERATURE (F)   65        79      1972
 MINIMUM TEMPERATURE (F)   48        30      1962


SUNRISE AND SUNSET
DECEMBER  6 2016......SUNRISE   711 AM EST   SUNSET   523 PM EST
DECEMBER  7 2016......SUNRISE   711 AM EST   SUNSET   523 PM EST


-  INDICATES NEGATIVE NUMBERS.
R  INDICATES RECORD WAS SET OR TIED.
MM INDICATES DATA IS MISSING.
T  INDICATES TRACE AMOUNT.




$$
