000
CDUS42 KJAX 240627
CLISSI


CLIMATE REPORT
NATIONAL WEATHER SERVICE JACKSONVILLE FL
126 AM EST FRI NOV 24 2017


...................................

...THE ST SIMONS ISLAND CLIMATE SUMMARY FOR NOVEMBER 23 2017...

CLIMATE NORMAL PERIOD 1981 TO 2010
CLIMATE RECORD PERIOD 1948 TO 2017


WEATHER ITEM   OBSERVED TIME   RECORD YEAR NORMAL DEPARTURE LAST
                VALUE   (LST)  VALUE       VALUE  FROM      YEAR
                                                  NORMAL
..................................................................
TEMPERATURE (F)
 YESTERDAY
  MAXIMUM         63    628 AM  82    1992  69     -6       70
  MINIMUM         52   1159 PM  30    1956  51      1       53
  AVERAGE         58                        60     -2       62

PRECIPITATION (IN)
  YESTERDAY        0.49          1.48 2014   0.06   0.43     0.00
  MONTH TO DATE    1.22                      1.58  -0.36     0.04
  SINCE SEP 1     16.14                     11.80   4.34    19.44
  SINCE JAN 1     46.22                     41.91   4.31    43.25

SNOWFALL (IN)
  YESTERDAY        0.0           0.0    MM                   0.0
  MONTH TO DATE    0.0                                       0.0
  SINCE SEP 1      0.0                                       0.0
  SINCE JUL 1      0.0                                       0.0
  SNOW DEPTH       0

DEGREE DAYS
 HEATING
  YESTERDAY        7                         6      1        3
  MONTH TO DATE   67                        99    -32       84
  SINCE SEP 1    100                       129    -29       93
  SINCE JUL 1    100                       129    -29       93

 COOLING
  YESTERDAY        0                         1     -1        0
  MONTH TO DATE   40                        46     -6       36
  SINCE SEP 1    789                       631    158      707
  SINCE JAN 1   3116                      2607    509     2978
..................................................................


WIND (MPH)
  HIGHEST WIND SPEED    17   HIGHEST WIND DIRECTION    NE (30)
  HIGHEST GUST SPEED    27   HIGHEST GUST DIRECTION     N (360)
  AVERAGE WIND SPEED    11.1


SKY COVER
  POSSIBLE SUNSHINE  MM
  AVERAGE SKY COVER 0.8


WEATHER CONDITIONS
 THE FOLLOWING WEATHER WAS RECORDED YESTERDAY.
  RAIN
  LIGHT RAIN
  FOG


RELATIVE HUMIDITY (PERCENT)
 HIGHEST   100          1200 AM
 LOWEST     84           700 AM
 AVERAGE    92

..........................................................


THE ST SIMONS ISLAND CLIMATE NORMALS FOR TODAY
                         NORMAL    RECORD    YEAR
 MAXIMUM TEMPERATURE (F)   68        83      1967
 MINIMUM TEMPERATURE (F)   51        24      1970


SUNRISE AND SUNSET
NOVEMBER 24 2017......SUNRISE   701 AM EST   SUNSET   524 PM EST
NOVEMBER 25 2017......SUNRISE   701 AM EST   SUNSET   524 PM EST


-  INDICATES NEGATIVE NUMBERS.
R  INDICATES RECORD WAS SET OR TIED.
MM INDICATES DATA IS MISSING.
T  INDICATES TRACE AMOUNT.




$$
