000
CDUS42 KJAX 050536
CLISSI


CLIMATE REPORT
NATIONAL WEATHER SERVICE JACKSONVILLE FL
136 AM EDT THU MAY 5 2016


...................................

...THE ST SIMONS ISLAND CLIMATE SUMMARY FOR MAY 4 2016...

CLIMATE NORMAL PERIOD 1981 TO 2010
CLIMATE RECORD PERIOD 1948 TO 2016


WEATHER ITEM   OBSERVED TIME   RECORD YEAR NORMAL DEPARTURE LAST
                VALUE   (LST)  VALUE       VALUE  FROM      YEAR
                                                  NORMAL
..................................................................
TEMPERATURE (F)
 YESTERDAY
  MAXIMUM         81    259 PM  92    1959  79      2       79
  MINIMUM         65   1159 PM  47    1971  63      2       58
  AVERAGE         73                        71      2       69

PRECIPITATION (IN)
  YESTERDAY        T             1.56 1978   0.05  -0.05     0.00
  MONTH TO DATE    0.09                      0.20  -0.11     0.00
  SINCE MAR 1      4.30                      6.57  -2.27     5.80
  SINCE JAN 1     11.44                     13.26  -1.82    11.52

SNOWFALL (IN)
  YESTERDAY        0.0           0.0    MM                   0.0
  MONTH TO DATE    0.0                                       0.0
  SINCE MAR 1      0.0                                       0.0
  SINCE JUL 1      0.0                                       0.0
  SNOW DEPTH       0

DEGREE DAYS
 HEATING
  YESTERDAY        0                         0      0        0
  MONTH TO DATE    0                         2     -2        1
  SINCE MAR 1    111                       235   -124      115
  SINCE JUL 1   1017                      1486   -469     1495

 COOLING
  YESTERDAY        8                         7      1        4
  MONTH TO DATE   48                        26     22        8
  SINCE MAR 1    251                       160     91      213
  SINCE JAN 1    255                       169     86      219
..................................................................


WIND (MPH)
  HIGHEST WIND SPEED    14   HIGHEST WIND DIRECTION    NW (320)
  HIGHEST GUST SPEED    21   HIGHEST GUST DIRECTION    NW (310)
  AVERAGE WIND SPEED     6.5


SKY COVER
  POSSIBLE SUNSHINE  MM
  AVERAGE SKY COVER 0.5


WEATHER CONDITIONS
 THE FOLLOWING WEATHER WAS RECORDED YESTERDAY.
  NO SIGNIFICANT WEATHER WAS OBSERVED.


RELATIVE HUMIDITY (PERCENT)
 HIGHEST    93           200 AM
 LOWEST     42           300 PM
 AVERAGE    68

..........................................................


THE ST SIMONS ISLAND CLIMATE NORMALS FOR TODAY
                         NORMAL    RECORD    YEAR
 MAXIMUM TEMPERATURE (F)   80        93      1952
 MINIMUM TEMPERATURE (F)   64        50      1957


SUNRISE AND SUNSET
MAY  5 2016...........SUNRISE   637 AM EDT   SUNSET   808 PM EDT
MAY  6 2016...........SUNRISE   636 AM EDT   SUNSET   808 PM EDT


-  INDICATES NEGATIVE NUMBERS.
R  INDICATES RECORD WAS SET OR TIED.
MM INDICATES DATA IS MISSING.
T  INDICATES TRACE AMOUNT.




$$
