000
CDUS42 KJAX 292144
CLISSI


CLIMATE REPORT
NATIONAL WEATHER SERVICE JACKSONVILLE FL
544 PM EDT FRI AUG 29 2014


...................................

...THE ST SIMONS ISLAND CLIMATE SUMMARY FOR AUGUST 29 2014...
VALID TODAY AS OF 0500 PM LOCAL TIME.

CLIMATE NORMAL PERIOD 1981 TO 2010
CLIMATE RECORD PERIOD 1948 TO 2014


WEATHER ITEM   OBSERVED TIME   RECORD YEAR NORMAL DEPARTURE LAST
                VALUE   (LST)  VALUE       VALUE  FROM      YEAR
                                                  NORMAL
..................................................................
TEMPERATURE (F)
 TODAY
  MAXIMUM         88    151 PM  98    1951  87      1       93
  MINIMUM         71    623 AM  64    1986  74     -3       73
  AVERAGE         80                        81     -1       83

PRECIPITATION (IN)
  TODAY            0.00          2.44 1986   0.23  -0.23     0.00
  MONTH TO DATE    4.80                      5.80  -1.00     7.90
  SINCE JUN 1     12.26                     14.72  -2.46    22.52
  SINCE JAN 1     30.75                     29.64   1.11    34.94

SNOWFALL (IN)
  TODAY            0.0           0.0    MM                   0.0
  MONTH TO DATE    0.0                                       0.0
  SINCE JUN 1      0.0                                       0.0
  SINCE JUL 1      0.0                                       0.0

DEGREE DAYS
 HEATING
  TODAY            0                         0      0        0
  MONTH TO DATE    0                         0      0        0
  SINCE JUN 1      0                         0      0        0
  SINCE JUL 1      0                         0      0        0

 COOLING
  TODAY           15                        16     -1       18
  MONTH TO DATE  522                       492     30      499
  SINCE JUN 1   1528                      1504     24     1509
  SINCE JAN 1   1971                      1946     25     1910
..................................................................


WIND (MPH)
  HIGHEST WIND SPEED    15   HIGHEST WIND DIRECTION    SE (130)
  HIGHEST GUST SPEED    19   HIGHEST GUST DIRECTION    SE (120)
  AVERAGE WIND SPEED     5.5


SKY COVER
  POSSIBLE SUNSHINE  MM
  AVERAGE SKY COVER 0.0


WEATHER CONDITIONS
 THE FOLLOWING WEATHER WAS RECORDED TODAY.
  NO SIGNIFICANT WEATHER WAS OBSERVED.


RELATIVE HUMIDITY (PERCENT)
 HIGHEST   100           500 AM
 LOWEST     63           300 PM
 AVERAGE    82

..........................................................


THE ST SIMONS ISLAND CLIMATE NORMALS FOR TOMORROW
                         NORMAL    RECORD    YEAR
 MAXIMUM TEMPERATURE (F)   87        97      1948
 MINIMUM TEMPERATURE (F)   74        69      1958


SUNRISE AND SUNSET
AUGUST 29 2014........SUNRISE   700 AM EDT   SUNSET   753 PM EDT
AUGUST 30 2014........SUNRISE   700 AM EDT   SUNSET   751 PM EDT


-  INDICATES NEGATIVE NUMBERS.
R  INDICATES RECORD WAS SET OR TIED.
MM INDICATES DATA IS MISSING.
T  INDICATES TRACE AMOUNT.




$$
