000
CDUS42 KJAX 100531
CLISSI


CLIMATE REPORT
NATIONAL WEATHER SERVICE JACKSONVILLE FL
1230 AM EST WED FEB 10 2016


...................................

...THE ST SIMONS ISLAND CLIMATE SUMMARY FOR FEBRUARY 9 2016...

CLIMATE NORMAL PERIOD 1981 TO 2010
CLIMATE RECORD PERIOD 1948 TO 2016


WEATHER ITEM   OBSERVED TIME   RECORD YEAR NORMAL DEPARTURE LAST
                VALUE   (LST)  VALUE       VALUE  FROM      YEAR
                                                  NORMAL
..................................................................
TEMPERATURE (F)
 YESTERDAY
  MAXIMUM         52    421 PM  83    1949  62    -10       67
  MINIMUM         38   1157 PM  21    1995  45     -7       46
  AVERAGE         45                        54     -9       57

PRECIPITATION (IN)
  YESTERDAY        0.00          1.93 1973   0.12  -0.12     0.15
  MONTH TO DATE    3.39                      1.06   2.33     0.98
  SINCE DEC 1      7.89                      6.92   0.97     5.33
  SINCE JAN 1      6.54                      4.28   2.26     4.01

SNOWFALL (IN)
  YESTERDAY        0.0           0.0    MM                   0.0
  MONTH TO DATE    0.0                                       0.0
  SINCE DEC 1      0.0                                       0.0
  SINCE JUL 1      0.0                                       0.0
  SNOW DEPTH       0

DEGREE DAYS
 HEATING
  YESTERDAY       20                        12      8        8
  MONTH TO DATE  102                       110     -8      129
  SINCE DEC 1    634                       881   -247      786
  SINCE JUL 1    699                      1061   -362     1072

 COOLING
  YESTERDAY        0                         0      0        0
  MONTH TO DATE    0                         0      0        0
  SINCE DEC 1     90                        16     74       12
  SINCE JAN 1      0                         3     -3        6
..................................................................


WIND (MPH)
  HIGHEST WIND SPEED    25   HIGHEST WIND DIRECTION     W (250)
  HIGHEST GUST SPEED    36   HIGHEST GUST DIRECTION     W (250)
  AVERAGE WIND SPEED    12.4


SKY COVER
  POSSIBLE SUNSHINE  MM
  AVERAGE SKY COVER 0.2


WEATHER CONDITIONS
 THE FOLLOWING WEATHER WAS RECORDED YESTERDAY.
  NO SIGNIFICANT WEATHER WAS OBSERVED.


RELATIVE HUMIDITY (PERCENT)
 HIGHEST    86          1200 AM
 LOWEST     28           500 PM
 AVERAGE    57

..........................................................


THE ST SIMONS ISLAND CLIMATE NORMALS FOR TODAY
                         NORMAL    RECORD    YEAR
 MAXIMUM TEMPERATURE (F)   62        85      1957
 MINIMUM TEMPERATURE (F)   45        24      1971


SUNRISE AND SUNSET
FEBRUARY 10 2016......SUNRISE   711 AM EST   SUNSET   608 PM EST
FEBRUARY 11 2016......SUNRISE   711 AM EST   SUNSET   609 PM EST


-  INDICATES NEGATIVE NUMBERS.
R  INDICATES RECORD WAS SET OR TIED.
MM INDICATES DATA IS MISSING.
T  INDICATES TRACE AMOUNT.




$$
