000
CDUS42 KJAX 270532
CLISSI


CLIMATE REPORT
NATIONAL WEATHER SERVICE JACKSONVILLE FL
1231 AM EST TUE JAN 27 2015


...................................

...THE ST SIMONS ISLAND CLIMATE SUMMARY FOR JANUARY 26 2015...

CLIMATE NORMAL PERIOD 1981 TO 2010
CLIMATE RECORD PERIOD 1948 TO 2015


WEATHER ITEM   OBSERVED TIME   RECORD YEAR NORMAL DEPARTURE LAST
                VALUE   (LST)  VALUE       VALUE  FROM      YEAR
                                                  NORMAL
..................................................................
TEMPERATURE (F)
 YESTERDAY
  MAXIMUM         58   1256 PM  77    1950  61     -3       55
  MINIMUM         43   1159 PM  25    1955  43      0       39
  AVERAGE         51                        52     -1       47

PRECIPITATION (IN)
  YESTERDAY        0.00          1.00 1984   0.11  -0.11     0.00
  MONTH TO DATE    3.03                      2.64   0.39     3.56
  SINCE DEC 1      4.35                      5.28  -0.93     5.44
  SINCE JAN 1      3.03                      2.64   0.39     3.56

SNOWFALL (IN)
  YESTERDAY        0.0           0.0    MM                   0.0
  MONTH TO DATE    0.0                                       0.0
  SINCE DEC 1      0.0                                       0.0
  SINCE JUL 1      0.0                                       0.0
  SNOW DEPTH       0

DEGREE DAYS
 HEATING
  YESTERDAY       14                        13      1       18
  MONTH TO DATE  316                       359    -43      425
  SINCE DEC 1    572                       710   -138      654
  SINCE JUL 1    858                       890    -32      844

 COOLING
  YESTERDAY        0                         0      0        0
  MONTH TO DATE    6                         0      6        0
  SINCE DEC 1     12                        13     -1       18
  SINCE JAN 1      6                         0      6        0
..................................................................


WIND (MPH)
  HIGHEST WIND SPEED    22   HIGHEST WIND DIRECTION     W (280)
  HIGHEST GUST SPEED    32   HIGHEST GUST DIRECTION     W (270)
  AVERAGE WIND SPEED    12.6


SKY COVER
  POSSIBLE SUNSHINE  MM
  AVERAGE SKY COVER 0.6


WEATHER CONDITIONS
 THE FOLLOWING WEATHER WAS RECORDED YESTERDAY.
  NO SIGNIFICANT WEATHER WAS OBSERVED.


RELATIVE HUMIDITY (PERCENT)
 HIGHEST    93           700 AM
 LOWEST     47           100 PM
 AVERAGE    70

..........................................................


THE ST SIMONS ISLAND CLIMATE NORMALS FOR TODAY
                         NORMAL    RECORD    YEAR
 MAXIMUM TEMPERATURE (F)   61        78      1974
 MINIMUM TEMPERATURE (F)   43        20      1986


SUNRISE AND SUNSET
JANUARY 27 2015.......SUNRISE   721 AM EST   SUNSET   556 PM EST
JANUARY 28 2015.......SUNRISE   720 AM EST   SUNSET   557 PM EST


-  INDICATES NEGATIVE NUMBERS.
R  INDICATES RECORD WAS SET OR TIED.
MM INDICATES DATA IS MISSING.
T  INDICATES TRACE AMOUNT.




$$
