000
CDUS43 KMPX 250658
CLISTC


CLIMATE REPORT
NATIONAL WEATHER SERVICE CHANHASSEN MN
1257 AM CST THU DEC 25 2014


...................................

...THE ST CLOUD MN CLIMATE SUMMARY FOR DECEMBER 24 2014...

CLIMATE NORMAL PERIOD 1981 TO 2010
CLIMATE RECORD PERIOD 1893 TO 2014


WEATHER ITEM   OBSERVED TIME   RECORD YEAR NORMAL DEPARTURE LAST
                VALUE   (LST)  VALUE       VALUE  FROM      YEAR
                                                  NORMAL
..................................................................
TEMPERATURE (F)
 YESTERDAY
  MAXIMUM         37    159 PM  43    1994  22     15        9
  MINIMUM         33   1159 PM -28    1983   4     29      -25
  AVERAGE         35                        13     22       -8

PRECIPITATION (IN)
  YESTERDAY        T             0.40 1920   0.03  -0.03     0.20
  MONTH TO DATE    0.68                      0.64   0.04     1.69
  SINCE DEC 1      0.68                      0.64   0.04     1.69
  SINCE JAN 1     36.65                     27.55   9.10    28.76

SNOWFALL (IN)
  YESTERDAY        0.1           4.8  2009   0.3   -0.2      1.8
  MONTH TO DATE    1.5                       7.2   -5.7     19.1
  SINCE DEC 1      1.5                       7.2   -5.7     19.1
  SINCE JUL 1     19.1                      16.4    2.7     22.7
  SNOW DEPTH       0

DEGREE DAYS
 HEATING
  YESTERDAY       30                        52    -22       73
  MONTH TO DATE  921                      1156   -235     1404
  SINCE DEC 1    921                      1156   -235     1404
  SINCE JUL 1   2853                      3081   -228     3277

 COOLING
  YESTERDAY        0                         0      0        0
  MONTH TO DATE    0                         0      0        0
  SINCE DEC 1      0                         0      0        0
  SINCE JAN 1    597                       465    132      578
..................................................................


WIND (MPH)
  HIGHEST WIND SPEED    15   HIGHEST WIND DIRECTION    SW (210)
  HIGHEST GUST SPEED    19   HIGHEST GUST DIRECTION    SW (210)
  AVERAGE WIND SPEED     7.9


SKY COVER
  POSSIBLE SUNSHINE  MM
  AVERAGE SKY COVER 1.0


WEATHER CONDITIONS
 THE FOLLOWING WEATHER WAS RECORDED YESTERDAY.
  LIGHT SNOW


RELATIVE HUMIDITY (PERCENT)
 HIGHEST    82          1200 AM
 LOWEST     75           900 PM
 AVERAGE    79

..........................................................


THE ST CLOUD MN CLIMATE NORMALS FOR TODAY
                         NORMAL    RECORD    YEAR
 MAXIMUM TEMPERATURE (F)   22        47      1922
 MINIMUM TEMPERATURE (F)    4       -26      2000


SUNRISE AND SUNSET
DECEMBER 25 2014......SUNRISE   755 AM CST   SUNSET   438 PM CST
DECEMBER 26 2014......SUNRISE   755 AM CST   SUNSET   438 PM CST


-  INDICATES NEGATIVE NUMBERS.
R  INDICATES RECORD WAS SET OR TIED.
MM INDICATES DATA IS MISSING.
T  INDICATES TRACE AMOUNT.




$$
