000
CDUS43 KMPX 290627
CLISTC


CLIMATE REPORT
NATIONAL WEATHER SERVICE CHANHASSEN MN
126 AM CDT SAT APR 29 2017


...................................

...THE ST CLOUD MN CLIMATE SUMMARY FOR APRIL 28 2017...

CLIMATE NORMAL PERIOD 1981 TO 2010
CLIMATE RECORD PERIOD 1893 TO 2017


WEATHER ITEM   OBSERVED TIME   RECORD YEAR NORMAL DEPARTURE LAST
                VALUE   (LST)  VALUE       VALUE  FROM      YEAR
                                                  NORMAL
..................................................................
TEMPERATURE (F)
 YESTERDAY
  MAXIMUM         52    416 PM  92    2004  63    -11       45
  MINIMUM         30    426 AM  18    1950  38     -8       36
  AVERAGE         41                        50     -9       41

PRECIPITATION (IN)
  YESTERDAY        0.00          1.58 2014   0.10  -0.10     0.18
  MONTH TO DATE    2.87                      2.36   0.51     1.74
  SINCE MAR 1      3.54                      3.91  -0.37     3.24
  SINCE JAN 1      4.86                      5.15  -0.29     4.18

SNOWFALL (IN)
  YESTERDAY        0.0           6.5  1994   0.0    0.0      0.0
  MONTH TO DATE    T                         2.9   -2.9      1.6
  SINCE MAR 1      2.0                      11.4   -9.4      4.6
  SINCE JUL 1     30.9                      45.6  -14.7     30.3
  SNOW DEPTH       0

DEGREE DAYS
 HEATING
  YESTERDAY       24                        15      9       24
  MONTH TO DATE  516                       590    -74      568
  SINCE MAR 1   1576                      1694   -118     1385
  SINCE JUL 1   6932                      8140  -1208     6836

 COOLING
  YESTERDAY        0                         0      0        0
  MONTH TO DATE    0                         0      0        5
  SINCE MAR 1      0                         0      0        5
  SINCE JAN 1      0                         0      0        5
..................................................................


WIND (MPH)
  HIGHEST WIND SPEED    17   HIGHEST WIND DIRECTION     N (350)
  HIGHEST GUST SPEED    22   HIGHEST GUST DIRECTION     N (340)
  AVERAGE WIND SPEED     9.0


SKY COVER
  POSSIBLE SUNSHINE  MM
  AVERAGE SKY COVER 0.2


WEATHER CONDITIONS
 THE FOLLOWING WEATHER WAS RECORDED YESTERDAY.
  NO SIGNIFICANT WEATHER WAS OBSERVED.


RELATIVE HUMIDITY (PERCENT)
 HIGHEST    82           100 AM
 LOWEST     35           500 PM
 AVERAGE    59

..........................................................


THE ST CLOUD MN CLIMATE NORMALS FOR TODAY
                         NORMAL    RECORD    YEAR
 MAXIMUM TEMPERATURE (F)   63        86      1952
 MINIMUM TEMPERATURE (F)   39        18      1958


SUNRISE AND SUNSET
APRIL 29 2017.........SUNRISE   607 AM CDT   SUNSET   821 PM CDT
APRIL 30 2017.........SUNRISE   605 AM CDT   SUNSET   822 PM CDT


-  INDICATES NEGATIVE NUMBERS.
R  INDICATES RECORD WAS SET OR TIED.
MM INDICATES DATA IS MISSING.
T  INDICATES TRACE AMOUNT.




$$
