000
CDUS43 KMPX 080623
CLISTC


CLIMATE REPORT
NATIONAL WEATHER SERVICE CHANHASSEN MN
1223 AM CST THU DEC 8 2016


...................................

...THE ST CLOUD MN CLIMATE SUMMARY FOR DECEMBER 7 2016...

CLIMATE NORMAL PERIOD 1981 TO 2010
CLIMATE RECORD PERIOD 1893 TO 2016


WEATHER ITEM   OBSERVED TIME   RECORD YEAR NORMAL DEPARTURE LAST
                VALUE   (LST)  VALUE       VALUE  FROM      YEAR
                                                  NORMAL
..................................................................
TEMPERATURE (F)
 YESTERDAY
  MAXIMUM         19        MM  53    1939  27     -8       40
  MINIMUM         14        MM -22    1936  10      4       27
  AVERAGE         17                        19     -2       34

PRECIPITATION (IN)
  YESTERDAY        T             0.41 1969   0.03  -0.03     0.00
  MONTH TO DATE    0.16                      0.21  -0.05     0.23
  SINCE DEC 1      0.16                      0.21  -0.05     0.23
  SINCE JAN 1     32.43                     27.12   5.31    32.32

SNOWFALL (IN)
  YESTERDAY        T             4.3  1969   0.3   -0.3      0.0
  MONTH TO DATE    0.9                       2.2   -1.3      2.0
  SINCE DEC 1      0.9                       2.2   -1.3      2.0
  SINCE JUL 1      8.2                      11.4   -3.2      7.7
  SNOW DEPTH       T

DEGREE DAYS
 HEATING
  YESTERDAY       48                        46      2       31
  MONTH TO DATE  258                       315    -57      244
  SINCE DEC 1    258                       315    -57      244
  SINCE JUL 1   1632                      2240   -608     1703

 COOLING
  YESTERDAY        0                         0      0        0
  MONTH TO DATE    0                         0      0        0
  SINCE DEC 1      0                         0      0        0
  SINCE JAN 1    506                       465     41      492
..................................................................


WIND (MPH)
  HIGHEST WIND SPEED    23   HIGHEST WIND DIRECTION     W (270)
  HIGHEST GUST SPEED    37   HIGHEST GUST DIRECTION     W (270)
  AVERAGE WIND SPEED    19.5


SKY COVER
  POSSIBLE SUNSHINE  MM
  AVERAGE SKY COVER 1.0


WEATHER CONDITIONS
 THE FOLLOWING WEATHER WAS RECORDED YESTERDAY.
  LIGHT SNOW
  FOG


RELATIVE HUMIDITY (PERCENT)
 HIGHEST    88          1100 PM
 LOWEST     67          1200 PM
 AVERAGE    78

..........................................................


THE ST CLOUD MN CLIMATE NORMALS FOR TODAY
                         NORMAL    RECORD    YEAR
 MAXIMUM TEMPERATURE (F)   27        54      1939
 MINIMUM TEMPERATURE (F)   10       -22      1978


SUNRISE AND SUNSET
DECEMBER  8 2016......SUNRISE   744 AM CST   SUNSET   433 PM CST
DECEMBER  9 2016......SUNRISE   745 AM CST   SUNSET   433 PM CST


-  INDICATES NEGATIVE NUMBERS.
R  INDICATES RECORD WAS SET OR TIED.
MM INDICATES DATA IS MISSING.
T  INDICATES TRACE AMOUNT.




$$
