000
CDUS43 KMPX 300630
CLISTC


CLIMATE REPORT
NATIONAL WEATHER SERVICE CHANHASSEN MN
129 AM CDT TUE SEP 30 2014


...................................

...THE ST CLOUD MN CLIMATE SUMMARY FOR SEPTEMBER 29 2014...

CLIMATE NORMAL PERIOD 1981 TO 2010
CLIMATE RECORD PERIOD 1893 TO 2014


WEATHER ITEM   OBSERVED TIME   RECORD YEAR NORMAL DEPARTURE LAST
                VALUE   (LST)  VALUE       VALUE  FROM      YEAR
                                                  NORMAL
..................................................................
TEMPERATURE (F)
 YESTERDAY
  MAXIMUM         63   1224 AM  84    2012  65     -2       75
                                      1933
  MINIMUM         44    952 PM  22    1992  41      3       39
  AVERAGE         54                        53      1       57

PRECIPITATION (IN)
  YESTERDAY        0.11          1.55 1965   0.09   0.02     0.00
  MONTH TO DATE    4.05                      3.37   0.68     1.87
  SINCE SEP 1      4.05                      3.37   0.68     1.87
  SINCE JAN 1     33.42                     22.95  10.47    22.20

SNOWFALL (IN)
  YESTERDAY        0.0           T    1908   0.0    0.0      0.0
  MONTH TO DATE    0.0                       0.0    0.0      0.0
  SINCE SEP 1      0.0                       0.0    0.0      0.0
  SINCE JUL 1      0.0                       0.0    0.0      0.0
  SNOW DEPTH       0

DEGREE DAYS
 HEATING
  YESTERDAY       11                        13     -2        8
  MONTH TO DATE  138                       217    -79      129
  SINCE SEP 1    138                       217    -79      129
  SINCE JUL 1    147                       275   -128      178

 COOLING
  YESTERDAY        0                         0      0        0
  MONTH TO DATE   43                        31     12       73
  SINCE SEP 1     43                        31     12       73
  SINCE JAN 1    597                       460    137      577
..................................................................


WIND (MPH)
  HIGHEST WIND SPEED    15   HIGHEST WIND DIRECTION    NE (50)
  HIGHEST GUST SPEED    20   HIGHEST GUST DIRECTION     E (80)
  AVERAGE WIND SPEED     8.3


SKY COVER
  POSSIBLE SUNSHINE  MM
  AVERAGE SKY COVER 0.8


WEATHER CONDITIONS
 THE FOLLOWING WEATHER WAS RECORDED YESTERDAY.
  LIGHT RAIN
  FOG


RELATIVE HUMIDITY (PERCENT)
 HIGHEST    93           600 AM
 LOWEST     62           300 PM
 AVERAGE    78

..........................................................


THE ST CLOUD MN CLIMATE NORMALS FOR TODAY
                         NORMAL    RECORD    YEAR
 MAXIMUM TEMPERATURE (F)   64        86      1976
 MINIMUM TEMPERATURE (F)   41        24      1899


SUNRISE AND SUNSET
SEPTEMBER 30 2014.....SUNRISE   713 AM CDT   SUNSET   658 PM CDT
OCTOBER  1 2014.......SUNRISE   714 AM CDT   SUNSET   656 PM CDT


-  INDICATES NEGATIVE NUMBERS.
R  INDICATES RECORD WAS SET OR TIED.
MM INDICATES DATA IS MISSING.
T  INDICATES TRACE AMOUNT.




$$
