000
CDUS43 KEAX 220635
CLISTJ


CLIMATE REPORT
NATIONAL WEATHER SERVICE KANSAS CITY/PLEASANT HILL MO
135 AM CDT WED OCT 22 2014


...................................

...THE ST. JOSEPH MO CLIMATE SUMMARY FOR OCTOBER 21 2014...

CLIMATE NORMAL PERIOD 1981 TO 2010
CLIMATE RECORD PERIOD 1892 TO 2014


WEATHER ITEM   OBSERVED TIME   RECORD YEAR NORMAL DEPARTURE LAST
                VALUE   (LST)  VALUE       VALUE  FROM      YEAR
                                                  NORMAL
..................................................................
TEMPERATURE (F)
 YESTERDAY
  MAXIMUM         75    247 PM  88    1979  65     10       56
  MINIMUM         33    534 AM  20    1982  41     -8       34
  AVERAGE         54                        53      1       45

PRECIPITATION (IN)
  YESTERDAY        0.00          0.91 2009   0.09  -0.09     0.00
  MONTH TO DATE    6.12                      1.95   4.17     2.29
  SINCE SEP 1      7.83                      5.37   2.46     5.84
  SINCE JAN 1     30.38                     31.67  -1.29    25.51

DEGREE DAYS
 HEATING
  YESTERDAY       11                        12     -1       20
  MONTH TO DATE  203                       194      9      184
  SINCE SEP 1    281                       269     12      220
  SINCE JUL 1    287                       274     13      222

 COOLING
  YESTERDAY        0                         0      0        0
  MONTH TO DATE    7                        18    -11       26
  SINCE SEP 1    126                       140    -14      215
  SINCE JAN 1   1175                      1217    -42     1285
..................................................................


WIND (MPH)
  HIGHEST WIND SPEED    15   HIGHEST WIND DIRECTION    SE (130)
  HIGHEST GUST SPEED    20   HIGHEST GUST DIRECTION    SE (130)
  AVERAGE WIND SPEED     4.1


SKY COVER
  POSSIBLE SUNSHINE  MM
  AVERAGE SKY COVER 0.2


WEATHER CONDITIONS
 THE FOLLOWING WEATHER WAS RECORDED YESTERDAY.
  FOG
  FOG W/VISIBILITY <= 1/4 MILE
  HAZE


RELATIVE HUMIDITY (PERCENT)
 HIGHEST   100           300 AM
 LOWEST     29           300 PM
 AVERAGE    65

..........................................................


THE ST. JOSEPH MO CLIMATE NORMALS FOR TODAY
                         NORMAL    RECORD    YEAR
 MAXIMUM TEMPERATURE (F)   65        87      1927
 MINIMUM TEMPERATURE (F)   41        23      1982


SUNRISE AND SUNSET
OCTOBER 22 2014.......SUNRISE   737 AM CDT   SUNSET   630 PM CDT
OCTOBER 23 2014.......SUNRISE   738 AM CDT   SUNSET   629 PM CDT


-  INDICATES NEGATIVE NUMBERS.
R  INDICATES RECORD WAS SET OR TIED.
MM INDICATES DATA IS MISSING.
T  INDICATES TRACE AMOUNT.




$$
