000
CDUS43 KEAX 212225
CLISTJ


CLIMATE REPORT
NATIONAL WEATHER SERVICE KANSAS CITY/PLEASANT HILL MO
425 PM CST SUN DEC 21 2014


...................................

...THE ST. JOSEPH MO CLIMATE SUMMARY FOR DECEMBER 21 2014...
VALID AS OF 0400 PM LOCAL TIME.

CLIMATE NORMAL PERIOD 1981 TO 2010
CLIMATE RECORD PERIOD 1892 TO 2014


WEATHER ITEM   OBSERVED TIME   RECORD YEAR NORMAL DEPARTURE LAST
                VALUE   (LST)  VALUE       VALUE  FROM      YEAR
                                                  NORMAL
..................................................................
TEMPERATURE (F)
 TODAY
  MAXIMUM         44    259 PM  63    1941  37      7       27
  MINIMUM         32    239 AM -17    1989  18     14       21
  AVERAGE         38                        28     10       24

PRECIPITATION (IN)
  TODAY            0.00          0.50 1949   0.06  -0.06     0.24
                                      1898
  MONTH TO DATE    0.66                      1.07  -0.41     0.33
  SINCE DEC 1      0.66                      1.07  -0.41     0.33
  SINCE JAN 1     31.61                     35.15  -3.54    31.15

DEGREE DAYS
 HEATING
  TODAY           27                        37    -10       41
  MONTH TO DATE  619                       722   -103      818
  SINCE DEC 1    619                       722   -103      818
  SINCE JUL 1   1865                      1833     32     1987

 COOLING
  TODAY            0                         0      0        0
  MONTH TO DATE    0                         0      0        0
  SINCE DEC 1      0                         0      0        0
  SINCE JAN 1   1182                      1221    -39     1285
..................................................................


WIND (MPH)
  HIGHEST WIND SPEED    18   HIGHEST WIND DIRECTION     S (190)
  HIGHEST GUST SPEED    23   HIGHEST GUST DIRECTION     S (180)
  AVERAGE WIND SPEED    11.6


SKY COVER
  AVERAGE SKY COVER 0.8


WEATHER CONDITIONS
 THE FOLLOWING WEATHER WAS RECORDED TODAY.
  FOG


RELATIVE HUMIDITY (PERCENT)
 HIGHEST    92          1200 AM
 LOWEST     82          1200 PM
 AVERAGE    87

..........................................................


THE ST. JOSEPH MO CLIMATE NORMALS FOR TOMORROW
                         NORMAL    RECORD    YEAR
 MAXIMUM TEMPERATURE (F)   37        65      1933
 MINIMUM TEMPERATURE (F)   18       -21      1989


SUNRISE AND SUNSET
DECEMBER 21 2014......SUNRISE   737 AM CST   SUNSET   458 PM CST
DECEMBER 22 2014......SUNRISE   738 AM CST   SUNSET   459 PM CST


-  INDICATES NEGATIVE NUMBERS.
R  INDICATES RECORD WAS SET OR TIED.
MM INDICATES DATA IS MISSING.
T  INDICATES TRACE AMOUNT.




$$
