000
CDUS43 KEAX 052124
CLISTJ


CLIMATE REPORT
NATIONAL WEATHER SERVICE KANSAS CITY/PLEASANT HILL MO
424 PM CDT SUN JUL 5 2015


...................................

...THE ST. JOSEPH MO CLIMATE SUMMARY FOR JULY 5 2015...
VALID AS OF 0400 PM LOCAL TIME.

CLIMATE NORMAL PERIOD 1981 TO 2010
CLIMATE RECORD PERIOD 1892 TO 2015


WEATHER ITEM   OBSERVED TIME   RECORD YEAR NORMAL DEPARTURE LAST
                VALUE   (LST)  VALUE       VALUE  FROM      YEAR
                                                  NORMAL
..................................................................
TEMPERATURE (F)
 TODAY
  MAXIMUM         89    259 PM 106    1911  87      2       83
  MINIMUM         67    510 AM  41    1972  67      0       68
  AVERAGE         78                        77      1       76

PRECIPITATION (IN)
  TODAY            0.00          3.41 1961   0.13  -0.13     2.59
  MONTH TO DATE    0.38                      0.73  -0.35     2.59
  SINCE JUN 1      7.28                      4.91   2.37    10.50
  SINCE JAN 1     22.97                     17.86   5.11    18.27

DEGREE DAYS
 HEATING
  TODAY            0                         0      0        0
  MONTH TO DATE    0                         0      0        4
  SINCE JUN 1      1                         8     -7        5
  SINCE JUL 1      0                         0      0        4

 COOLING
  TODAY           13                        12      1       11
  MONTH TO DATE   43                        58    -15       24
  SINCE JUN 1    357                       325     32      303
  SINCE JAN 1    425                       438    -13      464
..................................................................


WIND (MPH)
  HIGHEST WIND SPEED    17   HIGHEST WIND DIRECTION     S (170)
  HIGHEST GUST SPEED    22   HIGHEST GUST DIRECTION     S (170)
  AVERAGE WIND SPEED     7.0


SKY COVER
  AVERAGE SKY COVER 0.0


WEATHER CONDITIONS
 THE FOLLOWING WEATHER WAS RECORDED TODAY.
  FOG
  HAZE


RELATIVE HUMIDITY (PERCENT)
 HIGHEST    87           200 AM
 LOWEST     63           100 PM
 AVERAGE    75

..........................................................


THE ST. JOSEPH MO CLIMATE NORMALS FOR TOMORROW
                         NORMAL    RECORD    YEAR
 MAXIMUM TEMPERATURE (F)   87       104      1954
 MINIMUM TEMPERATURE (F)   67        50      1972


SUNRISE AND SUNSET
JULY  5 2015..........SUNRISE   557 AM CDT   SUNSET   851 PM CDT
JULY  6 2015..........SUNRISE   558 AM CDT   SUNSET   851 PM CDT


-  INDICATES NEGATIVE NUMBERS.
R  INDICATES RECORD WAS SET OR TIED.
MM INDICATES DATA IS MISSING.
T  INDICATES TRACE AMOUNT.




$$
