000
CDUS43 KEAX 190646
CLISTJ


CLIMATE REPORT
NATIONAL WEATHER SERVICE KANSAS CITY/PLEASANT HILL MO
1246 AM CST MON FEB 19 2018


...................................

...THE ST. JOSEPH MO CLIMATE SUMMARY FOR FEBRUARY 18 2018...

CLIMATE NORMAL PERIOD 1981 TO 2010
CLIMATE RECORD PERIOD 1892 TO 2018


WEATHER ITEM   OBSERVED TIME   RECORD YEAR NORMAL DEPARTURE LAST
                VALUE   (LST)  VALUE       VALUE  FROM      YEAR
                                                  NORMAL
..................................................................
TEMPERATURE (F)
 YESTERDAY
  MAXIMUM         58    351 PM  75    1930  43     15       70
  MINIMUM         19    109 AM -16    1978  22     -3       32
  AVERAGE         39                        33      6       51

PRECIPITATION (IN)
  YESTERDAY        0.00          1.73 1955   0.04  -0.04     0.00
  MONTH TO DATE    0.02                      0.56  -0.54      T
  SINCE DEC 1      0.93                      2.64  -1.71     2.07
  SINCE JAN 1      0.79                      1.12  -0.33     0.97

DEGREE DAYS
 HEATING
  YESTERDAY       26                        32     -6       14
  MONTH TO DATE  693                       619     74      488
  SINCE DEC 1   2614                      2891   -277     2445
  SINCE JUL 1   3589                      4002   -413     3120

 COOLING
  YESTERDAY        0                         0      0        0
  MONTH TO DATE    0                         0      0        0
  SINCE DEC 1      0                         0      0        0
  SINCE JAN 1      0                         0      0        0
..................................................................


WIND (MPH)
  HIGHEST WIND SPEED    39   HIGHEST WIND DIRECTION     S (180)
  HIGHEST GUST SPEED    47   HIGHEST GUST DIRECTION     S (180)
  AVERAGE WIND SPEED    17.2


SKY COVER
  POSSIBLE SUNSHINE  MM
  AVERAGE SKY COVER 0.2


WEATHER CONDITIONS
 THE FOLLOWING WEATHER WAS RECORDED YESTERDAY.
  NO SIGNIFICANT WEATHER WAS OBSERVED.


RELATIVE HUMIDITY (PERCENT)
 HIGHEST    92           200 AM
 LOWEST     30           100 PM
 AVERAGE    61

..........................................................


THE ST. JOSEPH MO CLIMATE NORMALS FOR TODAY
                         NORMAL    RECORD    YEAR
 MAXIMUM TEMPERATURE (F)   43        76      1930
 MINIMUM TEMPERATURE (F)   23       -10      2015
                                             1978


SUNRISE AND SUNSET
FEBRUARY 19 2018......SUNRISE   707 AM CST   SUNSET   601 PM CST
FEBRUARY 20 2018......SUNRISE   705 AM CST   SUNSET   602 PM CST


-  INDICATES NEGATIVE NUMBERS.
R  INDICATES RECORD WAS SET OR TIED.
MM INDICATES DATA IS MISSING.
T  INDICATES TRACE AMOUNT.




$$
