000
CDUS43 KEAX 010632
CLISTJ


CLIMATE REPORT
NATIONAL WEATHER SERVICE KANSAS CITY/PLEASANT HILL MO
132 AM CDT SAT OCT 1 2016


...................................

...THE ST. JOSEPH MO CLIMATE SUMMARY FOR SEPTEMBER 30 2016...

CLIMATE NORMAL PERIOD 1981 TO 2010
CLIMATE RECORD PERIOD 1892 TO 2016


WEATHER ITEM   OBSERVED TIME   RECORD YEAR NORMAL DEPARTURE LAST
                VALUE   (LST)  VALUE       VALUE  FROM      YEAR
                                                  NORMAL
..................................................................
TEMPERATURE (F)
 YESTERDAY
  MAXIMUM         76    215 PM  93    2002  74      2       70
                                      1952
  MINIMUM         44    613 AM  29    1984  48     -4       46
  AVERAGE         60                        61     -1       58

PRECIPITATION (IN)
  YESTERDAY        0.00          1.15 1945   0.08  -0.08     0.00
  MONTH TO DATE    8.66                      3.42   5.24     2.04
  SINCE SEP 1      8.66                      3.42   5.24     2.04
  SINCE JAN 1     38.78                     29.72   9.06    30.64

DEGREE DAYS
 HEATING
  YESTERDAY        5                         6     -1        7
  MONTH TO DATE   25                        76    -51       34
  SINCE SEP 1     25                        75    -50       34
  SINCE JUL 1     27                        80    -53       38

 COOLING
  YESTERDAY        0                         2     -2        0
  MONTH TO DATE  222                       122    100      238
  SINCE SEP 1    222                       122    100      238
  SINCE JAN 1   1494                      1199    295     1265
..................................................................


WIND (MPH)
  HIGHEST WIND SPEED    17   HIGHEST WIND DIRECTION    NE (30)
  HIGHEST GUST SPEED    23   HIGHEST GUST DIRECTION     N (360)
  AVERAGE WIND SPEED     5.8


SKY COVER
  POSSIBLE SUNSHINE  MM
  AVERAGE SKY COVER 0.0


WEATHER CONDITIONS
 THE FOLLOWING WEATHER WAS RECORDED YESTERDAY.
  NO SIGNIFICANT WEATHER WAS OBSERVED.


RELATIVE HUMIDITY (PERCENT)
 HIGHEST    93          1200 AM
 LOWEST     36           100 PM
 AVERAGE    65

..........................................................


THE ST. JOSEPH MO CLIMATE NORMALS FOR TODAY
                         NORMAL    RECORD    YEAR
 MAXIMUM TEMPERATURE (F)   73        94      1976
 MINIMUM TEMPERATURE (F)   48        29      1985


SUNRISE AND SUNSET
OCTOBER  1 2016.......SUNRISE   716 AM CDT   SUNSET   701 PM CDT
OCTOBER  2 2016.......SUNRISE   717 AM CDT   SUNSET   700 PM CDT


-  INDICATES NEGATIVE NUMBERS.
R  INDICATES RECORD WAS SET OR TIED.
MM INDICATES DATA IS MISSING.
T  INDICATES TRACE AMOUNT.




$$
