000
CDUS43 KEAX 250635
CLISTJ


CLIMATE REPORT
NATIONAL WEATHER SERVICE KANSAS CITY/PLEASANT HILL MO
134 AM CDT MON JUL 25 2016


...................................

...THE ST. JOSEPH MO CLIMATE SUMMARY FOR JULY 24 2016...

CLIMATE NORMAL PERIOD 1981 TO 2010
CLIMATE RECORD PERIOD 1892 TO 2016


WEATHER ITEM   OBSERVED TIME   RECORD YEAR NORMAL DEPARTURE LAST
                VALUE   (LST)  VALUE       VALUE  FROM      YEAR
                                                  NORMAL
..................................................................
TEMPERATURE (F)
 YESTERDAY
  MAXIMUM         89   1150 AM 108    1934  87      2       95
  MINIMUM         70   1154 PM  54    2003  67      3       73
  AVERAGE         80                        77      3       84

PRECIPITATION (IN)
  YESTERDAY        0.00          1.56 1979   0.19  -0.19     0.00
  MONTH TO DATE    8.31                      3.96   4.35     4.01
  SINCE JUN 1      9.02                      8.14   0.88    10.91
  SINCE JAN 1     23.15                     21.09   2.06    26.60

DEGREE DAYS
 HEATING
  YESTERDAY        0                         0      0        0
  MONTH TO DATE    2                         0      2        0
  SINCE JUN 1      2                         8     -6        1
  SINCE JUL 1      2                         0      2        0

 COOLING
  YESTERDAY       15                        12      3       19
  MONTH TO DATE  338                       286     52      285
  SINCE JUN 1    765                       553    212      599
  SINCE JAN 1    848                       666    182      667
..................................................................


WIND (MPH)
  HIGHEST WIND SPEED    16   HIGHEST WIND DIRECTION     N (340)
  HIGHEST GUST SPEED    21   HIGHEST GUST DIRECTION     N (20)
  AVERAGE WIND SPEED     5.5


SKY COVER
  POSSIBLE SUNSHINE  MM
  AVERAGE SKY COVER 0.1


WEATHER CONDITIONS
 THE FOLLOWING WEATHER WAS RECORDED YESTERDAY.
  THUNDERSTORM


RELATIVE HUMIDITY (PERCENT)
 HIGHEST    85           600 AM
 LOWEST     62           700 PM
 AVERAGE    74

..........................................................


THE ST. JOSEPH MO CLIMATE NORMALS FOR TODAY
                         NORMAL    RECORD    YEAR
 MAXIMUM TEMPERATURE (F)   87       108      1936
 MINIMUM TEMPERATURE (F)   67        53      1975


SUNRISE AND SUNSET
JULY 25 2016..........SUNRISE   613 AM CDT   SUNSET   839 PM CDT
JULY 26 2016..........SUNRISE   614 AM CDT   SUNSET   838 PM CDT


-  INDICATES NEGATIVE NUMBERS.
R  INDICATES RECORD WAS SET OR TIED.
MM INDICATES DATA IS MISSING.
T  INDICATES TRACE AMOUNT.




$$
