000
CDUS43 KEAX 310642
CLISTJ


CLIMATE REPORT
NATIONAL WEATHER SERVICE KANSAS CITY/PLEASANT HILL MO
140 AM CDT WED AUG 31 2016


...................................

...THE ST. JOSEPH MO CLIMATE SUMMARY FOR AUGUST 30 2016...

CLIMATE NORMAL PERIOD 1981 TO 2010
CLIMATE RECORD PERIOD 1892 TO 2016


WEATHER ITEM   OBSERVED TIME   RECORD YEAR NORMAL DEPARTURE LAST
                VALUE   (LST)  VALUE       VALUE  FROM      YEAR
                                                  NORMAL
..................................................................
TEMPERATURE (F)
 YESTERDAY
  MAXIMUM         85    345 PM 103    1947  84      1       84
  MINIMUM         68    637 AM  46    1915  61      7       59
  AVERAGE         77                        72      5       72

PRECIPITATION (IN)
  YESTERDAY        0.08          1.32 1965   0.15  -0.07     0.00
  MONTH TO DATE    6.65                      3.84   2.81     0.22
  SINCE JUN 1     15.90                     13.21   2.69    12.91
  SINCE JAN 1     30.03                     26.16   3.87    28.60

DEGREE DAYS
 HEATING
  YESTERDAY        0                         0      0        0
  MONTH TO DATE    0                         0      0        4
  SINCE JUN 1      2                         9     -7        5
  SINCE JUL 1      2                         1      1        4

 COOLING
  YESTERDAY       12                         8      4        7
  MONTH TO DATE  340                       316     24      249
  SINCE JUN 1   1182                       957    225      948
  SINCE JAN 1   1265                      1070    195     1016
..................................................................


WIND (MPH)
  HIGHEST WIND SPEED    13   HIGHEST WIND DIRECTION    NE (30)
  HIGHEST GUST SPEED    17   HIGHEST GUST DIRECTION    NE (30)
  AVERAGE WIND SPEED     5.5


SKY COVER
  POSSIBLE SUNSHINE  MM
  AVERAGE SKY COVER 0.3


WEATHER CONDITIONS
 THE FOLLOWING WEATHER WAS RECORDED YESTERDAY.
  THUNDERSTORM
  LIGHT RAIN
  FOG


RELATIVE HUMIDITY (PERCENT)
 HIGHEST   100           700 AM
 LOWEST     65           100 PM
 AVERAGE    83

..........................................................


THE ST. JOSEPH MO CLIMATE NORMALS FOR TODAY
                         NORMAL    RECORD    YEAR
 MAXIMUM TEMPERATURE (F)   84       103      1913
 MINIMUM TEMPERATURE (F)   60        44      1967


SUNRISE AND SUNSET
AUGUST 31 2016........SUNRISE   647 AM CDT   SUNSET   752 PM CDT
SEPTEMBER  1 2016.....SUNRISE   648 AM CDT   SUNSET   750 PM CDT


-  INDICATES NEGATIVE NUMBERS.
R  INDICATES RECORD WAS SET OR TIED.
MM INDICATES DATA IS MISSING.
T  INDICATES TRACE AMOUNT.




$$
