000
CDUS43 KEAX 062224
CLISTJ


CLIMATE REPORT
NATIONAL WEATHER SERVICE KANSAS CITY/PLEASANT HILL MO
423 PM CST TUE DEC 6 2016


...................................

...THE ST. JOSEPH MO CLIMATE SUMMARY FOR DECEMBER 6 2016...
VALID AS OF 0400 PM LOCAL TIME.

CLIMATE NORMAL PERIOD 1981 TO 2010
CLIMATE RECORD PERIOD 1892 TO 2016


WEATHER ITEM   OBSERVED TIME   RECORD YEAR NORMAL DEPARTURE LAST
                VALUE   (LST)  VALUE       VALUE  FROM      YEAR
                                                  NORMAL
..................................................................
TEMPERATURE (F)
 TODAY
  MAXIMUM         40    158 AM  72    1939  42     -2       52
  MINIMUM         30    829 AM  -4    1950  22      8       25
  AVERAGE         35                        32      3       39

PRECIPITATION (IN)
  TODAY            0.00          0.77 1998   0.05  -0.05      T
  MONTH TO DATE    0.59                      0.27   0.32      T
  SINCE DEC 1      0.59                      0.27   0.32      T
  SINCE JAN 1     41.57                     34.35   7.22    35.95

DEGREE DAYS
 HEATING
  TODAY           30                        33     -3       26
  MONTH TO DATE  183                       190     -7      161
  SINCE DEC 1    183                       190     -7      161
  SINCE JUL 1    858                      1301   -443      997

 COOLING
  TODAY            0                         0      0        0
  MONTH TO DATE    0                         0      0        0
  SINCE DEC 1      0                         0      0        0
  SINCE JAN 1   1547                      1221    326     1288
..................................................................


WIND (MPH)
  HIGHEST WIND SPEED    28   HIGHEST WIND DIRECTION    NW (320)
  HIGHEST GUST SPEED    34   HIGHEST GUST DIRECTION    NW (320)
  AVERAGE WIND SPEED    15.8


SKY COVER
  AVERAGE SKY COVER 0.5


WEATHER CONDITIONS
 THE FOLLOWING WEATHER WAS RECORDED TODAY.
  NO SIGNIFICANT WEATHER WAS OBSERVED.


RELATIVE HUMIDITY (PERCENT)
 HIGHEST    92           100 AM
 LOWEST     38           300 PM
 AVERAGE    65

..........................................................


THE ST. JOSEPH MO CLIMATE NORMALS FOR TOMORROW
                         NORMAL    RECORD    YEAR
 MAXIMUM TEMPERATURE (F)   42        64      1946
 MINIMUM TEMPERATURE (F)   22        -3      1917


SUNRISE AND SUNSET
DECEMBER  6 2016......SUNRISE   727 AM CST   SUNSET   455 PM CST
DECEMBER  7 2016......SUNRISE   728 AM CST   SUNSET   455 PM CST


-  INDICATES NEGATIVE NUMBERS.
R  INDICATES RECORD WAS SET OR TIED.
MM INDICATES DATA IS MISSING.
T  INDICATES TRACE AMOUNT.




$$
