000
CDUS43 KEAX 250031
CLISTJ


CLIMATE REPORT
NATIONAL WEATHER SERVICE KANSAS CITY/PLEASANT HILL MO
631 PM CST TUE JAN 24 2017


...................................

...THE ST. JOSEPH MO CLIMATE SUMMARY FOR JANUARY 24 2017...
VALID TODAY AS OF 0600 PM LOCAL TIME.

CLIMATE NORMAL PERIOD 1981 TO 2010
CLIMATE RECORD PERIOD 1892 TO 2017


WEATHER ITEM   OBSERVED TIME   RECORD YEAR NORMAL DEPARTURE LAST
                VALUE   (LST)  VALUE       VALUE  FROM      YEAR
                                                  NORMAL
..................................................................
TEMPERATURE (F)
 TODAY
  MAXIMUM         47    451 PM  68    1981  38      9       44
  MINIMUM         29    149 AM  -9    1963  18     11       14
  AVERAGE         38                        28     10       29

PRECIPITATION (IN)
  TODAY            T             0.53 1967   0.02  -0.02     0.00
  MONTH TO DATE    0.97                      0.41   0.56     0.59
  SINCE DEC 1      2.07                      1.93   0.14     2.84
  SINCE JAN 1      0.97                      0.41   0.56     0.59

DEGREE DAYS
 HEATING
  TODAY           27                        37    -10       36
  MONTH TO DATE  603                       911   -308      964
  SINCE DEC 1   1748                      2013   -265     1790
  SINCE JUL 1   2423                      3124   -701     2626

 COOLING
  TODAY            0                         0      0        0
  MONTH TO DATE    0                         0      0        0
  SINCE DEC 1      0                         0      0        0
  SINCE JAN 1      0                         0      0        0
..................................................................


WIND (MPH)
  HIGHEST WIND SPEED    24   HIGHEST WIND DIRECTION     E (110)
  HIGHEST GUST SPEED    33   HIGHEST GUST DIRECTION    SE (120)
  AVERAGE WIND SPEED    12.4


SKY COVER
  AVERAGE SKY COVER 0.6


WEATHER CONDITIONS
 THE FOLLOWING WEATHER WAS RECORDED TODAY.
  FOG


RELATIVE HUMIDITY (PERCENT)
 HIGHEST   100           500 AM
 LOWEST     71           300 PM
 AVERAGE    86

..........................................................


THE ST. JOSEPH MO CLIMATE NORMALS FOR TOMORROW
                         NORMAL    RECORD    YEAR
 MAXIMUM TEMPERATURE (F)   38        60      1943
 MINIMUM TEMPERATURE (F)   18       -13      1940


SUNRISE AND SUNSET
JANUARY 24 2017.......SUNRISE   734 AM CST   SUNSET   530 PM CST
JANUARY 25 2017.......SUNRISE   733 AM CST   SUNSET   531 PM CST


-  INDICATES NEGATIVE NUMBERS.
R  INDICATES RECORD WAS SET OR TIED.
MM INDICATES DATA IS MISSING.
T  INDICATES TRACE AMOUNT.




$$
