000
CDUS43 KEAX 200638
CLISTJ


CLIMATE REPORT
NATIONAL WEATHER SERVICE KANSAS CITY/PLEASANT HILL MO
1238 AM CST MON FEB 20 2017


...................................

...THE ST. JOSEPH MO CLIMATE SUMMARY FOR FEBRUARY 19 2017...

CLIMATE NORMAL PERIOD 1981 TO 2010
CLIMATE RECORD PERIOD 1892 TO 2017


WEATHER ITEM   OBSERVED TIME   RECORD YEAR NORMAL DEPARTURE LAST
                VALUE   (LST)  VALUE       VALUE  FROM      YEAR
                                                  NORMAL
..................................................................
TEMPERATURE (F)
 YESTERDAY
  MAXIMUM         74    346 PM  76    1930  43     31       72
  MINIMUM         34    725 AM -10    2015  23     11       43
                                      1978
  AVERAGE         54                        33     21       58

PRECIPITATION (IN)
  YESTERDAY        0.00          1.35 1954   0.03  -0.03     0.00
  MONTH TO DATE    T                         0.59  -0.59     0.32
  SINCE DEC 1      2.07                      2.67  -0.60     3.16
  SINCE JAN 1      0.97                      1.15  -0.18     0.91

DEGREE DAYS
 HEATING
  YESTERDAY       11                        32    -21        7
  MONTH TO DATE  499                       651   -152      573
  SINCE DEC 1   2456                      2923   -467     2562
  SINCE JUL 1   3131                      4034   -903     3398

 COOLING
  YESTERDAY        0                         0      0        0
  MONTH TO DATE    0                         0      0        0
  SINCE DEC 1      0                         0      0        0
  SINCE JAN 1      0                         0      0        0
..................................................................


WIND (MPH)
  HIGHEST WIND SPEED    21   HIGHEST WIND DIRECTION     S (170)
  HIGHEST GUST SPEED    26   HIGHEST GUST DIRECTION     S (160)
  AVERAGE WIND SPEED     7.4


SKY COVER
  POSSIBLE SUNSHINE  MM
  AVERAGE SKY COVER 0.1


WEATHER CONDITIONS
 THE FOLLOWING WEATHER WAS RECORDED YESTERDAY.
  FOG
  FOG W/VISIBILITY <= 1/4 MILE


RELATIVE HUMIDITY (PERCENT)
 HIGHEST   100           600 AM
 LOWEST     49           300 PM
 AVERAGE    75

..........................................................


THE ST. JOSEPH MO CLIMATE NORMALS FOR TODAY
                         NORMAL    RECORD    YEAR
 MAXIMUM TEMPERATURE (F)   44        76      2016
 MINIMUM TEMPERATURE (F)   23        -1      1918


SUNRISE AND SUNSET
FEBRUARY 20 2017......SUNRISE   705 AM CST   SUNSET   602 PM CST
FEBRUARY 21 2017......SUNRISE   704 AM CST   SUNSET   603 PM CST


-  INDICATES NEGATIVE NUMBERS.
R  INDICATES RECORD WAS SET OR TIED.
MM INDICATES DATA IS MISSING.
T  INDICATES TRACE AMOUNT.




$$
