000
CDUS43 KEAX 260635
CLISTJ


CLIMATE REPORT
NATIONAL WEATHER SERVICE KANSAS CITY/PLEASANT HILL MO
135 AM CDT WED APR 26 2017


...................................

...THE ST. JOSEPH MO CLIMATE SUMMARY FOR APRIL 25 2017...

CLIMATE NORMAL PERIOD 1981 TO 2010
CLIMATE RECORD PERIOD 1892 TO 2017


WEATHER ITEM   OBSERVED TIME   RECORD YEAR NORMAL DEPARTURE LAST
                VALUE   (LST)  VALUE       VALUE  FROM      YEAR
                                                  NORMAL
..................................................................
TEMPERATURE (F)
 YESTERDAY
  MAXIMUM         72   1145 AM  96    2012  68      4       79
  MINIMUM         48   1159 PM  31    2013  46      2       61
  AVERAGE         60                        57      3       70

PRECIPITATION (IN)
  YESTERDAY        T             1.56 1904   0.15  -0.15     0.00
  MONTH TO DATE    2.52                      2.92  -0.40     1.37
  SINCE MAR 1      5.09                      5.17  -0.08     2.24
  SINCE JAN 1      6.11                      6.66  -0.55     3.15

DEGREE DAYS
 HEATING
  YESTERDAY        5                         9     -4        0
  MONTH TO DATE  197                       306   -109      231
  SINCE MAR 1    764                       991   -227      734
  SINCE JUL 1   4061                      5299  -1238     4352

 COOLING
  YESTERDAY        0                         1     -1        5
  MONTH TO DATE   14                        18     -4       17
  SINCE MAR 1     18                        20     -2       19
  SINCE JAN 1     18                        20     -2       19
..................................................................


WIND (MPH)
  HIGHEST WIND SPEED    23   HIGHEST WIND DIRECTION    NW (330)
  HIGHEST GUST SPEED    29   HIGHEST GUST DIRECTION    NW (330)
  AVERAGE WIND SPEED    10.6


SKY COVER
  POSSIBLE SUNSHINE  MM
  AVERAGE SKY COVER 0.6


WEATHER CONDITIONS
 THE FOLLOWING WEATHER WAS RECORDED YESTERDAY.
  LIGHT RAIN


RELATIVE HUMIDITY (PERCENT)
 HIGHEST    77           900 PM
 LOWEST     49          1100 AM
 AVERAGE    63

..........................................................


THE ST. JOSEPH MO CLIMATE NORMALS FOR TODAY
                         NORMAL    RECORD    YEAR
 MAXIMUM TEMPERATURE (F)   69        94      1989
 MINIMUM TEMPERATURE (F)   46        31      1950


SUNRISE AND SUNSET
APRIL 26 2017.........SUNRISE   626 AM CDT   SUNSET   809 PM CDT
APRIL 27 2017.........SUNRISE   625 AM CDT   SUNSET   810 PM CDT


-  INDICATES NEGATIVE NUMBERS.
R  INDICATES RECORD WAS SET OR TIED.
MM INDICATES DATA IS MISSING.
T  INDICATES TRACE AMOUNT.




$$
