000
CDUS43 KLSX 292231
CLISTL


CLIMATE REPORT
NATIONAL WEATHER SERVICE ST LOUIS MO
530 PM CDT MON AUG 29 2016


...................................

...THE ST. LOUIS CLIMATE SUMMARY FOR AUGUST 29 2016...
VALID TODAY AS OF 0500 PM LOCAL TIME.

CLIMATE NORMAL PERIOD 1981 TO 2010
CLIMATE RECORD PERIOD 1874 TO 2016


WEATHER ITEM   OBSERVED TIME   RECORD YEAR NORMAL DEPARTURE LAST
                VALUE   (LST)  VALUE       VALUE  FROM      YEAR
                                                  NORMAL
..................................................................
TEMPERATURE (F)
 TODAY
  MAXIMUM         94    307 PM 107    1984  86      8       84
  MINIMUM         76    522 AM  47    1986  67      9       72
                                      1965
  AVERAGE         85                        77      8       78

PRECIPITATION (IN)
  TODAY            0.00          1.53 1975   0.09  -0.09      T
  MONTH TO DATE    5.24                      2.80   2.44     6.67
  SINCE JUN 1     14.90                     11.19   3.71    23.94
  SINCE JAN 1     27.95                     27.56   0.39    38.93

SNOWFALL (IN)
  TODAY            0.0           0.0  2015   0.0    0.0      0.0
  MONTH TO DATE    0.0                       0.0    0.0      0.0
  SINCE JUN 1      0.0                       0.0    0.0      0.0
  SINCE JUL 1      0.0                       0.0    0.0      0.0
  SNOW DEPTH       0

DEGREE DAYS
 HEATING
  TODAY            0                         0      0        0
  MONTH TO DATE    0                         0      0        0
  SINCE JUN 1      0                         5     -5        3
  SINCE JUL 1      0                         0      0        0

 COOLING
  TODAY           20                        12      8       13
  MONTH TO DATE  462                       402     60      369
  SINCE JUN 1   1479                      1203    276     1249
  SINCE JAN 1   1673                      1377    296     1473
..................................................................


WIND (MPH)
  HIGHEST WIND SPEED    14   HIGHEST WIND DIRECTION     E (100)
  HIGHEST GUST SPEED    17   HIGHEST GUST DIRECTION     E (90)
  AVERAGE WIND SPEED     5.0


SKY COVER
  AVERAGE SKY COVER 0.2



RELATIVE HUMIDITY (PERCENT)
 HIGHEST    85           300 AM
 LOWEST     46           100 PM
 AVERAGE    66

..........................................................


THE ST. LOUIS CLIMATE NORMALS FOR TOMORROW
                         NORMAL    RECORD    YEAR
 MAXIMUM TEMPERATURE (F)   86       102      2013
 MINIMUM TEMPERATURE (F)   67        50      1934


SUNRISE AND SUNSET
AUGUST 29 2016........SUNRISE   628 AM CDT   SUNSET   735 PM CDT
AUGUST 30 2016........SUNRISE   629 AM CDT   SUNSET   734 PM CDT


-  INDICATES NEGATIVE NUMBERS.
R  INDICATES RECORD WAS SET OR TIED.
MM INDICATES DATA IS MISSING.
T  INDICATES TRACE AMOUNT.




$$
