000
CDUS43 KLSX 062228
CLISTL


CLIMATE REPORT
NATIONAL WEATHER SERVICE ST LOUIS MO
428 PM CST FRI MAR 6 2015


...................................

...THE ST. LOUIS CLIMATE SUMMARY FOR MARCH 6 2015...
VALID TODAY AS OF 0400 PM LOCAL TIME.

CLIMATE NORMAL PERIOD 1981 TO 2010
CLIMATE RECORD PERIOD 1874 TO 2015


WEATHER ITEM   OBSERVED TIME   RECORD YEAR NORMAL DEPARTURE LAST
                VALUE   (LST)  VALUE       VALUE  FROM      YEAR
                                                  NORMAL
..................................................................
TEMPERATURE (F)
 TODAY
  MAXIMUM         51    359 PM  85    1956  52     -1       48
  MINIMUM         15    109 AM   2    1960  33    -18       25
  AVERAGE         33                        43    -10       37

PRECIPITATION (IN)
  TODAY            0.00          0.96 1973   0.10  -0.10     0.00
  MONTH TO DATE    0.17                      0.53  -0.36     0.32
  SINCE MAR 1      0.17                      0.53  -0.36     0.32
  SINCE JAN 1      3.12                      5.17  -2.05     3.47

SNOWFALL (IN)
  TODAY            0.0          10.0  1989   0.1   -0.1      0.0
  MONTH TO DATE    0.6                       0.6    0.0      1.5
  SINCE MAR 1      0.6                       0.6    0.0      1.5
  SINCE JUL 1     16.8                      15.6    1.2     28.7
  SNOW DEPTH       0

DEGREE DAYS
 HEATING
  TODAY           32                        23      9       28
  MONTH TO DATE  217                       141     76      229
  SINCE MAR 1    217                       141     76      229
  SINCE JUL 1   4019                      3739    280     4266

 COOLING
  TODAY            0                         0      0        0
  MONTH TO DATE    0                         0      0        0
  SINCE MAR 1      0                         0      0        0
  SINCE JAN 1      0                         0      0        0
..................................................................


WIND (MPH)
  HIGHEST WIND SPEED    20   HIGHEST WIND DIRECTION    SW (230)
  HIGHEST GUST SPEED    24   HIGHEST GUST DIRECTION    SW (230)
  AVERAGE WIND SPEED     9.6


SKY COVER
  AVERAGE SKY COVER 0.1



RELATIVE HUMIDITY (PERCENT)
 HIGHEST    67           100 AM
 LOWEST     30           400 PM
 AVERAGE    49

..........................................................


THE ST. LOUIS CLIMATE NORMALS FOR TOMORROW
                         NORMAL    RECORD    YEAR
 MAXIMUM TEMPERATURE (F)   52        85      1974
 MINIMUM TEMPERATURE (F)   34         2      1943


SUNRISE AND SUNSET
MARCH  6 2015.........SUNRISE   627 AM CST   SUNSET   559 PM CST
MARCH  7 2015.........SUNRISE   625 AM CST   SUNSET   600 PM CST


-  INDICATES NEGATIVE NUMBERS.
R  INDICATES RECORD WAS SET OR TIED.
MM INDICATES DATA IS MISSING.
T  INDICATES TRACE AMOUNT.




$$
