000
CDUS43 KLSX 290736
CLISTL


CLIMATE REPORT
NATIONAL WEATHER SERVICE ST LOUIS MO
235 AM CDT THU SEP 29 2016


...................................

...THE ST. LOUIS CLIMATE SUMMARY FOR SEPTEMBER 28 2016...

CLIMATE NORMAL PERIOD 1981 TO 2010
CLIMATE RECORD PERIOD 1874 TO 2016


WEATHER ITEM   OBSERVED TIME   RECORD YEAR NORMAL DEPARTURE LAST
                VALUE   (LST)  VALUE       VALUE  FROM      YEAR
                                                  NORMAL
..................................................................
TEMPERATURE (F)
 YESTERDAY
  MAXIMUM         70    241 PM  97    1953  75     -5       84
  MINIMUM         56   1159 PM  32    1942  55      1       66
  AVERAGE         63                        65     -2       75

PRECIPITATION (IN)
  YESTERDAY        0.00          3.73 1919   0.11  -0.11      T
  MONTH TO DATE    4.90                      2.93   1.97     2.08
  SINCE SEP 1      4.90                      2.93   1.97     2.08
  SINCE JAN 1     33.38                     30.68   2.70    41.01

SNOWFALL (IN)
  YESTERDAY        0.0           0.0  2015   0.0    0.0      0.0
  MONTH TO DATE    0.0                       0.0    0.0      0.0
  SINCE SEP 1      0.0                       0.0    0.0      0.0
  SINCE JUL 1      0.0                       0.0    0.0      0.0
  SNOW DEPTH       0

DEGREE DAYS
 HEATING
  YESTERDAY        2                         3     -1        0
  MONTH TO DATE    2                        31    -29        5
  SINCE SEP 1      2                        31    -29        5
  SINCE JUL 1      2                        32    -30        5

 COOLING
  YESTERDAY        0                         3     -3       10
  MONTH TO DATE  324                       197    127      308
  SINCE SEP 1    324                       197    127      308
  SINCE JAN 1   2029                      1596    433     1815
..................................................................


WIND (MPH)
  HIGHEST WIND SPEED    23   HIGHEST WIND DIRECTION     N (360)
  HIGHEST GUST SPEED    30   HIGHEST GUST DIRECTION     N (20)
  AVERAGE WIND SPEED    11.9


SKY COVER
  AVERAGE SKY COVER 0.5


WEATHER CONDITIONS
 THE FOLLOWING WEATHER WAS RECORDED YESTERDAY.
  NO SIGNIFICANT WEATHER WAS OBSERVED.


RELATIVE HUMIDITY (PERCENT)
 HIGHEST    72           500 AM
 LOWEST     40           100 PM
 AVERAGE    56

..........................................................


THE ST. LOUIS CLIMATE NORMALS FOR TODAY
                         NORMAL    RECORD    YEAR
 MAXIMUM TEMPERATURE (F)   75       102      1953
 MINIMUM TEMPERATURE (F)   55        36      1942


SUNRISE AND SUNSET
SEPTEMBER 29 2016.....SUNRISE   656 AM CDT   SUNSET   647 PM CDT
SEPTEMBER 30 2016.....SUNRISE   657 AM CDT   SUNSET   645 PM CDT


-  INDICATES NEGATIVE NUMBERS.
R  INDICATES RECORD WAS SET OR TIED.
MM INDICATES DATA IS MISSING.
T  INDICATES TRACE AMOUNT.




$$
