000
CDUS43 KLSX 170732
CLISTL


CLIMATE REPORT
NATIONAL WEATHER SERVICE ST LOUIS MO
232 AM CDT THU APR 17 2014


...................................

...THE ST. LOUIS CLIMATE SUMMARY FOR APRIL 16 2014...

CLIMATE NORMAL PERIOD 1981 TO 2010
CLIMATE RECORD PERIOD 1874 TO 2014


WEATHER ITEM   OBSERVED TIME   RECORD YEAR NORMAL DEPARTURE LAST
                VALUE   (LST)  VALUE       VALUE  FROM      YEAR
                                                  NORMAL
..................................................................
TEMPERATURE (F)
 YESTERDAY
  MAXIMUM         59    405 PM  90    2002  68     -9       50
  MINIMUM         39    604 AM  25    1875  47     -8       46
  AVERAGE         49                        58     -9       48

PRECIPITATION (IN)
  YESTERDAY        0.00          1.36 1922   0.12  -0.12     0.45
  MONTH TO DATE    6.05                      1.91   4.14     2.04
  SINCE MAR 1      7.60                      5.23   2.37     6.99
  SINCE JAN 1     10.75                      9.87   0.88    13.38

SNOWFALL (IN)
  YESTERDAY        0.0           T    2001   0.0    0.0      0.0
  MONTH TO DATE    T                         0.3   -0.3       T
  SINCE MAR 1      1.6                       2.6   -1.0     14.3
  SINCE JUL 1     28.8                      17.6   11.2     27.9
  SNOW DEPTH       0

DEGREE DAYS
 HEATING
  YESTERDAY       16                         9      7       17
  MONTH TO DATE  174                       178     -4      171
  SINCE MAR 1    864                       766     98      924
  SINCE JUL 1   4901                      4364    537     4241

 COOLING
  YESTERDAY        0                         1     -1        0
  MONTH TO DATE   13                        16     -3       21
  SINCE MAR 1     13                        23    -10       21
  SINCE JAN 1     13                        23    -10       21
..................................................................


WIND (MPH)
  HIGHEST WIND SPEED    26   HIGHEST WIND DIRECTION    SE (150)
  HIGHEST GUST SPEED    35   HIGHEST GUST DIRECTION    SE (140)
  AVERAGE WIND SPEED    16.0


SKY COVER
  AVERAGE SKY COVER 0.6


WEATHER CONDITIONS
 THE FOLLOWING WEATHER WAS RECORDED YESTERDAY.
  NO SIGNIFICANT WEATHER WAS OBSERVED.


RELATIVE HUMIDITY (PERCENT)
 HIGHEST    50           600 AM
 LOWEST     24           400 PM
 AVERAGE    37

..........................................................


THE ST. LOUIS CLIMATE NORMALS FOR TODAY
                         NORMAL    RECORD    YEAR
 MAXIMUM TEMPERATURE (F)   68        91      1937
 MINIMUM TEMPERATURE (F)   48        22      1875


SUNRISE AND SUNSET
APRIL 17 2014.........SUNRISE   622 AM CDT   SUNSET   740 PM CDT
APRIL 18 2014.........SUNRISE   621 AM CDT   SUNSET   741 PM CDT


-  INDICATES NEGATIVE NUMBERS.
R  INDICATES RECORD WAS SET OR TIED.
MM INDICATES DATA IS MISSING.
T  INDICATES TRACE AMOUNT.




$$
