000
CDUS46 KMTR 250934
CLISTS


CLIMATE REPORT
NATIONAL WEATHER SERVICE SAN FRANCISCO BAY AREA
234 AM PDT WED MAY 25 2016


...................................

...THE SANTA ROSA AIRPORT CLIMATE SUMMARY FOR MAY 24 2016...

CLIMATE NORMAL PERIOD 1981 TO 2010
CLIMATE RECORD PERIOD 1998 TO 2016


WEATHER ITEM   OBSERVED TIME   RECORD YEAR NORMAL DEPARTURE LAST
                VALUE   (LST)  VALUE       VALUE  FROM      YEAR
                                                  NORMAL
..................................................................
TEMPERATURE (F)
 YESTERDAY
  MAXIMUM         70    427 PM  85    2001  76     -6       74
  MINIMUM         47    510 AM  39    2013  48     -1       46
  AVERAGE         59                        62     -3       60

PRECIPITATION (IN)
  YESTERDAY        0.00          0.02 2008   0.03  -0.03     0.00
  MONTH TO DATE    0.30                      1.17  -0.87      T
  SINCE OCT 1     31.95                     35.44  -3.49    24.49
  SINCE JAN 1     23.37                     21.69   1.68     5.94

DEGREE DAYS
 HEATING
  YESTERDAY        6                                         5
  MONTH TO DATE  110                                       131
  SINCE MAR 1    579                                       554
  SINCE JUL 1   2309                                      2010

 COOLING
  YESTERDAY        0                                         0
  MONTH TO DATE   15                                         1
  SINCE MAR 1     17                                        12
  SINCE JAN 1     20                                        12
..................................................................


WIND (MPH)
  RESULTANT WIND SPEED   6   RESULTANT WIND DIRECTION   S (160)
  HIGHEST WIND SPEED    16   HIGHEST WIND DIRECTION    SE (150)
  HIGHEST GUST SPEED    21   HIGHEST GUST DIRECTION    SE (140)
  AVERAGE WIND SPEED     6.5


SKY COVER
  POSSIBLE SUNSHINE  MM
  AVERAGE SKY COVER 0.6


WEATHER CONDITIONS
 THE FOLLOWING WEATHER WAS RECORDED YESTERDAY.
  FOG
  FOG W/VISIBILITY <= 1/4 MILE
  HAZE


RELATIVE HUMIDITY (PERCENT)
 HIGHEST   100           100 AM
 LOWEST     53           100 PM
 AVERAGE    77

..........................................................


THE SANTA ROSA AIRPORT CLIMATE NORMALS FOR TODAY
                         NORMAL    RECORD    YEAR
 MAXIMUM TEMPERATURE (F)   76        96      2014
 MINIMUM TEMPERATURE (F)   48        41      2008


SUNRISE AND SUNSET
MAY 25 2016...........SUNRISE   552 AM PDT   SUNSET   825 PM PDT
MAY 26 2016...........SUNRISE   551 AM PDT   SUNSET   826 PM PDT


-  INDICATES NEGATIVE NUMBERS.
R  INDICATES RECORD WAS SET OR TIED.
MM INDICATES DATA IS MISSING.
T  INDICATES TRACE AMOUNT.




$$
