000
CDUS46 KMTR 280836
CLISTS


CLIMATE REPORT
NATIONAL WEATHER SERVICE SAN FRANCISCO BAY AREA
136 AM PDT TUE JUL 28 2015


...................................

...THE SANTA ROSA AIRPORT CLIMATE SUMMARY FOR JULY 27 2015...

CLIMATE NORMAL PERIOD 1981 TO 2010
CLIMATE RECORD PERIOD 1998 TO 2015


WEATHER ITEM   OBSERVED TIME   RECORD YEAR NORMAL DEPARTURE LAST
                VALUE   (LST)  VALUE       VALUE  FROM      YEAR
                                                  NORMAL
..................................................................
TEMPERATURE (F)
 YESTERDAY
  MAXIMUM         91    421 PM  92    2014  83      8       92
  MINIMUM         56   1153 PM  48    2000  52      4       56
  AVERAGE         74                        67      7       74

PRECIPITATION (IN)
  YESTERDAY        0.00          0.00 2000   0.00   0.00     0.00
  MONTH TO DATE    0.05                      0.01   0.04      T
  SINCE OCT 1     24.56                     35.85 -11.29    14.07
  SINCE JAN 1      6.01                     22.10 -16.09    12.57

DEGREE DAYS
 HEATING
  YESTERDAY        0                                         0
  MONTH TO DATE    4                                         0
  SINCE JUN 1     23                                        29
  SINCE JUL 1      4                                         0

 COOLING
  YESTERDAY        9                                         9
  MONTH TO DATE  107                                        89
  SINCE JUN 1    193                                       167
  SINCE JAN 1    205                                       225
..................................................................


WIND (MPH)
  RESULTANT WIND SPEED   3   RESULTANT WIND DIRECTION   S (180)
  HIGHEST WIND SPEED    16   HIGHEST WIND DIRECTION     S (180)
  HIGHEST GUST SPEED    22   HIGHEST GUST DIRECTION     S (170)
  AVERAGE WIND SPEED     5.5


SKY COVER
  POSSIBLE SUNSHINE  MM
  AVERAGE SKY COVER 0.0


WEATHER CONDITIONS
 THE FOLLOWING WEATHER WAS RECORDED YESTERDAY.
  NO SIGNIFICANT WEATHER WAS OBSERVED.


RELATIVE HUMIDITY (PERCENT)
 HIGHEST    75          1100 PM
 LOWEST     21           300 PM
 AVERAGE    48

..........................................................


THE SANTA ROSA AIRPORT CLIMATE NORMALS FOR TODAY
                         NORMAL    RECORD    YEAR
 MAXIMUM TEMPERATURE (F)   83        90      2000
 MINIMUM TEMPERATURE (F)   52        50      2000


SUNRISE AND SUNSET
JULY 28 2015..........SUNRISE   610 AM PDT   SUNSET   825 PM PDT
JULY 29 2015..........SUNRISE   610 AM PDT   SUNSET   824 PM PDT


-  INDICATES NEGATIVE NUMBERS.
R  INDICATES RECORD WAS SET OR TIED.
MM INDICATES DATA IS MISSING.
T  INDICATES TRACE AMOUNT.




$$
