000
CDUS46 KMTR 230838
CLISTS


CLIMATE REPORT
NATIONAL WEATHER SERVICE SAN FRANCISCO BAY AREA
138 AM PDT WED JUL 23 2014


...................................

...THE SANTA ROSA AIRPORT CLIMATE SUMMARY FOR JULY 22 2014...

CLIMATE NORMAL PERIOD 1981 TO 2010
CLIMATE RECORD PERIOD 1998 TO 2014


WEATHER ITEM   OBSERVED TIME   RECORD YEAR NORMAL DEPARTURE LAST
                VALUE   (LST)  VALUE       VALUE  FROM      YEAR
                                                  NORMAL
..................................................................
TEMPERATURE (F)
 YESTERDAY
  MAXIMUM         77    158 PM 108    2006  83     -6       85
  MINIMUM         57   1150 PM  49    2013  52      5       49
                                      1999
  AVERAGE         67                        67      0       67

PRECIPITATION (IN)
  YESTERDAY        0.00          0.00 2000   0.00   0.00     0.00
  MONTH TO DATE    T                         0.01  -0.01     0.01
  SINCE JUL 1      T                         0.01  -0.01     0.01
  SINCE JAN 1     12.57                     22.10  -9.53     6.53

DEGREE DAYS
 HEATING
  YESTERDAY        0                                         0
  MONTH TO DATE    0                                        13
  SINCE JUN 1     29                                        50
  SINCE JUL 1      0                                        13

 COOLING
  YESTERDAY        2                                         2
  MONTH TO DATE   51                                        69
  SINCE JUN 1    129                                       169
  SINCE JAN 1    187                                       224
..................................................................


WIND (MPH)
  RESULTANT WIND SPEED   4   RESULTANT WIND DIRECTION   S (190)
  HIGHEST WIND SPEED    16   HIGHEST WIND DIRECTION    SW (230)
  HIGHEST GUST SPEED    21   HIGHEST GUST DIRECTION    SW (210)
  AVERAGE WIND SPEED     4.5


SKY COVER
  POSSIBLE SUNSHINE  MM
  AVERAGE SKY COVER 0.6


WEATHER CONDITIONS
 THE FOLLOWING WEATHER WAS RECORDED YESTERDAY.
  LIGHT RAIN


RELATIVE HUMIDITY (PERCENT)
 HIGHEST    93           200 AM
 LOWEST     50          1200 PM
 AVERAGE    72

..........................................................


THE SANTA ROSA AIRPORT CLIMATE NORMALS FOR TODAY
                         NORMAL    RECORD    YEAR
 MAXIMUM TEMPERATURE (F)   83       107      2006
 MINIMUM TEMPERATURE (F)   52        47      2000


SUNRISE AND SUNSET
JULY 23 2014..........SUNRISE   606 AM PDT   SUNSET   829 PM PDT
JULY 24 2014..........SUNRISE   606 AM PDT   SUNSET   829 PM PDT


-  INDICATES NEGATIVE NUMBERS.
R  INDICATES RECORD WAS SET OR TIED.
MM INDICATES DATA IS MISSING.
T  INDICATES TRACE AMOUNT.




$$
