000
CDUS43 KFSD 260652
CLISUX


CLIMATE REPORT
NATIONAL WEATHER SERVICE SIOUX FALLS SD
1252 AM CST FRI DEC 26 2014


...................................

...THE SIOUX CITY IA CLIMATE SUMMARY FOR DECEMBER 25 2014...

CLIMATE NORMAL PERIOD 1981 TO 2010
CLIMATE RECORD PERIOD 1889 TO 2014


WEATHER ITEM   OBSERVED TIME   RECORD YEAR NORMAL DEPARTURE LAST
                VALUE   (LST)  VALUE       VALUE  FROM      YEAR
                                                  NORMAL
..................................................................
TEMPERATURE (F)
 YESTERDAY
  MAXIMUM         44    357 PM  56    1963  30     14       39
                                      1946
  MINIMUM         28    213 AM -13    1983  11     17       15
  AVERAGE         36                        20     16       27

PRECIPITATION (IN)
  YESTERDAY        0.00          0.56 2009   0.02  -0.02     0.00
  MONTH TO DATE    1.18                      0.67   0.51     0.16
  SINCE DEC 1      1.18                      0.67   0.51     0.16
  SINCE JAN 1     41.14                     27.61  13.53    26.61

SNOWFALL (IN)
  YESTERDAY        0.0           8.0  2009   0.3   -0.3      0.0
  MONTH TO DATE    1.1                       6.5   -5.4      2.1
  SINCE DEC 1      1.1                       6.5   -5.4      2.1
  SINCE JUL 1      5.6                      11.9   -6.3      3.0
  SNOW DEPTH       0

DEGREE DAYS
 HEATING
  YESTERDAY       29                        45    -16       38
  MONTH TO DATE  812                      1047   -235     1194
  SINCE DEC 1    812                      1047   -235     1194
  SINCE JUL 1   2307                      2523   -216     2618

 COOLING
  YESTERDAY        0                         0      0        0
  MONTH TO DATE    0                         0      0        0
  SINCE DEC 1      0                         0      0        0
  SINCE JAN 1    862                       869     -7      960
..................................................................


WIND (MPH)
  HIGHEST WIND SPEED    15   HIGHEST WIND DIRECTION     N (350)
  HIGHEST GUST SPEED    18   HIGHEST GUST DIRECTION     N (360)
  AVERAGE WIND SPEED     9.0


SKY COVER
  POSSIBLE SUNSHINE  MM
  AVERAGE SKY COVER 0.1


WEATHER CONDITIONS
 THE FOLLOWING WEATHER WAS RECORDED YESTERDAY.
  NO SIGNIFICANT WEATHER WAS OBSERVED.


RELATIVE HUMIDITY (PERCENT)
 HIGHEST    92           300 AM
 LOWEST     62           200 PM
 AVERAGE    77

..........................................................


THE SIOUX CITY IA CLIMATE NORMALS FOR TODAY
                         NORMAL    RECORD    YEAR
 MAXIMUM TEMPERATURE (F)   30        56      1959
 MINIMUM TEMPERATURE (F)   11       -16      1951
                                             1892


SUNRISE AND SUNSET
DECEMBER 26 2014......SUNRISE   754 AM CST   SUNSET   459 PM CST
DECEMBER 27 2014......SUNRISE   754 AM CST   SUNSET   459 PM CST


-  INDICATES NEGATIVE NUMBERS.
R  INDICATES RECORD WAS SET OR TIED.
MM INDICATES DATA IS MISSING.
T  INDICATES TRACE AMOUNT.




$$
