000
CDUS41 KBGM 012218
CLISYR


CLIMATE REPORT
NATIONAL WEATHER SERVICE BINGHAMTON NY
518 PM EST SUN FEB 1 2015


...................................

...THE SYRACUSE NY CLIMATE SUMMARY FOR FEBRUARY 1 2015...
VALID TODAY AS OF 0500 PM LOCAL TIME.

CLIMATE NORMAL PERIOD 1981 TO 2010
CLIMATE RECORD PERIOD 1902 TO 2015


WEATHER ITEM   OBSERVED TIME   RECORD YEAR NORMAL DEPARTURE LAST
                VALUE   (LST)  VALUE       VALUE  FROM      YEAR
                                                  NORMAL
..................................................................
TEMPERATURE (F)
 TODAY
  MAXIMUM         24    409 AM  59    1989  32     -8       43
  MINIMUM         13   1258 AM -20    1948  16     -3       20
  AVERAGE         19                        24     -5       32

PRECIPITATION (IN)
  TODAY            T             1.56 2008   0.07  -0.07     0.17
  MONTH TO DATE    T                         0.07  -0.07     0.17
  SINCE DEC 1      4.62                      5.79  -1.17     5.26
  SINCE JAN 1      1.60                      2.57  -0.97     2.37

SNOWFALL (IN)
  TODAY            0.2          10.1  2013   1.0   -0.8      0.3
  MONTH TO DATE    0.2                       1.0   -0.8      0.3
  SINCE DEC 1     36.0                      67.7  -31.7     54.6
  SINCE JUL 1     47.0                      77.6  -30.6     68.9
  SNOW DEPTH       5

DEGREE DAYS
 HEATING
  TODAY           46                        41      5       33
  MONTH TO DATE   46                        41      5       33
  SINCE DEC 1   2526                      2428     98     2566
  SINCE JUL 1   3711                      3777    -66     3899

 COOLING
  TODAY            0                         0      0        0
  MONTH TO DATE    0                         0      0        0
  SINCE DEC 1      0                         0      0        0
  SINCE JAN 1      0                         0      0        0
..................................................................


WIND (MPH)
  HIGHEST WIND SPEED    16   HIGHEST WIND DIRECTION     W (270)
  HIGHEST GUST SPEED    21   HIGHEST GUST DIRECTION     W (260)
  AVERAGE WIND SPEED     7.2


SKY COVER
  POSSIBLE SUNSHINE  MM
  AVERAGE SKY COVER 0.8


WEATHER CONDITIONS
 THE FOLLOWING WEATHER WAS RECORDED TODAY.
  LIGHT SNOW
  FOG


RELATIVE HUMIDITY (PERCENT)
 HIGHEST    92           100 AM
 LOWEST     56           100 PM
 AVERAGE    74

..........................................................


THE SYRACUSE NY CLIMATE NORMALS FOR TOMORROW
                         NORMAL    RECORD    YEAR
 MAXIMUM TEMPERATURE (F)   32        53      1973
 MINIMUM TEMPERATURE (F)   16       -19      1961


SUNRISE AND SUNSET
FEBRUARY  1 2015......SUNRISE   720 AM EST   SUNSET   517 PM EST
FEBRUARY  2 2015......SUNRISE   719 AM EST   SUNSET   518 PM EST


-  INDICATES NEGATIVE NUMBERS.
R  INDICATES RECORD WAS SET OR TIED.
MM INDICATES DATA IS MISSING.
T  INDICATES TRACE AMOUNT.




$$
