000
CDUS41 KBGM 060556
CLISYR


CLIMATE REPORT
NATIONAL WEATHER SERVICE BINGHAMTON NY
1255 AM EST SAT FEB 6 2016


...................................

...THE SYRACUSE NY CLIMATE SUMMARY FOR FEBRUARY 5 2016...

CLIMATE NORMAL PERIOD 1981 TO 2010
CLIMATE RECORD PERIOD 1902 TO 2016


WEATHER ITEM   OBSERVED TIME   RECORD YEAR NORMAL DEPARTURE LAST
                VALUE   (LST)  VALUE       VALUE  FROM      YEAR
                                                  NORMAL
..................................................................
TEMPERATURE (F)
 YESTERDAY
  MAXIMUM         34   1205 PM  55    1962  32      2       22
  MINIMUM         25    753 PM -19    1918  16      9        6
  AVERAGE         30                        24      6       14

PRECIPITATION (IN)
  YESTERDAY        T             0.91 2014   0.07  -0.07     0.05
  MONTH TO DATE    0.58                      0.35   0.23     0.62
  SINCE DEC 1      7.12                      6.07   1.05     5.24
  SINCE JAN 1      2.29                      2.85  -0.56     2.22

SNOWFALL (IN)
  YESTERDAY        T            10.0  2014   1.0   -1.0      1.8
  MONTH TO DATE    T                         5.0   -5.0     15.1
  SINCE DEC 1     40.9                      71.7  -30.8     50.9
  SINCE JUL 1     41.7                      81.6  -39.9     61.9
  SNOW DEPTH       0

DEGREE DAYS
 HEATING
  YESTERDAY       35                        41     -6       51
  MONTH TO DATE  134                       205    -71      252
  SINCE DEC 1   2069                      2592   -523     2732
  SINCE JUL 1   3154                      3941   -787     3917

 COOLING
  YESTERDAY        0                         0      0        0
  MONTH TO DATE    0                         0      0        0
  SINCE DEC 1      0                         0      0        0
  SINCE JAN 1      0                         0      0        0
..................................................................


WIND (MPH)
  HIGHEST WIND SPEED    21   HIGHEST WIND DIRECTION    NW (300)
  HIGHEST GUST SPEED    27   HIGHEST GUST DIRECTION     W (280)
  AVERAGE WIND SPEED     9.3


SKY COVER
  POSSIBLE SUNSHINE  MM
  AVERAGE SKY COVER 0.7


WEATHER CONDITIONS
 THE FOLLOWING WEATHER WAS RECORDED YESTERDAY.
  LIGHT SNOW


RELATIVE HUMIDITY (PERCENT)
 HIGHEST    85           800 AM
 LOWEST     47           200 PM
 AVERAGE    66

..........................................................


THE SYRACUSE NY CLIMATE NORMALS FOR TODAY
                         NORMAL    RECORD    YEAR
 MAXIMUM TEMPERATURE (F)   33        55      1938
 MINIMUM TEMPERATURE (F)   16       -17      1948
                                             1906


SUNRISE AND SUNSET
FEBRUARY  6 2016......SUNRISE   715 AM EST   SUNSET   523 PM EST
FEBRUARY  7 2016......SUNRISE   713 AM EST   SUNSET   524 PM EST


-  INDICATES NEGATIVE NUMBERS.
R  INDICATES RECORD WAS SET OR TIED.
MM INDICATES DATA IS MISSING.
T  INDICATES TRACE AMOUNT.




$$
