000
CDUS41 KBGM 230544
CLISYR


CLIMATE REPORT
NATIONAL WEATHER SERVICE BINGHAMTON NY
144 AM EDT WED APR 23 2014


...................................

...THE SYRACUSE NY CLIMATE SUMMARY FOR APRIL 22 2014...

CLIMATE NORMAL PERIOD 1981 TO 2010
CLIMATE RECORD PERIOD 1902 TO 2014


WEATHER ITEM   OBSERVED TIME   RECORD YEAR NORMAL DEPARTURE LAST
                VALUE   (LST)  VALUE       VALUE  FROM      YEAR
                                                  NORMAL
..................................................................
TEMPERATURE (F)
 YESTERDAY
  MAXIMUM         63    141 AM  85    1954  60      3       60
  MINIMUM         45   1159 PM  25    1984  39      6       29
                                      1983
                                      1978
  AVERAGE         54                        50      4       45

PRECIPITATION (IN)
  YESTERDAY        0.13          1.26 2006   0.10   0.03     0.00
  MONTH TO DATE    2.75                      2.39   0.36     3.25
  SINCE MAR 1      6.23                      5.34   0.89     5.27
  SINCE JAN 1     11.78                      9.91   1.87     9.69

SNOWFALL (IN)
  YESTERDAY        0.0           6.2  1993   0.1   -0.1      0.0
  MONTH TO DATE    0.4                       3.4   -3.0     12.0
  SINCE MAR 1     22.1                      21.4    0.7     32.2
  SINCE JUL 1    132.0                     123.3    8.7    115.4
  SNOW DEPTH       0

DEGREE DAYS
 HEATING
  YESTERDAY       11                        16     -5       20
  MONTH TO DATE  414                       436    -22      465
  SINCE MAR 1   1625                      1393    232     1429
  SINCE JUL 1   6717                      6224    493     5800

 COOLING
  YESTERDAY        0                         0      0        0
  MONTH TO DATE    1                         0      1        0
  SINCE MAR 1      1                         0      1        0
  SINCE JAN 1      1                         0      1        0
..................................................................


WIND (MPH)
  HIGHEST WIND SPEED    22   HIGHEST WIND DIRECTION     W (280)
  HIGHEST GUST SPEED    30   HIGHEST GUST DIRECTION     W (280)
  AVERAGE WIND SPEED    10.9


SKY COVER
  POSSIBLE SUNSHINE  MM
  AVERAGE SKY COVER 1.0


WEATHER CONDITIONS
 THE FOLLOWING WEATHER WAS RECORDED YESTERDAY.
  HEAVY RAIN
  RAIN
  LIGHT RAIN
  FOG


RELATIVE HUMIDITY (PERCENT)
 HIGHEST    87           100 PM
 LOWEST     36          1200 AM
 AVERAGE    62

..........................................................


THE SYRACUSE NY CLIMATE NORMALS FOR TODAY
                         NORMAL    RECORD    YEAR
 MAXIMUM TEMPERATURE (F)   61        88      2001
 MINIMUM TEMPERATURE (F)   39        20      1930


SUNRISE AND SUNSET
APRIL 23 2014.........SUNRISE   610 AM EDT   SUNSET   756 PM EDT
APRIL 24 2014.........SUNRISE   608 AM EDT   SUNSET   758 PM EDT


-  INDICATES NEGATIVE NUMBERS.
R  INDICATES RECORD WAS SET OR TIED.
MM INDICATES DATA IS MISSING.
T  INDICATES TRACE AMOUNT.




$$
