000
CDUS41 KBGM 222127
CLISYR


CLIMATE REPORT
NATIONAL WEATHER SERVICE BINGHAMTON NY
526 PM EDT FRI SEP 22 2017


...................................

...THE SYRACUSE NY CLIMATE SUMMARY FOR SEPTEMBER 22 2017...
VALID TODAY AS OF 0500 PM LOCAL TIME.

CLIMATE NORMAL PERIOD 1981 TO 2010
CLIMATE RECORD PERIOD 1902 TO 2017


WEATHER ITEM   OBSERVED TIME   RECORD YEAR NORMAL DEPARTURE LAST
                VALUE   (LST)  VALUE       VALUE  FROM      YEAR
                                                  NORMAL
..................................................................
TEMPERATURE (F)
 TODAY
  MAXIMUM         82    328 PM  92    1931  70     12       84
  MINIMUM         53    558 AM  35    1991  50      3       52
                                      1963
  AVERAGE         68                        60      8       68

PRECIPITATION (IN)
  TODAY            0.00          1.58 1938   0.13  -0.13     0.00
  MONTH TO DATE    1.22                      2.67  -1.45     3.67
  SINCE SEP 1      1.22                      2.67  -1.45     3.67
  SINCE JAN 1     33.74                     27.26   6.48    26.88

SNOWFALL (IN)
  TODAY            0.0           0.0  2002   0.0    0.0      0.0
                                      2000
                                      2001
  MONTH TO DATE    0.0                       0.0    0.0      0.0
  SINCE SEP 1      0.0                       0.0    0.0      0.0
  SINCE JUL 1      0.0                       0.0    0.0      0.0
  SNOW DEPTH       0

DEGREE DAYS
 HEATING
  TODAY            0                         6     -6        0
  MONTH TO DATE   72                        77     -5       22
  SINCE SEP 1     72                        77     -5       22
  SINCE JUL 1    108                       103      5       23

 COOLING
  TODAY            3                         1      2        3
  MONTH TO DATE   46                        47     -1       90
  SINCE SEP 1     46                        47     -1       90
  SINCE JAN 1    496                       560    -64      802
..................................................................


WIND (MPH)
  HIGHEST WIND SPEED    10   HIGHEST WIND DIRECTION    NW (320)
  HIGHEST GUST SPEED    12   HIGHEST GUST DIRECTION    NW (310)
  AVERAGE WIND SPEED     1.2


SKY COVER
  POSSIBLE SUNSHINE  MM
  AVERAGE SKY COVER 0.8


WEATHER CONDITIONS
 THE FOLLOWING WEATHER WAS RECORDED TODAY.
  FOG
  FOG W/VISIBILITY <= 1/4 MILE
  HAZE


RELATIVE HUMIDITY (PERCENT)
 HIGHEST   100           200 AM
 LOWEST     42           200 PM
 AVERAGE    71

..........................................................


THE SYRACUSE NY CLIMATE NORMALS FOR TOMORROW
                         NORMAL    RECORD    YEAR
 MAXIMUM TEMPERATURE (F)   69        91      1936
 MINIMUM TEMPERATURE (F)   49        31      1947


SUNRISE AND SUNSET
SEPTEMBER 22 2017.....SUNRISE   652 AM EDT   SUNSET   701 PM EDT
SEPTEMBER 23 2017.....SUNRISE   653 AM EDT   SUNSET   700 PM EDT


-  INDICATES NEGATIVE NUMBERS.
R  INDICATES RECORD WAS SET OR TIED.
MM INDICATES DATA IS MISSING.
T  INDICATES TRACE AMOUNT.




$$
