814
CDUS41 KBGM 250546
CLISYR


CLIMATE REPORT
NATIONAL WEATHER SERVICE BINGHAMTON NY
145 AM EDT THU MAY 25 2017


...................................

...THE SYRACUSE NY CLIMATE SUMMARY FOR MAY 24 2017...

CLIMATE NORMAL PERIOD 1981 TO 2010
CLIMATE RECORD PERIOD 1902 TO 2017


WEATHER ITEM   OBSERVED TIME   RECORD YEAR NORMAL DEPARTURE LAST
                VALUE   (LST)  VALUE       VALUE  FROM      YEAR
                                                  NORMAL
..................................................................
TEMPERATURE (F)
 YESTERDAY
  MAXIMUM         76    434 PM  89    2007  71      5       80
                                      1991
                                      1975
  MINIMUM         50    514 AM  30    1963  49      1       46
  AVERAGE         63                        60      3       63

PRECIPITATION (IN)
  YESTERDAY        0.00          1.36 2003   0.11  -0.11     0.00
  MONTH TO DATE    3.90                      2.47   1.43     1.16
  SINCE MAR 1     12.70                      8.61   4.09     5.62
  SINCE JAN 1     19.28                     13.18   6.10    12.14

SNOWFALL (IN)
  YESTERDAY        0.0           T    2013   0.0    0.0      0.0
                                      2000
  MONTH TO DATE    0.0                       0.1   -0.1       T
  SINCE MAR 1     31.2                      21.9    9.3     13.5
  SINCE JUL 1    134.9                     123.8   11.1     80.3
  SNOW DEPTH       0

DEGREE DAYS
 HEATING
  YESTERDAY        2                         6     -4        2
  MONTH TO DATE  277                       218     59      261
  SINCE MAR 1   1775                      1722     53     1699
  SINCE JUL 1   6044                      6553   -509     5798

 COOLING
  YESTERDAY        0                         1     -1        0
  MONTH TO DATE   18                        14      4        0
  SINCE MAR 1     30                        18     12        0
  SINCE JAN 1     30                        18     12        0
..................................................................


WIND (MPH)
  HIGHEST WIND SPEED    18   HIGHEST WIND DIRECTION     E (100)
  HIGHEST GUST SPEED    24   HIGHEST GUST DIRECTION     E (100)
  AVERAGE WIND SPEED     6.4


SKY COVER
  POSSIBLE SUNSHINE  MM
  AVERAGE SKY COVER 0.7


WEATHER CONDITIONS
 THE FOLLOWING WEATHER WAS RECORDED YESTERDAY.
  NO SIGNIFICANT WEATHER WAS OBSERVED.


RELATIVE HUMIDITY (PERCENT)
 HIGHEST   100           600 AM
 LOWEST     38           100 PM
 AVERAGE    69

..........................................................


THE SYRACUSE NY CLIMATE NORMALS FOR TODAY
                         NORMAL    RECORD    YEAR
 MAXIMUM TEMPERATURE (F)   72        88      2007
                                             1932
 MINIMUM TEMPERATURE (F)   49        33      1992


SUNRISE AND SUNSET
MAY 25 2017...........SUNRISE   532 AM EDT   SUNSET   832 PM EDT
MAY 26 2017...........SUNRISE   531 AM EDT   SUNSET   832 PM EDT


-  INDICATES NEGATIVE NUMBERS.
R  INDICATES RECORD WAS SET OR TIED.
MM INDICATES DATA IS MISSING.
T  INDICATES TRACE AMOUNT.




$$
