000
CDUS41 KBGM 160528
CLISYR


CLIMATE REPORT
NATIONAL WEATHER SERVICE BINGHAMTON NY
1226 AM EST TUE JAN 16 2018


...................................

...THE SYRACUSE NY CLIMATE SUMMARY FOR JANUARY 15 2018...

CLIMATE NORMAL PERIOD 1981 TO 2010
CLIMATE RECORD PERIOD 1902 TO 2018


WEATHER ITEM   OBSERVED TIME   RECORD YEAR NORMAL DEPARTURE LAST
                VALUE   (LST)  VALUE       VALUE  FROM      YEAR
                                                  NORMAL
..................................................................
TEMPERATURE (F)
 YESTERDAY
  MAXIMUM         17   1101 PM  68    1995  31    -14       33
  MINIMUM         -6   1258 AM -24    1957  15    -21       19
  AVERAGE          6                        23    -17       26

PRECIPITATION (IN)
  YESTERDAY        0.04          1.41 1999   0.07  -0.03      T
  MONTH TO DATE    2.60                      1.29   1.31     1.28
  SINCE DEC 1      4.94                      4.51   0.43     4.52
  SINCE JAN 1      2.60                      1.29   1.31     1.28

SNOWFALL (IN)
  YESTERDAY        0.6           6.8  1999   1.1   -0.5       T
  MONTH TO DATE   34.9                      16.1   18.8      4.8
  SINCE DEC 1     69.1                      48.8   20.3     42.0
  SINCE JUL 1     74.3                      58.7   15.6     67.4
  SNOW DEPTH       8

DEGREE DAYS
 HEATING
  YESTERDAY       59                        42     17       39
  MONTH TO DATE  722                       617    105      589
  SINCE DEC 1   1983                      1721    262     1680
  SINCE JUL 1   3180                      3070    110     2874

 COOLING
  YESTERDAY        0                         0      0        0
  MONTH TO DATE    0                         0      0        0
  SINCE DEC 1      0                         0      0        0
  SINCE JAN 1      0                         0      0        0
..................................................................


WIND (MPH)
  HIGHEST WIND SPEED    17   HIGHEST WIND DIRECTION     E (90)
  HIGHEST GUST SPEED    22   HIGHEST GUST DIRECTION     E (90)
  AVERAGE WIND SPEED     9.2


SKY COVER
  POSSIBLE SUNSHINE  MM
  AVERAGE SKY COVER 0.7


WEATHER CONDITIONS
 THE FOLLOWING WEATHER WAS RECORDED YESTERDAY.
  LIGHT SNOW
  FOG


RELATIVE HUMIDITY (PERCENT)
 HIGHEST    92          1100 PM
 LOWEST     67          1200 PM
 AVERAGE    80

..........................................................


THE SYRACUSE NY CLIMATE NORMALS FOR TODAY
                         NORMAL    RECORD    YEAR
 MAXIMUM TEMPERATURE (F)   31        61      1995
 MINIMUM TEMPERATURE (F)   15       -21      1994


SUNRISE AND SUNSET
JANUARY 16 2018.......SUNRISE   733 AM EST   SUNSET   456 PM EST
JANUARY 17 2018.......SUNRISE   732 AM EST   SUNSET   457 PM EST


-  INDICATES NEGATIVE NUMBERS.
R  INDICATES RECORD WAS SET OR TIED.
MM INDICATES DATA IS MISSING.
T  INDICATES TRACE AMOUNT.

$$
