000
CDKA40 PTYA 290700
CLIT11
DAILY CLIMATE REPORT
NATIONAL WEATHER SERVICE YAP FM
5PM LST FRI APR 29 2016
THE YAP FM CLIMATE SUMMARY FOR APRIL 29 2016
CLIMATE NORMAL PERIOD  1981  TO 2010
CLIMATE RECORD PERIOD  1951  TO 2016
WEATHER ITEM OBSERVED TIME  RECORD YEAR NORMAL DEPARTURE LAST
              VALUE   (LST) VALUE       VALUE    FROM    YEAR
                                                NORMAL
TEMPERATURE   (F)
TODAY
MAXIMUM       94  1150 AM  97  2014     89       5        87
MINIMUM       80  0550 AM  63  1999     79       1        79
AVERAGE       87                        84       3        83
PRECIPITATION INCHES
TODAY           0.00    164.24  1996  0.21   -0.21   0.02
MONTH TO DATE   2.56                  5.51   -2.95   7.80
SINCE 01 MAR    3.26                 10.85   -7.59  12.02
SINCE JAN 01    7.26                 24.14  -16.88  22.48
