000
CDKA40 PTYA 270700
CLIT11
DAILY CLIMATE REPORT
NATIONAL WEATHER SERVICE YAP FM
5PM LST FRI MAY 27 2016
THE YAP FM CLIMATE SUMMARY FOR MAY 26 2016
CLIMATE NORMAL PERIOD  1981  TO 2010
CLIMATE RECORD PERIOD  1951  TO 2016
WEATHER ITEM OBSERVED TIME  RECORD YEAR NORMAL DEPARTURE LAST
              VALUE   (LST) VALUE       VALUE    FROM    YEAR
                                                NORMAL
TEMPERATURE   (F)
TODAY
MAXIMUM       92  1445 PM  97  2014     88       4         88
MINIMUM       80  0845 AM  63  1999     78      -2         78
AVERAGE       85                        83       2         83
PRECIPITATION INCHES
TODAY           0.04    164.24  1996  0.30    -0.26    0.48
MONTH TO DATE   8.14                  7.26     0.88   15.05
SINCE 01 MAR   12.31                 18.32    -6.01   27.07
SINCE JAN 01   16.31                 31.61   -15.30   37.53
