152
CDKA40 PTYA 121600
CLIT11
DAILY CLIMATE REPORT
NATIONAL WEATHER SERVICE YAP FM
2AM LST SAT FEB 13 2016
THE YAP FM CLIMATE SUMMARY FOR FEBRUARY 12 2016
CLIMATE NORMAL PERIOD  1981  TO 2010
CLIMATE RECORD PERIOD  1951  TO 2016
WEATHER ITEM OBSERVED TIME  RECORD YEAR NORMAL DEPARTURE LAST
              VALUE   (LST) VALUE       VALUE    FROM    YEAR
                                                NORMAL
TEMPERATURE   (F)
TODAY
MAXIMUM       85  1445 PM  97  2014     87      -2        86
MINIMUM       77  1445 PM  63  1999     77       0        76
AVERAGE       81                        82      -1        81
PRECIPITATION INCHES
TODAY           0.32   164.24  1996    0.22     0.10     0.08
MONTH TO DATE   1.10                   2.75    -1.65     1.09
SINCE 01 DEC    8.26                  19.33   -11.07    23.72
SINCE JAN 01    3.33                  10.05    -6.72     6.95
