242
CDUS45 KPUB 221141
CLITAD


CLIMATE REPORT
NATIONAL WEATHER SERVICE PUEBLO
441 AM MST WED FEB 22 2017


...................................

...THE TRINIDAD CO CLIMATE SUMMARY FOR FEBRUARY 21 2017...

CLIMATE NORMAL PERIOD 1981 TO 2010
CLIMATE RECORD PERIOD 9999 TO 9999


WEATHER ITEM   OBSERVED TIME   NORMAL DEPARTURE LAST
                VALUE   (LST)  VALUE  FROM      YEAR
                                      NORMAL
......................................................
TEMPERATURE (F)
 YESTERDAY
  MAXIMUM         77    302 PM  51     26       51
  MINIMUM         32    441 AM  21     11       24
  AVERAGE         55            36     19       38

PRECIPITATION (IN)
  YESTERDAY        0.00          0.02  -0.02     0.00
  MONTH TO DATE    0.06          0.34  -0.28     0.05
  SINCE DEC 1      1.86          1.28   0.58     0.56
  SINCE JAN 1      1.56          0.74   0.82     0.33

DEGREE DAYS
 HEATING
  YESTERDAY       10            29    -19       27
  MONTH TO DATE  399           647   -248      505
  SINCE DEC 1   2493          2696   -203     2390
  SINCE JUL 1   3259          3929   -670     3308

 COOLING
  YESTERDAY        0             0      0        0
  MONTH TO DATE    0             0      0        0
  SINCE DEC 1      0             0      0        0
  SINCE JAN 1      0             0      0        0
......................................................


WIND (MPH)
  HIGHEST WIND SPEED    28   HIGHEST WIND DIRECTION    NW (310)
  HIGHEST GUST SPEED    34   HIGHEST GUST DIRECTION    NW (310)
  AVERAGE WIND SPEED    11.7


SKY COVER
  POSSIBLE SUNSHINE  MM
  AVERAGE SKY COVER 0.0


WEATHER CONDITIONS
 THE FOLLOWING WEATHER WAS RECORDED YESTERDAY.
  NO SIGNIFICANT WEATHER WAS OBSERVED.


RELATIVE HUMIDITY (PERCENT)
 HIGHEST    39           200 AM
 LOWEST      1           400 PM
 AVERAGE    20

..........................................................




SUNRISE AND SUNSET
FEBRUARY 22 2017......SUNRISE   637 AM MST   SUNSET   545 PM MST
FEBRUARY 23 2017......SUNRISE   636 AM MST   SUNSET   546 PM MST


-  INDICATES NEGATIVE NUMBERS.
R  INDICATES RECORD WAS SET OR TIED.
MM INDICATES DATA IS MISSING.
T  INDICATES TRACE AMOUNT.




$$
