000
CDUS45 KPUB 291047
CLITAD


CLIMATE REPORT
NATIONAL WEATHER SERVICE PUEBLO
447 AM MDT SAT APR 29 2017


...................................

...THE TRINIDAD CO CLIMATE SUMMARY FOR APRIL 28 2017...

CLIMATE NORMAL PERIOD 1981 TO 2010
CLIMATE RECORD PERIOD 9999 TO 9999


WEATHER ITEM   OBSERVED TIME   NORMAL DEPARTURE LAST
                VALUE   (LST)  VALUE  FROM      YEAR
                                      NORMAL
......................................................
TEMPERATURE (F)
 YESTERDAY
  MAXIMUM         56    350 PM  69    -13       58
  MINIMUM         31   1159 PM  38     -7       33
  AVERAGE         44            54    -10       46

PRECIPITATION (IN)
  YESTERDAY        0.14          0.04   0.10     0.63
  MONTH TO DATE    2.21          1.05   1.16     2.05
  SINCE MAR 1      4.12          1.94   2.18     2.46
  SINCE JAN 1      5.68          2.83   2.85     2.87

DEGREE DAYS
 HEATING
  YESTERDAY       21            12      9       19
  MONTH TO DATE  352           439    -87      403
  SINCE MAR 1    823          1146   -323     1059
  SINCE JUL 1   4279          5268   -989     4557

 COOLING
  YESTERDAY        0             0      0        0
  MONTH TO DATE    2             0      2        1
  SINCE MAR 1      3             0      3        1
  SINCE JAN 1      3             0      3        1
......................................................


WIND (MPH)
  HIGHEST WIND SPEED    28   HIGHEST WIND DIRECTION    NW (330)
  HIGHEST GUST SPEED    37   HIGHEST GUST DIRECTION     N (350)
  AVERAGE WIND SPEED    13.5


SKY COVER
  POSSIBLE SUNSHINE  MM
  AVERAGE SKY COVER 0.4


WEATHER CONDITIONS
 THE FOLLOWING WEATHER WAS RECORDED YESTERDAY.
  HEAVY RAIN
  RAIN
  LIGHT RAIN
  LIGHT SNOW
  FOG


RELATIVE HUMIDITY (PERCENT)
 HIGHEST    92          1000 PM
 LOWEST     30          1200 PM
 AVERAGE    61

..........................................................




SUNRISE AND SUNSET
APRIL 29 2017.........SUNRISE   605 AM MDT   SUNSET   745 PM MDT
APRIL 30 2017.........SUNRISE   603 AM MDT   SUNSET   746 PM MDT


-  INDICATES NEGATIVE NUMBERS.
R  INDICATES RECORD WAS SET OR TIED.
MM INDICATES DATA IS MISSING.
T  INDICATES TRACE AMOUNT.




$$
