683
CDUS45 KPUB 181142
CLITAD


CLIMATE REPORT
NATIONAL WEATHER SERVICE PUEBLO
442 AM MST WED JAN 18 2017


...................................

...THE TRINIDAD CO CLIMATE SUMMARY FOR JANUARY 17 2017...

CLIMATE NORMAL PERIOD 1981 TO 2010
CLIMATE RECORD PERIOD 9999 TO 9999


WEATHER ITEM   OBSERVED TIME   NORMAL DEPARTURE LAST
                VALUE   (LST)  VALUE  FROM      YEAR
                                      NORMAL
......................................................
TEMPERATURE (F)
 YESTERDAY
  MAXIMUM         37   1226 PM  47    -10       44
  MINIMUM         11    653 AM  18     -7       24
  AVERAGE         24            32     -8       34

PRECIPITATION (IN)
  YESTERDAY        0.01          0.01   0.00     0.00
  MONTH TO DATE    1.40          0.21   1.19     0.24
  SINCE DEC 1      1.70          0.75   0.95     0.47
  SINCE JAN 1      1.40          0.21   1.19     0.24

DEGREE DAYS
 HEATING
  YESTERDAY       41            33      8       31
  MONTH TO DATE  595           561     34      608
  SINCE DEC 1   1621          1596     25     1521
  SINCE JUL 1   2387          2829   -442     2439

 COOLING
  YESTERDAY        0             0      0        0
  MONTH TO DATE    0             0      0        0
  SINCE DEC 1      0             0      0        0
  SINCE JAN 1      0             0      0        0
......................................................


WIND (MPH)
  HIGHEST WIND SPEED    16   HIGHEST WIND DIRECTION     W (260)
  HIGHEST GUST SPEED    19   HIGHEST GUST DIRECTION    SW (240)
  AVERAGE WIND SPEED     7.1


SKY COVER
  POSSIBLE SUNSHINE  MM
  AVERAGE SKY COVER 0.3


WEATHER CONDITIONS
 THE FOLLOWING WEATHER WAS RECORDED YESTERDAY.
  LIGHT SNOW
  FOG
  FOG W/VISIBILITY <= 1/4 MILE
  HAZE


RELATIVE HUMIDITY (PERCENT)
 HIGHEST    92           100 AM
 LOWEST     64           300 PM
 AVERAGE    78

..........................................................




SUNRISE AND SUNSET
JANUARY 18 2017.......SUNRISE   709 AM MST   SUNSET   507 PM MST
JANUARY 19 2017.......SUNRISE   709 AM MST   SUNSET   508 PM MST


-  INDICATES NEGATIVE NUMBERS.
R  INDICATES RECORD WAS SET OR TIED.
MM INDICATES DATA IS MISSING.
T  INDICATES TRACE AMOUNT.




$$
