249
CDUS45 KPUB 181156
CLITAD


CLIMATE REPORT
NATIONAL WEATHER SERVICE PUEBLO
456 AM MST SAT NOV 18 2017


...................................

...THE TRINIDAD CO CLIMATE SUMMARY FOR NOVEMBER 17 2017...

CLIMATE NORMAL PERIOD 1981 TO 2010
CLIMATE RECORD PERIOD 9999 TO 9999


WEATHER ITEM   OBSERVED TIME   NORMAL DEPARTURE LAST
                VALUE   (LST)  VALUE  FROM      YEAR
                                      NORMAL
......................................................
TEMPERATURE (F)
 YESTERDAY
  MAXIMUM         69    148 PM  55     14       67
  MINIMUM         40   1159 PM  25     15       27
  AVERAGE         55            40     15       47

PRECIPITATION (IN)
  YESTERDAY        0.00          0.02  -0.02     0.00
  MONTH TO DATE    0.24          0.44  -0.20     0.23
  SINCE SEP 1      4.25          2.58   1.67     1.39
  SINCE JAN 1     20.45         13.04   7.41     7.62

DEGREE DAYS
 HEATING
  YESTERDAY       10            25    -15       18
  MONTH TO DATE  279           364    -85      219
  SINCE SEP 1    733           855   -122      438
  SINCE JUL 1    736           865   -129      445

 COOLING
  YESTERDAY        0             0      0        0
  MONTH TO DATE    0             0      0        0
  SINCE SEP 1    111            77     34      149
  SINCE JAN 1    796           719     77      564
......................................................


WIND (MPH)
  HIGHEST WIND SPEED    51   HIGHEST WIND DIRECTION     W (260)
  HIGHEST GUST SPEED    65   HIGHEST GUST DIRECTION     W (260)
  AVERAGE WIND SPEED    25.4


SKY COVER
  POSSIBLE SUNSHINE  MM
  AVERAGE SKY COVER 0.0


WEATHER CONDITIONS
 THE FOLLOWING WEATHER WAS RECORDED YESTERDAY.
  FOG


RELATIVE HUMIDITY (PERCENT)
 HIGHEST    41          1100 PM
 LOWEST     20           100 AM
 AVERAGE    31

..........................................................




SUNRISE AND SUNSET
NOVEMBER 18 2017......SUNRISE   640 AM MST   SUNSET   445 PM MST
NOVEMBER 19 2017......SUNRISE   641 AM MST   SUNSET   444 PM MST


-  INDICATES NEGATIVE NUMBERS.
R  INDICATES RECORD WAS SET OR TIED.
MM INDICATES DATA IS MISSING.
T  INDICATES TRACE AMOUNT.




$$
