000
CDUS44 KBMX 140857
CLITCL


CLIMATE REPORT
NATIONAL WEATHER SERVICE BIRMINGHAM, AL
256 AM CST THU DEC 14 2017


...................................

...THE TUSCALOOSA CLIMATE SUMMARY FOR DECEMBER 13 2017...

CLIMATE NORMAL PERIOD 1981 TO 2010
CLIMATE RECORD PERIOD 1948 TO 2017


WEATHER ITEM   OBSERVED TIME   RECORD YEAR NORMAL DEPARTURE LAST
                VALUE   (LST)  VALUE       VALUE  FROM      YEAR
                                                  NORMAL
..................................................................
TEMPERATURE (F)
 YESTERDAY
  MAXIMUM         55    350 PM  76    2015  58     -3       67
                                      1991
  MINIMUM         25    656 AM   3    1962  37    -12       51
  AVERAGE         40                        47     -7       59

PRECIPITATION (IN)
  YESTERDAY        0.00          3.61 2001   0.14  -0.14     0.01
  MONTH TO DATE    1.00                      2.19  -1.19     1.92
  SINCE DEC 1      1.00                      2.19  -1.19     1.92
  SINCE JAN 1     56.42                     50.17   6.25    36.52

SNOWFALL (IN)
  YESTERDAY        0.0                       0.0    0.0
  MONTH TO DATE    0.0                       0.0    0.0
  SINCE DEC 1      0.0                       0.0    0.0
  SINCE JUL 1      0.0                       0.0    0.0

DEGREE DAYS
 HEATING
  YESTERDAY       25                        18      7
  MONTH TO DATE  235                       215     20
  SINCE DEC 1    235                       215     20
  SINCE JUL 1    619                       652    -33
..................................................................


WIND (MPH)
  HIGHEST WIND SPEED    17   HIGHEST WIND DIRECTION     S (200)
  HIGHEST GUST SPEED    22   HIGHEST GUST DIRECTION    SW (230)
  AVERAGE WIND SPEED     5.2


SKY COVER
  AVERAGE SKY COVER 0.0


WEATHER CONDITIONS
 THE FOLLOWING WEATHER WAS RECORDED YESTERDAY.
  NO SIGNIFICANT WEATHER WAS OBSERVED.


RELATIVE HUMIDITY (PERCENT)
 HIGHEST    92           400 AM
 LOWEST     29           100 PM
 AVERAGE    61

..........................................................


THE TUSCALOOSA CLIMATE NORMALS FOR TODAY
                         NORMAL    RECORD    YEAR
 MAXIMUM TEMPERATURE (F)   58        78      1984
 MINIMUM TEMPERATURE (F)   36        14      1962


SUNRISE AND SUNSET
DECEMBER 14 2017......SUNRISE   646 AM CST   SUNSET   445 PM CST
DECEMBER 15 2017......SUNRISE   647 AM CST   SUNSET   445 PM CST


-  INDICATES NEGATIVE NUMBERS.
R  INDICATES RECORD WAS SET OR TIED.
MM INDICATES DATA IS MISSING.
T  INDICATES TRACE AMOUNT.




$$
