000
CDUS44 KBMX 080227
CLITCL


CLIMATE REPORT
NATIONAL WEATHER SERVICE BIRMINGHAM, AL
826 PM CST WED DEC 7 2016


...................................

...THE TUSCALOOSA CLIMATE SUMMARY FOR DECEMBER 7 2016...
VALID TODAY AS OF 0700 PM LOCAL TIME.

CLIMATE NORMAL PERIOD 1981 TO 2010
CLIMATE RECORD PERIOD 1948 TO 2016


WEATHER ITEM   OBSERVED TIME   RECORD YEAR NORMAL DEPARTURE LAST
                VALUE   (LST)  VALUE       VALUE  FROM      YEAR
                                                  NORMAL
..................................................................
TEMPERATURE (F)
 TODAY
  MAXIMUM         52    233 PM  79    1951  60     -8       68
  MINIMUM         48    835 AM  17    1984  38     10       39
  AVERAGE         50                        48      2       54

PRECIPITATION (IN)
  TODAY            0.00          1.00 1957   0.16  -0.16     0.00
  MONTH TO DATE    1.85                      1.25   0.60     2.33
  SINCE DEC 1      1.85                      1.25   0.60     2.33
  SINCE JAN 1     36.45                     49.23 -12.78    47.02

SNOWFALL (IN)
  TODAY            0.0                       0.0    0.0
  MONTH TO DATE    0.0                       0.0    0.0
  SINCE DEC 1      0.0                       0.0    0.0
  SINCE JUL 1      0.0                       0.0    0.0
  SNOW DEPTH       0

..................................................................


WIND (MPH)
  HIGHEST WIND SPEED     9   HIGHEST WIND DIRECTION     N (10)
  HIGHEST GUST SPEED    11   HIGHEST GUST DIRECTION     N (10)
  AVERAGE WIND SPEED     5.5


SKY COVER
  AVERAGE SKY COVER 1.0


WEATHER CONDITIONS
 THE FOLLOWING WEATHER WAS RECORDED TODAY.
  NO SIGNIFICANT WEATHER WAS OBSERVED.


RELATIVE HUMIDITY (PERCENT)
 HIGHEST    93           300 AM
 LOWEST     71          1100 AM
 AVERAGE    82

..........................................................


THE TUSCALOOSA CLIMATE NORMALS FOR TOMORROW
                         NORMAL    RECORD    YEAR
 MAXIMUM TEMPERATURE (F)   59        80      1978
 MINIMUM TEMPERATURE (F)   37        19      2006


SUNRISE AND SUNSET
DECEMBER  7 2016......SUNRISE   641 AM CST   SUNSET   443 PM CST
DECEMBER  8 2016......SUNRISE   642 AM CST   SUNSET   443 PM CST


-  INDICATES NEGATIVE NUMBERS.
R  INDICATES RECORD WAS SET OR TIED.
MM INDICATES DATA IS MISSING.
T  INDICATES TRACE AMOUNT.




$$
