000
CDUS44 KBMX 270855
CLITCL


CLIMATE REPORT
NATIONAL WEATHER SERVICE BIRMINGHAM, AL
254 AM CST MON FEB 27 2017


...................................

...THE TUSCALOOSA CLIMATE SUMMARY FOR FEBRUARY 26 2017...

CLIMATE NORMAL PERIOD 1981 TO 2010
CLIMATE RECORD PERIOD 1948 TO 2017


WEATHER ITEM   OBSERVED TIME   RECORD YEAR NORMAL DEPARTURE LAST
                VALUE   (LST)  VALUE       VALUE  FROM      YEAR
                                                  NORMAL
..................................................................
TEMPERATURE (F)
 YESTERDAY
  MAXIMUM         66    434 PM  81    1962  64      2       56
  MINIMUM         30    648 AM  16    1967  40    -10       30
  AVERAGE         48                        52     -4       43

PRECIPITATION (IN)
  YESTERDAY        0.00          1.65 1982   0.17  -0.17     0.00
  MONTH TO DATE    3.47                      4.96  -1.49     5.46
  SINCE DEC 1     13.58                     14.93  -1.35    17.87
  SINCE JAN 1     10.67                     10.31   0.36     9.60

SNOWFALL (IN)
  YESTERDAY        0.0                       0.0    0.0
  MONTH TO DATE    0.0                       0.1   -0.1
  SINCE DEC 1      0.0                       0.4   -0.4
  SINCE JUL 1      0.0                       0.4   -0.4

DEGREE DAYS
 HEATING
  YESTERDAY       17                        13      4
  MONTH TO DATE  257                       431   -174
  SINCE DEC 1   1032                      1626   -594
  SINCE JUL 1   1291                      2063   -772
..................................................................


WIND (MPH)
  HIGHEST WIND SPEED    13   HIGHEST WIND DIRECTION    SE (140)
  HIGHEST GUST SPEED    17   HIGHEST GUST DIRECTION    NE (50)
  AVERAGE WIND SPEED     5.3


SKY COVER
  AVERAGE SKY COVER 0.1


WEATHER CONDITIONS
 THE FOLLOWING WEATHER WAS RECORDED YESTERDAY.
  NO SIGNIFICANT WEATHER WAS OBSERVED.


RELATIVE HUMIDITY (PERCENT)
 HIGHEST    85           400 AM
 LOWEST     18           400 PM
 AVERAGE    52

..........................................................


THE TUSCALOOSA CLIMATE NORMALS FOR TODAY
                         NORMAL    RECORD    YEAR
 MAXIMUM TEMPERATURE (F)   64        83      1962
 MINIMUM TEMPERATURE (F)   40        17      1963


SUNRISE AND SUNSET
FEBRUARY 27 2017......SUNRISE   621 AM CST   SUNSET   546 PM CST
FEBRUARY 28 2017......SUNRISE   619 AM CST   SUNSET   547 PM CST


-  INDICATES NEGATIVE NUMBERS.
R  INDICATES RECORD WAS SET OR TIED.
MM INDICATES DATA IS MISSING.
T  INDICATES TRACE AMOUNT.




$$
