000
CDUS44 KBMX 210834
CLITCL


CLIMATE REPORT
NATIONAL WEATHER SERVICE BIRMINGHAM, AL
233 AM CST SAT JAN 21 2017


...................................

...THE TUSCALOOSA CLIMATE SUMMARY FOR JANUARY 20 2017...

CLIMATE NORMAL PERIOD 1981 TO 2010
CLIMATE RECORD PERIOD 1948 TO 2017


WEATHER ITEM   OBSERVED TIME   RECORD YEAR NORMAL DEPARTURE LAST
                VALUE   (LST)  VALUE       VALUE  FROM      YEAR
                                                  NORMAL
..................................................................
TEMPERATURE (F)
 YESTERDAY
  MAXIMUM         75R   300 PM  72    2010  56     19       48
                                      1954
                                      1951
  MINIMUM         54   1002 PM   1    1985  34     20       35
  AVERAGE         65                        45     20       42

PRECIPITATION (IN)
  YESTERDAY        0.00          3.15 1979   0.17  -0.17     0.18
  MONTH TO DATE    4.76                      3.25   1.51     0.58
  SINCE DEC 1      7.67                      7.87  -0.20     8.85
  SINCE JAN 1      4.76                      3.25   1.51     0.58

SNOWFALL (IN)
  YESTERDAY        0.0                       0.0    0.0
  MONTH TO DATE    0.0                       0.2   -0.2
  SINCE DEC 1      0.0                       0.2   -0.2
  SINCE JUL 1      0.0                       0.2   -0.2

DEGREE DAYS
 HEATING
  YESTERDAY        0                        20    -20
  MONTH TO DATE  225                       414   -189
  SINCE DEC 1    615                       978   -363
  SINCE JUL 1    874                      1415   -541
..................................................................


WIND (MPH)
  HIGHEST WIND SPEED    20   HIGHEST WIND DIRECTION     S (190)
  HIGHEST GUST SPEED    25   HIGHEST GUST DIRECTION     S (200)
  AVERAGE WIND SPEED     6.7


SKY COVER
  AVERAGE SKY COVER 0.5


WEATHER CONDITIONS
 THE FOLLOWING WEATHER WAS RECORDED YESTERDAY.
  NO SIGNIFICANT WEATHER WAS OBSERVED.


RELATIVE HUMIDITY (PERCENT)
 HIGHEST   100           100 AM
 LOWEST     53           400 PM
 AVERAGE    77

..........................................................


THE TUSCALOOSA CLIMATE NORMALS FOR TODAY
                         NORMAL    RECORD    YEAR
 MAXIMUM TEMPERATURE (F)   56        76      1959
 MINIMUM TEMPERATURE (F)   34        -1      1985


SUNRISE AND SUNSET
JANUARY 21 2017.......SUNRISE   652 AM CST   SUNSET   512 PM CST
JANUARY 22 2017.......SUNRISE   652 AM CST   SUNSET   513 PM CST


-  INDICATES NEGATIVE NUMBERS.
R  INDICATES RECORD WAS SET OR TIED.
MM INDICATES DATA IS MISSING.
T  INDICATES TRACE AMOUNT.




$$
