342
CDUS44 KBMX 210741
CLITCL


CLIMATE REPORT
NATIONAL WEATHER SERVICE BIRMINGHAM, AL
241 AM CDT MON AUG 21 2017


...................................

...THE TUSCALOOSA CLIMATE SUMMARY FOR AUGUST 20 2017...

CLIMATE NORMAL PERIOD 1981 TO 2010
CLIMATE RECORD PERIOD 1948 TO 2017


WEATHER ITEM   OBSERVED TIME   RECORD YEAR NORMAL DEPARTURE LAST
                VALUE   (LST)  VALUE       VALUE  FROM      YEAR
                                                  NORMAL
..................................................................
TEMPERATURE (F)
 YESTERDAY
  MAXIMUM         94    243 PM 101    2006  92      2       88
  MINIMUM         73    536 AM  60    1991  71      2       73
                                      1976
  AVERAGE         84                        81      3       81

PRECIPITATION (IN)
  YESTERDAY        0.00          1.83 2009   0.10  -0.10     0.58
  MONTH TO DATE    5.85                      2.19   3.66     2.79
  SINCE JUN 1     21.68                     11.36  10.32    11.24
  SINCE JAN 1     47.67                     34.76  12.91    31.65

..................................................................


WIND (MPH)
  HIGHEST WIND SPEED    18   HIGHEST WIND DIRECTION     S (170)
  HIGHEST GUST SPEED    27   HIGHEST GUST DIRECTION     S (170)
  AVERAGE WIND SPEED     1.9


SKY COVER
  AVERAGE SKY COVER 0.1


WEATHER CONDITIONS
 THE FOLLOWING WEATHER WAS RECORDED YESTERDAY.
  THUNDERSTORM
  FOG


RELATIVE HUMIDITY (PERCENT)
 HIGHEST   100          1200 AM
 LOWEST     52           100 PM
 AVERAGE    76

..........................................................


THE TUSCALOOSA CLIMATE NORMALS FOR TODAY
                         NORMAL    RECORD    YEAR
 MAXIMUM TEMPERATURE (F)   92       103      1951
 MINIMUM TEMPERATURE (F)   71        59      1991


SUNRISE AND SUNSET
AUGUST 21 2017........SUNRISE   618 AM CDT   SUNSET   729 PM CDT
AUGUST 22 2017........SUNRISE   618 AM CDT   SUNSET   728 PM CDT


-  INDICATES NEGATIVE NUMBERS.
R  INDICATES RECORD WAS SET OR TIED.
MM INDICATES DATA IS MISSING.
T  INDICATES TRACE AMOUNT.




$$
