000
CDUS44 KBMX 060724
CLITCL


CLIMATE REPORT
NATIONAL WEATHER SERVICE BIRMINGHAM, AL
224 AM CDT MON JUL 6 2015


...................................

...THE TUSCALOOSA CLIMATE SUMMARY FOR JULY 5 2015...

CLIMATE NORMAL PERIOD 1994 TO 1994
CLIMATE RECORD PERIOD 1994 TO 2015


WEATHER ITEM   OBSERVED TIME   RECORD YEAR NORMAL DEPARTURE LAST
                VALUE   (LST)  VALUE       VALUE  FROM      YEAR
                                                  NORMAL
..................................................................
TEMPERATURE (F)
 YESTERDAY
  MAXIMUM         82   1124 AM 103    1948  92    -10       90
  MINIMUM         70   1159 PM  60    2014  71     -1       60
  AVERAGE         76                        81     -5       75

PRECIPITATION (IN)
  YESTERDAY        0.03          2.71 1988   0.16  -0.13     0.00
  MONTH TO DATE    0.68                      0.79  -0.11     0.02
  SINCE JUN 1      2.38                      5.56  -3.18     5.17
  SINCE JAN 1     27.96                     28.96  -1.00    30.21

..................................................................


WIND (MPH)
  HIGHEST WIND SPEED    14   HIGHEST WIND DIRECTION     S (200)
  HIGHEST GUST SPEED    17   HIGHEST GUST DIRECTION     S (200)
  AVERAGE WIND SPEED     5.9


SKY COVER
  AVERAGE SKY COVER 0.8


WEATHER CONDITIONS
 THE FOLLOWING WEATHER WAS RECORDED YESTERDAY.
  RAIN
  LIGHT RAIN


RELATIVE HUMIDITY (PERCENT)
 HIGHEST    93          1200 AM
 LOWEST     69          1100 AM
 AVERAGE    81

..........................................................


THE TUSCALOOSA CLIMATE NORMALS FOR TODAY
                         NORMAL    RECORD    YEAR
 MAXIMUM TEMPERATURE (F)   92       102      2012
                                             1954
 MINIMUM TEMPERATURE (F)   71        58      1972


SUNRISE AND SUNSET
JULY  6 2015..........SUNRISE   547 AM CDT   SUNSET   803 PM CDT
JULY  7 2015..........SUNRISE   548 AM CDT   SUNSET   803 PM CDT


-  INDICATES NEGATIVE NUMBERS.
R  INDICATES RECORD WAS SET OR TIED.
MM INDICATES DATA IS MISSING.
T  INDICATES TRACE AMOUNT.




$$
