043
CDUS44 KBMX 080917
CLITCL


CLIMATE REPORT
NATIONAL WEATHER SERVICE BIRMINGHAM, AL
317 AM CST MON FEB 8 2016


...................................

...THE TUSCALOOSA CLIMATE SUMMARY FOR FEBRUARY 7 2016...

CLIMATE NORMAL PERIOD 1994 TO 1994
CLIMATE RECORD PERIOD 1948 TO 2016


WEATHER ITEM   OBSERVED TIME   RECORD YEAR NORMAL DEPARTURE LAST
                VALUE   (LST)  VALUE       VALUE  FROM      YEAR
                                                  NORMAL
..................................................................
TEMPERATURE (F)
 YESTERDAY
  MAXIMUM         58    355 PM  79    1999  58      0       68
  MINIMUM         26    632 AM  13    1988  36    -10       27
  AVERAGE         42                        47     -5       48

PRECIPITATION (IN)
  YESTERDAY        0.00          0.68 1974   0.19  -0.19     0.00
  MONTH TO DATE    1.35                      1.27   0.08     0.29
  SINCE DEC 1     13.76                     11.24   2.52    13.46
  SINCE JAN 1      5.49                      6.62  -1.13     6.46

SNOWFALL (IN)
  YESTERDAY        0.0                       0.0    0.0
  MONTH TO DATE    0.0                       0.0    0.0
  SINCE DEC 1      T                         0.3   -0.3
  SINCE JUL 1      T                         0.3   -0.3

DEGREE DAYS
 HEATING
  YESTERDAY       23                        18      5
  MONTH TO DATE  102                       131    -29
  SINCE DEC 1   1081                      1326   -245
  SINCE JUL 1   1344                      1763   -419
..................................................................


WIND (MPH)
  HIGHEST WIND SPEED    13   HIGHEST WIND DIRECTION    SW (240)
  HIGHEST GUST SPEED    15   HIGHEST GUST DIRECTION    SW (240)
  AVERAGE WIND SPEED     2.2


SKY COVER
  AVERAGE SKY COVER 0.0


WEATHER CONDITIONS
 THE FOLLOWING WEATHER WAS RECORDED YESTERDAY.
  NO SIGNIFICANT WEATHER WAS OBSERVED.


RELATIVE HUMIDITY (PERCENT)
 HIGHEST    85           700 AM
 LOWEST     19           400 PM
 AVERAGE    52

..........................................................


THE TUSCALOOSA CLIMATE NORMALS FOR TODAY
                         NORMAL    RECORD    YEAR
 MAXIMUM TEMPERATURE (F)   58        84      1957
 MINIMUM TEMPERATURE (F)   36        -1      1989


SUNRISE AND SUNSET
FEBRUARY  8 2016......SUNRISE   641 AM CST   SUNSET   529 PM CST
FEBRUARY  9 2016......SUNRISE   640 AM CST   SUNSET   529 PM CST


-  INDICATES NEGATIVE NUMBERS.
R  INDICATES RECORD WAS SET OR TIED.
MM INDICATES DATA IS MISSING.
T  INDICATES TRACE AMOUNT.




$$
