000
CDUS44 KBMX 200956
CLITCL


CLIMATE REPORT
NATIONAL WEATHER SERVICE BIRMINGHAM, AL
456 AM CDT MON OCT 20 2014


...................................

...THE TUSCALOOSA CLIMATE SUMMARY FOR OCTOBER 19 2014...

CLIMATE NORMAL PERIOD 1981 TO 2010
CLIMATE RECORD PERIOD 1948 TO 2014


WEATHER ITEM   OBSERVED TIME   RECORD YEAR NORMAL DEPARTURE LAST
                VALUE   (LST)  VALUE       VALUE  FROM      YEAR
                                                  NORMAL
..................................................................
TEMPERATURE (F)
 YESTERDAY
  MAXIMUM         73    320 PM  89    2005  76     -3       73
  MINIMUM         45    606 AM  28    1948  51     -6       51
  AVERAGE         59                        63     -4       62

PRECIPITATION (IN)
  YESTERDAY        0.00          4.26 1970   0.12  -0.12     0.01
  MONTH TO DATE    3.28                      2.17   1.11     0.69
  SINCE SEP 1      4.70                      5.69  -0.99     1.89
  SINCE JAN 1     38.36                     41.56  -3.20    40.71

SNOWFALL (IN)
  YESTERDAY        0.0                       0.0    0.0
  MONTH TO DATE    0.0                       0.0    0.0
  SINCE SEP 1      0.0                       0.0    0.0
  SINCE JUL 1      0.0                       0.0    0.0

DEGREE DAYS
 HEATING
  YESTERDAY        6                         4      2
  MONTH TO DATE   25                        45    -20
  SINCE SEP 1     25                        52    -27
  SINCE JUL 1     25                        52    -27
..................................................................


WIND (MPH)
  HIGHEST WIND SPEED    12   HIGHEST WIND DIRECTION    NE (30)
  HIGHEST GUST SPEED    14   HIGHEST GUST DIRECTION    NE (60)
  AVERAGE WIND SPEED     3.8


SKY COVER
  AVERAGE SKY COVER 0.0


WEATHER CONDITIONS
 THE FOLLOWING WEATHER WAS RECORDED YESTERDAY.
  NO SIGNIFICANT WEATHER WAS OBSERVED.


RELATIVE HUMIDITY (PERCENT)
 HIGHEST    93           300 AM
 LOWEST     38           100 PM
 AVERAGE    66

..........................................................


THE TUSCALOOSA CLIMATE NORMALS FOR TODAY
                         NORMAL    RECORD    YEAR
 MAXIMUM TEMPERATURE (F)   76        90      1962
 MINIMUM TEMPERATURE (F)   50        32      1989
                                             1948


SUNRISE AND SUNSET
OCTOBER 20 2014.......SUNRISE   659 AM CDT   SUNSET   611 PM CDT
OCTOBER 21 2014.......SUNRISE   700 AM CDT   SUNSET   610 PM CDT


-  INDICATES NEGATIVE NUMBERS.
R  INDICATES RECORD WAS SET OR TIED.
MM INDICATES DATA IS MISSING.
T  INDICATES TRACE AMOUNT.




$$
