000
CDUS44 KBMX 300653
CLITCL


CLIMATE REPORT
NATIONAL WEATHER SERVICE BIRMINGHAM, AL
151 AM CDT THU JUL 30 2015


...................................

...THE TUSCALOOSA CLIMATE SUMMARY FOR JULY 29 2015...

CLIMATE NORMAL PERIOD 1994 TO 1994
CLIMATE RECORD PERIOD 1994 TO 2015


WEATHER ITEM   OBSERVED TIME   RECORD YEAR NORMAL DEPARTURE LAST
                VALUE   (LST)  VALUE       VALUE  FROM      YEAR
                                                  NORMAL
..................................................................
TEMPERATURE (F)
 YESTERDAY
  MAXIMUM         96   1048 AM 107    1952  92      4       87
  MINIMUM         75   1159 PM  61    2014  72      3       61
                                      1994
  AVERAGE         86                        82      4       74

PRECIPITATION (IN)
  YESTERDAY        0.74          2.20 1968   0.13   0.61     0.00
  MONTH TO DATE    2.92                      4.15  -1.23     0.92
  SINCE JUN 1      4.62                      8.92  -4.30     6.07
  SINCE JAN 1     30.20                     32.32  -2.12    31.11

..................................................................


WIND (MPH)
  HIGHEST WIND SPEED    26   HIGHEST WIND DIRECTION    NE (40)
  HIGHEST GUST SPEED    31   HIGHEST GUST DIRECTION    NE (40)
  AVERAGE WIND SPEED     3.3


SKY COVER
  AVERAGE SKY COVER 0.1


WEATHER CONDITIONS
 THE FOLLOWING WEATHER WAS RECORDED YESTERDAY.
  THUNDERSTORM
  HEAVY RAIN
  RAIN
  LIGHT RAIN
  FOG
  HAZE


RELATIVE HUMIDITY (PERCENT)
 HIGHEST    94           200 AM
 LOWEST     52          1000 AM
 AVERAGE    73

..........................................................


THE TUSCALOOSA CLIMATE NORMALS FOR TODAY
                         NORMAL    RECORD    YEAR
 MAXIMUM TEMPERATURE (F)   92       102      1986
                                             1952
 MINIMUM TEMPERATURE (F)   72        56      2014


SUNRISE AND SUNSET
JULY 30 2015..........SUNRISE   602 AM CDT   SUNSET   752 PM CDT
JULY 31 2015..........SUNRISE   603 AM CDT   SUNSET   751 PM CDT


-  INDICATES NEGATIVE NUMBERS.
R  INDICATES RECORD WAS SET OR TIED.
MM INDICATES DATA IS MISSING.
T  INDICATES TRACE AMOUNT.




$$
