000
CDUS44 KBMX 200737
CLITCL


CLIMATE REPORT
NATIONAL WEATHER SERVICE BIRMINGHAM, AL
236 AM CDT FRI OCT 20 2017


...................................

...THE TUSCALOOSA CLIMATE SUMMARY FOR OCTOBER 19 2017...

CLIMATE NORMAL PERIOD 1981 TO 2010
CLIMATE RECORD PERIOD 1948 TO 2017


WEATHER ITEM   OBSERVED TIME   RECORD YEAR NORMAL DEPARTURE LAST
                VALUE   (LST)  VALUE       VALUE  FROM      YEAR
                                                  NORMAL
..................................................................
TEMPERATURE (F)
 YESTERDAY
  MAXIMUM         79    339 PM  91    2016  76      3       91
  MINIMUM         45    556 AM  28    1948  51     -6       65
  AVERAGE         62                        63     -1       78

PRECIPITATION (IN)
  YESTERDAY        0.00          4.26 1970   0.12  -0.12     0.00
  MONTH TO DATE    2.67                      2.17   0.50      T
  SINCE SEP 1      4.30                      5.69  -1.39     0.33
  SINCE JAN 1     52.59                     41.56  11.03    32.07

SNOWFALL (IN)
  YESTERDAY        0.0                       0.0    0.0
  MONTH TO DATE    0.0                       0.0    0.0
  SINCE SEP 1      0.0                       0.0    0.0
  SINCE JUL 1      0.0                       0.0    0.0

DEGREE DAYS
 HEATING
  YESTERDAY        3                         4     -1
  MONTH TO DATE   14                        45    -31
  SINCE SEP 1     18                        52    -34
  SINCE JUL 1     18                        52    -34
..................................................................


WIND (MPH)
  HIGHEST WIND SPEED     9   HIGHEST WIND DIRECTION     E (70)
  HIGHEST GUST SPEED    14   HIGHEST GUST DIRECTION     E (70)
  AVERAGE WIND SPEED     2.1


SKY COVER
  AVERAGE SKY COVER 0.0


WEATHER CONDITIONS
 THE FOLLOWING WEATHER WAS RECORDED YESTERDAY.
  FOG


RELATIVE HUMIDITY (PERCENT)
 HIGHEST   100          1200 AM
 LOWEST     42           300 PM
 AVERAGE    71

..........................................................


THE TUSCALOOSA CLIMATE NORMALS FOR TODAY
                         NORMAL    RECORD    YEAR
 MAXIMUM TEMPERATURE (F)   76        90      2016
                                             1962
 MINIMUM TEMPERATURE (F)   50        32      1989
                                             1948


SUNRISE AND SUNSET
OCTOBER 20 2017.......SUNRISE   659 AM CDT   SUNSET   611 PM CDT
OCTOBER 21 2017.......SUNRISE   700 AM CDT   SUNSET   610 PM CDT


-  INDICATES NEGATIVE NUMBERS.
R  INDICATES RECORD WAS SET OR TIED.
MM INDICATES DATA IS MISSING.
T  INDICATES TRACE AMOUNT.




$$
