000
CDUS42 KTAE 280704
CLITLH


CLIMATE REPORT
NATIONAL WEATHER SERVICE TALLAHASSEE FL
302 AM EDT SAT MAR 28 2015


...................................

...THE TALLAHASSEE CLIMATE SUMMARY FOR MARCH 27 2015...

CLIMATE NORMAL PERIOD 1981 TO 2010
CLIMATE RECORD PERIOD 1896 TO 2015


WEATHER ITEM   OBSERVED TIME   RECORD YEAR NORMAL DEPARTURE LAST
                VALUE   (LST)  VALUE       VALUE  FROM      YEAR
                                                  NORMAL
..................................................................
TEMPERATURE (F)
 YESTERDAY
  MAXIMUM         69    951 AM  91    1929  76     -7       71
  MINIMUM         52   1159 PM  28    1969  49      3       49
  AVERAGE         61                        62     -1       60

PRECIPITATION (IN)
  YESTERDAY        0.01          2.40 1911   0.16  -0.15     0.00
  MONTH TO DATE    3.12                      5.27  -2.15     8.68
  SINCE MAR 1      3.12                      5.27  -2.15     8.68
  SINCE JAN 1     12.31                     14.46  -2.15    16.73

SNOWFALL (IN)
  YESTERDAY        0.0                       0.0    0.0

DEGREE DAYS
 HEATING
  YESTERDAY        4                                0
  MONTH TO DATE   51                             -113
  SINCE MAR 1     51                             -113
  SINCE JUL 1   1417                              -90

 COOLING
  YESTERDAY        0                               -2
  MONTH TO DATE  113                               83
  SINCE MAR 1    113                               83
  SINCE JAN 1    120                               76
..................................................................


WIND (MPH)
  HIGHEST WIND SPEED    20   HIGHEST WIND DIRECTION    NW (310)
  HIGHEST GUST SPEED    27   HIGHEST GUST DIRECTION    NW (320)
  AVERAGE WIND SPEED     8.8




RELATIVE HUMIDITY (PERCENT)
 HIGHEST    93
 LOWEST     44
 AVERAGE    69

..........................................................


THE TALLAHASSEE CLIMATE NORMALS FOR TODAY
                         NORMAL    RECORD    YEAR
 MAXIMUM TEMPERATURE (F)   76        91      1929
 MINIMUM TEMPERATURE (F)   49        31      1894


SUNRISE AND SUNSET
MARCH 28 2015.........SUNRISE   732 AM EDT   SUNSET   754 PM EDT
MARCH 29 2015.........SUNRISE   731 AM EDT   SUNSET   754 PM EDT


-  INDICATES NEGATIVE NUMBERS.
R  INDICATES RECORD WAS SET OR TIED.
MM INDICATES DATA IS MISSING.
T  INDICATES TRACE AMOUNT.




$$
