158
CDUS42 KTAE 230642
CLITLH


CLIMATE REPORT
NATIONAL WEATHER SERVICE TALLAHASSEE FL
241 AM EDT SAT JUL 23 2016


...................................

...THE TALLAHASSEE CLIMATE SUMMARY FOR JULY 22 2016...

CLIMATE NORMAL PERIOD 1981 TO 2010
CLIMATE RECORD PERIOD 1896 TO 2016


WEATHER ITEM   OBSERVED TIME   RECORD YEAR NORMAL DEPARTURE LAST
                VALUE   (LST)  VALUE       VALUE  FROM      YEAR
                                                  NORMAL
..................................................................
TEMPERATURE (F)
 YESTERDAY
  MAXIMUM         94    139 PM 100    1942  92      2       99
  MINIMUM         75    533 AM  64    2009  72      3       76
                                      1929
  AVERAGE         85                        82      3       88

PRECIPITATION (IN)
  YESTERDAY        0.09          7.64 1970   0.22  -0.13     0.03
  MONTH TO DATE    6.86                      5.00   1.86     3.40
  SINCE JUN 1     15.24                     12.73   2.51    10.39
  SINCE JAN 1     38.64                     34.39   4.25    28.92

SNOWFALL (IN)
  YESTERDAY        0.0                       0.0    0.0

DEGREE DAYS
 HEATING
  YESTERDAY        0                                0
  MONTH TO DATE    0                                0
  SINCE JUN 1      0                                0
  SINCE JUL 1      0                                0

 COOLING
  YESTERDAY       20                                3
  MONTH TO DATE  443                               69
  SINCE JUN 1    991                              160
  SINCE JAN 1   1601                              324
..................................................................


WIND (MPH)
  HIGHEST WIND SPEED    20   HIGHEST WIND DIRECTION    SW (230)
  HIGHEST GUST SPEED    23   HIGHEST GUST DIRECTION    SW (220)
  AVERAGE WIND SPEED     3.7




RELATIVE HUMIDITY (PERCENT)
 HIGHEST    94
 LOWEST     49
 AVERAGE    72

..........................................................


THE TALLAHASSEE CLIMATE NORMALS FOR TODAY
                         NORMAL    RECORD    YEAR
 MAXIMUM TEMPERATURE (F)   92       100      1932
 MINIMUM TEMPERATURE (F)   72        64      1947


SUNRISE AND SUNSET
JULY 23 2016..........SUNRISE   651 AM EDT   SUNSET   837 PM EDT
JULY 24 2016..........SUNRISE   651 AM EDT   SUNSET   836 PM EDT


-  INDICATES NEGATIVE NUMBERS.
R  INDICATES RECORD WAS SET OR TIED.
MM INDICATES DATA IS MISSING.
T  INDICATES TRACE AMOUNT.




$$
