000
CDUS42 KTAE 190633
CLITLH


CLIMATE REPORT
NATIONAL WEATHER SERVICE TALLAHASSEE FL
132 AM EST SUN FEB 19 2017


...................................

...THE TALLAHASSEE CLIMATE SUMMARY FOR FEBRUARY 18 2017...

CLIMATE NORMAL PERIOD 1981 TO 2010
CLIMATE RECORD PERIOD 1896 TO 2017


WEATHER ITEM   OBSERVED TIME   RECORD YEAR NORMAL DEPARTURE LAST
                VALUE   (LST)  VALUE       VALUE  FROM      YEAR
                                                  NORMAL
..................................................................
TEMPERATURE (F)
 YESTERDAY
  MAXIMUM         70    358 PM  83    1956  68      2       72
  MINIMUM         50    156 AM  18    1900  42      8       40
  AVERAGE         60                        55      5       56

PRECIPITATION (IN)
  YESTERDAY        0.09          4.48 1988   0.18  -0.09     0.00
  MONTH TO DATE    1.52                      2.92  -1.40     3.83
  SINCE DEC 1     12.93                     11.16   1.77    12.85
  SINCE JAN 1      8.73                      7.26   1.47     8.08

SNOWFALL (IN)
  YESTERDAY        0.0                       0.0    0.0

DEGREE DAYS
 HEATING
  YESTERDAY        5                               -5
  MONTH TO DATE   90                             -117
  SINCE DEC 1    520                             -497
  SINCE JUL 1    633                             -620

 COOLING
  YESTERDAY        0                                0
  MONTH TO DATE   11                               11
  SINCE DEC 1     84                               66
  SINCE JAN 1     41                               36
..................................................................


WIND (MPH)
  HIGHEST WIND SPEED    25   HIGHEST WIND DIRECTION    SE (120)
  HIGHEST GUST SPEED    29   HIGHEST GUST DIRECTION     E (110)
  AVERAGE WIND SPEED     5.2




RELATIVE HUMIDITY (PERCENT)
 HIGHEST   100
 LOWEST     68
 AVERAGE    84

..........................................................


THE TALLAHASSEE CLIMATE NORMALS FOR TODAY
                         NORMAL    RECORD    YEAR
 MAXIMUM TEMPERATURE (F)   68        86      2000
 MINIMUM TEMPERATURE (F)   43        20      1928


SUNRISE AND SUNSET
FEBRUARY 19 2017......SUNRISE   714 AM EST   SUNSET   629 PM EST
FEBRUARY 20 2017......SUNRISE   713 AM EST   SUNSET   630 PM EST


-  INDICATES NEGATIVE NUMBERS.
R  INDICATES RECORD WAS SET OR TIED.
MM INDICATES DATA IS MISSING.
T  INDICATES TRACE AMOUNT.




$$
