000
CDUS42 KTAE 060623
CLITLH


CLIMATE REPORT
NATIONAL WEATHER SERVICE TALLAHASSEE FL
121 AM EST FRI MAR 6 2015

...................................

...THE TALLAHASSEE CLIMATE SUMMARY FOR MARCH 5 2015...

CLIMATE NORMAL PERIOD 1981 TO 2010
CLIMATE RECORD PERIOD 1896 TO 2015


WEATHER ITEM   OBSERVED TIME   RECORD YEAR NORMAL DEPARTURE LAST
                VALUE   (LST)  VALUE       VALUE  FROM      YEAR
                                                  NORMAL
..................................................................
TEMPERATURE (F)
 YESTERDAY
  MAXIMUM         83    222 PM  85    1955  72     11       59
  MINIMUM         49   1159 PM  21    2002  45      4       44
  AVERAGE         66                        58      8       52

PRECIPITATION (IN)
  YESTERDAY        0.80          5.85 1959   0.22   0.58     0.09
  MONTH TO DATE    0.80                      1.09  -0.29     0.09
  SINCE MAR 1      0.80                      1.09  -0.29     0.09
  SINCE JAN 1      9.99                     10.28  -0.29     8.14

SNOWFALL (IN)
  YESTERDAY        0.0                       0.0    0.0

DEGREE DAYS
 HEATING
  YESTERDAY        0                               -7
  MONTH TO DATE    9                              -30
  SINCE MAR 1      9                              -30
  SINCE JUL 1   1375                               -7

 COOLING
  YESTERDAY        1                                0
  MONTH TO DATE    7                                2
  SINCE MAR 1      7                                2
  SINCE JAN 1     14                               -5
..................................................................


WIND (MPH)
  HIGHEST WIND SPEED    20   HIGHEST WIND DIRECTION    NW (320)
  HIGHEST GUST SPEED    31   HIGHEST GUST DIRECTION    NW (310)
  AVERAGE WIND SPEED     8.5




RELATIVE HUMIDITY (PERCENT)
 HIGHEST   100
 LOWEST     67
 AVERAGE    84

..........................................................


THE TALLAHASSEE CLIMATE NORMALS FOR TODAY
                         NORMAL    RECORD    YEAR
 MAXIMUM TEMPERATURE (F)   72        87      1918
 MINIMUM TEMPERATURE (F)   46        25      1971


SUNRISE AND SUNSET
MARCH  6 2015.........SUNRISE   658 AM EST   SUNSET   640 PM EST
MARCH  7 2015.........SUNRISE   657 AM EST   SUNSET   640 PM EST


-  INDICATES NEGATIVE NUMBERS.
R  INDICATES RECORD WAS SET OR TIED.
MM INDICATES DATA IS MISSING.
T  INDICATES TRACE AMOUNT.

$$
