000
CDUS42 KTAE 240633
CLITLH


CLIMATE REPORT
NATIONAL WEATHER SERVICE TALLAHASSEE FL
232 AM EDT FRI OCT 24 2014


...................................

...THE TALLAHASSEE CLIMATE SUMMARY FOR OCTOBER 23 2014...

CLIMATE NORMAL PERIOD 1981 TO 2010
CLIMATE RECORD PERIOD 1896 TO 2014


WEATHER ITEM   OBSERVED TIME   RECORD YEAR NORMAL DEPARTURE LAST
                VALUE   (LST)  VALUE       VALUE  FROM      YEAR
                                                  NORMAL
..................................................................
TEMPERATURE (F)
 YESTERDAY
  MAXIMUM         77    422 PM  90    1918  80     -3
  MINIMUM         43    700 AM  37    1988  55    -12
  AVERAGE         60                        67     -7

PRECIPITATION (IN)
  YESTERDAY        0.00          3.18 1896   0.09  -0.09     0.00
  MONTH TO DATE    4.87                      2.46   2.41     1.03
  SINCE SEP 1     11.69                      7.15   4.54     4.20
  SINCE JAN 1     52.77                     51.06   1.71    57.49

SNOWFALL (IN)
  YESTERDAY        0.0                       0.0    0.0

DEGREE DAYS
 HEATING
  YESTERDAY        5                                3
  MONTH TO DATE   13                              -11
  SINCE SEP 1     13                              -12
  SINCE JUL 1     13                              -12

 COOLING
  YESTERDAY        0                               -4
  MONTH TO DATE  146                               -8
  SINCE SEP 1    592                               39
  SINCE JAN 1   2763                              257
..................................................................


WIND (MPH)
  HIGHEST WIND SPEED    12   HIGHEST WIND DIRECTION     E (90)
  HIGHEST GUST SPEED    17   HIGHEST GUST DIRECTION     E (70)
  AVERAGE WIND SPEED     3.5




RELATIVE HUMIDITY (PERCENT)
 HIGHEST    83
 LOWEST     25
 AVERAGE    54

..........................................................


THE TALLAHASSEE CLIMATE NORMALS FOR TODAY
                         NORMAL    RECORD    YEAR
 MAXIMUM TEMPERATURE (F)   79        91      1941
 MINIMUM TEMPERATURE (F)   54        34      1996
                                             1937


SUNRISE AND SUNSET
OCTOBER 24 2014.......SUNRISE   746 AM EDT   SUNSET   657 PM EDT
OCTOBER 25 2014.......SUNRISE   747 AM EDT   SUNSET   656 PM EDT


-  INDICATES NEGATIVE NUMBERS.
R  INDICATES RECORD WAS SET OR TIED.
MM INDICATES DATA IS MISSING.
T  INDICATES TRACE AMOUNT.




$$
