000
CDUS42 KTAE 050626
CLITLH


CLIMATE REPORT
NATIONAL WEATHER SERVICE TALLAHASSEE FL
224 AM EDT SAT SEP 5 2015

...................................

...THE TALLAHASSEE CLIMATE SUMMARY FOR SEPTEMBER 4 2015...

CLIMATE NORMAL PERIOD 1981 TO 2010
CLIMATE RECORD PERIOD 1896 TO 2015


WEATHER ITEM   OBSERVED TIME   RECORD YEAR NORMAL DEPARTURE LAST
                VALUE   (LST)  VALUE       VALUE  FROM      YEAR
                                                  NORMAL
..................................................................
TEMPERATURE (F)
 YESTERDAY
  MAXIMUM         96   1252 PM  99    1962  90      6       92
  MINIMUM         73    602 AM  64    1946  71      2       74
  AVERAGE         85                        81      4       83

PRECIPITATION (IN)
  YESTERDAY        0.00          2.15 2011   0.17  -0.17     0.56
  MONTH TO DATE    0.06                      0.73  -0.67     3.67
  SINCE SEP 1      0.06                      0.73  -0.67     3.67
  SINCE JAN 1     37.80                     44.64  -6.84    44.75

SNOWFALL (IN)
  YESTERDAY        0.0                       0.0    0.0

DEGREE DAYS
 HEATING
  YESTERDAY        0                                0
  MONTH TO DATE    0                                0
  SINCE SEP 1      0                                0
  SINCE JUL 1      0                                0

 COOLING
  YESTERDAY       20                                4
  MONTH TO DATE   77                               13
  SINCE SEP 1     77                               13
  SINCE JAN 1   2672                              655
..................................................................


WIND (MPH)
  HIGHEST WIND SPEED    18   HIGHEST WIND DIRECTION    NE (40)
  HIGHEST GUST SPEED    24   HIGHEST GUST DIRECTION    NE (60)
  AVERAGE WIND SPEED     4.3




RELATIVE HUMIDITY (PERCENT)
 HIGHEST    93
 LOWEST     42
 AVERAGE    68

..........................................................


THE TALLAHASSEE CLIMATE NORMALS FOR TODAY
                         NORMAL    RECORD    YEAR
 MAXIMUM TEMPERATURE (F)   90       101      1925
 MINIMUM TEMPERATURE (F)   71        60      1994


SUNRISE AND SUNSET
SEPTEMBER  5 2015.....SUNRISE   716 AM EDT   SUNSET   756 PM EDT
SEPTEMBER  6 2015.....SUNRISE   717 AM EDT   SUNSET   754 PM EDT


-  INDICATES NEGATIVE NUMBERS.
R  INDICATES RECORD WAS SET OR TIED.
MM INDICATES DATA IS MISSING.
T  INDICATES TRACE AMOUNT.

$$
