000
CDUS42 KTAE 040637
CLITLH


CLIMATE REPORT
NATIONAL WEATHER SERVICE TALLAHASSEE FL
237 AM EDT SAT JUL 4 2015


...................................

...THE TALLAHASSEE CLIMATE SUMMARY FOR JULY 3 2015...

CLIMATE NORMAL PERIOD 1981 TO 2010
CLIMATE RECORD PERIOD 1896 TO 2015


WEATHER ITEM   OBSERVED TIME   RECORD YEAR NORMAL DEPARTURE LAST
                VALUE   (LST)  VALUE       VALUE  FROM      YEAR
                                                  NORMAL
..................................................................
TEMPERATURE (F)
 YESTERDAY
  MAXIMUM         96    409 PM 104    1931  92      4       99
  MINIMUM         75    637 AM  62    1975  72      3       73
  AVERAGE         86                        82      4       86

PRECIPITATION (IN)
  YESTERDAY        0.00          2.53 2013   0.23  -0.23      T
  MONTH TO DATE    0.74                      0.69   0.05      T
  SINCE JUN 1      7.28                      8.42  -1.14     4.40
  SINCE JAN 1     25.81                     30.08  -4.27    36.49

SNOWFALL (IN)
  YESTERDAY        0.0                       0.0    0.0

DEGREE DAYS
 HEATING
  YESTERDAY        0                                0
  MONTH TO DATE    0                                0
  SINCE JUN 1      0                                0
  SINCE JUL 1      0                                0

 COOLING
  YESTERDAY       21                                4
  MONTH TO DATE   54                                3
  SINCE JUN 1    558                               50
  SINCE JAN 1   1379                              425
..................................................................


WIND (MPH)
  HIGHEST WIND SPEED    14   HIGHEST WIND DIRECTION     S (160)
  HIGHEST GUST SPEED    18   HIGHEST GUST DIRECTION     S (170)
  AVERAGE WIND SPEED     4.9




RELATIVE HUMIDITY (PERCENT)
 HIGHEST    94
 LOWEST     42
 AVERAGE    68

..........................................................


THE TALLAHASSEE CLIMATE NORMALS FOR TODAY
                         NORMAL    RECORD    YEAR
 MAXIMUM TEMPERATURE (F)   92       103      1931
 MINIMUM TEMPERATURE (F)   72        60      1916


SUNRISE AND SUNSET
JULY  4 2015..........SUNRISE   640 AM EDT   SUNSET   843 PM EDT
JULY  5 2015..........SUNRISE   641 AM EDT   SUNSET   843 PM EDT


-  INDICATES NEGATIVE NUMBERS.
R  INDICATES RECORD WAS SET OR TIED.
MM INDICATES DATA IS MISSING.
T  INDICATES TRACE AMOUNT.




$$
