000
CDUS42 KTAE 170633
CLITLH


CLIMATE REPORT
NATIONAL WEATHER SERVICE TALLAHASSEE FL
231 AM EDT TUE OCT 17 2017


...................................

...THE TALLAHASSEE CLIMATE SUMMARY FOR OCTOBER 16 2017...

CLIMATE NORMAL PERIOD 1981 TO 2010
CLIMATE RECORD PERIOD 1896 TO 2017


WEATHER ITEM   OBSERVED TIME   RECORD YEAR NORMAL DEPARTURE LAST
                VALUE   (LST)  VALUE       VALUE  FROM      YEAR
                                                  NORMAL
..................................................................
TEMPERATURE (F)
 YESTERDAY
  MAXIMUM         88    221 PM  92    2015  81      7       85
  MINIMUM         66   1159 PM  36    1978  57      9       70
  AVERAGE         77                        69      8       78

PRECIPITATION (IN)
  YESTERDAY        0.11          3.18 1922   0.10   0.01     0.00
  MONTH TO DATE    2.06                      1.78   0.28     0.16
  SINCE SEP 1      5.49                      6.47  -0.98     7.82
  SINCE JAN 1     50.76                     50.38   0.38    55.13

SNOWFALL (IN)
  YESTERDAY        0.0                       0.0    0.0

DEGREE DAYS
 HEATING
  YESTERDAY        0                               -1
  MONTH TO DATE    0                              -12
  SINCE SEP 1      1                              -12
  SINCE JUL 1      1                              -12

 COOLING
  YESTERDAY       12                                6
  MONTH TO DATE  243                              122
  SINCE SEP 1    660                              140
  SINCE JAN 1   2838                              365
..................................................................


WIND (MPH)
  HIGHEST WIND SPEED    20   HIGHEST WIND DIRECTION     N (350)
  HIGHEST GUST SPEED    25   HIGHEST GUST DIRECTION     N (340)
  AVERAGE WIND SPEED     5.4




RELATIVE HUMIDITY (PERCENT)
 HIGHEST   100
 LOWEST     55
 AVERAGE    78

..........................................................


THE TALLAHASSEE CLIMATE NORMALS FOR TODAY
                         NORMAL    RECORD    YEAR
 MAXIMUM TEMPERATURE (F)   81        90      1972
 MINIMUM TEMPERATURE (F)   57        33      1977


SUNRISE AND SUNSET
OCTOBER 17 2017.......SUNRISE   741 AM EDT   SUNSET   704 PM EDT
OCTOBER 18 2017.......SUNRISE   742 AM EDT   SUNSET   703 PM EDT


-  INDICATES NEGATIVE NUMBERS.
R  INDICATES RECORD WAS SET OR TIED.
MM INDICATES DATA IS MISSING.
T  INDICATES TRACE AMOUNT.




$$
