000
CDUS42 KTAE 180634
CLITLH


CLIMATE REPORT
NATIONAL WEATHER SERVICE TALLAHASSEE FL
134 AM EST WED JAN 18 2017


...................................

...THE TALLAHASSEE CLIMATE SUMMARY FOR JANUARY 17 2017...

CLIMATE NORMAL PERIOD 1981 TO 2010
CLIMATE RECORD PERIOD 1896 TO 2017


WEATHER ITEM   OBSERVED TIME   RECORD YEAR NORMAL DEPARTURE LAST
                VALUE   (LST)  VALUE       VALUE  FROM      YEAR
                                                  NORMAL
..................................................................
TEMPERATURE (F)
 YESTERDAY
  MAXIMUM         77   1250 PM  82    1947  63     14       60
  MINIMUM         49    631 AM  17    1977  39     10       43
  AVERAGE         63                        51     12       52

PRECIPITATION (IN)
  YESTERDAY        0.00          3.80 1915   0.14  -0.14     0.76
  MONTH TO DATE    4.51                      2.21   2.30     3.07
  SINCE DEC 1      8.71                      6.11   2.60     7.84
  SINCE JAN 1      4.51                      2.21   2.30     3.07

SNOWFALL (IN)
  YESTERDAY        0.0                       0.0    0.0

DEGREE DAYS
 HEATING
  YESTERDAY        2                              -12
  MONTH TO DATE  141                              -97
  SINCE DEC 1    332                             -285
  SINCE JUL 1    445                             -408

 COOLING
  YESTERDAY        0                                0
  MONTH TO DATE    8                                8
  SINCE DEC 1     51                               38
  SINCE JAN 1      8                                8
..................................................................


WIND (MPH)
  HIGHEST WIND SPEED    15   HIGHEST WIND DIRECTION     S (190)
  HIGHEST GUST SPEED    20   HIGHEST GUST DIRECTION     S (180)
  AVERAGE WIND SPEED     3.8




RELATIVE HUMIDITY (PERCENT)
 HIGHEST   100
 LOWEST     64
 AVERAGE    82

..........................................................


THE TALLAHASSEE CLIMATE NORMALS FOR TODAY
                         NORMAL    RECORD    YEAR
 MAXIMUM TEMPERATURE (F)   63        80      1947
 MINIMUM TEMPERATURE (F)   39        15      1965


SUNRISE AND SUNSET
JANUARY 18 2017.......SUNRISE   734 AM EST   SUNSET   602 PM EST
JANUARY 19 2017.......SUNRISE   734 AM EST   SUNSET   603 PM EST


-  INDICATES NEGATIVE NUMBERS.
R  INDICATES RECORD WAS SET OR TIED.
MM INDICATES DATA IS MISSING.
T  INDICATES TRACE AMOUNT.




$$
