000
CDUS42 KTAE 010632
CLITLH


CLIMATE REPORT
NATIONAL WEATHER SERVICE TALLAHASSEE FL
231 AM EDT SAT AUG 1 2015


...................................

...THE TALLAHASSEE CLIMATE SUMMARY FOR JULY 31 2015...

CLIMATE NORMAL PERIOD 1981 TO 2010
CLIMATE RECORD PERIOD 1896 TO 2015


WEATHER ITEM   OBSERVED TIME   RECORD YEAR NORMAL DEPARTURE LAST
                VALUE   (LST)  VALUE       VALUE  FROM      YEAR
                                                  NORMAL
..................................................................
TEMPERATURE (F)
 YESTERDAY
  MAXIMUM         93    333 PM 101    2010  92      1       94
                                      1999
  MINIMUM         77    518 AM  63    1896  72      5       65
  AVERAGE         85                        82      3       80

PRECIPITATION (IN)
  YESTERDAY        0.08          2.01 1952   0.26  -0.18     0.00
  MONTH TO DATE    6.15                      7.17  -1.02     2.33
  SINCE JUN 1     12.69                     14.90  -2.21     6.73
  SINCE JAN 1     31.22                     36.56  -5.34    38.82

SNOWFALL (IN)
  YESTERDAY        0.0                       0.0    0.0

DEGREE DAYS
 HEATING
  YESTERDAY        0                                0
  MONTH TO DATE    0                                0
  SINCE JUN 1      0                                0
  SINCE JUL 1      0                                0

 COOLING
  YESTERDAY       20                                3
  MONTH TO DATE  644                              115
  SINCE JUN 1   1148                              162
  SINCE JAN 1   1969                              537
..................................................................


WIND (MPH)
  HIGHEST WIND SPEED    20   HIGHEST WIND DIRECTION     S (170)
  HIGHEST GUST SPEED    24   HIGHEST GUST DIRECTION    SE (150)
  AVERAGE WIND SPEED     4.0




RELATIVE HUMIDITY (PERCENT)
 HIGHEST    97
 LOWEST     56
 AVERAGE    77

..........................................................


THE TALLAHASSEE CLIMATE NORMALS FOR TODAY
                         NORMAL    RECORD    YEAR
 MAXIMUM TEMPERATURE (F)   92       102      1986
 MINIMUM TEMPERATURE (F)   72        64      1993


SUNRISE AND SUNSET
AUGUST  1 2015........SUNRISE   656 AM EDT   SUNSET   832 PM EDT
AUGUST  2 2015........SUNRISE   656 AM EDT   SUNSET   831 PM EDT


-  INDICATES NEGATIVE NUMBERS.
R  INDICATES RECORD WAS SET OR TIED.
MM INDICATES DATA IS MISSING.
T  INDICATES TRACE AMOUNT.




$$
