000
CDUS44 KBMX 310945
CLITOI


CLIMATE REPORT
NATIONAL WEATHER SERVICE BIRMINGHAM, AL
445 AM CDT SUN AUG 31 2014


...................................

...THE TROY CLIMATE SUMMARY FOR AUGUST 30 2014...

CLIMATE NORMAL PERIOD 1981 TO 2010
CLIMATE RECORD PERIOD 9999 TO 9999


WEATHER ITEM   OBSERVED TIME   RECORD YEAR NORMAL DEPARTURE LAST
                VALUE   (LST)  VALUE       VALUE  FROM      YEAR
                                                  NORMAL
..................................................................
TEMPERATURE (F)
 YESTERDAY
  MAXIMUM         96    208 PM  MM      MM  90      6       95
  MINIMUM         73    356 AM  MM      MM  68      5       71
  AVERAGE         85                        79      6       83

PRECIPITATION (IN)
  YESTERDAY        0.16                      0.10   0.06     0.00
  MONTH TO DATE    3.03                      4.52  -1.49     3.13
  SINCE JUN 1      7.94                     15.02  -7.08    22.45
  SINCE JAN 1     38.00                     37.85   0.15    45.61

DEGREE DAYS
 COOLING
  YESTERDAY       20                        14      6       18
  MONTH TO DATE  479                       463     16      444
  SINCE JUN 1   1372                      1336     36     1337
  SINCE JAN 1   1694                      1623     71     1629
..................................................................


WIND (MPH)
  HIGHEST WIND SPEED    17   HIGHEST WIND DIRECTION     S (190)
  HIGHEST GUST SPEED    25   HIGHEST GUST DIRECTION    SW (210)
  AVERAGE WIND SPEED     3.4


SKY COVER
  AVERAGE SKY COVER 0.2


WEATHER CONDITIONS
 THE FOLLOWING WEATHER WAS RECORDED YESTERDAY.
  THUNDERSTORM
  HEAVY RAIN
  LIGHT RAIN
  FOG


RELATIVE HUMIDITY (PERCENT)
 HIGHEST    94          1200 AM
 LOWEST     42           200 PM
 AVERAGE    68

..........................................................


THE TROY CLIMATE NORMALS FOR TODAY
                         NORMAL    RECORD    YEAR
 MAXIMUM TEMPERATURE (F)   90        MM        MM
 MINIMUM TEMPERATURE (F)   68        MM        MM


SUNRISE AND SUNSET
AUGUST 31 2014........SUNRISE   619 AM CDT   SUNSET   709 PM CDT
SEPTEMBER  1 2014.....SUNRISE   619 AM CDT   SUNSET   708 PM CDT


-  INDICATES NEGATIVE NUMBERS.
R  INDICATES RECORD WAS SET OR TIED.
MM INDICATES DATA IS MISSING.
T  INDICATES TRACE AMOUNT.




$$
