000
CDUS44 KBMX 280833
CLITOI


CLIMATE REPORT
NATIONAL WEATHER SERVICE BIRMINGHAM, AL
333 AM CDT THU JUL 28 2016


...................................

...THE TROY CLIMATE SUMMARY FOR JULY 27 2016...

CLIMATE NORMAL PERIOD 1981 TO 2010
CLIMATE RECORD PERIOD 9999 TO 9999


WEATHER ITEM   OBSERVED TIME   RECORD YEAR NORMAL DEPARTURE LAST
                VALUE   (LST)  VALUE       VALUE  FROM      YEAR
                                                  NORMAL
..................................................................
TEMPERATURE (F)
 YESTERDAY
  MAXIMUM         92    354 PM  MM      MM  92      0       96
  MINIMUM         72   1159 PM  MM      MM  70      2       70
  AVERAGE         82                        81      1       83

PRECIPITATION (IN)
  YESTERDAY        0.10                      0.19  -0.09     0.00
  MONTH TO DATE    3.91                      4.98  -1.07     2.63
  SINCE JUN 1      9.91                      9.81   0.10     6.74
  SINCE JAN 1     29.25                     32.64  -3.39    26.56

DEGREE DAYS
 COOLING
  YESTERDAY       17                        16      1       18
  MONTH TO DATE  449                       425     24      493
  SINCE JUN 1    890                       813     77      952
  SINCE JAN 1   1305                      1100    205     1435
..................................................................


WIND (MPH)
  HIGHEST WIND SPEED    20   HIGHEST WIND DIRECTION    SW (220)
  HIGHEST GUST SPEED    26   HIGHEST GUST DIRECTION    SW (220)
  AVERAGE WIND SPEED     4.0


SKY COVER
  AVERAGE SKY COVER 0.3


WEATHER CONDITIONS
 THE FOLLOWING WEATHER WAS RECORDED YESTERDAY.
  THUNDERSTORM
  HEAVY RAIN
  RAIN
  LIGHT RAIN
  FOG


RELATIVE HUMIDITY (PERCENT)
 HIGHEST   100          1200 AM
 LOWEST     52           400 PM
 AVERAGE    76

..........................................................


THE TROY CLIMATE NORMALS FOR TODAY
                         NORMAL    RECORD    YEAR
 MAXIMUM TEMPERATURE (F)   92        MM        MM
 MINIMUM TEMPERATURE (F)   70        MM        MM


SUNRISE AND SUNSET
JULY 28 2016..........SUNRISE   557 AM CDT   SUNSET   743 PM CDT
JULY 29 2016..........SUNRISE   558 AM CDT   SUNSET   743 PM CDT


-  INDICATES NEGATIVE NUMBERS.
R  INDICATES RECORD WAS SET OR TIED.
MM INDICATES DATA IS MISSING.
T  INDICATES TRACE AMOUNT.




$$
