000
CDUS44 KBMX 270744
CLITOI


CLIMATE REPORT
NATIONAL WEATHER SERVICE BIRMINGHAM, AL
141 AM CST TUE JAN 27 2015


...................................

...THE TROY CLIMATE SUMMARY FOR JANUARY 26 2015...

CLIMATE NORMAL PERIOD 1981 TO 2010
CLIMATE RECORD PERIOD 9999 TO 9999


WEATHER ITEM   OBSERVED TIME   RECORD YEAR NORMAL DEPARTURE LAST
                VALUE   (LST)  VALUE       VALUE  FROM      YEAR
                                                  NORMAL
..................................................................
TEMPERATURE (F)
 YESTERDAY
  MAXIMUM         MM        MM  MM      MM  59     40       62
  MINIMUM         35   1159 PM  MM      MM  35      0       28
  AVERAGE         67                        47     20       45

PRECIPITATION (IN)
  YESTERDAY        T                         0.18  -0.18     0.00
  MONTH TO DATE    3.22                      3.74  -0.52     2.54
  SINCE DEC 1      8.35                      8.58  -0.23     8.65
  SINCE JAN 1      3.22                      3.74  -0.52     2.54

SNOWFALL (IN)
  YESTERDAY        0.0                      MM     MM        0.0
  MONTH TO DATE    0.0                      MM     MM        0.0
  SINCE DEC 1      0.0                      MM     MM        0.0
  SINCE JUL 1      0.0                      MM     MM        0.0
  SNOW DEPTH       0

DEGREE DAYS
 HEATING
  YESTERDAY        0                        18    -18       20
  MONTH TO DATE  452                       488    -36      612
  SINCE DEC 1    854                      1012   -158     1040
  SINCE JUL 1   1372                      1405    -33     1393
..................................................................


WIND (MPH)
  HIGHEST WIND SPEED    23   HIGHEST WIND DIRECTION    NW (320)
  HIGHEST GUST SPEED    34   HIGHEST GUST DIRECTION    NW (320)
  AVERAGE WIND SPEED     9.0


SKY COVER
  AVERAGE SKY COVER 0.5


WEATHER CONDITIONS
 THE FOLLOWING WEATHER WAS RECORDED YESTERDAY.
  LIGHT RAIN
  HAZE


RELATIVE HUMIDITY (PERCENT)
 HIGHEST    76          1000 PM
 LOWEST     30           500 PM
 AVERAGE    53

..........................................................


THE TROY CLIMATE NORMALS FOR TODAY
                         NORMAL    RECORD    YEAR
 MAXIMUM TEMPERATURE (F)   59        MM        MM
 MINIMUM TEMPERATURE (F)   35        MM        MM


SUNRISE AND SUNSET
JANUARY 27 2015.......SUNRISE   640 AM CST   SUNSET   513 PM CST
JANUARY 28 2015.......SUNRISE   640 AM CST   SUNSET   514 PM CST


-  INDICATES NEGATIVE NUMBERS.
R  INDICATES RECORD WAS SET OR TIED.
MM INDICATES DATA IS MISSING.
T  INDICATES TRACE AMOUNT.




$$
