000
CDUS44 KBMX 292127
CLITOI


CLIMATE REPORT
NATIONAL WEATHER SERVICE BIRMINGHAM, AL
427 PM CDT TUE JUL 29 2014


...................................

...THE TROY CLIMATE SUMMARY FOR JULY 29 2014...
VALID AS OF 0400 PM LOCAL TIME.

CLIMATE NORMAL PERIOD 1981 TO 2010
CLIMATE RECORD PERIOD 9999 TO 9999


WEATHER ITEM   OBSERVED TIME   RECORD YEAR NORMAL DEPARTURE LAST
                VALUE   (LST)  VALUE       VALUE  FROM      YEAR
                                                  NORMAL
..................................................................
TEMPERATURE (F)
 TODAY
  MAXIMUM         89    241 PM  MM      MM  91     -2       92
  MINIMUM         63    513 AM  MM      MM  70     -7       71
  AVERAGE         76                        81     -5       82

PRECIPITATION (IN)
  TODAY            0.00                      0.17  -0.17     0.00
  MONTH TO DATE    2.12                      5.31  -3.19    11.78
  SINCE JUN 1      4.91                     10.14  -5.23    17.73
  SINCE JAN 1     34.97                     32.97   2.00    40.89

DEGREE DAYS
 COOLING
  TODAY           11                        16     -5       17
  MONTH TO DATE  442                       457    -15      414
  SINCE JUN 1    875                       845     30      859
  SINCE JAN 1   1197                      1132     65     1151
..................................................................


WIND (MPH)
  HIGHEST WIND SPEED    17   HIGHEST WIND DIRECTION     N (350)
  HIGHEST GUST SPEED    23   HIGHEST GUST DIRECTION     N (10)
  AVERAGE WIND SPEED     5.9


SKY COVER
  AVERAGE SKY COVER 0.1


WEATHER CONDITIONS
 THE FOLLOWING WEATHER WAS RECORDED TODAY.
  FOG


RELATIVE HUMIDITY (PERCENT)
 HIGHEST    93           200 AM
 LOWEST     36          1200 PM
 AVERAGE    65

..........................................................


THE TROY CLIMATE NORMALS FOR TOMORROW
                         NORMAL    RECORD    YEAR
 MAXIMUM TEMPERATURE (F)   91        MM        MM
 MINIMUM TEMPERATURE (F)   70        MM        MM


SUNRISE AND SUNSET
JULY 29 2014..........SUNRISE   558 AM CDT   SUNSET   743 PM CDT
JULY 30 2014..........SUNRISE   558 AM CDT   SUNSET   742 PM CDT


-  INDICATES NEGATIVE NUMBERS.
R  INDICATES RECORD WAS SET OR TIED.
MM INDICATES DATA IS MISSING.
T  INDICATES TRACE AMOUNT.




$$
