000
CDUS44 KBMX 032149
CLITOI


CLIMATE REPORT
NATIONAL WEATHER SERVICE BIRMINGHAM, AL
449 PM CDT TUE MAY 3 2016


...................................

...THE TROY CLIMATE SUMMARY FOR MAY 3 2016...
VALID AS OF 0400 PM LOCAL TIME.

CLIMATE NORMAL PERIOD 1981 TO 2010
CLIMATE RECORD PERIOD 9999 TO 9999


WEATHER ITEM   OBSERVED TIME   RECORD YEAR NORMAL DEPARTURE LAST
                VALUE   (LST)  VALUE       VALUE  FROM      YEAR
                                                  NORMAL
..................................................................
TEMPERATURE (F)
 TODAY
  MAXIMUM         79   1253 PM  MM      MM  81     -2       83
  MINIMUM         65    212 AM  MM      MM  55     10       48
  AVERAGE         72                        68      4       66

PRECIPITATION (IN)
  TODAY            T                         0.08  -0.08     0.00
  MONTH TO DATE    1.17                      0.23   0.94     0.00
  SINCE MAR 1     11.75                     10.25   1.50     9.82
  SINCE JAN 1     18.10                     19.38  -1.28    16.73

DEGREE DAYS
 COOLING
  TODAY            7                         4      3        1
  MONTH TO DATE   27                        12     15        1
  SINCE MAR 1    186                        84    102      205
  SINCE JAN 1    193                        89    104      207
..................................................................


WIND (MPH)
  HIGHEST WIND SPEED    15   HIGHEST WIND DIRECTION    NW (330)
  HIGHEST GUST SPEED    17   HIGHEST GUST DIRECTION     N (340)
  AVERAGE WIND SPEED     3.4


SKY COVER
  AVERAGE SKY COVER 0.8


WEATHER CONDITIONS
 THE FOLLOWING WEATHER WAS RECORDED TODAY.
  LIGHT RAIN
  FOG


RELATIVE HUMIDITY (PERCENT)
 HIGHEST   100           300 AM
 LOWEST     64           300 PM
 AVERAGE    82

..........................................................


THE TROY CLIMATE NORMALS FOR TOMORROW
                         NORMAL    RECORD    YEAR
 MAXIMUM TEMPERATURE (F)   81        MM        MM
 MINIMUM TEMPERATURE (F)   55        MM        MM


SUNRISE AND SUNSET
MAY  3 2016...........SUNRISE   556 AM CDT   SUNSET   726 PM CDT
MAY  4 2016...........SUNRISE   555 AM CDT   SUNSET   727 PM CDT


-  INDICATES NEGATIVE NUMBERS.
R  INDICATES RECORD WAS SET OR TIED.
MM INDICATES DATA IS MISSING.
T  INDICATES TRACE AMOUNT.




$$
