000
CDUS44 KBMX 220947
CLITOI


CLIMATE REPORT
NATIONAL WEATHER SERVICE BIRMINGHAM, AL
445 AM CDT MON SEP 22 2014


...................................

...THE TROY CLIMATE SUMMARY FOR SEPTEMBER 21 2014...

CLIMATE NORMAL PERIOD 1981 TO 2010
CLIMATE RECORD PERIOD 9999 TO 9999


WEATHER ITEM   OBSERVED TIME   RECORD YEAR NORMAL DEPARTURE LAST
                VALUE   (LST)  VALUE       VALUE  FROM      YEAR
                                                  NORMAL
..................................................................
TEMPERATURE (F)
 YESTERDAY
  MAXIMUM         90    256 PM  MM      MM  86      4       79
  MINIMUM         61    602 AM  MM      MM  62     -1       70
  AVERAGE         76                        74      2       75

PRECIPITATION (IN)
  YESTERDAY        0.00                      0.11  -0.11     0.78
  MONTH TO DATE    2.76                      2.93  -0.17     1.63
  SINCE SEP 1      2.76                      2.93  -0.17     1.63
  SINCE JAN 1     40.76                     40.88  -0.12    47.24

DEGREE DAYS
 HEATING
  YESTERDAY        0                         0      0        0
  MONTH TO DATE    0                         0      0        0
  SINCE SEP 1      0                         0      0        0
  SINCE JUL 1      0                         0      0        0

 COOLING
  YESTERDAY       11                         9      2       10
  MONTH TO DATE  327                       248     79      311
  SINCE SEP 1    327                       248     79      311
  SINCE JAN 1   2039                      1882    157     1958
..................................................................


WIND (MPH)
  HIGHEST WIND SPEED     8   HIGHEST WIND DIRECTION    NW (310)
  HIGHEST GUST SPEED    13   HIGHEST GUST DIRECTION     N (360)
  AVERAGE WIND SPEED     1.6


SKY COVER
  AVERAGE SKY COVER 0.0


WEATHER CONDITIONS
 THE FOLLOWING WEATHER WAS RECORDED YESTERDAY.
  FOG


RELATIVE HUMIDITY (PERCENT)
 HIGHEST   100          1200 AM
 LOWEST     37           100 PM
 AVERAGE    69

..........................................................


THE TROY CLIMATE NORMALS FOR TODAY
                         NORMAL    RECORD    YEAR
 MAXIMUM TEMPERATURE (F)   85        MM        MM
 MINIMUM TEMPERATURE (F)   62        MM        MM


SUNRISE AND SUNSET
SEPTEMBER 22 2014.....SUNRISE   632 AM CDT   SUNSET   641 PM CDT
SEPTEMBER 23 2014.....SUNRISE   633 AM CDT   SUNSET   639 PM CDT


-  INDICATES NEGATIVE NUMBERS.
R  INDICATES RECORD WAS SET OR TIED.
MM INDICATES DATA IS MISSING.
T  INDICATES TRACE AMOUNT.




$$
