000
CDUS44 KBMX 252142
CLITOI


CLIMATE REPORT
NATIONAL WEATHER SERVICE BIRMINGHAM, AL
442 PM CDT TUE JUL 25 2017


...................................

...THE TROY CLIMATE SUMMARY FOR JULY 25 2017...
VALID TODAY AS OF 0400 PM LOCAL TIME.

CLIMATE NORMAL PERIOD 1981 TO 2010
CLIMATE RECORD PERIOD 9999 TO 9999


WEATHER ITEM   OBSERVED TIME   RECORD YEAR NORMAL DEPARTURE LAST
                VALUE   (LST)  VALUE       VALUE  FROM      YEAR
                                                  NORMAL
..................................................................
TEMPERATURE (F)
 TODAY
  MAXIMUM         84    259 PM  MM      MM  92     -8       93
  MINIMUM         72    302 AM  MM      MM  70      2       71
  AVERAGE         78                        81     -3       82

PRECIPITATION (IN)
  TODAY            0.27                      0.20   0.07     0.00
  MONTH TO DATE    3.06                      4.59  -1.53     3.59
  SINCE JUN 1     11.57                      9.42   2.15     9.59
  SINCE JAN 1     44.07                     32.25  11.82    28.93

DEGREE DAYS
 COOLING
  TODAY           13                        16     -3       17
  MONTH TO DATE  398                       393      5      416
  SINCE JUN 1    753                       781    -28      857
  SINCE JAN 1   1157                      1068     89     1272
..................................................................


WIND (MPH)
  HIGHEST WIND SPEED    13   HIGHEST WIND DIRECTION    NE (50)
  HIGHEST GUST SPEED    16   HIGHEST GUST DIRECTION    NE (50)
  AVERAGE WIND SPEED     3.3


SKY COVER
  AVERAGE SKY COVER 0.7


WEATHER CONDITIONS
 THE FOLLOWING WEATHER WAS RECORDED TODAY.
  THUNDERSTORM
  HEAVY RAIN
  RAIN
  LIGHT RAIN
  FOG


RELATIVE HUMIDITY (PERCENT)
 HIGHEST   100           100 AM
 LOWEST     79           300 PM
 AVERAGE    90

..........................................................


THE TROY CLIMATE NORMALS FOR TOMORROW
                         NORMAL    RECORD    YEAR
 MAXIMUM TEMPERATURE (F)   92        MM        MM
 MINIMUM TEMPERATURE (F)   70        MM        MM


SUNRISE AND SUNSET
JULY 25 2017..........SUNRISE   555 AM CDT   SUNSET   745 PM CDT
JULY 26 2017..........SUNRISE   556 AM CDT   SUNSET   745 PM CDT


-  INDICATES NEGATIVE NUMBERS.
R  INDICATES RECORD WAS SET OR TIED.
MM INDICATES DATA IS MISSING.
T  INDICATES TRACE AMOUNT.




$$
