000
CDUS44 KBMX 300627
CLITOI


CLIMATE REPORT
NATIONAL WEATHER SERVICE BIRMINGHAM, AL
125 AM CDT SAT MAY 30 2015


...................................

...THE TROY CLIMATE SUMMARY FOR MAY 29 2015...

CLIMATE NORMAL PERIOD 1981 TO 2010
CLIMATE RECORD PERIOD 9999 TO 9999


WEATHER ITEM   OBSERVED TIME   RECORD YEAR NORMAL DEPARTURE LAST
                VALUE   (LST)  VALUE       VALUE  FROM      YEAR
                                                  NORMAL
..................................................................
TEMPERATURE (F)
 YESTERDAY
  MAXIMUM         88    243 PM  MM      MM  87      1       79
  MINIMUM         66   1159 PM  MM      MM  63      3       68
  AVERAGE         77                        75      2       74

PRECIPITATION (IN)
  YESTERDAY        0.00                      0.20  -0.20     0.02
  MONTH TO DATE    2.76                      3.24  -0.48     4.64
  SINCE MAR 1     12.58                     13.26  -0.68    20.30
  SINCE JAN 1     19.49                     22.39  -2.90    29.36

DEGREE DAYS
 COOLING
  YESTERDAY       12                        10      2        9
  MONTH TO DATE  254                       190     64      212
  SINCE MAR 1    458                       262    196      284
  SINCE JAN 1    460                       267    193      295
..................................................................


WIND (MPH)
  HIGHEST WIND SPEED    13   HIGHEST WIND DIRECTION    SE (130)
  HIGHEST GUST SPEED    23   HIGHEST GUST DIRECTION     E (100)
  AVERAGE WIND SPEED     4.2


SKY COVER
  AVERAGE SKY COVER 0.4


WEATHER CONDITIONS
 THE FOLLOWING WEATHER WAS RECORDED YESTERDAY.
  FOG
  FOG W/VISIBILITY <= 1/4 MILE


RELATIVE HUMIDITY (PERCENT)
 HIGHEST   100           400 AM
 LOWEST     40           400 PM
 AVERAGE    70

..........................................................


THE TROY CLIMATE NORMALS FOR TODAY
                         NORMAL    RECORD    YEAR
 MAXIMUM TEMPERATURE (F)   87        MM        MM
 MINIMUM TEMPERATURE (F)   63        MM        MM


SUNRISE AND SUNSET
MAY 30 2015...........SUNRISE   540 AM CDT   SUNSET   744 PM CDT
MAY 31 2015...........SUNRISE   539 AM CDT   SUNSET   744 PM CDT


-  INDICATES NEGATIVE NUMBERS.
R  INDICATES RECORD WAS SET OR TIED.
MM INDICATES DATA IS MISSING.
T  INDICATES TRACE AMOUNT.




$$
