000
CDUS44 KBMX 120653
CLITOI


CLIMATE REPORT
NATIONAL WEATHER SERVICE BIRMINGHAM, AL
1252 AM CST FRI FEB 12 2016


...................................

...THE TROY CLIMATE SUMMARY FOR FEBRUARY 11 2016...

CLIMATE NORMAL PERIOD 1981 TO 2010
CLIMATE RECORD PERIOD 9999 TO 9999


WEATHER ITEM   OBSERVED TIME   RECORD YEAR NORMAL DEPARTURE LAST
                VALUE   (LST)  VALUE       VALUE  FROM      YEAR
                                                  NORMAL
..................................................................
TEMPERATURE (F)
 YESTERDAY
  MAXIMUM         73    353 PM  MM      MM  61     12       67
  MINIMUM         29    210 AM  MM      MM  37     -8       26
  AVERAGE         51                        49      2       47

PRECIPITATION (IN)
  YESTERDAY        0.00                      0.16  -0.16     0.00
  MONTH TO DATE    1.86                      1.72   0.14     0.81
  SINCE DEC 1     18.68                     11.11   7.57     9.16
  SINCE JAN 1      4.76                      6.27  -1.51     4.03

SNOWFALL (IN)
  YESTERDAY        0.0                      MM     MM        0.0
  MONTH TO DATE    0.0                      MM     MM        0.0
  SINCE DEC 1      T                        MM     MM        0.0
  SINCE JUL 1      T                        MM     MM        0.0
  SNOW DEPTH       0

DEGREE DAYS
 HEATING
  YESTERDAY       14                        16     -2       18
  MONTH TO DATE  171                       185    -14      188
  SINCE DEC 1    940                      1284   -344     1129
  SINCE JUL 1   1125                      1677   -552     1647
..................................................................


WIND (MPH)
  HIGHEST WIND SPEED    16   HIGHEST WIND DIRECTION    SW (210)
  HIGHEST GUST SPEED    23   HIGHEST GUST DIRECTION     W (280)
  AVERAGE WIND SPEED     4.7


SKY COVER
  AVERAGE SKY COVER 0.1


WEATHER CONDITIONS
 THE FOLLOWING WEATHER WAS RECORDED YESTERDAY.
  NO SIGNIFICANT WEATHER WAS OBSERVED.


RELATIVE HUMIDITY (PERCENT)
 HIGHEST    82           700 AM
 LOWEST     33           400 PM
 AVERAGE    58

..........................................................


THE TROY CLIMATE NORMALS FOR TODAY
                         NORMAL    RECORD    YEAR
 MAXIMUM TEMPERATURE (F)   62        MM        MM
 MINIMUM TEMPERATURE (F)   37        MM        MM


SUNRISE AND SUNSET
FEBRUARY 12 2016......SUNRISE   629 AM CST   SUNSET   528 PM CST
FEBRUARY 13 2016......SUNRISE   628 AM CST   SUNSET   529 PM CST


-  INDICATES NEGATIVE NUMBERS.
R  INDICATES RECORD WAS SET OR TIED.
MM INDICATES DATA IS MISSING.
T  INDICATES TRACE AMOUNT.




$$
