000
CDUS44 KBMX 050751
CLITOI


CLIMATE REPORT
NATIONAL WEATHER SERVICE BIRMINGHAM, AL
150 AM CST THU MAR 5 2015


...................................

...THE TROY CLIMATE SUMMARY FOR MARCH 4 2015...

CLIMATE NORMAL PERIOD 1981 TO 2010
CLIMATE RECORD PERIOD 9999 TO 9999


WEATHER ITEM   OBSERVED TIME   RECORD YEAR NORMAL DEPARTURE LAST
                VALUE   (LST)  VALUE       VALUE  FROM      YEAR
                                                  NORMAL
..................................................................
TEMPERATURE (F)
 YESTERDAY
  MAXIMUM         79    241 PM  MM      MM  67     12       44
  MINIMUM         62    257 AM  MM      MM  41     21       35
  AVERAGE         71                        54     17       40

PRECIPITATION (IN)
  YESTERDAY        T                         0.15  -0.15     0.03
  MONTH TO DATE    0.30                      0.63  -0.33     0.14
  SINCE MAR 1      0.30                      0.63  -0.33     0.14
  SINCE JAN 1      7.21                      9.76  -2.55     9.20

SNOWFALL (IN)
  YESTERDAY        0.0                      MM     MM        0.0
  MONTH TO DATE    0.0                      MM     MM        0.0
  SINCE MAR 1      0.0                      MM     MM        0.0
  SINCE JUL 1      0.0                      MM     MM        0.3
  SNOW DEPTH       0

DEGREE DAYS
 HEATING
  YESTERDAY        0                        12    -12       25
  MONTH TO DATE   24                        48    -24       51
  SINCE MAR 1     24                        48    -24       51
  SINCE JUL 1   2025                      1967     58     1991

 COOLING
  YESTERDAY        6                         0      6        0
  MONTH TO DATE   10                         0     10        0
  SINCE MAR 1     10                         0     10        0
  SINCE JAN 1     12                         5      7       11
..................................................................


WIND (MPH)
  HIGHEST WIND SPEED    21   HIGHEST WIND DIRECTION     S (200)
  HIGHEST GUST SPEED    26   HIGHEST GUST DIRECTION     S (180)
  AVERAGE WIND SPEED     9.0


SKY COVER
  AVERAGE SKY COVER 0.8


WEATHER CONDITIONS
 THE FOLLOWING WEATHER WAS RECORDED YESTERDAY.
  FOG


RELATIVE HUMIDITY (PERCENT)
 HIGHEST    93          1200 AM
 LOWEST     60           400 PM
 AVERAGE    77

..........................................................


THE TROY CLIMATE NORMALS FOR TODAY
                         NORMAL    RECORD    YEAR
 MAXIMUM TEMPERATURE (F)   67        MM        MM
 MINIMUM TEMPERATURE (F)   41        MM        MM


SUNRISE AND SUNSET
MARCH  5 2015.........SUNRISE   607 AM CST   SUNSET   545 PM CST
MARCH  6 2015.........SUNRISE   606 AM CST   SUNSET   545 PM CST


-  INDICATES NEGATIVE NUMBERS.
R  INDICATES RECORD WAS SET OR TIED.
MM INDICATES DATA IS MISSING.
T  INDICATES TRACE AMOUNT.




$$
