000
CDUS41 KCLE 160533
CLITOL


CLIMATE REPORT
NATIONAL WEATHER SERVICE CLEVELAND OH
132 AM EDT WED APR 16 2014


...................................

...THE TOLEDO OH CLIMATE SUMMARY FOR APRIL 15 2014...

CLIMATE NORMAL PERIOD 1981 TO 2010
CLIMATE RECORD PERIOD 1873 TO 2014


WEATHER ITEM   OBSERVED TIME   RECORD YEAR NORMAL DEPARTURE LAST
                VALUE   (LST)  VALUE       VALUE  FROM      YEAR
                                                  NORMAL
..................................................................
TEMPERATURE (F)
 YESTERDAY
  MAXIMUM         35    416 PM  85    2002  60    -25       69
  MINIMUM         25   1159 PM  20    1943  39    -14       33
  AVERAGE         30                        49    -19       51

PRECIPITATION (IN)
  YESTERDAY        0.13                      0.10   0.03     0.00
  MONTH TO DATE    2.20                      1.58   0.62     2.18
  SINCE MAR 1      3.59                      4.06  -0.47     2.91
  SINCE JAN 1     10.77                      8.18   2.59     9.35

SNOWFALL (IN)
  YESTERDAY        1.0                       0.1    0.9      0.0
  MONTH TO DATE    1.0                       1.0    0.0       T
  SINCE MAR 1     12.8                       6.7    6.1      1.4
  SINCE JUL 1     86.3                      37.2   49.1     22.1
  SNOW DEPTH       1

DEGREE DAYS
 HEATING
  YESTERDAY       35                        16     19       14
  MONTH TO DATE  264                       278    -14      327
  SINCE MAR 1   1382                      1128    254     1298
  SINCE JUL 1   6708                      5704   1004     5754

 COOLING
  YESTERDAY        0                         0      0        0
  MONTH TO DATE    2                         0      2        0
  SINCE MAR 1      2                         0      2        0
  SINCE JAN 1      2                         0      2        0
..................................................................


WIND (MPH)
  HIGHEST WIND SPEED    22   HIGHEST WIND DIRECTION     W (280)
  HIGHEST GUST SPEED    32   HIGHEST GUST DIRECTION     W (260)
  AVERAGE WIND SPEED    11.9


SKY COVER
  POSSIBLE SUNSHINE  MM
  AVERAGE SKY COVER 0.8


WEATHER CONDITIONS
 THE FOLLOWING WEATHER WAS RECORDED YESTERDAY.
  LIGHT SNOW
  FOG


RELATIVE HUMIDITY (PERCENT)
 HIGHEST   100           200 AM
 LOWEST     41           600 PM
 AVERAGE    71

..........................................................


THE TOLEDO OH CLIMATE NORMALS FOR TODAY
                         NORMAL    RECORD    YEAR
 MAXIMUM TEMPERATURE (F)   60        88      2002
 MINIMUM TEMPERATURE (F)   39        20      1875


SUNRISE AND SUNSET
APRIL 16 2014.........SUNRISE   654 AM EDT   SUNSET   817 PM EDT
APRIL 17 2014.........SUNRISE   652 AM EDT   SUNSET   818 PM EDT


-  INDICATES NEGATIVE NUMBERS.
R  INDICATES RECORD WAS SET OR TIED.
MM INDICATES DATA IS MISSING.
T  INDICATES TRACE AMOUNT.




$$
