000
CDUS45 KCYS 022134
CLITOR


CLIMATE REPORT
NATIONAL WEATHER SERVICE CHEYENNE WY
334 PM MDT THU JUL 2 2015


...................................

...THE TORRINGTON WY AIRPORT CLIMATE SUMMARY FOR JULY 2 2015...
VALID AS OF 0300 PM LOCAL TIME.

CLIMATE NORMAL PERIOD 1981 TO 2010
CLIMATE RECORD PERIOD 1998 TO 2015


WEATHER ITEM   OBSERVED TIME   RECORD YEAR NORMAL DEPARTURE LAST
                VALUE   (LST)  VALUE       VALUE  FROM      YEAR
                                                  NORMAL
..................................................................
TEMPERATURE (F)
 TODAY
  MAXIMUM         84   1241 PM 101    2007  88     -4       82
                                      2001
  MINIMUM         59    522 AM  43    2014  56      3       43
  AVERAGE         72                        72      0       63

PRECIPITATION (IN)
  TODAY            0.09          0.57 2011   0.03   0.06     0.00
  MONTH TO DATE    0.09                      0.07   0.02     0.00
  SINCE JAN 1     13.60                      7.96   5.64    10.11

DEGREE DAYS
 HEATING
  TODAY            0                         0      0        2
  MONTH TO DATE    0                         0      0        4
  SINCE JUN 1      3                        75    -72       82
  SINCE JUL 1      0                         0      0        4

 COOLING
  TODAY            7                         7      0        0
  MONTH TO DATE   19                        14      5        0
  SINCE JUN 1    169                       130     39       62
  SINCE JAN 1    169                       148     21       78
..................................................................


WIND (MPH)
  HIGHEST WIND SPEED    35   HIGHEST WIND DIRECTION    NE (50)
  HIGHEST GUST SPEED    42   HIGHEST GUST DIRECTION    NE (50)
  AVERAGE WIND SPEED    11.8


SKY COVER
  AVERAGE SKY COVER 0.5


WEATHER CONDITIONS
 THE FOLLOWING WEATHER WAS RECORDED TODAY.
  LIGHT RAIN
  FOG


RELATIVE HUMIDITY (PERCENT)
 HIGHEST    90           100 AM
 LOWEST     31          1100 AM
 AVERAGE    61

..........................................................


THE TORRINGTON WY AIRPORT CLIMATE NORMALS FOR TOMORROW
                         NORMAL    RECORD    YEAR
 MAXIMUM TEMPERATURE (F)   88        99      2012
                                             2003
 MINIMUM TEMPERATURE (F)   56        47      2004


SUNRISE AND SUNSET
JULY  2 2015..........SUNRISE   525 AM MDT   SUNSET   836 PM MDT
JULY  3 2015..........SUNRISE   526 AM MDT   SUNSET   836 PM MDT


-  INDICATES NEGATIVE NUMBERS.
R  INDICATES RECORD WAS SET OR TIED.
MM INDICATES DATA IS MISSING.
T  INDICATES TRACE AMOUNT.




$$
