000
CDUS45 KCYS 230727
CLITOR


CLIMATE REPORT
NATIONAL WEATHER SERVICE CHEYENNE WY
127 AM MDT TUE SEP 23 2014


...................................

...THE TORRINGTON WY AIRPORT CLIMATE SUMMARY FOR SEPTEMBER 22 2014...

CLIMATE NORMAL PERIOD 1981 TO 2010
CLIMATE RECORD PERIOD 1998 TO 2014


WEATHER ITEM   OBSERVED TIME   RECORD YEAR NORMAL DEPARTURE LAST
                VALUE   (LST)  VALUE       VALUE  FROM      YEAR
                                                  NORMAL
..................................................................
TEMPERATURE (F)
 YESTERDAY
  MAXIMUM         75   1208 PM  91    2007  74      1       87
  MINIMUM         52   1116 PM  28    2002  41     11       49
  AVERAGE         64                        58      6       68

PRECIPITATION (IN)
  YESTERDAY        0.16          0.19 2010   0.05   0.11     0.02
  MONTH TO DATE    0.63                      0.99  -0.36     1.61
  SINCE JAN 1     14.79                     11.95   2.84     8.42

DEGREE DAYS
 HEATING
  YESTERDAY        1                         8     -7        0
  MONTH TO DATE  119                        97     22       34
  SINCE SEP 1    119                        97     22       34
  SINCE JUL 1    134                       119     15       36

 COOLING
  YESTERDAY        0                         1     -1        3
  MONTH TO DATE   31                        44    -13      120
  SINCE SEP 1     31                        44    -13      120
  SINCE JAN 1    568                       677   -109      893
..................................................................


WIND (MPH)
  HIGHEST WIND SPEED    21   HIGHEST WIND DIRECTION    SW (230)
  HIGHEST GUST SPEED    28   HIGHEST GUST DIRECTION    SW (230)
  AVERAGE WIND SPEED     8.8


SKY COVER
  AVERAGE SKY COVER 0.2


WEATHER CONDITIONS
 THE FOLLOWING WEATHER WAS RECORDED YESTERDAY.
  THUNDERSTORM
  RAIN
  LIGHT RAIN
  FOG


RELATIVE HUMIDITY (PERCENT)
 HIGHEST    93          1100 PM
 LOWEST     49          1200 PM
 AVERAGE    71

..........................................................


THE TORRINGTON WY AIRPORT CLIMATE NORMALS FOR TODAY
                         NORMAL    RECORD    YEAR
 MAXIMUM TEMPERATURE (F)   74        90      2011
 MINIMUM TEMPERATURE (F)   41        31      2000


SUNRISE AND SUNSET
SEPTEMBER 23 2014.....SUNRISE   645 AM MDT   SUNSET   652 PM MDT
SEPTEMBER 24 2014.....SUNRISE   646 AM MDT   SUNSET   650 PM MDT


-  INDICATES NEGATIVE NUMBERS.
R  INDICATES RECORD WAS SET OR TIED.
MM INDICATES DATA IS MISSING.
T  INDICATES TRACE AMOUNT.




$$
