000
CDUS45 KCYS 260728
CLITOR


CLIMATE REPORT
NATIONAL WEATHER SERVICE CHEYENNE WY
127 AM MDT TUE JUL 26 2016


...................................

...THE TORRINGTON WY AIRPORT CLIMATE SUMMARY FOR JULY 25 2016...

CLIMATE NORMAL PERIOD 1981 TO 2010
CLIMATE RECORD PERIOD 1998 TO 2016


WEATHER ITEM   OBSERVED TIME   RECORD YEAR NORMAL DEPARTURE LAST
                VALUE   (LST)  VALUE       VALUE  FROM      YEAR
                                                  NORMAL
..................................................................
TEMPERATURE (F)
 YESTERDAY
  MAXIMUM         96    336 PM 105    2003  91      5       90
  MINIMUM         57    520 AM  49    2004  59     -2       58
  AVERAGE         77                        75      2       74

PRECIPITATION (IN)
  YESTERDAY        0.00          1.63 2005   0.05  -0.05     0.00
  MONTH TO DATE    0.15                      1.45  -1.30     1.92
  SINCE JAN 1      8.28                      9.34  -1.06    15.43

DEGREE DAYS
 HEATING
  YESTERDAY        0                         0      0        0
  MONTH TO DATE    0                         0      0        8
  SINCE JUN 1      7                        75    -68       11
  SINCE JUL 1      0                         0      0        8

 COOLING
  YESTERDAY       12                        10      2        9
  MONTH TO DATE  271                       223     48      177
  SINCE JUN 1    504                       339    165      327
  SINCE JAN 1    504                       357    147      327
..................................................................


WIND (MPH)
  HIGHEST WIND SPEED    21   HIGHEST WIND DIRECTION    SE (130)
  HIGHEST GUST SPEED    28   HIGHEST GUST DIRECTION    SE (140)
  AVERAGE WIND SPEED    12.3


SKY COVER
  AVERAGE SKY COVER 0.0


WEATHER CONDITIONS
 THE FOLLOWING WEATHER WAS RECORDED YESTERDAY.
  NO SIGNIFICANT WEATHER WAS OBSERVED.


RELATIVE HUMIDITY (PERCENT)
 HIGHEST    93           500 AM
 LOWEST     19           400 PM
 AVERAGE    56

..........................................................


THE TORRINGTON WY AIRPORT CLIMATE NORMALS FOR TODAY
                         NORMAL    RECORD    YEAR
 MAXIMUM TEMPERATURE (F)   91        99      2010
 MINIMUM TEMPERATURE (F)   59        48      2005


SUNRISE AND SUNSET
JULY 26 2016..........SUNRISE   545 AM MDT   SUNSET   821 PM MDT
JULY 27 2016..........SUNRISE   545 AM MDT   SUNSET   820 PM MDT


-  INDICATES NEGATIVE NUMBERS.
R  INDICATES RECORD WAS SET OR TIED.
MM INDICATES DATA IS MISSING.
T  INDICATES TRACE AMOUNT.




$$
