727
CDUS45 KCYS 070734
CLITOR


CLIMATE REPORT
NATIONAL WEATHER SERVICE CHEYENNE WY
1233 AM MST SUN FEB 7 2016


...................................

...THE TORRINGTON WY AIRPORT CLIMATE SUMMARY FOR FEBRUARY 6 2016...

CLIMATE NORMAL PERIOD 1981 TO 2010
CLIMATE RECORD PERIOD 1998 TO 2016


WEATHER ITEM   OBSERVED TIME   RECORD YEAR NORMAL DEPARTURE LAST
                VALUE   (LST)  VALUE       VALUE  FROM      YEAR
                                                  NORMAL
..................................................................
TEMPERATURE (F)
 YESTERDAY
  MAXIMUM         43    315 PM  69    2015  44     -1       69
  MINIMUM         25   1201 AM -10    2014  16      9       40
  AVERAGE         34                        30      4       55

PRECIPITATION (IN)
  YESTERDAY        0.00          0.12 2010   0.01  -0.01     0.00
  MONTH TO DATE    0.01                      0.07  -0.06     0.38
  SINCE JAN 1      0.15                      0.33  -0.18     0.62

DEGREE DAYS
 HEATING
  YESTERDAY       31                        35     -4       10
  MONTH TO DATE  240                       214     26      184
  SINCE DEC 1   2467                      2526    -59     2477
  SINCE JUL 1   3758                      4109   -351     4009

 COOLING
  YESTERDAY        0                         0      0        0
  MONTH TO DATE    0                         0      0        0
  SINCE DEC 1      0                         0      0        0
  SINCE JAN 1      0                         0      0        0
..................................................................


WIND (MPH)
  HIGHEST WIND SPEED    32   HIGHEST WIND DIRECTION     W (280)
  HIGHEST GUST SPEED    42   HIGHEST GUST DIRECTION     W (280)
  AVERAGE WIND SPEED    15.3


SKY COVER
  AVERAGE SKY COVER 0.0


WEATHER CONDITIONS
 THE FOLLOWING WEATHER WAS RECORDED YESTERDAY.
  NO SIGNIFICANT WEATHER WAS OBSERVED.


RELATIVE HUMIDITY (PERCENT)
 HIGHEST    68          1200 AM
 LOWEST     43           400 PM
 AVERAGE    56

..........................................................


THE TORRINGTON WY AIRPORT CLIMATE NORMALS FOR TODAY
                         NORMAL    RECORD    YEAR
 MAXIMUM TEMPERATURE (F)   44        70      2015
 MINIMUM TEMPERATURE (F)   16       -13      2014


SUNRISE AND SUNSET
FEBRUARY  7 2016......SUNRISE   703 AM MST   SUNSET   519 PM MST
FEBRUARY  8 2016......SUNRISE   702 AM MST   SUNSET   520 PM MST


-  INDICATES NEGATIVE NUMBERS.
R  INDICATES RECORD WAS SET OR TIED.
MM INDICATES DATA IS MISSING.
T  INDICATES TRACE AMOUNT.




$$
