715
CDUS42 KTBW 212213
CLITPA


CLIMATE REPORT
NATIONAL WEATHER SERVICE TAMPA BAY FL
512 PM EST TUE FEB 21 2017


...................................

...THE TAMPA CLIMATE SUMMARY FOR FEBRUARY 21 2017...
VALID TODAY AS OF 0500 PM LOCAL TIME.

CLIMATE NORMAL PERIOD 1981 TO 2010
CLIMATE RECORD PERIOD 1890 TO 2017


WEATHER ITEM   OBSERVED TIME   RECORD YEAR NORMAL DEPARTURE LAST
                VALUE   (LST)  VALUE       VALUE  FROM      YEAR
                                                  NORMAL
..................................................................
TEMPERATURE (F)
 TODAY
  MAXIMUM         80    400 PM  87    1961  73      7       76
  MINIMUM         66        MM  31    1958  55     11       55
  AVERAGE         73                        64      9       66

PRECIPITATION (IN)
  TODAY            0.00          2.06 1903   0.10  -0.10     0.00
  MONTH TO DATE    0.88                      2.15  -1.27     1.56
  SINCE DEC 1      2.21                      6.85  -4.64     8.23
  SINCE JAN 1      1.78                      4.38  -2.60     7.74

DEGREE DAYS
 HEATING
  TODAY            0                         3     -3        0
  MONTH TO DATE   13                        86    -73       93
  SINCE DEC 1    121                       407   -286      272
  SINCE JUL 1    136                       451   -315      277

 COOLING
  TODAY            8                         2      6        1
  MONTH TO DATE   75                        42     33       33
  SINCE DEC 1    394                       172    222      338
  SINCE JAN 1    202                        92    110       63
..................................................................


WIND (MPH)
  RESULTANT WIND SPEED   5   RESULTANT WIND DIRECTION  SE (130)
  HIGHEST WIND SPEED    10   HIGHEST WIND DIRECTION    SE (150)
  HIGHEST GUST SPEED    18   HIGHEST GUST DIRECTION    SE (130)
  AVERAGE WIND SPEED     5.8


SKY COVER
  POSSIBLE SUNSHINE  MM
  AVERAGE SKY COVER 0.6


WEATHER CONDITIONS
 THE FOLLOWING WEATHER WAS RECORDED TODAY.
  NO SIGNIFICANT WEATHER WAS OBSERVED.


RELATIVE HUMIDITY (PERCENT)
 HIGHEST    81           500 AM
 LOWEST     48           300 PM

..........................................................


THE TAMPA CLIMATE NORMALS FOR TOMORROW
                         NORMAL    RECORD    YEAR
 MAXIMUM TEMPERATURE (F)   73        85      1975
                                             1949
 MINIMUM TEMPERATURE (F)   55        32      1977


SUNRISE AND SUNSET
FEBRUARY 21 2017......SUNRISE   702 AM EST   SUNSET   626 PM EST
FEBRUARY 22 2017......SUNRISE   701 AM EST   SUNSET   626 PM EST


-  INDICATES NEGATIVE NUMBERS.
R  INDICATES RECORD WAS SET OR TIED.
MM INDICATES DATA IS MISSING.
T  INDICATES TRACE AMOUNT.




$$


&&
------------------------------------------------------------------
******************** SUPPLEMENTAL DATA ***************************

...RUSKIN                HIGH 79    LOW 61    PCPN 0.00
...SARASOTA/BRADENTON    HIGH 79    LOW 61    PCPN 0.00
...LAKELAND*             HIGH 82    LOW 62    PCPN 0.00
...ST. PETERSBURG        HIGH 76    LOW 66    PCPN 0.00
...GULF WATER TEMPERATURE AT CLEARWATER BEACH 70 DEGREES

*LAKELAND DATA IS FROM 4:30 PM MONDAY TO 4:30 PM TUESDAY
AND MAY REFLECT YESTERDAYS RAINFALL AND HIGH TEMPERATURE.
