000
CDUS42 KTBW 170929
CLITPA


CLIMATE REPORT
NATIONAL WEATHER SERVICE TAMPA BAY FL
428 AM EST TUE JAN 17 2017


...................................

...THE TAMPA CLIMATE SUMMARY FOR JANUARY 16 2017...

CLIMATE NORMAL PERIOD 1981 TO 2010
CLIMATE RECORD PERIOD 1890 TO 2017


WEATHER ITEM   OBSERVED TIME   RECORD YEAR NORMAL DEPARTURE LAST
                VALUE   (LST)  VALUE       VALUE  FROM      YEAR
                                                  NORMAL
..................................................................
TEMPERATURE (F)
 YESTERDAY
  MAXIMUM         81    445 PM  83    1947  70     11       75
  MINIMUM         64    741 AM  28    1927  51     13       60
  AVERAGE         73                        60     13       68

PRECIPITATION (IN)
  YESTERDAY        0.00          1.10 2010   0.07  -0.07     0.03
  MONTH TO DATE    0.23                      1.09  -0.86     1.96
  SINCE DEC 1      0.66                      3.56  -2.90     2.45
  SINCE JAN 1      0.23                      1.09  -0.86     1.96

DEGREE DAYS
 HEATING
  YESTERDAY        0                         6     -6        0
  MONTH TO DATE   42                        96    -54       65
  SINCE DEC 1     69                       235   -166       73
  SINCE JUL 1     84                       279   -195       78

 COOLING
  YESTERDAY        8                         2      6        3
  MONTH TO DATE   72                        30     42       28
  SINCE DEC 1    264                       110    154      303
  SINCE JAN 1     72                        30     42       28
..................................................................


WIND (MPH)
  RESULTANT WIND SPEED   5   RESULTANT WIND DIRECTION   E (100)
  HIGHEST WIND SPEED    12   HIGHEST WIND DIRECTION     E (110)
  HIGHEST GUST SPEED    17   HIGHEST GUST DIRECTION    SE (120)
  AVERAGE WIND SPEED     5.5


SKY COVER
  POSSIBLE SUNSHINE  MM
  AVERAGE SKY COVER 0.6


WEATHER CONDITIONS
 THE FOLLOWING WEATHER WAS RECORDED YESTERDAY.
  NO SIGNIFICANT WEATHER WAS OBSERVED.


RELATIVE HUMIDITY (PERCENT)
 HIGHEST    78           700 AM
 LOWEST     45           400 PM
 AVERAGE    62

..........................................................


THE TAMPA CLIMATE NORMALS FOR TODAY
                         NORMAL    RECORD    YEAR
 MAXIMUM TEMPERATURE (F)   70        82      1990
                                             1947
                                             1943
 MINIMUM TEMPERATURE (F)   51        29      1893


SUNRISE AND SUNSET
JANUARY 17 2017.......SUNRISE   722 AM EST   SUNSET   559 PM EST
JANUARY 18 2017.......SUNRISE   722 AM EST   SUNSET   559 PM EST


-  INDICATES NEGATIVE NUMBERS.
R  INDICATES RECORD WAS SET OR TIED.
MM INDICATES DATA IS MISSING.
T  INDICATES TRACE AMOUNT.




$$


&&
------------------------------------------------------------------
******************** SUPPLEMENTAL DATA ***************************

...RUSKIN                HIGH 79    LOW 60    PCPN 0.00
...SARASOTA/BRADENTON    HIGH 79    LOW 61    PCPN TRACE
...ST. PETERSBURG        HIGH 76    LOW 64    PCPN 0.00
...GULF WATER TEMPERATURE AT CLEARWATER BEACH 65 DEGREES
