000
CDUS42 KTBW 230928
CLITPA


CLIMATE REPORT
NATIONAL WEATHER SERVICE TAMPA BAY FL
426 AM EST THU NOV 23 2017


...................................

...THE TAMPA CLIMATE SUMMARY FOR NOVEMBER 22 2017...

CLIMATE NORMAL PERIOD 1981 TO 2010
CLIMATE RECORD PERIOD 1890 TO 2017


WEATHER ITEM   OBSERVED TIME   RECORD YEAR NORMAL DEPARTURE LAST
                VALUE   (LST)  VALUE       VALUE  FROM      YEAR
                                                  NORMAL
..................................................................
TEMPERATURE (F)
 YESTERDAY
  MAXIMUM         82   1249 PM  85    1947  77      5       77
                                      1942
                                      1894
  MINIMUM         64    753 AM  32    1937  59      5       49
  AVERAGE         73                        68      5       63

PRECIPITATION (IN)
  YESTERDAY        0.02          2.22 1988   0.05  -0.03     0.00
  MONTH TO DATE    0.06                      1.10  -1.04     0.01
  SINCE SEP 1      9.79                      9.66   0.13     5.70
  SINCE JAN 1     43.41                     43.38   0.03    52.13

DEGREE DAYS
 HEATING
  YESTERDAY        0                         2     -2        2
  MONTH TO DATE    0                        24    -24       15
  SINCE SEP 1      8                        28    -20       15
  SINCE JUL 1      8                        28    -20       15

 COOLING
  YESTERDAY        8                         5      3        0
  MONTH TO DATE  171                       133     38      144
  SINCE SEP 1   1153                       984    169     1126
  SINCE JAN 1   4235                      3499    736     3912
..................................................................


WIND (MPH)
  RESULTANT WIND SPEED   1   RESULTANT WIND DIRECTION   N (360)
  HIGHEST WIND SPEED    12   HIGHEST WIND DIRECTION     E (80)
  HIGHEST GUST SPEED    18   HIGHEST GUST DIRECTION     E (70)
  AVERAGE WIND SPEED     4.1


SKY COVER
  POSSIBLE SUNSHINE  MM
  AVERAGE SKY COVER 0.7


WEATHER CONDITIONS
 THE FOLLOWING WEATHER WAS RECORDED YESTERDAY.
  THUNDERSTORM
  LIGHT RAIN
  FOG


RELATIVE HUMIDITY (PERCENT)
 HIGHEST    93           400 AM
 LOWEST     54           100 PM
 AVERAGE    74

..........................................................


THE TAMPA CLIMATE NORMALS FOR TODAY
                         NORMAL    RECORD    YEAR
 MAXIMUM TEMPERATURE (F)   77        86      1958
 MINIMUM TEMPERATURE (F)   59        37      1981
                                             1976


SUNRISE AND SUNSET
NOVEMBER 23 2017......SUNRISE   658 AM EST   SUNSET   535 PM EST
NOVEMBER 24 2017......SUNRISE   659 AM EST   SUNSET   535 PM EST


-  INDICATES NEGATIVE NUMBERS.
R  INDICATES RECORD WAS SET OR TIED.
MM INDICATES DATA IS MISSING.
T  INDICATES TRACE AMOUNT.




$$


&&
------------------------------------------------------------------
******************** SUPPLEMENTAL DATA ***************************

...RUSKIN                HIGH 81    LOW 61    PCPN 0.01
...SARASOTA/BRADENTON    HIGH 81    LOW 60    PCPN 0.07
...ST. PETERSBURG        HIGH 78    LOW 65    PCPN 0.22
...GULF WATER TEMPERATURE AT CLEARWATER BEACH 70 DEGREES
