429
CDUS42 KTBW 242121
CLITPA


CLIMATE REPORT
NATIONAL WEATHER SERVICE TAMPA BAY FL
519 PM EDT MON JUL 24 2017


...................................

...THE TAMPA CLIMATE SUMMARY FOR JULY 24 2017...
VALID TODAY AS OF 0500 PM LOCAL TIME.

CLIMATE NORMAL PERIOD 1981 TO 2010
CLIMATE RECORD PERIOD 1890 TO 2017


WEATHER ITEM   OBSERVED TIME   RECORD YEAR NORMAL DEPARTURE LAST
                VALUE   (LST)  VALUE       VALUE  FROM      YEAR
                                                  NORMAL
..................................................................
TEMPERATURE (F)
 TODAY
  MAXIMUM         90    359 PM  96    1987  90      0       90
                                      1961
  MINIMUM         79    419 AM  65    1913  76      3       73
                                      1890
  AVERAGE         85                        83      2       82

PRECIPITATION (IN)
  TODAY            0.00          3.76 1945   0.22  -0.22     1.31
  MONTH TO DATE    5.38                      5.50  -0.12     3.23
  SINCE JUN 1     13.28                     12.18   1.10    14.71
  SINCE JAN 1     19.30                     24.38  -5.08    30.61

DEGREE DAYS
 HEATING
  TODAY            0                         0      0        0
  MONTH TO DATE    0                         0      0        0
  SINCE JUN 1      0                         0      0        0
  SINCE JUL 1      0                         0      0        0

 COOLING
  TODAY           20                        18      2       17
  MONTH TO DATE  462                       432     30      485
  SINCE JUN 1    998                       948     50     1036
  SINCE JAN 1   2314                      1825    489     2056
..................................................................


WIND (MPH)
  RESULTANT WIND SPEED   6   RESULTANT WIND DIRECTION   S (180)
  HIGHEST WIND SPEED    15   HIGHEST WIND DIRECTION     S (190)
  HIGHEST GUST SPEED    20   HIGHEST GUST DIRECTION    SW (210)
  AVERAGE WIND SPEED     6.6


SKY COVER
  POSSIBLE SUNSHINE  MM
  AVERAGE SKY COVER 0.7


WEATHER CONDITIONS
 THE FOLLOWING WEATHER WAS RECORDED TODAY.
  NO SIGNIFICANT WEATHER WAS OBSERVED.


RELATIVE HUMIDITY (PERCENT)
 HIGHEST    91          1200 AM
 LOWEST     64           300 PM

..........................................................


THE TAMPA CLIMATE NORMALS FOR TOMORROW
                         NORMAL    RECORD    YEAR
 MAXIMUM TEMPERATURE (F)   90        96      1931
 MINIMUM TEMPERATURE (F)   76        67      1934


SUNRISE AND SUNSET
JULY 24 2017..........SUNRISE   649 AM EDT   SUNSET   824 PM EDT
JULY 25 2017..........SUNRISE   649 AM EDT   SUNSET   824 PM EDT


-  INDICATES NEGATIVE NUMBERS.
R  INDICATES RECORD WAS SET OR TIED.
MM INDICATES DATA IS MISSING.
T  INDICATES TRACE AMOUNT.




$$


&&
------------------------------------------------------------------
******************** SUPPLEMENTAL DATA ***************************

...RUSKIN                HIGH 91    LOW 75    PCPN 0.00
...SARASOTA/BRADENTON    HIGH 89    LOW 76    PCPN TRACE
...LAKELAND*             HIGH MM    LOW MM    PCPN MM
...ST. PETERSBURG        HIGH 89    LOW 81    PCPN 0.00
...GULF WATER TEMPERATURE AT CLEARWATER BEACH 87 DEGREES

*LAKELAND DATA IS FROM 4:30 PM SUNDAY TO 4:30 PM MONDAY
AND MAY REFLECT YESTERDAYS RAINFALL AND HIGH TEMPERATURE.
