000
CDUS42 KTBW 170915
CLITPA


CLIMATE REPORT
NATIONAL WEATHER SERVICE TAMPA BAY FL
513 AM EDT WED SEP 17 2014


...................................

...THE TAMPA CLIMATE SUMMARY FOR SEPTEMBER 16 2014...

CLIMATE NORMAL PERIOD 1981 TO 2010
CLIMATE RECORD PERIOD 1890 TO 2014


WEATHER ITEM   OBSERVED TIME   RECORD YEAR NORMAL DEPARTURE LAST
                VALUE   (LST)  VALUE       VALUE  FROM      YEAR
                                                  NORMAL
..................................................................
TEMPERATURE (F)
 YESTERDAY
  MAXIMUM         88   1237 PM  95    1927  89     -1       92
  MINIMUM         76    518 PM  64    1976  75      1       74
  AVERAGE         82                        82      0       83

PRECIPITATION (IN)
  YESTERDAY        T             3.05 1981   0.22  -0.22      T
  MONTH TO DATE    1.87                      3.84  -1.97     3.40
  SINCE SEP 1      1.87                      3.84  -1.97     3.40
  SINCE JAN 1     41.82                     37.56   4.26    45.92

DEGREE DAYS
 HEATING
  YESTERDAY        0                         0      0        0
  MONTH TO DATE    0                         0      0        0
  SINCE SEP 1      0                         0      0        0
  SINCE JUL 1      0                         0      0        0

 COOLING
  YESTERDAY       17                        17      0       18
  MONTH TO DATE  289                       280      9      294
  SINCE SEP 1    289                       280      9      294
  SINCE JAN 1   2806                      2795     11     2931
..................................................................


WIND (MPH)
  RESULTANT WIND SPEED   2   RESULTANT WIND DIRECTION   W (250)
  HIGHEST WIND SPEED    26   HIGHEST WIND DIRECTION     W (270)
  HIGHEST GUST SPEED    33   HIGHEST GUST DIRECTION     W (260)
  AVERAGE WIND SPEED     4.3


SKY COVER
  POSSIBLE SUNSHINE  MM
  AVERAGE SKY COVER 0.9


WEATHER CONDITIONS
 THE FOLLOWING WEATHER WAS RECORDED YESTERDAY.
  THUNDERSTORM
  LIGHT RAIN
  HAZE


RELATIVE HUMIDITY (PERCENT)
 HIGHEST    85           200 AM
 LOWEST     59           100 PM
 AVERAGE    72

..........................................................


THE TAMPA CLIMATE NORMALS FOR TODAY
                         NORMAL    RECORD    YEAR
 MAXIMUM TEMPERATURE (F)   89        95      1942
 MINIMUM TEMPERATURE (F)   75        66      1895


SUNRISE AND SUNSET
SEPTEMBER 17 2014.....SUNRISE   716 AM EDT   SUNSET   732 PM EDT
SEPTEMBER 18 2014.....SUNRISE   717 AM EDT   SUNSET   731 PM EDT


-  INDICATES NEGATIVE NUMBERS.
R  INDICATES RECORD WAS SET OR TIED.
MM INDICATES DATA IS MISSING.
T  INDICATES TRACE AMOUNT.




$$


&&
------------------------------------------------------------------
******************** SUPPLEMENTAL DATA ***************************

...RUSKIN                HIGH 91    LOW 74    PCPN 0.02
...SARASOTA/BRADENTON    HIGH 90    LOW 74    PCPN 0.00
...ST. PETERSBURG        HIGH 87    LOW 79    PCPN 0.01
...GULF WATER TEMPERATURE AT CLEARWATER BEACH 86
