000
CDUS42 KTBW 022117
CLITPA


CLIMATE REPORT
NATIONAL WEATHER SERVICE TAMPA BAY FL
514 PM EDT TUE JUN 2 2015


...................................

...THE TAMPA CLIMATE SUMMARY FOR JUNE 2 2015...
VALID TODAY AS OF 0500 PM LOCAL TIME.

CLIMATE NORMAL PERIOD 1981 TO 2010
CLIMATE RECORD PERIOD 1890 TO 2015


WEATHER ITEM   OBSERVED TIME   RECORD YEAR NORMAL DEPARTURE LAST
                VALUE   (LST)  VALUE       VALUE  FROM      YEAR
                                                  NORMAL
..................................................................
TEMPERATURE (F)
 TODAY
  MAXIMUM         79   1240 PM  97    1953  89    -10       85
  MINIMUM         72    514 AM  59    1984  73     -1       74
  AVERAGE         76                        81     -5       80

PRECIPITATION (IN)
  TODAY            0.14          1.93 2007   0.14   0.00     0.00
  MONTH TO DATE    0.20                      0.27  -0.07     0.01
  SINCE JUN 1      0.20                      0.27  -0.07     0.01
  SINCE JAN 1     21.09                     12.47   8.62    19.34

DEGREE DAYS
 HEATING
  TODAY            0                         0      0        0
  MONTH TO DATE    0                         0      0        0
  SINCE JUN 1      0                         0      0        0
  SINCE JUL 1    467                       538    -71      444

 COOLING
  TODAY           11                        16     -5       15
  MONTH TO DATE   26                        32     -6       31
  SINCE JUN 1     26                        32     -6       31
  SINCE JAN 1   1247                       909    338      854
..................................................................


WIND (MPH)
  RESULTANT WIND SPEED   1   RESULTANT WIND DIRECTION  SE (150)
  HIGHEST WIND SPEED    13   HIGHEST WIND DIRECTION     W (270)
  HIGHEST GUST SPEED    17   HIGHEST GUST DIRECTION     W (250)
  AVERAGE WIND SPEED     2.6


SKY COVER
  POSSIBLE SUNSHINE  MM
  AVERAGE SKY COVER 0.8


WEATHER CONDITIONS
 THE FOLLOWING WEATHER WAS RECORDED TODAY.
  LIGHT RAIN
  FOG


RELATIVE HUMIDITY (PERCENT)
 HIGHEST    87          1200 AM
 LOWEST     82           700 AM

..........................................................


THE TAMPA CLIMATE NORMALS FOR TOMORROW
                         NORMAL    RECORD    YEAR
 MAXIMUM TEMPERATURE (F)   89        98      1918
 MINIMUM TEMPERATURE (F)   74        61      1965


SUNRISE AND SUNSET
JUNE  2 2015..........SUNRISE   634 AM EDT   SUNSET   822 PM EDT
JUNE  3 2015..........SUNRISE   634 AM EDT   SUNSET   823 PM EDT


-  INDICATES NEGATIVE NUMBERS.
R  INDICATES RECORD WAS SET OR TIED.
MM INDICATES DATA IS MISSING.
T  INDICATES TRACE AMOUNT.




$$


&&
------------------------------------------------------------------
******************** SUPPLEMENTAL DATA ***************************

...RUSKIN                HIGH 77    LOW 70    PCPN 0.00
...SARASOTA/BRADENTON    HIGH 76    LOW 69    PCPN 0.00
...ST. PETERSBURG        HIGH 79    LOW 72    PCPN 0.00
...GULF WATER TEMPERATURE AT CLEARWATER BEACH 83
