000
CDUS42 KTBW 192118
CLITPA


CLIMATE REPORT
NATIONAL WEATHER SERVICE TAMPA BAY FL
514 PM EDT SAT APR 19 2014


...................................

...THE TAMPA CLIMATE SUMMARY FOR APRIL 19 2014...
VALID TODAY AS OF 0500 PM LOCAL TIME.

CLIMATE NORMAL PERIOD 1981 TO 2010
CLIMATE RECORD PERIOD 1890 TO 2014


WEATHER ITEM   OBSERVED TIME   RECORD YEAR NORMAL DEPARTURE LAST
                VALUE   (LST)  VALUE       VALUE  FROM      YEAR
                                                  NORMAL
..................................................................
TEMPERATURE (F)
 TODAY
  MAXIMUM         71   1050 AM  90    2011  82    -11       87
                                      1967
  MINIMUM         65    350 PM  48    2001  64      1       73
  AVERAGE         68                        73     -5       80

PRECIPITATION (IN)
  TODAY            T             1.02 1900   0.06  -0.06     0.36
  MONTH TO DATE    0.88                      1.37  -0.49     1.52
  SINCE MAR 1      5.83                      4.40   1.43     3.58
  SINCE JAN 1     10.78                      9.44   1.34     5.14

DEGREE DAYS
 HEATING
  TODAY            0                         0      0        0
  MONTH TO DATE    0                         9     -9        0
  SINCE MAR 1     48                        65    -17      143
  SINCE JUL 1    444                       536    -92      400

 COOLING
  TODAY            3                         8     -5       15
  MONTH TO DATE  129                       122      7      200
  SINCE MAR 1    207                       248    -41      245
  SINCE JAN 1    311                       361    -50      459
..................................................................


WIND (MPH)
  RESULTANT WIND SPEED  11   RESULTANT WIND DIRECTION   W (260)
  HIGHEST WIND SPEED    20   HIGHEST WIND DIRECTION     W (270)
  HIGHEST GUST SPEED    24   HIGHEST GUST DIRECTION     W (270)
  AVERAGE WIND SPEED    12.9


SKY COVER
  POSSIBLE SUNSHINE  MM
  AVERAGE SKY COVER 0.9


WEATHER CONDITIONS
 THE FOLLOWING WEATHER WAS RECORDED TODAY.
  LIGHT RAIN
  FOG


RELATIVE HUMIDITY (PERCENT)
 HIGHEST   100           100 AM
 LOWEST     66           200 PM

..........................................................


THE TAMPA CLIMATE NORMALS FOR TOMORROW
                         NORMAL    RECORD    YEAR
 MAXIMUM TEMPERATURE (F)   82        90      1960
 MINIMUM TEMPERATURE (F)   64        49      1983


SUNRISE AND SUNSET
APRIL 19 2014.........SUNRISE   701 AM EDT   SUNSET   758 PM EDT
APRIL 20 2014.........SUNRISE   700 AM EDT   SUNSET   758 PM EDT


-  INDICATES NEGATIVE NUMBERS.
R  INDICATES RECORD WAS SET OR TIED.
MM INDICATES DATA IS MISSING.
T  INDICATES TRACE AMOUNT.




$$


&&
------------------------------------------------------------------
******************** SUPPLEMENTAL DATA ***************************

...RUSKIN                HIGH 72    LOW 66    PCPN 0.00
...SARASOTA/BRADENTON    HIGH 74    LOW 67    PCPN T
...LAKELAND              HIGH 74    LOW 65    PCPN 0.11
...ST. PETERSBURG        HIGH 73    LOW 66    PCPN T
...GULF WATER TEMPERATURE AT CLEARWATER BEACH 71
