000
CDUS42 KTBW 222219
CLITPA


CLIMATE REPORT
NATIONAL WEATHER SERVICE TAMPA BAY FL
517 PM EST MON DEC 22 2014


...................................

...THE TAMPA CLIMATE SUMMARY FOR DECEMBER 22 2014...
VALID TODAY AS OF 0500 PM LOCAL TIME.

CLIMATE NORMAL PERIOD 1981 TO 2010
CLIMATE RECORD PERIOD 1890 TO 2014


WEATHER ITEM   OBSERVED TIME   RECORD YEAR NORMAL DEPARTURE LAST
                VALUE   (LST)  VALUE       VALUE  FROM      YEAR
                                                  NORMAL
..................................................................
TEMPERATURE (F)
 TODAY
  MAXIMUM         76    245 PM  85    1990  71      5       82
  MINIMUM         66    623 AM  30    1901  53     13       70
  AVERAGE         71                        62      9       76

PRECIPITATION (IN)
  TODAY            0.00          1.64 1935   0.09  -0.09     0.00
  MONTH TO DATE    0.63                      1.77  -1.14     0.25
  SINCE DEC 1      0.63                      1.77  -1.14     0.25
  SINCE JAN 1     56.93                     45.60  11.33    51.92

DEGREE DAYS
 HEATING
  TODAY            0                         5     -5        0
  MONTH TO DATE   81                        88     -7       27
  SINCE DEC 1     81                        88     -7       27
  SINCE JUL 1    169                       132     37       57

 COOLING
  TODAY            6                         2      4       11
  MONTH TO DATE   56                        60     -4      126
  SINCE DEC 1     56                        60     -4      126
  SINCE JAN 1   3481                      3590   -109     3862
..................................................................


WIND (MPH)
  RESULTANT WIND SPEED   5   RESULTANT WIND DIRECTION   S (160)
  HIGHEST WIND SPEED    14   HIGHEST WIND DIRECTION     S (180)
  HIGHEST GUST SPEED    19   HIGHEST GUST DIRECTION     S (200)
  AVERAGE WIND SPEED     6.1


SKY COVER
  POSSIBLE SUNSHINE  MM
  AVERAGE SKY COVER 0.9


WEATHER CONDITIONS
 THE FOLLOWING WEATHER WAS RECORDED TODAY.
  FOG


RELATIVE HUMIDITY (PERCENT)
 HIGHEST    93           200 AM
 LOWEST     79          1000 AM

..........................................................


THE TAMPA CLIMATE NORMALS FOR TOMORROW
                         NORMAL    RECORD    YEAR
 MAXIMUM TEMPERATURE (F)   71        82      1990
                                             1988
                                             1948
 MINIMUM TEMPERATURE (F)   53        28      1989


SUNRISE AND SUNSET
DECEMBER 22 2014......SUNRISE   718 AM EST   SUNSET   540 PM EST
DECEMBER 23 2014......SUNRISE   718 AM EST   SUNSET   540 PM EST


-  INDICATES NEGATIVE NUMBERS.
R  INDICATES RECORD WAS SET OR TIED.
MM INDICATES DATA IS MISSING.
T  INDICATES TRACE AMOUNT.




$$


&&
------------------------------------------------------------------
******************** SUPPLEMENTAL DATA ***************************

...RUSKIN                HIGH 80    LOW 66    PCPN    T
...SARASOTA/BRADENTON    HIGH 77    LOW 66    PCPN 0.02
...LAKELAND              HIGH 78    LOW 64    PCPN 0.20
...ST. PETERSBURG        HIGH 76    LOW 66    PCPN    T
...GULF WATER TEMPERATURE AT CLEARWATER BEACH 65
