000
CDUS45 KLKN 200933
CLITPH


CLIMATE REPORT
NATIONAL WEATHER SERVICE ELKO NV
229 AM PDT SUN AUG 20 2017


...................................

...THE TONOPAH AIRPORT NV CLIMATE SUMMARY FOR AUGUST 19 2017...

CLIMATE NORMAL PERIOD 1981 TO 2010
CLIMATE RECORD PERIOD 1954 TO 2017


WEATHER ITEM   OBSERVED TIME   RECORD YEAR NORMAL DEPARTURE LAST
                VALUE   (LST)  VALUE       VALUE  FROM      YEAR
                                                  NORMAL
..................................................................
TEMPERATURE (F)
 YESTERDAY
  MAXIMUM         92    413 PM  98    1960  89      3       93
  MINIMUM         61    428 AM  42    1998  55      6       55
                                      1978
  AVERAGE         77                        72      5       74

PRECIPITATION (IN)
  YESTERDAY        0.00          0.37 1984   0.02  -0.02     0.00
  MONTH TO DATE    0.19                      0.31  -0.12     0.00
  SINCE OCT 1      3.63                      4.66  -1.03     5.74
  SINCE JAN 1      3.10                      3.57  -0.47     2.36

DEGREE DAYS
 HEATING
  YESTERDAY        0                         0      0        0
  MONTH TO DATE    0                         0      0        0
  SINCE JUN 1     31                        52    -21       10
  SINCE JUL 1      0                         2     -2        0

 COOLING
  YESTERDAY       12                         7      5        9
  MONTH TO DATE  223                       165     58      199
  SINCE JUN 1    948                       613    335      848
  SINCE JAN 1    981                       640    341      856
..................................................................


WIND (MPH)
  HIGHEST WIND SPEED    21   HIGHEST WIND DIRECTION     S (170)
  HIGHEST GUST SPEED    27   HIGHEST GUST DIRECTION     S (170)
  AVERAGE WIND SPEED     7.5



WEATHER CONDITIONS
 THE FOLLOWING WEATHER WAS RECORDED YESTERDAY.
  NO SIGNIFICANT WEATHER WAS OBSERVED.


RELATIVE HUMIDITY (PERCENT)
 HIGHEST    39           500 AM
 LOWEST      9           300 PM
 AVERAGE    24

..........................................................


THE TONOPAH AIRPORT NV CLIMATE NORMALS FOR TODAY
                         NORMAL    RECORD    YEAR
 MAXIMUM TEMPERATURE (F)   89        96      2016
                                             2015
 MINIMUM TEMPERATURE (F)   55        41      1990


SUNRISE AND SUNSET
AUGUST 20 2017........SUNRISE   608 AM PDT   SUNSET   735 PM PDT
AUGUST 21 2017........SUNRISE   609 AM PDT   SUNSET   733 PM PDT


-  INDICATES NEGATIVE NUMBERS.
R  INDICATES RECORD WAS SET OR TIED.
MM INDICATES DATA IS MISSING.
T  INDICATES TRACE AMOUNT.




$$
