000
CDUS45 KLKN 210027
CLITPH


CLIMATE REPORT
NATIONAL WEATHER SERVICE ELKO NV
426 PM PST THU NOV 20 2014


...................................

...THE TONOPAH AIRPORT NV CLIMATE SUMMARY FOR NOVEMBER 20 2014...
VALID TODAY AS OF 400 PM LOCAL TIME.

CLIMATE NORMAL PERIOD 1981 TO 2010
CLIMATE RECORD PERIOD 1954 TO 2014


WEATHER ITEM   OBSERVED TIME   RECORD YEAR NORMAL DEPARTURE LAST
                VALUE   (LST)  VALUE       VALUE  FROM      YEAR
                                                  NORMAL
..................................................................
TEMPERATURE (F)
 TODAY
  MAXIMUM         53    136 PM  71    1989  51      2       56
  MINIMUM         21    626 AM   5    1977  25     -4       39
                                      1964
  AVERAGE         37                        38     -1       48

PRECIPITATION (IN)
  TODAY            0.00          0.44 2010   0.01  -0.01     0.13
  MONTH TO DATE    0.13                      0.29  -0.16     0.13
  SINCE OCT 1      0.13                      0.63  -0.50     0.28
  SINCE JAN 1      3.84                      4.78  -0.94     4.31

DEGREE DAYS
 HEATING
  TODAY           28                        27      1       17
  MONTH TO DATE  408                       456    -48      408
  SINCE SEP 1    684                       922   -238      970
  SINCE JUL 1    684                       928   -244      970

 COOLING
  TODAY            0                         0      0        0
  MONTH TO DATE    0                         0      0        0
  SINCE SEP 1    141                        70     71      121
  SINCE JAN 1   1004                       783    221     1042
..................................................................


WIND (MPH)
  HIGHEST WIND SPEED    14   HIGHEST WIND DIRECTION     N (10)
  HIGHEST GUST SPEED    16   HIGHEST GUST DIRECTION     N (10)



WEATHER CONDITIONS
 THE FOLLOWING WEATHER WAS RECORDED TODAY.
  NO SIGNIFICANT WEATHER WAS OBSERVED.


RELATIVE HUMIDITY (PERCENT)
 HIGHEST    54           600 AM
 LOWEST     17           100 PM
 AVERAGE    36

..........................................................


THE TONOPAH AIRPORT NV CLIMATE NORMALS FOR TOMORROW
                         NORMAL    RECORD    YEAR
 MAXIMUM TEMPERATURE (F)   51        65      2002
 MINIMUM TEMPERATURE (F)   24         8      1964


SUNRISE AND SUNSET
NOVEMBER 20 2014......SUNRISE   635 AM PST   SUNSET   433 PM PST
NOVEMBER 21 2014......SUNRISE   636 AM PST   SUNSET   433 PM PST


-  INDICATES NEGATIVE NUMBERS.
R  INDICATES RECORD WAS SET OR TIED.
MM INDICATES DATA IS MISSING.
T  INDICATES TRACE AMOUNT.




$$
