000
CDUS45 KLKN 020955
CLITPH


CLIMATE REPORT
NATIONAL WEATHER SERVICE ELKO NV
153 AM PST MON MAR 2 2015


...................................

...THE TONOPAH AIRPORT NV CLIMATE SUMMARY FOR MARCH 1 2015...

CLIMATE NORMAL PERIOD 1981 TO 2010
CLIMATE RECORD PERIOD 1954 TO 2015


WEATHER ITEM   OBSERVED TIME   RECORD YEAR NORMAL DEPARTURE LAST
                VALUE   (LST)  VALUE       VALUE  FROM      YEAR
                                                  NORMAL
..................................................................
TEMPERATURE (F)
 YESTERDAY
  MAXIMUM         46   1151 AM  70    1986  53     -7       46
  MINIMUM         22    602 AM   6    1962  27     -5       31
  AVERAGE         34                        40     -6       39

PRECIPITATION (IN)
  YESTERDAY        0.05          0.36 1981   0.02   0.03      T
  MONTH TO DATE    0.05                      0.02   0.03      T
  SINCE OCT 1      0.71                      2.12  -1.41     1.12
  SINCE JAN 1      0.23                      1.03  -0.80     0.66

DEGREE DAYS
 HEATING
  YESTERDAY       31                        25      6       26
  MONTH TO DATE   31                        25      6       26
  SINCE MAR 1     31                        25      6       26
  SINCE JUL 1   3153                      4067   -914     3799

 COOLING
  YESTERDAY        0                         0      0        0
  MONTH TO DATE    0                         0      0        0
  SINCE MAR 1      0                         0      0        0
  SINCE JAN 1      0                         0      0        0
..................................................................


WIND (MPH)
  HIGHEST WIND SPEED    23   HIGHEST WIND DIRECTION     S (160)
  HIGHEST GUST SPEED    27   HIGHEST GUST DIRECTION    SE (150)
  AVERAGE WIND SPEED     6.0



WEATHER CONDITIONS
 THE FOLLOWING WEATHER WAS RECORDED YESTERDAY.
  LIGHT RAIN
  LIGHT SNOW
  FOG


RELATIVE HUMIDITY (PERCENT)
 HIGHEST    92           600 AM
 LOWEST     40          1200 PM
 AVERAGE    66

..........................................................


THE TONOPAH AIRPORT NV CLIMATE NORMALS FOR TODAY
                         NORMAL    RECORD    YEAR
 MAXIMUM TEMPERATURE (F)   53        67      1972
 MINIMUM TEMPERATURE (F)   27         4      1971


SUNRISE AND SUNSET
MARCH  2 2015.........SUNRISE   619 AM PST   SUNSET   543 PM PST
MARCH  3 2015.........SUNRISE   617 AM PST   SUNSET   544 PM PST


-  INDICATES NEGATIVE NUMBERS.
R  INDICATES RECORD WAS SET OR TIED.
MM INDICATES DATA IS MISSING.
T  INDICATES TRACE AMOUNT.




$$
