000
CDUS45 KLKN 240926
CLITPH


CLIMATE REPORT
NATIONAL WEATHER SERVICE ELKO NV
226 AM PDT WED MAY 24 2017


...................................

...THE TONOPAH AIRPORT NV CLIMATE SUMMARY FOR MAY 23 2017...

CLIMATE NORMAL PERIOD 1981 TO 2010
CLIMATE RECORD PERIOD 1954 TO 2017


WEATHER ITEM   OBSERVED TIME   RECORD YEAR NORMAL DEPARTURE LAST
                VALUE   (LST)  VALUE       VALUE  FROM      YEAR
                                                  NORMAL
..................................................................
TEMPERATURE (F)
 YESTERDAY
  MAXIMUM         87    351 PM  93    1984  77     10       69
  MINIMUM         54    457 AM  31    2010  45      9       40
  AVERAGE         71                        61     10       55

PRECIPITATION (IN)
  YESTERDAY        0.00          0.60 1963   0.02  -0.02     0.00
  MONTH TO DATE    0.79                      0.38   0.41     0.17
  SINCE OCT 1      2.78                      3.47  -0.69     5.40
  SINCE JAN 1      2.25                      2.38  -0.13     2.02

DEGREE DAYS
 HEATING
  YESTERDAY        0                         5     -5       10
  MONTH TO DATE  157                       184    -27      190
  SINCE MAR 1   1110                      1335   -225     1169
  SINCE JUL 1   4975                      5377   -402     5096

 COOLING
  YESTERDAY        6                         1      5        0
  MONTH TO DATE   12                        10      2        1
  SINCE MAR 1     12                        11      1        1
  SINCE JAN 1     12                        11      1        1
..................................................................


WIND (MPH)
  HIGHEST WIND SPEED    17   HIGHEST WIND DIRECTION     W (250)
  HIGHEST GUST SPEED    22   HIGHEST GUST DIRECTION     N (10)
  AVERAGE WIND SPEED     8.3



WEATHER CONDITIONS
 THE FOLLOWING WEATHER WAS RECORDED YESTERDAY.
  NO SIGNIFICANT WEATHER WAS OBSERVED.


RELATIVE HUMIDITY (PERCENT)
 HIGHEST    31           200 AM
 LOWEST     10           600 PM
 AVERAGE    21

..........................................................


THE TONOPAH AIRPORT NV CLIMATE NORMALS FOR TODAY
                         NORMAL    RECORD    YEAR
 MAXIMUM TEMPERATURE (F)   77        91      2001
 MINIMUM TEMPERATURE (F)   45        24      1978


SUNRISE AND SUNSET
MAY 24 2017...........SUNRISE   531 AM PDT   SUNSET   800 PM PDT
MAY 25 2017...........SUNRISE   530 AM PDT   SUNSET   801 PM PDT


-  INDICATES NEGATIVE NUMBERS.
R  INDICATES RECORD WAS SET OR TIED.
MM INDICATES DATA IS MISSING.
T  INDICATES TRACE AMOUNT.




$$
