075
CDUS45 KLKN 190926
CLITPH


CLIMATE REPORT
NATIONAL WEATHER SERVICE ELKO NV
226 AM PDT THU OCT 9  2017


...................................

...THE TONOPAH AIRPORT NV CLIMATE SUMMARY FOR OCTOBER 18 2017...

CLIMATE NORMAL PERIOD 1981 TO 2010
CLIMATE RECORD PERIOD 1954 TO 2017


WEATHER ITEM   OBSERVED TIME   RECORD YEAR NORMAL DEPARTURE LAST
                VALUE   (LST)  VALUE       VALUE  FROM      YEAR
                                                  NORMAL
..................................................................
TEMPERATURE (F)
 YESTERDAY
  MAXIMUM         76    145 PM  83    1988  67      9       61
  MINIMUM         41    615 AM  13    1984  37      4       33
  AVERAGE         59                        52      7       47

PRECIPITATION (IN)
  YESTERDAY        0.00          0.88 2015   0.01  -0.01     0.00
  MONTH TO DATE    0.00                      0.19  -0.19     0.00
  SINCE OCT 1      0.00                      0.19  -0.19     0.00
  SINCE JAN 1      3.51                      4.34  -0.83     3.57

DEGREE DAYS
 HEATING
  YESTERDAY        6                        13     -7       18
  MONTH TO DATE  233                       176     57      173
  SINCE SEP 1    365                       261    104      242
  SINCE JUL 1    365                       267     98      242

 COOLING
  YESTERDAY        0                         0      0        0
  MONTH TO DATE    0                         0      0        0
  SINCE SEP 1    117                        68     49       59
  SINCE JAN 1   1222                       781    441     1022
..................................................................


WIND (MPH)
  HIGHEST WIND SPEED    14   HIGHEST WIND DIRECTION     N (10)
  HIGHEST GUST SPEED    16   HIGHEST GUST DIRECTION     N (10)
  AVERAGE WIND SPEED     7.5



WEATHER CONDITIONS
 THE FOLLOWING WEATHER WAS RECORDED YESTERDAY.
  NO SIGNIFICANT WEATHER WAS OBSERVED.


RELATIVE HUMIDITY (PERCENT)
 HIGHEST    27           600 AM
 LOWEST     10          1200 PM
 AVERAGE    19

..........................................................


THE TONOPAH AIRPORT NV CLIMATE NORMALS FOR TODAY
                         NORMAL    RECORD    YEAR
 MAXIMUM TEMPERATURE (F)   67        80      1958
 MINIMUM TEMPERATURE (F)   36        23      1971


SUNRISE AND SUNSET
OCTOBER 19 2017.......SUNRISE   701 AM PDT   SUNSET   605 PM PDT
OCTOBER 20 2017.......SUNRISE   702 AM PDT   SUNSET   603 PM PDT


-  INDICATES NEGATIVE NUMBERS.
R  INDICATES RECORD WAS SET OR TIED.
MM INDICATES DATA IS MISSING.
T  INDICATES TRACE AMOUNT.




$$
