209
CDUS45 KLKN 290931
CLITPH


CLIMATE REPORT
NATIONAL WEATHER SERVICE ELKO NV
230 AM PDT FRI APR 29 2016


...................................

...THE TONOPAH AIRPORT NV CLIMATE SUMMARY FOR APRIL 28 2016...

CLIMATE NORMAL PERIOD 1981 TO 2010
CLIMATE RECORD PERIOD 1954 TO 2016


WEATHER ITEM   OBSERVED TIME   RECORD YEAR NORMAL DEPARTURE LAST
                VALUE   (LST)  VALUE       VALUE  FROM      YEAR
                                                  NORMAL
..................................................................
TEMPERATURE (F)
 YESTERDAY
  MAXIMUM         56   1147 AM  85    1992  68    -12       77
  MINIMUM         37    331 AM  20    1984  38     -1       37
  AVERAGE         47                        53     -6       57

PRECIPITATION (IN)
  YESTERDAY        T             0.74 1978   0.01  -0.01     0.00
  MONTH TO DATE    0.29                      0.39  -0.10     0.13
  SINCE OCT 1      5.18                      3.06   2.12     1.05
  SINCE JAN 1      1.80                      1.97  -0.17     0.57

DEGREE DAYS
 HEATING
  YESTERDAY       18                        12      6        8
  MONTH TO DATE  354                       443    -89      429
  SINCE MAR 1    951                      1128   -177      882
  SINCE JUL 1   4878                      5170   -292     4004

 COOLING
  YESTERDAY        0                         0      0        0
  MONTH TO DATE    0                         0      0        0
  SINCE MAR 1      0                         0      0        0
  SINCE JAN 1      0                         0      0        0
..................................................................


WIND (MPH)
  HIGHEST WIND SPEED    37   HIGHEST WIND DIRECTION     N (360)
  HIGHEST GUST SPEED    44   HIGHEST GUST DIRECTION    NW (320)
  AVERAGE WIND SPEED    19.2



WEATHER CONDITIONS
 THE FOLLOWING WEATHER WAS RECORDED YESTERDAY.
  NO SIGNIFICANT WEATHER WAS OBSERVED.


RELATIVE HUMIDITY (PERCENT)
 HIGHEST    70          1200 AM
 LOWEST     38          1100 AM
 AVERAGE    54

..........................................................


THE TONOPAH AIRPORT NV CLIMATE NORMALS FOR TODAY
                         NORMAL    RECORD    YEAR
 MAXIMUM TEMPERATURE (F)   69        84      2007
                                             1981
 MINIMUM TEMPERATURE (F)   38        25      1984


SUNRISE AND SUNSET
APRIL 29 2016.........SUNRISE   554 AM PDT   SUNSET   738 PM PDT
APRIL 30 2016.........SUNRISE   553 AM PDT   SUNSET   739 PM PDT


-  INDICATES NEGATIVE NUMBERS.
R  INDICATES RECORD WAS SET OR TIED.
MM INDICATES DATA IS MISSING.
T  INDICATES TRACE AMOUNT.




$$
