000
CDUS45 KLKN 180033
CLITPH


CLIMATE REPORT
NATIONAL WEATHER SERVICE ELKO NV
432 PM PST SUN DEC 17 2017


...................................

...THE TONOPAH AIRPORT NV CLIMATE SUMMARY FOR DECEMBER 17 2017...
VALID TODAY AS OF 0400 PM LOCAL TIME.

CLIMATE NORMAL PERIOD 1981 TO 2010
CLIMATE RECORD PERIOD 1954 TO 2017


WEATHER ITEM   OBSERVED TIME   RECORD YEAR NORMAL DEPARTURE LAST
                VALUE   (LST)  VALUE       VALUE  FROM      YEAR
                                                  NORMAL
..................................................................
TEMPERATURE (F)
 TODAY
  MAXIMUM         40    249 PM  63    1998  44     -4       34
                                      1980
  MINIMUM         17    706 AM   0    1984  19     -2       17
  AVERAGE         29                        31     -2       26

PRECIPITATION (IN)
  TODAY            0.00          0.23 1987   0.01  -0.01     0.00
  MONTH TO DATE    0.00                      0.17  -0.17     0.01
  SINCE OCT 1      0.01                      0.95  -0.94     0.21
  SINCE JAN 1      3.52                      5.10  -1.58     3.78

DEGREE DAYS
 HEATING
  TODAY           36                        34      2       39
  MONTH TO DATE  496                       554    -58      502
  SINCE DEC 1    496                       554    -58      502
  SINCE JUL 1   1572                      1771   -199     1519

 COOLING
  TODAY            0                         0      0        0
  MONTH TO DATE    0                         0      0        0
  SINCE DEC 1      0                         0      0        0
  SINCE JAN 1   1222                       783    439     1022
..................................................................


WIND (MPH)
  HIGHEST WIND SPEED    25   HIGHEST WIND DIRECTION    NW (320)
  HIGHEST GUST SPEED    30   HIGHEST GUST DIRECTION    NW (310)



WEATHER CONDITIONS
 THE FOLLOWING WEATHER WAS RECORDED TODAY.
  NO SIGNIFICANT WEATHER WAS OBSERVED.


RELATIVE HUMIDITY (PERCENT)
 HIGHEST    67           400 AM
 LOWEST     32          1200 PM
 AVERAGE    50

..........................................................


THE TONOPAH AIRPORT NV CLIMATE NORMALS FOR TOMORROW
                         NORMAL    RECORD    YEAR
 MAXIMUM TEMPERATURE (F)   44        59      1999
                                             1979
                                             1958
 MINIMUM TEMPERATURE (F)   19         0      1970


SUNRISE AND SUNSET
DECEMBER 17 2017......SUNRISE   659 AM PST   SUNSET   431 PM PST
DECEMBER 18 2017......SUNRISE   659 AM PST   SUNSET   431 PM PST


-  INDICATES NEGATIVE NUMBERS.
R  INDICATES RECORD WAS SET OR TIED.
MM INDICATES DATA IS MISSING.
T  INDICATES TRACE AMOUNT.




$$
