000
CDUS45 KLKN 020028
CLITPH


CLIMATE REPORT
NATIONAL WEATHER SERVICE ELKO NV
427 PM PST SUN FEB 1 2015


...................................

...THE TONOPAH AIRPORT NV CLIMATE SUMMARY FOR FEBRUARY 1 2015...
VALID TODAY AS OF 0400 PM LOCAL TIME.

CLIMATE NORMAL PERIOD 1981 TO 2010
CLIMATE RECORD PERIOD 1954 TO 2015


WEATHER ITEM   OBSERVED TIME   RECORD YEAR NORMAL DEPARTURE LAST
                VALUE   (LST)  VALUE       VALUE  FROM      YEAR
                                                  NORMAL
..................................................................
TEMPERATURE (F)
 TODAY
  MAXIMUM         56    333 PM  65    1995  46     10       38
  MINIMUM         26    720 AM   6    1985  22      4       13
                                      1972
  AVERAGE         41                        34      7       26

PRECIPITATION (IN)
  TODAY            0.00          0.21 1963   0.02  -0.02     0.00
  MONTH TO DATE    0.00                      0.02  -0.02     0.00
  SINCE OCT 1      0.65                      1.60  -0.95     0.57
  SINCE JAN 1      0.17                      0.51  -0.34     0.11

DEGREE DAYS
 HEATING
  TODAY           24                        31     -7       39
  MONTH TO DATE   24                        31     -7       39
  SINCE DEC 1   1680                      2065   -385     1885
  SINCE JUL 1   2593                      3282   -689     3112

 COOLING
  TODAY            0                         0      0        0
  MONTH TO DATE    0                         0      0        0
  SINCE DEC 1      0                         0      0        0
  SINCE JAN 1      0                         0      0        0
..................................................................


WIND (MPH)
  HIGHEST WIND SPEED    13   HIGHEST WIND DIRECTION     N (10)
  HIGHEST GUST SPEED    14   HIGHEST GUST DIRECTION     N (10)



WEATHER CONDITIONS
 THE FOLLOWING WEATHER WAS RECORDED TODAY.
  NO SIGNIFICANT WEATHER WAS OBSERVED.


RELATIVE HUMIDITY (PERCENT)
 HIGHEST    63           700 AM
 LOWEST     22           300 PM
 AVERAGE    43

..........................................................


THE TONOPAH AIRPORT NV CLIMATE NORMALS FOR TOMORROW
                         NORMAL    RECORD    YEAR
 MAXIMUM TEMPERATURE (F)   47        64      1995
 MINIMUM TEMPERATURE (F)   22         1      1979


SUNRISE AND SUNSET
FEBRUARY  1 2015......SUNRISE   653 AM PST   SUNSET   511 PM PST
FEBRUARY  2 2015......SUNRISE   652 AM PST   SUNSET   512 PM PST


-  INDICATES NEGATIVE NUMBERS.
R  INDICATES RECORD WAS SET OR TIED.
MM INDICATES DATA IS MISSING.
T  INDICATES TRACE AMOUNT.




$$
