000
CDUS45 KLKN 270930
CLITPH


CLIMATE REPORT
NATIONAL WEATHER SERVICE ELKO NV
226 AM PDT WED AUG 27 2014


...................................

...THE TONOPAH AIRPORT NV CLIMATE SUMMARY FOR AUGUST 26 2014...

CLIMATE NORMAL PERIOD 1981 TO 2010
CLIMATE RECORD PERIOD 1954 TO 2014


WEATHER ITEM   OBSERVED TIME   RECORD YEAR NORMAL DEPARTURE LAST
                VALUE   (LST)  VALUE       VALUE  FROM      YEAR
                                                  NORMAL
..................................................................
TEMPERATURE (F)
 YESTERDAY
  MAXIMUM         82    159 PM  96    2011  88     -6       82
  MINIMUM         57   1157 PM  41    1954  54      3       57
  AVERAGE         70                        71     -1       70

PRECIPITATION (IN)
  YESTERDAY        0.00          0.49 2003   0.02  -0.02     0.00
                                      1988
  MONTH TO DATE    0.77                      0.43   0.34     0.16
  SINCE OCT 1      3.48                      4.78  -1.30     3.24
  SINCE JAN 1      3.02                      3.69  -0.67     2.02

DEGREE DAYS
 HEATING
  YESTERDAY        0                         0      0        0
  MONTH TO DATE    0                         0      0        0
  SINCE JUN 1     15                        52    -37        3
  SINCE JUL 1      0                         2     -2        0

 COOLING
  YESTERDAY        5                         6     -1        5
  MONTH TO DATE  170                       211    -41      203
  SINCE JUN 1    788                       659    129      854
  SINCE JAN 1    822                       686    136      877
..................................................................


WIND (MPH)
  HIGHEST WIND SPEED    21   HIGHEST WIND DIRECTION     E (70)
  HIGHEST GUST SPEED    27   HIGHEST GUST DIRECTION     E (80)
  AVERAGE WIND SPEED    10.4



WEATHER CONDITIONS
 THE FOLLOWING WEATHER WAS RECORDED YESTERDAY.
  NO SIGNIFICANT WEATHER WAS OBSERVED.


RELATIVE HUMIDITY (PERCENT)
 HIGHEST    40           500 AM
 LOWEST     14           100 PM
 AVERAGE    27

..........................................................


THE TONOPAH AIRPORT NV CLIMATE NORMALS FOR TODAY
                         NORMAL    RECORD    YEAR
 MAXIMUM TEMPERATURE (F)   88        96      2011
                                             2001
 MINIMUM TEMPERATURE (F)   54        42      1990
                                             1963
                                             1954


SUNRISE AND SUNSET
AUGUST 27 2014........SUNRISE   614 AM PDT   SUNSET   725 PM PDT
AUGUST 28 2014........SUNRISE   615 AM PDT   SUNSET   724 PM PDT


-  INDICATES NEGATIVE NUMBERS.
R  INDICATES RECORD WAS SET OR TIED.
MM INDICATES DATA IS MISSING.
T  INDICATES TRACE AMOUNT.




$$
