000
CDUS44 KMRX 180829
CLITRI

CLIMATE REPORT
NATIONAL WEATHER SERVICE MORRISTOWN TN
429 AM EDT THU SEP 18 2014


...................................

...THE TRI-CITIES      ASOS CLIMATE SUMMARY FOR SEPTEMBER 17 2014...

CLIMATE NORMAL PERIOD 1981 TO 2010
CLIMATE RECORD PERIOD 1934 TO 2014


WEATHER ITEM   OBSERVED TIME   RECORD YEAR NORMAL DEPARTURE LAST
                VALUE   (LST)  VALUE       VALUE  FROM      YEAR
                                                  NORMAL
..................................................................
TEMPERATURE (F)
 YESTERDAY
  MAXIMUM         77    408 PM  92    1954  79     -2       77
  MINIMUM         54   1158 PM  37    2000  55     -1       55
  AVERAGE         66                        67     -1       66

PRECIPITATION (IN)
  YESTERDAY        0.00          2.37 2004   0.10  -0.10     0.00
  MONTH TO DATE    1.01                      1.79  -0.78     0.80
  SINCE SEP 1      1.01                      1.79  -0.78     0.80
  SINCE JAN 1     26.05                     31.24  -5.19    45.67

SNOWFALL (IN)
  YESTERDAY        0.0                       0.0    0.0      0.0
  MONTH TO DATE    0.0                       0.0    0.0      0.0
  SINCE SEP 1      0.0                       0.0    0.0      0.0
  SINCE JUL 1      0.0                       0.0    0.0      0.0
  SNOW DEPTH       0

DEGREE DAYS
 HEATING
  YESTERDAY        0                         2     -2        0
  MONTH TO DATE    0                         9     -9        4
  SINCE SEP 1      0                         9     -9        4
  SINCE JUL 1      0                        10    -10        4

 COOLING
  YESTERDAY        1                         3     -2        1
  MONTH TO DATE  149                        88     61      107
  SINCE SEP 1    149                        88     61      107
  SINCE JAN 1   1106                       940    166      965
..................................................................


WIND (MPH)
  HIGHEST WIND SPEED    13   HIGHEST WIND DIRECTION     W (280)
  HIGHEST GUST SPEED    16   HIGHEST GUST DIRECTION     W (280)
  AVERAGE WIND SPEED     2.3


SKY COVER
  POSSIBLE SUNSHINE  MM
  AVERAGE SKY COVER  MM


WEATHER CONDITIONS
 THE FOLLOWING WEATHER WAS RECORDED YESTERDAY.
  FOG


RELATIVE HUMIDITY (PERCENT)
 HIGHEST    93          1100 PM
 LOWEST     46           500 PM
 AVERAGE    70

..........................................................


THE TRI-CITIES      ASOS CLIMATE NORMALS FOR TODAY
                         NORMAL    RECORD    YEAR
 MAXIMUM TEMPERATURE (F)   79        93      1954
 MINIMUM TEMPERATURE (F)   54        39      1943


SUNRISE AND SUNSET
SEPTEMBER 18 2014.....SUNRISE   714 AM EDT   SUNSET   732 PM EDT
SEPTEMBER 19 2014.....SUNRISE   715 AM EDT   SUNSET   731 PM EDT


-  INDICATES NEGATIVE NUMBERS.
R  INDICATES RECORD WAS SET OR TIED.
MM INDICATES DATA IS MISSING.
T  INDICATES TRACE AMOUNT.




$$
