000
CDUS44 KMRX 250821
CLITRI


CLIMATE REPORT
NATIONAL WEATHER SERVICE MORRISTOWN TN
421 AM EDT WED MAY 25 2016


...................................

...THE TRI-CITIES      ASOS CLIMATE SUMMARY FOR MAY 24 2016...

CLIMATE NORMAL PERIOD 1981 TO 2010
CLIMATE RECORD PERIOD 1934 TO 2016


WEATHER ITEM   OBSERVED TIME   RECORD YEAR NORMAL DEPARTURE LAST
                VALUE   (LST)  VALUE       VALUE  FROM      YEAR
                                                  NORMAL
..................................................................
TEMPERATURE (F)
 YESTERDAY
  MAXIMUM         79    357 PM  88    1970  78      1       84
                                      1953
  MINIMUM         47    530 AM  40    2006  53     -6       49
                                      1961
  AVERAGE         63                        66     -3       67

PRECIPITATION (IN)
  YESTERDAY        0.00          1.28 1938   0.13  -0.13     0.00
  MONTH TO DATE    3.58                      2.92   0.66     0.67
  SINCE MAR 1      8.11                      9.69  -1.58     9.55
  SINCE JAN 1     15.51                     16.51  -1.00    14.88

SNOWFALL (IN)
  YESTERDAY        0.0                       0.0    0.0      0.0
  MONTH TO DATE    0.0                       0.0    0.0      0.0
  SINCE MAR 1      T                         2.5   -2.5       T
  SINCE JUL 1     18.4                      13.3    5.1     15.5
  SNOW DEPTH       0

DEGREE DAYS
 HEATING
  YESTERDAY        2                         2      0        0
  MONTH TO DATE   91                        97     -6       41
  SINCE MAR 1    725                       969   -244      749
  SINCE JUL 1   3545                      4351   -806     4376

 COOLING
  YESTERDAY        0                         3     -3        2
  MONTH TO DATE   28                        40    -12       91
  SINCE MAR 1     54                        51      3      101
  SINCE JAN 1     54                        51      3      101
..................................................................


WIND (MPH)
  HIGHEST WIND SPEED    14   HIGHEST WIND DIRECTION    SW (240)
  HIGHEST GUST SPEED    16   HIGHEST GUST DIRECTION    SW (240)
  AVERAGE WIND SPEED     2.1


SKY COVER
  POSSIBLE SUNSHINE  MM
  AVERAGE SKY COVER 0.2


WEATHER CONDITIONS
 THE FOLLOWING WEATHER WAS RECORDED YESTERDAY.
  FOG


RELATIVE HUMIDITY (PERCENT)
 HIGHEST   100           300 AM
 LOWEST     36           500 PM
 AVERAGE    68

..........................................................


THE TRI-CITIES      ASOS CLIMATE NORMALS FOR TODAY
                         NORMAL    RECORD    YEAR
 MAXIMUM TEMPERATURE (F)   78        90      1953
 MINIMUM TEMPERATURE (F)   54        40      2013


SUNRISE AND SUNSET
MAY 25 2016...........SUNRISE   616 AM EDT   SUNSET   838 PM EDT
MAY 26 2016...........SUNRISE   615 AM EDT   SUNSET   839 PM EDT


-  INDICATES NEGATIVE NUMBERS.
R  INDICATES RECORD WAS SET OR TIED.
MM INDICATES DATA IS MISSING.
T  INDICATES TRACE AMOUNT.




$$
