000
CDUS44 KMRX 240826
CLITRI


CLIMATE REPORT
NATIONAL WEATHER SERVICE MORRISTOWN TN
426 AM EDT MON APR 24 2017


...................................

...THE TRI-CITIES      ASOS CLIMATE SUMMARY FOR APRIL 23 2017...

CLIMATE NORMAL PERIOD 1981 TO 2010
CLIMATE RECORD PERIOD 1934 TO 2017


WEATHER ITEM   OBSERVED TIME   RECORD YEAR NORMAL DEPARTURE LAST
                VALUE   (LST)  VALUE       VALUE  FROM      YEAR
                                                  NORMAL
..................................................................
TEMPERATURE (F)
 YESTERDAY
  MAXIMUM         57   1202 AM  87    1980  70    -13       68
  MINIMUM         49   1159 PM  26    1986  45      4       45
  AVERAGE         53                        57     -4       57

PRECIPITATION (IN)
  YESTERDAY        1.87R         1.32 1968   0.12   1.75     0.00
  MONTH TO DATE    4.83                      2.53   2.30     2.03
  SINCE MAR 1      9.40                      5.97   3.43     2.97
  SINCE JAN 1     14.08                     12.79   1.29    10.37

SNOWFALL (IN)
  YESTERDAY       MM                         0.0   MM        0.0
  MONTH TO DATE    0.0                       1.0   -1.0      0.0
  SINCE MAR 1      0.3                       2.4   -2.1       T
  SINCE JUL 1      4.3                      13.2   -8.9     18.4
  SNOW DEPTH       0

DEGREE DAYS
 HEATING
  YESTERDAY       12                         8      4        8
  MONTH TO DATE  125                       254   -129      238
  SINCE MAR 1    652                       822   -170      627
  SINCE JUL 1   3219                      4204   -985     3447

 COOLING
  YESTERDAY        0                         1     -1        0
  MONTH TO DATE    9                         2      7        5
  SINCE MAR 1      9                         3      6       11
  SINCE JAN 1      9                         3      6       11
..................................................................


WIND (MPH)
  HIGHEST WIND SPEED    12   HIGHEST WIND DIRECTION     E (70)
  HIGHEST GUST SPEED    18   HIGHEST GUST DIRECTION     E (70)
  AVERAGE WIND SPEED     4.6


SKY COVER
  POSSIBLE SUNSHINE  MM
  AVERAGE SKY COVER 1.0


WEATHER CONDITIONS
 THE FOLLOWING WEATHER WAS RECORDED YESTERDAY.
  HEAVY RAIN
  RAIN
  LIGHT RAIN
  FOG


RELATIVE HUMIDITY (PERCENT)
 HIGHEST   100           800 AM
 LOWEST     89           200 PM
 AVERAGE    95

..........................................................


THE TRI-CITIES      ASOS CLIMATE NORMALS FOR TODAY
                         NORMAL    RECORD    YEAR
 MAXIMUM TEMPERATURE (F)   70        87      1960
 MINIMUM TEMPERATURE (F)   45        28      1986


SUNRISE AND SUNSET
APRIL 24 2017.........SUNRISE   644 AM EDT   SUNSET   812 PM EDT
APRIL 25 2017.........SUNRISE   643 AM EDT   SUNSET   813 PM EDT


-  INDICATES NEGATIVE NUMBERS.
R  INDICATES RECORD WAS SET OR TIED.
MM INDICATES DATA IS MISSING.
T  INDICATES TRACE AMOUNT.




$$
