000
CDUS46 KSGX 241435
CLITRM


CLIMATE REPORT
NATIONAL WEATHER SERVICE SAN DIEGO, CA
735 AM PDT SUN MAY 24 2015


...................................

...THE THERMAL AIRPORT CA CLIMATE SUMMARY FOR MAY 23 2015...

CLIMATE NORMAL PERIOD 1981 TO 2010
CLIMATE RECORD PERIOD 1950 TO 2015


WEATHER ITEM   OBSERVED TIME   RECORD YEAR NORMAL DEPARTURE LAST
                VALUE   (LST)  VALUE       VALUE  FROM      YEAR
                                                  NORMAL
..................................................................
TEMPERATURE (F)
 YESTERDAY
  MAXIMUM         87    326 PM 107    1983  97    -10       94
  MINIMUM         64    517 AM  56    2010  63      1       66
                                      1960
  AVERAGE         76                        80     -4       80

PRECIPITATION (IN)
  YESTERDAY        0.00          0.04 2008   0.00   0.00     0.00
  MONTH TO DATE    0.07                      0.02   0.05      T
  SINCE OCT 1      0.84                      2.60  -1.76     0.16
  SINCE JAN 1      0.69                      1.79  -1.10     0.08

SNOWFALL (IN)
  YESTERDAY        0.0
  MONTH TO DATE    0.0
  SINCE MAR 1      0.0
  SINCE JUL 1      0.0
  SNOW DEPTH       0

DEGREE DAYS
 HEATING
  YESTERDAY        0                         0      0        0
  MONTH TO DATE   15                         0     15        0
  SINCE MAR 1     59                       115    -56       32
  SINCE JUL 1    764                      1180   -416      821

 COOLING
  YESTERDAY       11                        15     -4       15
  MONTH TO DATE  217                       289    -72      293
  SINCE MAR 1    612                       533     79      645
  SINCE JAN 1    634                       545     89      655
..................................................................


WIND (MPH)
  RESULTANT WIND SPEED  11   RESULTANT WIND DIRECTION  NW (330)
  HIGHEST WIND SPEED    23   HIGHEST WIND DIRECTION    NW (330)
  HIGHEST GUST SPEED    30   HIGHEST GUST DIRECTION    NW (330)
  AVERAGE WIND SPEED    13.2


SKY COVER
  POSSIBLE SUNSHINE  MM
  AVERAGE SKY COVER 0.0


WEATHER CONDITIONS
 THE FOLLOWING WEATHER WAS RECORDED YESTERDAY.
  NO SIGNIFICANT WEATHER WAS OBSERVED.


RELATIVE HUMIDITY (PERCENT)
 HIGHEST    56           200 AM
 LOWEST     23           100 PM
 AVERAGE    40

..........................................................


THE THERMAL AIRPORT CA CLIMATE NORMALS FOR TODAY
                         NORMAL    RECORD    YEAR
 MAXIMUM TEMPERATURE (F)   97       109      1983
 MINIMUM TEMPERATURE (F)   63        46      2010


SUNRISE AND SUNSET
MAY 24 2015...........SUNRISE   539 AM PDT   SUNSET   745 PM PDT
MAY 25 2015...........SUNRISE   538 AM PDT   SUNSET   745 PM PDT


-  INDICATES NEGATIVE NUMBERS.
R  INDICATES RECORD WAS SET OR TIED.
MM INDICATES DATA IS MISSING.
T  INDICATES TRACE AMOUNT.




$$
