000
CDUS46 KSGX 231150
CLITRM


CLIMATE REPORT
NATIONAL WEATHER SERVICE SAN DIEGO, CA
450 AM PDT FRI JUN 23 2017


...................................

...THE THERMAL AIRPORT CA CLIMATE SUMMARY FOR JUNE 22 2017...

CLIMATE NORMAL PERIOD 1981 TO 2010
CLIMATE RECORD PERIOD 1950 TO 2017


WEATHER ITEM   OBSERVED TIME   RECORD YEAR NORMAL DEPARTURE LAST
                VALUE   (LST)  VALUE       VALUE  FROM      YEAR
                                                  NORMAL
..................................................................
TEMPERATURE (F)
 YESTERDAY
  MAXIMUM        109    414 PM 117    1959 105      4      113
  MINIMUM         70    459 AM  55    1998  69      1       72
  AVERAGE         90                        87      3       93

PRECIPITATION (IN)
  YESTERDAY        0.00          0.00 2002   0.01  -0.01     0.00
                                      2000
  MONTH TO DATE    0.00                      0.02  -0.02     0.00
  SINCE OCT 1      3.69                      2.63   1.06     1.98
  SINCE JAN 1      2.01                      1.82   0.19     1.55

DEGREE DAYS
 HEATING
  YESTERDAY        0                         0      0        0
  MONTH TO DATE    0                         0      0        0
  SINCE JUN 1      0                         0      0        0
  SINCE JUL 1    904                      1181   -277     1047

 COOLING
  YESTERDAY       25                        22      3       28
  MONTH TO DATE  499                       425     74      536
  SINCE JUN 1    499                       425     74      536
  SINCE JAN 1   1473                      1098    375     1413
..................................................................


WIND (MPH)
  RESULTANT WIND SPEED   4   RESULTANT WIND DIRECTION  SE (150)
  HIGHEST WIND SPEED    13   HIGHEST WIND DIRECTION    SE (140)
  HIGHEST GUST SPEED    18   HIGHEST GUST DIRECTION    SE (140)
  AVERAGE WIND SPEED     4.2


SKY COVER
  POSSIBLE SUNSHINE  MM
  AVERAGE SKY COVER 0.0


WEATHER CONDITIONS
 THE FOLLOWING WEATHER WAS RECORDED YESTERDAY.
  NO SIGNIFICANT WEATHER WAS OBSERVED.


RELATIVE HUMIDITY (PERCENT)
 HIGHEST    73           500 AM
 LOWEST      9           500 PM
 AVERAGE    41

..........................................................


THE THERMAL AIRPORT CA CLIMATE NORMALS FOR TODAY
                         NORMAL    RECORD    YEAR
 MAXIMUM TEMPERATURE (F)  105       114      2008
                                             1974
 MINIMUM TEMPERATURE (F)   69        60      1999


SUNRISE AND SUNSET
JUNE 23 2017..........SUNRISE   535 AM PDT   SUNSET   759 PM PDT
JUNE 24 2017..........SUNRISE   536 AM PDT   SUNSET   759 PM PDT


-  INDICATES NEGATIVE NUMBERS.
R  INDICATES RECORD WAS SET OR TIED.
MM INDICATES DATA IS MISSING.
T  INDICATES TRACE AMOUNT.




$$
