000
CDUS46 KSGX 250020
CLITRM


CLIMATE REPORT
NATIONAL WEATHER SERVICE SAN DIEGO, CA
520 PM PDT TUE MAY 24 2016


...................................

...THE THERMAL AIRPORT CA CLIMATE SUMMARY FOR MAY 24 2016...
VALID TODAY AS OF 0500 PM LOCAL TIME.

CLIMATE NORMAL PERIOD 1981 TO 2010
CLIMATE RECORD PERIOD 1950 TO 2016


WEATHER ITEM   OBSERVED TIME   RECORD YEAR NORMAL DEPARTURE LAST
                VALUE   (LST)  VALUE       VALUE  FROM      YEAR
                                                  NORMAL
..................................................................
TEMPERATURE (F)
 TODAY
  MAXIMUM         87    337 PM 109    1983  97    -10       92
  MINIMUM         64    454 AM  46    2010  63      1       66
  AVERAGE         76                        80     -4       79

PRECIPITATION (IN)
  TODAY            0.00          0.00 2002   0.00   0.00     0.00
                                      2000
  MONTH TO DATE    T                         0.02  -0.02     0.07
  SINCE OCT 1      1.98                      2.60  -0.62     0.84
  SINCE JAN 1      1.55                      1.79  -0.24     0.69

DEGREE DAYS
 HEATING
  TODAY            0                         0      0        0
  MONTH TO DATE    0                         0      0       15
  SINCE MAR 1     22                       115    -93       59
  SINCE JUL 1   1047                      1180   -133      764

 COOLING
  TODAY           11                        15     -4       14
  MONTH TO DATE  317                       304     13      231
  SINCE MAR 1    697                       548    149      626
  SINCE JAN 1    762                       560    202      648
..................................................................


WIND (MPH)
  RESULTANT WIND SPEED  13   RESULTANT WIND DIRECTION   N (340)
  HIGHEST WIND SPEED    26   HIGHEST WIND DIRECTION     N (340)
  HIGHEST GUST SPEED    33   HIGHEST GUST DIRECTION     N (340)
  AVERAGE WIND SPEED    13.6


SKY COVER
  POSSIBLE SUNSHINE  MM
  AVERAGE SKY COVER 0.0


WEATHER CONDITIONS
 THE FOLLOWING WEATHER WAS RECORDED TODAY.
  NO SIGNIFICANT WEATHER WAS OBSERVED.


RELATIVE HUMIDITY (PERCENT)
 HIGHEST    48           300 AM
 LOWEST     15           300 PM
 AVERAGE    32

..........................................................


THE THERMAL AIRPORT CA CLIMATE NORMALS FOR TOMORROW
                         NORMAL    RECORD    YEAR
 MAXIMUM TEMPERATURE (F)   98       114      1951
 MINIMUM TEMPERATURE (F)   63        54      2011
                                             1980


SUNRISE AND SUNSET
MAY 24 2016...........SUNRISE   538 AM PDT   SUNSET   745 PM PDT
MAY 25 2016...........SUNRISE   538 AM PDT   SUNSET   746 PM PDT


-  INDICATES NEGATIVE NUMBERS.
R  INDICATES RECORD WAS SET OR TIED.
MM INDICATES DATA IS MISSING.
T  INDICATES TRACE AMOUNT.




$$
