361
CDUS46 KSGX 180117
CLITRM


CLIMATE REPORT
NATIONAL WEATHER SERVICE SAN DIEGO, CA
517 PM PST TUE JAN 17 2017


...................................

...THE THERMAL AIRPORT CA CLIMATE SUMMARY FOR JANUARY 17 2017...
VALID TODAY AS OF 0500 PM LOCAL TIME.

CLIMATE NORMAL PERIOD 1981 TO 2010
CLIMATE RECORD PERIOD 1950 TO 2017


WEATHER ITEM   OBSERVED TIME   RECORD YEAR NORMAL DEPARTURE LAST
                VALUE   (LST)  VALUE       VALUE  FROM      YEAR
                                                  NORMAL
..................................................................
TEMPERATURE (F)
 TODAY
  MAXIMUM         69    328 PM  87    1976  72     -3       73
  MINIMUM         38    710 AM  17    2007  38      0       42
  AVERAGE         54                        55     -1       58

PRECIPITATION (IN)
  TODAY            0.00          0.44 1988   0.03  -0.03     0.00
  MONTH TO DATE    0.63                      0.39   0.24     1.15
  SINCE OCT 1      2.31                      1.20   1.11     1.58
  SINCE JAN 1      0.63                      0.39   0.24     1.15

DEGREE DAYS
 HEATING
  TODAY           11                        10      1        7
  MONTH TO DATE  168                       185    -17      223
  SINCE DEC 1    474                       556    -82      619
  SINCE JUL 1    592                       723   -131      818

 COOLING
  TODAY            0                         0      0        0
  MONTH TO DATE    0                         0      0        0
  SINCE DEC 1      2                         1      1        0
  SINCE JAN 1      0                         0      0        0
..................................................................


WIND (MPH)
  RESULTANT WIND SPEED   2   RESULTANT WIND DIRECTION   N (10)
  HIGHEST WIND SPEED    10   HIGHEST WIND DIRECTION     N (350)
  HIGHEST GUST SPEED    11   HIGHEST GUST DIRECTION    SE (140)
  AVERAGE WIND SPEED     4.2


SKY COVER
  POSSIBLE SUNSHINE  MM
  AVERAGE SKY COVER 0.0


WEATHER CONDITIONS
 THE FOLLOWING WEATHER WAS RECORDED TODAY.
  NO SIGNIFICANT WEATHER WAS OBSERVED.


RELATIVE HUMIDITY (PERCENT)
 HIGHEST    79           600 AM
 LOWEST     26          1200 PM
 AVERAGE    53

..........................................................


THE THERMAL AIRPORT CA CLIMATE NORMALS FOR TOMORROW
                         NORMAL    RECORD    YEAR
 MAXIMUM TEMPERATURE (F)   72        91      1971
 MINIMUM TEMPERATURE (F)   38        28      1987


SUNRISE AND SUNSET
JANUARY 17 2017.......SUNRISE   648 AM PST   SUNSET   502 PM PST
JANUARY 18 2017.......SUNRISE   648 AM PST   SUNSET   503 PM PST


-  INDICATES NEGATIVE NUMBERS.
R  INDICATES RECORD WAS SET OR TIED.
MM INDICATES DATA IS MISSING.
T  INDICATES TRACE AMOUNT.




$$
