000
CDUS46 KSGX 241507
CLITRM


CLIMATE REPORT
NATIONAL WEATHER SERVICE SAN DIEGO, CA
756 AM PDT SAT SEP 24 2016


...................................

...THE THERMAL AIRPORT CA CLIMATE SUMMARY FOR SEPTEMBER 23 2016...

CLIMATE NORMAL PERIOD 1981 TO 2010
CLIMATE RECORD PERIOD 1950 TO 2016


WEATHER ITEM   OBSERVED TIME   RECORD YEAR NORMAL DEPARTURE LAST
                VALUE   (LST)  VALUE       VALUE  FROM      YEAR
                                                  NORMAL
..................................................................
TEMPERATURE (F)
 YESTERDAY
  MAXIMUM         90    419 PM 111    1966  99     -9       99
  MINIMUM         58   1134 PM  53    2006  64     -6       71
                                      2004
  AVERAGE         74                        82     -8       85

PRECIPITATION (IN)
  YESTERDAY        0.00          1.78 1976   0.01  -0.01     0.00
  MONTH TO DATE    0.29                      0.19   0.10     0.03
  SINCE OCT 1      2.27                      3.15  -0.88     1.75
  SINCE JAN 1      1.84                      2.34  -0.50     1.60

DEGREE DAYS
 HEATING
  YESTERDAY        0                         0      0        0
  MONTH TO DATE    0                         0      0        0
  SINCE SEP 1      0                         0      0        0
  SINCE JUL 1      0                         0      0        0

 COOLING
  YESTERDAY        9                        16     -7       20
  MONTH TO DATE  412                       462    -50      501
  SINCE SEP 1    412                       462    -50      501
  SINCE JAN 1   3749                      3295    454     3623
..................................................................


WIND (MPH)
  RESULTANT WIND SPEED   3   RESULTANT WIND DIRECTION  NW (330)
  HIGHEST WIND SPEED    20   HIGHEST WIND DIRECTION     N (340)
  HIGHEST GUST SPEED    25   HIGHEST GUST DIRECTION    NW (330)
  AVERAGE WIND SPEED     5.3


SKY COVER
  POSSIBLE SUNSHINE  MM
  AVERAGE SKY COVER 0.0


WEATHER CONDITIONS
 THE FOLLOWING WEATHER WAS RECORDED YESTERDAY.
  NO SIGNIFICANT WEATHER WAS OBSERVED.


RELATIVE HUMIDITY (PERCENT)
 HIGHEST    60           500 AM
 LOWEST      8           200 PM
 AVERAGE    34

..........................................................


THE THERMAL AIRPORT CA CLIMATE NORMALS FOR TODAY
                         NORMAL    RECORD    YEAR
 MAXIMUM TEMPERATURE (F)   99       108      2015
                                             1982
 MINIMUM TEMPERATURE (F)   63        50      2006


SUNRISE AND SUNSET
SEPTEMBER 24 2016.....SUNRISE   634 AM PDT   SUNSET   638 PM PDT
SEPTEMBER 25 2016.....SUNRISE   635 AM PDT   SUNSET   636 PM PDT


-  INDICATES NEGATIVE NUMBERS.
R  INDICATES RECORD WAS SET OR TIED.
MM INDICATES DATA IS MISSING.
T  INDICATES TRACE AMOUNT.




$$
