000
CDUS46 KSGX 191418
CLITRM


CLIMATE REPORT
NATIONAL WEATHER SERVICE SAN DIEGO, CA
718 AM PDT SAT APR 19 2014


...................................

...THE THERMAL AIRPORT CA CLIMATE SUMMARY FOR APRIL 18 2014...

CLIMATE NORMAL PERIOD 1981 TO 2010
CLIMATE RECORD PERIOD 1950 TO 2014


WEATHER ITEM   OBSERVED TIME   RECORD YEAR NORMAL DEPARTURE LAST
                VALUE   (LST)  VALUE       VALUE  FROM      YEAR
                                                  NORMAL
..................................................................
TEMPERATURE (F)
 YESTERDAY
  MAXIMUM         87    313 PM 105    1994  88     -1       82
  MINIMUM         61    433 AM  40    2004  54      7       44
  AVERAGE         74                        71      3       63

PRECIPITATION (IN)
  YESTERDAY        0.00          0.03 1971   0.00   0.00     0.00
  MONTH TO DATE    0.00                      0.05  -0.05     0.00
  SINCE JUL 1      1.55                      3.14  -1.59     2.62
  SINCE JAN 1      0.08                      1.76  -1.68     0.44

SNOWFALL (IN)
  YESTERDAY        0.0
  MONTH TO DATE    0.0
  SINCE JAN 1      0.0
  SINCE JUL 1      0.0
  SNOW DEPTH       0

DEGREE DAYS
 HEATING
  YESTERDAY        0                         1     -1        2
  MONTH TO DATE    9                        19    -10        2
  SINCE MAR 1     32                       111    -79       36
  SINCE JUL 1    821                      1176   -355     1124

 COOLING
  YESTERDAY        9                         6      3        0
  MONTH TO DATE  133                        87     46      125
  SINCE MAR 1    237                       149     88      287
  SINCE JAN 1    247                       161     86      287
..................................................................


WIND (MPH)
  RESULTANT WIND SPEED   0   RESULTANT WIND DIRECTION   E (80)
  HIGHEST WIND SPEED    15   HIGHEST WIND DIRECTION     W (280)
  HIGHEST GUST SPEED    20   HIGHEST GUST DIRECTION     W (280)
  AVERAGE WIND SPEED     4.0


SKY COVER
  POSSIBLE SUNSHINE  MM
  AVERAGE SKY COVER 0.0


WEATHER CONDITIONS
 THE FOLLOWING WEATHER WAS RECORDED YESTERDAY.
  NO SIGNIFICANT WEATHER WAS OBSERVED.


RELATIVE HUMIDITY (PERCENT)
 HIGHEST    67           400 AM
 LOWEST     14           400 PM
 AVERAGE    41

..........................................................


THE THERMAL AIRPORT CA CLIMATE NORMALS FOR TODAY
                         NORMAL    RECORD    YEAR
 MAXIMUM TEMPERATURE (F)   88       104      1999
 MINIMUM TEMPERATURE (F)   54        41      2013
                                             1995


SUNRISE AND SUNSET
APRIL 19 2014.........SUNRISE   609 AM PDT   SUNSET   719 PM PDT
APRIL 20 2014.........SUNRISE   608 AM PDT   SUNSET   719 PM PDT


-  INDICATES NEGATIVE NUMBERS.
R  INDICATES RECORD WAS SET OR TIED.
MM INDICATES DATA IS MISSING.
T  INDICATES TRACE AMOUNT.




$$
