301
CDUS46 KSGX 131521
CLITRM


CLIMATE REPORT
NATIONAL WEATHER SERVICE SAN DIEGO, CA
721 AM PST SAT FEB 13 2016


...................................

...THE THERMAL AIRPORT CA CLIMATE SUMMARY FOR FEBRUARY 12 2016...

CLIMATE NORMAL PERIOD 1981 TO 2010
CLIMATE RECORD PERIOD 1950 TO 2016


WEATHER ITEM   OBSERVED TIME   RECORD YEAR NORMAL DEPARTURE LAST
                VALUE   (LST)  VALUE       VALUE  FROM      YEAR
                                                  NORMAL
..................................................................
TEMPERATURE (F)
 YESTERDAY
  MAXIMUM         88    226 PM  91    1971  74     14       86
  MINIMUM         40    645 AM  26    1965  41     -1       45
  AVERAGE         64                        57      7       66

PRECIPITATION (IN)
  YESTERDAY        0.00          0.82 1992   0.03  -0.03     0.00
  MONTH TO DATE    0.00                      0.25  -0.25     0.00
  SINCE OCT 1      1.63                      1.73  -0.10     0.42
  SINCE JAN 1      1.20                      0.92   0.28     0.27

DEGREE DAYS
 HEATING
  YESTERDAY        1                         8     -7        0
  MONTH TO DATE   86                       103    -17       23
  SINCE DEC 1    810                       796     14      573
  SINCE JUL 1   1009                       963     46      682

 COOLING
  YESTERDAY        0                         0      0        1
  MONTH TO DATE   10                         0     10       17
  SINCE DEC 1     10                         3      7       20
  SINCE JAN 1     10                         2      8       17
..................................................................


WIND (MPH)
  RESULTANT WIND SPEED   1   RESULTANT WIND DIRECTION   N (10)
  HIGHEST WIND SPEED     9   HIGHEST WIND DIRECTION    SE (150)
  HIGHEST GUST SPEED    13   HIGHEST GUST DIRECTION    SE (140)
  AVERAGE WIND SPEED     3.2


SKY COVER
  POSSIBLE SUNSHINE  MM
  AVERAGE SKY COVER 0.0


WEATHER CONDITIONS
 THE FOLLOWING WEATHER WAS RECORDED YESTERDAY.
  NO SIGNIFICANT WEATHER WAS OBSERVED.


RELATIVE HUMIDITY (PERCENT)
 HIGHEST    67           300 AM
 LOWEST      7          1000 AM
 AVERAGE    37

..........................................................


THE THERMAL AIRPORT CA CLIMATE NORMALS FOR TODAY
                         NORMAL    RECORD    YEAR
 MAXIMUM TEMPERATURE (F)   74        94      1957
 MINIMUM TEMPERATURE (F)   41        25      2004


SUNRISE AND SUNSET
FEBRUARY 13 2016......SUNRISE   631 AM PST   SUNSET   527 PM PST
FEBRUARY 14 2016......SUNRISE   630 AM PST   SUNSET   528 PM PST


-  INDICATES NEGATIVE NUMBERS.
R  INDICATES RECORD WAS SET OR TIED.
MM INDICATES DATA IS MISSING.
T  INDICATES TRACE AMOUNT.




$$
