000
CDUS46 KSGX 041417
CLITRM


CLIMATE REPORT
NATIONAL WEATHER SERVICE SAN DIEGO, CA
617 AM PST WED MAR 4 2015


...................................

...THE THERMAL AIRPORT CA CLIMATE SUMMARY FOR MARCH 3 2015...

CLIMATE NORMAL PERIOD 1981 TO 2010
CLIMATE RECORD PERIOD 1950 TO 2015


WEATHER ITEM   OBSERVED TIME   RECORD YEAR NORMAL DEPARTURE LAST
                VALUE   (LST)  VALUE       VALUE  FROM      YEAR
                                                  NORMAL
..................................................................
TEMPERATURE (F)
 YESTERDAY
  MAXIMUM         70    328 PM  93    1959  78     -8       79
  MINIMUM         37    559 AM  26    2002  45     -8       47
                                      1971
  AVERAGE         54                        62     -8       63

PRECIPITATION (IN)
  YESTERDAY        0.00          0.24 1983   0.02  -0.02     0.00
  MONTH TO DATE    0.31                      0.06   0.25      T
  SINCE OCT 1      0.77                      2.20  -1.43     0.16
  SINCE JAN 1      0.62                      1.39  -0.77     0.08

SNOWFALL (IN)
  YESTERDAY        0.0
  MONTH TO DATE    0.0
  SINCE JAN 1      0.0
  SINCE JUL 1      0.0
  SNOW DEPTH       0

DEGREE DAYS
 HEATING
  YESTERDAY       11                         5      6        2
  MONTH TO DATE   31                        15     16       15
  SINCE MAR 1     31                        15     16       15
  SINCE JUL 1    736                      1080   -344      804

 COOLING
  YESTERDAY        0                         1     -1        0
  MONTH TO DATE    0                         3     -3        0
  SINCE MAR 1      0                         3     -3        0
  SINCE JAN 1     22                        15      7       10
..................................................................


WIND (MPH)
  RESULTANT WIND SPEED   0   RESULTANT WIND DIRECTION  NE (30)
  HIGHEST WIND SPEED    12   HIGHEST WIND DIRECTION    SE (140)
  HIGHEST GUST SPEED    15   HIGHEST GUST DIRECTION    SE (140)
  AVERAGE WIND SPEED     3.2


SKY COVER
  POSSIBLE SUNSHINE  MM
  AVERAGE SKY COVER 0.0


WEATHER CONDITIONS
 THE FOLLOWING WEATHER WAS RECORDED YESTERDAY.
  NO SIGNIFICANT WEATHER WAS OBSERVED.


RELATIVE HUMIDITY (PERCENT)
 HIGHEST    92           600 AM
 LOWEST     31           200 PM
 AVERAGE    62

..........................................................


THE THERMAL AIRPORT CA CLIMATE NORMALS FOR TODAY
                         NORMAL    RECORD    YEAR
 MAXIMUM TEMPERATURE (F)   78        92      1986
 MINIMUM TEMPERATURE (F)   45        24      2002


SUNRISE AND SUNSET
MARCH  4 2015.........SUNRISE   610 AM PST   SUNSET   544 PM PST
MARCH  5 2015.........SUNRISE   608 AM PST   SUNSET   544 PM PST


-  INDICATES NEGATIVE NUMBERS.
R  INDICATES RECORD WAS SET OR TIED.
MM INDICATES DATA IS MISSING.
T  INDICATES TRACE AMOUNT.




$$
