000
CDUS46 KSGX 301421
CLITRM


CLIMATE REPORT
NATIONAL WEATHER SERVICE SAN DIEGO, CA
721 AM PDT THU JUL 30 2015


...................................

...THE THERMAL AIRPORT CA CLIMATE SUMMARY FOR JULY 29 2015...

CLIMATE NORMAL PERIOD 1981 TO 2010
CLIMATE RECORD PERIOD 1950 TO 2015


WEATHER ITEM   OBSERVED TIME   RECORD YEAR NORMAL DEPARTURE LAST
                VALUE   (LST)  VALUE       VALUE  FROM      YEAR
                                                  NORMAL
..................................................................
TEMPERATURE (F)
 YESTERDAY
  MAXIMUM        105    430 PM 114    1996 107     -2      112
  MINIMUM         79    516 AM  66    2004  75      4       90
                                      1983
  AVERAGE         92                        91      1      101

PRECIPITATION (IN)
  YESTERDAY        T   R         T    2003   0.01  -0.01     0.00
  MONTH TO DATE    0.84                      0.13   0.71      T
  SINCE OCT 1      1.68                      2.76  -1.08     0.16
  SINCE JAN 1      1.53                      1.95  -0.42     0.08

DEGREE DAYS
 HEATING
  YESTERDAY        0                         0      0        0
  MONTH TO DATE    0                         0      0        0
  SINCE JUN 1      0                         0      0        0
  SINCE JUL 1      0                         0      0        0

 COOLING
  YESTERDAY       27                        26      1       36
  MONTH TO DATE  741                       737      4      843
  SINCE JUN 1   1414                      1345     69     1527
  SINCE JAN 1   2168                      2018    150     2349
..................................................................


WIND (MPH)
  RESULTANT WIND SPEED   5   RESULTANT WIND DIRECTION  SE (140)
  HIGHEST WIND SPEED    16   HIGHEST WIND DIRECTION    SE (130)
  HIGHEST GUST SPEED    22   HIGHEST GUST DIRECTION    SE (150)
  AVERAGE WIND SPEED     5.8


SKY COVER
  POSSIBLE SUNSHINE  MM
  AVERAGE SKY COVER 0.0


WEATHER CONDITIONS
 THE FOLLOWING WEATHER WAS RECORDED YESTERDAY.
  LIGHT RAIN


RELATIVE HUMIDITY (PERCENT)
 HIGHEST    62           500 AM
 LOWEST     25           200 PM
 AVERAGE    44

..........................................................


THE THERMAL AIRPORT CA CLIMATE NORMALS FOR TODAY
                         NORMAL    RECORD    YEAR
 MAXIMUM TEMPERATURE (F)  107       118      1996
 MINIMUM TEMPERATURE (F)   75        63      1998


SUNRISE AND SUNSET
JULY 30 2015..........SUNRISE   555 AM PDT   SUNSET   746 PM PDT
JULY 31 2015..........SUNRISE   556 AM PDT   SUNSET   746 PM PDT


-  INDICATES NEGATIVE NUMBERS.
R  INDICATES RECORD WAS SET OR TIED.
MM INDICATES DATA IS MISSING.
T  INDICATES TRACE AMOUNT.




$$
