000
CDUS46 KPQR 221144
CLITTD


CLIMATE REPORT
NATIONAL WEATHER SERVICE PORTLAND OREGON
444 AM PDT WED OCT 22 2014


...................................

...THE TROUTDALE OR CLIMATE SUMMARY FOR OCTOBER 21 2014...

CLIMATE NORMAL PERIOD 1981 TO 2010
CLIMATE RECORD PERIOD 9999 TO 9999


WEATHER ITEM   OBSERVED TIME   NORMAL DEPARTURE LAST
                VALUE   (LST)  VALUE  FROM      YEAR
                                      NORMAL
......................................................
TEMPERATURE (F)
 YESTERDAY
  MAXIMUM         63   1235 PM  62      1       74
  MINIMUM         55   1159 PM  43     12       45
  AVERAGE         59            52      7       60

PRECIPITATION (IN)
  YESTERDAY        0.12          0.14  -0.02     0.00
  MONTH TO DATE    1.68          2.21  -0.53     1.32
  SINCE OCT 1      1.68          2.21  -0.53     1.32
  SINCE JAN 1     24.38         30.78  -6.40    22.24

DEGREE DAYS
 HEATING
  YESTERDAY        6            13     -7        5
  MONTH TO DATE   79           206   -127      236

 COOLING
  YESTERDAY        0             0      0        0
  MONTH TO DATE   12             0     12        0
......................................................


WIND (MPH)
  HIGHEST WIND SPEED    17   HIGHEST WIND DIRECTION    SW (220)
  HIGHEST GUST SPEED    24   HIGHEST GUST DIRECTION    SW (220)
  AVERAGE WIND SPEED     6.0


SKY COVER
  POSSIBLE SUNSHINE  MM
  AVERAGE SKY COVER 1.0


WEATHER CONDITIONS
 THE FOLLOWING WEATHER WAS RECORDED YESTERDAY.
  LIGHT RAIN
  FOG


RELATIVE HUMIDITY (PERCENT)
 HIGHEST    86          1100 PM
 LOWEST     72           200 AM
 AVERAGE    79

..........................................................


THE TROUTDALE OR CLIMATE NORMALS FOR TODAY
                         NORMAL    RECORD    YEAR
 MAXIMUM TEMPERATURE (F)   61        78      2003
 MINIMUM TEMPERATURE (F)   43        31      1980


SUNRISE AND SUNSET
OCTOBER 22 2014.......SUNRISE   736 AM PDT   SUNSET   612 PM PDT
OCTOBER 23 2014.......SUNRISE   737 AM PDT   SUNSET   610 PM PDT


-  INDICATES NEGATIVE NUMBERS.
R  INDICATES RECORD WAS SET OR TIED.
MM INDICATES DATA IS MISSING.
T  INDICATES TRACE AMOUNT.




$$
