000
CDUS46 KPQR 031141
CLITTD


CLIMATE REPORT
NATIONAL WEATHER SERVICE PORTLAND OREGON
441 AM PDT THU SEP 3 2015


...................................

...THE TROUTDALE OR CLIMATE SUMMARY FOR SEPTEMBER 2 2015...

CLIMATE NORMAL PERIOD 1981 TO 2010
CLIMATE RECORD PERIOD 1948 TO 2015


WEATHER ITEM   OBSERVED TIME   RECORD YEAR NORMAL DEPARTURE LAST
                VALUE   (LST)  VALUE       VALUE  FROM      YEAR
                                                  NORMAL
..................................................................
TEMPERATURE (F)
 YESTERDAY
  MAXIMUM         70    314 PM 100    1988  80    -10       77
  MINIMUM         56    923 PM  38    1989  52      4       61
  AVERAGE         63                        66     -3       69

PRECIPITATION (IN)
  YESTERDAY        0.12                      0.04   0.08     0.00
  MONTH TO DATE    0.29                      0.08   0.21     0.00
  SINCE OCT 1     31.18                     45.20 -14.02    29.27
  SINCE JAN 1     16.22                     26.80 -10.58    21.68

DEGREE DAYS
 HEATING
  YESTERDAY        2                         2      0        0
  MONTH TO DATE    2                         4     -2        0

 COOLING
  YESTERDAY        0                         2     -2        4
  MONTH TO DATE    3                         5     -2        6
..................................................................


WIND (MPH)
  HIGHEST WIND SPEED    13   HIGHEST WIND DIRECTION    SW (210)
  HIGHEST GUST SPEED    20   HIGHEST GUST DIRECTION    NW (330)
  AVERAGE WIND SPEED     3.0


SKY COVER
  POSSIBLE SUNSHINE  MM
  AVERAGE SKY COVER 0.8


WEATHER CONDITIONS
 THE FOLLOWING WEATHER WAS RECORDED YESTERDAY.
  THUNDERSTORM
  LIGHT RAIN
  FOG


RELATIVE HUMIDITY (PERCENT)
 HIGHEST    93           100 AM
 LOWEST     52           600 PM
 AVERAGE    73

..........................................................


THE TROUTDALE OR CLIMATE NORMALS FOR TODAY
                         NORMAL    RECORD    YEAR
 MAXIMUM TEMPERATURE (F)   79        95      2003
 MINIMUM TEMPERATURE (F)   52        41      1958


SUNRISE AND SUNSET
SEPTEMBER  3 2015.....SUNRISE   633 AM PDT   SUNSET   744 PM PDT
SEPTEMBER  4 2015.....SUNRISE   634 AM PDT   SUNSET   742 PM PDT


-  INDICATES NEGATIVE NUMBERS.
R  INDICATES RECORD WAS SET OR TIED.
MM INDICATES DATA IS MISSING.
T  INDICATES TRACE AMOUNT.




$$
