000
CDUS46 KPQR 201144
CLITTD


CLIMATE REPORT
NATIONAL WEATHER SERVICE PORTLAND OREGON
343 AM PST FRI JAN 20 2017


...................................

...THE TROUTDALE OR CLIMATE SUMMARY FOR JANUARY 19 2017...

CLIMATE NORMAL PERIOD 1981 TO 2010
CLIMATE RECORD PERIOD 1948 TO 2017


WEATHER ITEM   OBSERVED TIME   RECORD YEAR NORMAL DEPARTURE LAST
                VALUE   (LST)  VALUE       VALUE  FROM      YEAR
                                                  NORMAL
..................................................................
TEMPERATURE (F)
 YESTERDAY
  MAXIMUM         53    150 PM  58    1967  46      7       49
  MINIMUM         35    409 AM  14    1950  34      1       42
  AVERAGE         44                        40      4       46

PRECIPITATION (IN)
  YESTERDAY        T                         0.19  -0.19     0.64
  MONTH TO DATE    1.88                      4.05  -2.17     3.10
  SINCE OCT 1     22.97                     22.45   0.52    22.92
  SINCE JAN 1      1.88                      4.05  -2.17     3.10

DEGREE DAYS
 HEATING
  YESTERDAY       21                        25     -4       19
  MONTH TO DATE  660                       492    168      473

 COOLING
  YESTERDAY        0                         0      0        0
  MONTH TO DATE    0                         0      0        0
..................................................................


WIND (MPH)
  HIGHEST WIND SPEED    24   HIGHEST WIND DIRECTION     E (90)
  HIGHEST GUST SPEED    28   HIGHEST GUST DIRECTION     E (90)
  AVERAGE WIND SPEED     8.1


SKY COVER
  POSSIBLE SUNSHINE  MM
  AVERAGE SKY COVER 0.9


WEATHER CONDITIONS
 THE FOLLOWING WEATHER WAS RECORDED YESTERDAY.
  LIGHT RAIN
  FOG


RELATIVE HUMIDITY (PERCENT)
 HIGHEST    92          1200 AM
 LOWEST     63           200 PM
 AVERAGE    78

..........................................................


THE TROUTDALE OR CLIMATE NORMALS FOR TODAY
                         NORMAL    RECORD    YEAR
 MAXIMUM TEMPERATURE (F)   46        55      1991
 MINIMUM TEMPERATURE (F)   34        13      1957


SUNRISE AND SUNSET
JANUARY 20 2017.......SUNRISE   742 AM PST   SUNSET   500 PM PST
JANUARY 21 2017.......SUNRISE   742 AM PST   SUNSET   501 PM PST


-  INDICATES NEGATIVE NUMBERS.
R  INDICATES RECORD WAS SET OR TIED.
MM INDICATES DATA IS MISSING.
T  INDICATES TRACE AMOUNT.




$$
