000
CDUS46 KPQR 231147
CLITTD


CLIMATE REPORT
NATIONAL WEATHER SERVICE PORTLAND OREGON
447 AM PDT THU OCT 23 2014


...................................

...THE TROUTDALE OR CLIMATE SUMMARY FOR OCTOBER 22 2014...

CLIMATE NORMAL PERIOD 1981 TO 2010
CLIMATE RECORD PERIOD 9999 TO 9999


WEATHER ITEM   OBSERVED TIME   NORMAL DEPARTURE LAST
                VALUE   (LST)  VALUE  FROM      YEAR
                                      NORMAL
......................................................
TEMPERATURE (F)
 YESTERDAY
  MAXIMUM         59    928 PM  61     -2       74
  MINIMUM         55    942 AM  43     12       50
  AVERAGE         57            52      5       62

PRECIPITATION (IN)
  YESTERDAY        1.16          0.15   1.01     0.00
  MONTH TO DATE    2.84          2.36   0.48     1.32
  SINCE OCT 1      2.84          2.36   0.48     1.32
  SINCE JAN 1     25.54         30.93  -5.39    22.24

DEGREE DAYS
 HEATING
  YESTERDAY        8            13     -5        3
  MONTH TO DATE   87           219   -132      239

 COOLING
  YESTERDAY        0             0      0        0
  MONTH TO DATE   12             0     12        0
......................................................


WIND (MPH)
  HIGHEST WIND SPEED    16   HIGHEST WIND DIRECTION     S (180)
  HIGHEST GUST SPEED    22   HIGHEST GUST DIRECTION     S (160)
  AVERAGE WIND SPEED     6.6


SKY COVER
  POSSIBLE SUNSHINE  MM
  AVERAGE SKY COVER 1.0


WEATHER CONDITIONS
 THE FOLLOWING WEATHER WAS RECORDED YESTERDAY.
  HEAVY RAIN
  RAIN
  LIGHT RAIN
  FOG


RELATIVE HUMIDITY (PERCENT)
 HIGHEST    93           900 AM
 LOWEST     86          1200 AM
 AVERAGE    90

..........................................................


THE TROUTDALE OR CLIMATE NORMALS FOR TODAY
                         NORMAL    RECORD    YEAR
 MAXIMUM TEMPERATURE (F)   61        76      2003
 MINIMUM TEMPERATURE (F)   42        32      1949


SUNRISE AND SUNSET
OCTOBER 23 2014.......SUNRISE   737 AM PDT   SUNSET   610 PM PDT
OCTOBER 24 2014.......SUNRISE   738 AM PDT   SUNSET   609 PM PDT


-  INDICATES NEGATIVE NUMBERS.
R  INDICATES RECORD WAS SET OR TIED.
MM INDICATES DATA IS MISSING.
T  INDICATES TRACE AMOUNT.




$$
