000
CDUS46 KPQR 250227
CLITTD


CLIMATE REPORT
NATIONAL WEATHER SERVICE PORTLAND OREGON
726 PM PDT SUN SEP 24 2017


...................................

...THE TROUTDALE OR CLIMATE SUMMARY FOR SEPTEMBER 24 2017...
VALID TODAY AS OF 0700 PM LOCAL TIME.

CLIMATE NORMAL PERIOD 1981 TO 2010
CLIMATE RECORD PERIOD 1948 TO 2017


WEATHER ITEM   OBSERVED TIME   RECORD YEAR NORMAL DEPARTURE LAST
                VALUE   (LST)  VALUE       VALUE  FROM      YEAR
                                                  NORMAL
..................................................................
TEMPERATURE (F)
 TODAY
  MAXIMUM         73    414 PM  92    1989  73      0       70
  MINIMUM         44    546 AM  38    2005  48     -4       49
                                      1970
  AVERAGE         59                        61     -2       60

PRECIPITATION (IN)
  TODAY            0.00                      0.07  -0.07     0.00
  MONTH TO DATE    2.26                      1.35   0.91     2.17
  SINCE OCT 1     50.67                     46.47   4.20    42.33
  SINCE JAN 1     29.58                     28.07   1.51    22.51

DEGREE DAYS
 HEATING
  TODAY            6                         5      1        5
  MONTH TO DATE   58                        74    -16       64

 COOLING
  TODAY            0                         1     -1        0
  MONTH TO DATE  105                        38     67        8
..................................................................


WIND (MPH)
  HIGHEST WIND SPEED     8   HIGHEST WIND DIRECTION     W (250)
  HIGHEST GUST SPEED    12   HIGHEST GUST DIRECTION    NW (320)
  AVERAGE WIND SPEED     2.5


SKY COVER
  POSSIBLE SUNSHINE  MM
  AVERAGE SKY COVER 0.0


WEATHER CONDITIONS
 THE FOLLOWING WEATHER WAS RECORDED TODAY.
  NO SIGNIFICANT WEATHER WAS OBSERVED.


RELATIVE HUMIDITY (PERCENT)
 HIGHEST    93           100 AM
 LOWEST     38           500 PM
 AVERAGE    66

..........................................................


THE TROUTDALE OR CLIMATE NORMALS FOR TOMORROW
                         NORMAL    RECORD    YEAR
 MAXIMUM TEMPERATURE (F)   73        91      1991
 MINIMUM TEMPERATURE (F)   48        36      1972


SUNRISE AND SUNSET
SEPTEMBER 24 2017.....SUNRISE   700 AM PDT   SUNSET   703 PM PDT
SEPTEMBER 25 2017.....SUNRISE   701 AM PDT   SUNSET   701 PM PDT


-  INDICATES NEGATIVE NUMBERS.
R  INDICATES RECORD WAS SET OR TIED.
MM INDICATES DATA IS MISSING.
T  INDICATES TRACE AMOUNT.




$$
