000
CDUS46 KPQR 191147
CLITTD


CLIMATE REPORT
NATIONAL WEATHER SERVICE PORTLAND OREGON
346 AM PST SUN FEB 19 2017


...................................

...THE TROUTDALE OR CLIMATE SUMMARY FOR FEBRUARY 18 2017...

CLIMATE NORMAL PERIOD 1981 TO 2010
CLIMATE RECORD PERIOD 1948 TO 2017


WEATHER ITEM   OBSERVED TIME   RECORD YEAR NORMAL DEPARTURE LAST
                VALUE   (LST)  VALUE       VALUE  FROM      YEAR
                                                  NORMAL
..................................................................
TEMPERATURE (F)
 YESTERDAY
  MAXIMUM         48   1216 AM  66    1981  50     -2       50
  MINIMUM         40    943 PM  22    1955  36      4       42
                                      1985
  AVERAGE         44                        43      1       46

PRECIPITATION (IN)
  YESTERDAY        0.16                      0.17  -0.01     0.43
  MONTH TO DATE    6.12                      3.31   2.81     2.69
  SINCE OCT 1     29.58                     27.89   1.69    27.01
  SINCE JAN 1      8.49                      9.49  -1.00     7.19

DEGREE DAYS
 HEATING
  YESTERDAY       21                        22     -1       19
  MONTH TO DATE  424                       412     12      275

 COOLING
  YESTERDAY        0                         0      0        0
  MONTH TO DATE    0                         0      0        0
..................................................................


WIND (MPH)
  HIGHEST WIND SPEED    23   HIGHEST WIND DIRECTION     E (90)
  HIGHEST GUST SPEED    31   HIGHEST GUST DIRECTION     E (90)
  AVERAGE WIND SPEED    10.6


SKY COVER
  POSSIBLE SUNSHINE  MM
  AVERAGE SKY COVER 0.8


WEATHER CONDITIONS
 THE FOLLOWING WEATHER WAS RECORDED YESTERDAY.
  RAIN
  LIGHT RAIN
  FOG


RELATIVE HUMIDITY (PERCENT)
 HIGHEST   100           900 PM
 LOWEST     71          1200 AM
 AVERAGE    86

..........................................................


THE TROUTDALE OR CLIMATE NORMALS FOR TODAY
                         NORMAL    RECORD    YEAR
 MAXIMUM TEMPERATURE (F)   50        64      1977
 MINIMUM TEMPERATURE (F)   36        24      2006


SUNRISE AND SUNSET
FEBRUARY 19 2017......SUNRISE   704 AM PST   SUNSET   543 PM PST
FEBRUARY 20 2017......SUNRISE   703 AM PST   SUNSET   544 PM PST


-  INDICATES NEGATIVE NUMBERS.
R  INDICATES RECORD WAS SET OR TIED.
MM INDICATES DATA IS MISSING.
T  INDICATES TRACE AMOUNT.




$$
