000
CDUS41 KPHI 230631
CLITTN


CLIMATE REPORT
NATIONAL WEATHER SERVICE MOUNT HOLLY NJ
231 AM EDT SUN APR 23 2017


...................................

...THE TRENTON NJ CLIMATE SUMMARY FOR APRIL 22 2017...

CLIMATE NORMAL PERIOD 1981 TO 2010
CLIMATE RECORD PERIOD 1865 TO 2017


WEATHER ITEM   OBSERVED TIME   RECORD YEAR NORMAL DEPARTURE LAST
                VALUE   (LST)  VALUE       VALUE  FROM      YEAR
                                                  NORMAL
..................................................................
TEMPERATURE (F)
 YESTERDAY
  MAXIMUM         57    944 AM  89    1985  64     -7       77
  MINIMUM         45   1159 PM  30    1922  43      2       56
  AVERAGE         51                        53     -2       67

PRECIPITATION (IN)
  YESTERDAY        0.10          2.06 2012   0.11  -0.01     0.01
  MONTH TO DATE    1.93                      2.77  -0.84     0.89
  SINCE MAR 1      6.54                      6.91  -0.37     2.51
  SINCE JAN 1     11.28                     12.38  -1.10     9.71

DEGREE DAYS
 HEATING
  YESTERDAY       14                        12      2        0
  MONTH TO DATE  214                       335   -121      327
  SINCE MAR 1   1002                      1067    -65      848
  SINCE JUL 1   4221                      4881   -660     3942

 COOLING
  YESTERDAY        0                         0      0        2
  MONTH TO DATE   10                         0     10        8
  SINCE MAR 1     10                         0     10       11
  SINCE JAN 1     10                         0     10       11
..................................................................


WIND (MPH)
  HIGHEST WIND SPEED    17   HIGHEST WIND DIRECTION     N (360)
  HIGHEST GUST SPEED    25   HIGHEST GUST DIRECTION     N (350)
  AVERAGE WIND SPEED     5.3


SKY COVER
  POSSIBLE SUNSHINE  MM
  AVERAGE SKY COVER 0.9


WEATHER CONDITIONS
 THE FOLLOWING WEATHER WAS RECORDED YESTERDAY.
  RAIN
  LIGHT RAIN
  FOG


RELATIVE HUMIDITY (PERCENT)
 HIGHEST    96           200 AM
 LOWEST     66           900 PM
 AVERAGE    81

..........................................................


THE TRENTON NJ CLIMATE NORMALS FOR TODAY
                         NORMAL    RECORD    YEAR
 MAXIMUM TEMPERATURE (F)   64        89      1960
 MINIMUM TEMPERATURE (F)   43        30      1988


SUNRISE AND SUNSET
APRIL 23 2017.........SUNRISE   609 AM EDT   SUNSET   747 PM EDT
APRIL 24 2017.........SUNRISE   608 AM EDT   SUNSET   748 PM EDT


-  INDICATES NEGATIVE NUMBERS.
R  INDICATES RECORD WAS SET OR TIED.
MM INDICATES DATA IS MISSING.
T  INDICATES TRACE AMOUNT.




$$
