000
CDUS41 KPHI 200623
CLITTN


CLIMATE REPORT
NATIONAL WEATHER SERVICE MOUNT HOLLY NJ
123 AM EST MON NOV 20 2017


...................................

...THE TRENTON NJ CLIMATE SUMMARY FOR NOVEMBER 19 2017...

CLIMATE NORMAL PERIOD 1981 TO 2010
CLIMATE RECORD PERIOD 1865 TO 2017


WEATHER ITEM   OBSERVED TIME   RECORD YEAR NORMAL DEPARTURE LAST
                VALUE   (LST)  VALUE       VALUE  FROM      YEAR
                                                  NORMAL
..................................................................
TEMPERATURE (F)
 YESTERDAY
  MAXIMUM         60    210 AM  74    1921  53      7       68
  MINIMUM         39   1159 PM  17    1936  36      3       33
  AVERAGE         50                        45      5       51

PRECIPITATION (IN)
  YESTERDAY        0.29          2.07 2003   0.11   0.18     0.17
  MONTH TO DATE    1.46                      2.00  -0.54     0.59
  SINCE SEP 1      8.54                     10.45  -1.91     5.06
  SINCE JAN 1     39.71                     41.43  -1.72    29.86

DEGREE DAYS
 HEATING
  YESTERDAY       15                        20     -5       14
  MONTH TO DATE  354                       333     21      284
  SINCE SEP 1    547                       727   -180      578
  SINCE JUL 1    548                       730   -182      578

 COOLING
  YESTERDAY        0                         0      0        0
  MONTH TO DATE    2                         0      2        0
  SINCE SEP 1    231                       109    122      230
  SINCE JAN 1   1151                       965    186     1381
..................................................................


WIND (MPH)
  HIGHEST WIND SPEED    28   HIGHEST WIND DIRECTION     W (290)
  HIGHEST GUST SPEED    43   HIGHEST GUST DIRECTION    NW (310)
  AVERAGE WIND SPEED    15.5


SKY COVER
  POSSIBLE SUNSHINE  MM
  AVERAGE SKY COVER 0.7


WEATHER CONDITIONS
 THE FOLLOWING WEATHER WAS RECORDED YESTERDAY.
  RAIN
  LIGHT RAIN
  FOG


RELATIVE HUMIDITY (PERCENT)
 HIGHEST    93           400 AM
 LOWEST     41           200 PM
 AVERAGE    67

..........................................................


THE TRENTON NJ CLIMATE NORMALS FOR TODAY
                         NORMAL    RECORD    YEAR
 MAXIMUM TEMPERATURE (F)   53        76      1985
 MINIMUM TEMPERATURE (F)   36        17      1984


SUNRISE AND SUNSET
NOVEMBER 20 2017......SUNRISE   651 AM EST   SUNSET   439 PM EST
NOVEMBER 21 2017......SUNRISE   652 AM EST   SUNSET   438 PM EST


-  INDICATES NEGATIVE NUMBERS.
R  INDICATES RECORD WAS SET OR TIED.
MM INDICATES DATA IS MISSING.
T  INDICATES TRACE AMOUNT.




$$
