000
CDUS41 KPHI 270634
CLITTN


CLIMATE REPORT
NATIONAL WEATHER SERVICE MOUNT HOLLY NJ
233 AM EDT SAT MAY 27 2017


...................................

...THE TRENTON NJ CLIMATE SUMMARY FOR MAY 26 2017...

CLIMATE NORMAL PERIOD 1981 TO 2010
CLIMATE RECORD PERIOD 1865 TO 2017


WEATHER ITEM   OBSERVED TIME   RECORD YEAR NORMAL DEPARTURE LAST
                VALUE   (LST)  VALUE       VALUE  FROM      YEAR
                                                  NORMAL
..................................................................
TEMPERATURE (F)
 YESTERDAY
  MAXIMUM         74    225 PM  94    1880  75     -1       90
  MINIMUM         57    457 AM  43    1961  54      3       60
  AVERAGE         66                        64      2       75

PRECIPITATION (IN)
  YESTERDAY        0.01          1.89 2001   0.18  -0.17     0.00
  MONTH TO DATE    4.99                      3.46   1.53     2.87
  SINCE MAR 1     12.76                     11.14   1.62     6.16
  SINCE JAN 1     17.50                     16.61   0.89    13.36

DEGREE DAYS
 HEATING
  YESTERDAY        0                         3     -3        0
  MONTH TO DATE  166                       154     12      187
  SINCE MAR 1   1215                      1308    -93     1111
  SINCE JUL 1   4434                      5122   -688     4205

 COOLING
  YESTERDAY        1                         2     -1       10
  MONTH TO DATE   48                        35     13       19
  SINCE MAR 1     79                        43     36       31
  SINCE JAN 1     79                        43     36       31
..................................................................


WIND (MPH)
  HIGHEST WIND SPEED    20   HIGHEST WIND DIRECTION    NW (300)
  HIGHEST GUST SPEED    30   HIGHEST GUST DIRECTION    NW (310)
  AVERAGE WIND SPEED     8.8


SKY COVER
  POSSIBLE SUNSHINE  MM
  AVERAGE SKY COVER 0.9


WEATHER CONDITIONS
 THE FOLLOWING WEATHER WAS RECORDED YESTERDAY.
  LIGHT RAIN


RELATIVE HUMIDITY (PERCENT)
 HIGHEST   100          1200 AM
 LOWEST     53           300 PM
 AVERAGE    77

..........................................................


THE TRENTON NJ CLIMATE NORMALS FOR TODAY
                         NORMAL    RECORD    YEAR
 MAXIMUM TEMPERATURE (F)   75        94      1914
                                             1880
 MINIMUM TEMPERATURE (F)   54        41      1961


SUNRISE AND SUNSET
MAY 27 2017...........SUNRISE   534 AM EDT   SUNSET   819 PM EDT
MAY 28 2017...........SUNRISE   534 AM EDT   SUNSET   820 PM EDT


-  INDICATES NEGATIVE NUMBERS.
R  INDICATES RECORD WAS SET OR TIED.
MM INDICATES DATA IS MISSING.
T  INDICATES TRACE AMOUNT.




$$
