000
CDUS41 KPHI 272134
CLITTN


CLIMATE REPORT
NATIONAL WEATHER SERVICE MOUNT HOLLY NJ
533 PM EDT TUE SEP 27 2016


...................................

...THE TRENTON NJ CLIMATE SUMMARY FOR SEPTEMBER 27 2016...
VALID TODAY AS OF 0500 PM LOCAL TIME.

CLIMATE NORMAL PERIOD 1981 TO 2010
CLIMATE RECORD PERIOD 1865 TO 2016


WEATHER ITEM   OBSERVED TIME   RECORD YEAR NORMAL DEPARTURE LAST
                VALUE   (LST)  VALUE       VALUE  FROM      YEAR
                                                  NORMAL
..................................................................
TEMPERATURE (F)
 TODAY
  MAXIMUM         75    336 PM  92    1998  72      3       70
  MINIMUM         64    825 AM  36    1947  52     12       55
  AVERAGE         70                        62      8       63

PRECIPITATION (IN)
  TODAY            0.05          3.20 1985   0.17  -0.12     0.00
  MONTH TO DATE    1.79                      3.79  -2.00     1.99
  SINCE SEP 1      1.79                      3.79  -2.00     1.99
  SINCE JAN 1     26.59                     34.77  -8.18    28.11

SNOWFALL (IN)
  TODAY           MM            MM      MM  MM     MM       MM
  MONTH TO DATE   MM                        MM     MM       MM
  SINCE SEP 1     MM                        MM     MM       MM
  SINCE JUL 1     MM                        MM     MM       MM
  SNOW DEPTH      MM

DEGREE DAYS
 HEATING
  TODAY            0                         5     -5        2
  MONTH TO DATE   11                        45    -34        6
  SINCE SEP 1     11                        45    -34        6
  SINCE JUL 1     11                        48    -37        6

 COOLING
  TODAY            5                         1      4        0
  MONTH TO DATE  206                        96    110      181
  SINCE SEP 1    206                        96    110      181
  SINCE JAN 1   1357                       952    405     1242
..................................................................


WIND (MPH)
  HIGHEST WIND SPEED    13   HIGHEST WIND DIRECTION    SW (220)
  HIGHEST GUST SPEED    15   HIGHEST GUST DIRECTION    SW (210)
  AVERAGE WIND SPEED     5.8


SKY COVER
  POSSIBLE SUNSHINE  MM
  AVERAGE SKY COVER 0.3


WEATHER CONDITIONS
 THE FOLLOWING WEATHER WAS RECORDED TODAY.
  LIGHT RAIN
  FOG


RELATIVE HUMIDITY (PERCENT)
 HIGHEST    93           400 AM
 LOWEST     38           400 PM
 AVERAGE    66

..........................................................


THE TRENTON NJ CLIMATE NORMALS FOR TOMORROW
                         NORMAL    RECORD    YEAR
 MAXIMUM TEMPERATURE (F)   71        88      1891
 MINIMUM TEMPERATURE (F)   51        37      1991


SUNRISE AND SUNSET
SEPTEMBER 27 2016.....SUNRISE   652 AM EDT   SUNSET   647 PM EDT
SEPTEMBER 28 2016.....SUNRISE   653 AM EDT   SUNSET   646 PM EDT


-  INDICATES NEGATIVE NUMBERS.
R  INDICATES RECORD WAS SET OR TIED.
MM INDICATES DATA IS MISSING.
T  INDICATES TRACE AMOUNT.




$$
