000
CDUS41 KPHI 040631
CLITTN


CLIMATE REPORT
NATIONAL WEATHER SERVICE MOUNT HOLLY NJ
230 AM EDT SAT JUL 4 2015


...................................

...THE TRENTON NJ CLIMATE SUMMARY FOR JULY 3 2015...

CLIMATE NORMAL PERIOD 1981 TO 2010
CLIMATE RECORD PERIOD 1865 TO 2015


WEATHER ITEM   OBSERVED TIME   RECORD YEAR NORMAL DEPARTURE LAST
                VALUE   (LST)  VALUE       VALUE  FROM      YEAR
                                                  NORMAL
..................................................................
TEMPERATURE (F)
 YESTERDAY
  MAXIMUM         81    116 PM 102    1966  85     -4       90
  MINIMUM         62    507 AM  50    2001  65     -3       71
  AVERAGE         72                        75     -3       81

PRECIPITATION (IN)
  YESTERDAY        0.00          3.00 1941   0.16  -0.16     1.97
  MONTH TO DATE    0.63                      0.50   0.13     2.37
  SINCE JUN 1      6.96                      4.91   2.05     4.61
  SINCE JAN 1     21.02                     22.43  -1.41    24.94

SNOWFALL (IN)
  YESTERDAY       MM            MM      MM  MM     MM       MM
  MONTH TO DATE   MM                        MM     MM       MM
  SINCE JUN 1     MM                        MM     MM       MM
  SINCE JUL 1     MM                        MM     MM       MM
  SNOW DEPTH      MM

DEGREE DAYS
 HEATING
  YESTERDAY        0                         0      0        0
  MONTH TO DATE    0                         0      0        0
  SINCE JUN 1     25                        24      1        3
  SINCE JUL 1      0                         0      0        0

 COOLING
  YESTERDAY        7                        10     -3       16
  MONTH TO DATE   21                        29     -8       49
  SINCE JUN 1    245                       219     26      250
  SINCE JAN 1    384                       276    108      294
..................................................................


WIND (MPH)
  HIGHEST WIND SPEED    12   HIGHEST WIND DIRECTION     S (180)
  HIGHEST GUST SPEED    16   HIGHEST GUST DIRECTION     N (10)
  AVERAGE WIND SPEED     4.6


SKY COVER
  POSSIBLE SUNSHINE  MM
  AVERAGE SKY COVER 0.2


WEATHER CONDITIONS
 THE FOLLOWING WEATHER WAS RECORDED YESTERDAY.
  FOG


RELATIVE HUMIDITY (PERCENT)
 HIGHEST    93          1200 AM
 LOWEST     48           100 PM
 AVERAGE    71

..........................................................


THE TRENTON NJ CLIMATE NORMALS FOR TODAY
                         NORMAL    RECORD    YEAR
 MAXIMUM TEMPERATURE (F)   85        99      2010
                                             1999
                                             1919
 MINIMUM TEMPERATURE (F)   65        49      1986


SUNRISE AND SUNSET
JULY  4 2015..........SUNRISE   535 AM EDT   SUNSET   832 PM EDT
JULY  5 2015..........SUNRISE   535 AM EDT   SUNSET   832 PM EDT


-  INDICATES NEGATIVE NUMBERS.
R  INDICATES RECORD WAS SET OR TIED.
MM INDICATES DATA IS MISSING.
T  INDICATES TRACE AMOUNT.




$$
