000
CDUS44 KTSA 240700
CLITUL

CLIMATE REPORT
NATIONAL WEATHER SERVICE TULSA OK
147 AM CDT FRI MAR 24 2017


...................................

...THE TULSA OKLAHOMA CLIMATE SUMMARY FOR MARCH 23 2017...

CLIMATE NORMAL PERIOD 1981 TO 2010
CLIMATE RECORD PERIOD 1882 TO 2017


WEATHER ITEM   OBSERVED TIME   RECORD YEAR NORMAL DEPARTURE LAST
                VALUE   (LST)  VALUE       VALUE  FROM      YEAR
                                                  NORMAL
..................................................................
TEMPERATURE (F)
 YESTERDAY
  MAXIMUM         82    546 PM  91    1907  65     17       82
  MINIMUM         52    656 AM  21    1968  42     10       54
  AVERAGE         67                        53     14       68

PRECIPITATION (IN)
  YESTERDAY        0.00          2.50 1969   0.10  -0.10     0.00
  MONTH TO DATE    0.79                      2.38  -1.59     2.04
  SINCE MAR 1      0.79                      2.38  -1.59     2.04
  SINCE JAN 1      5.39                      5.89  -0.50     3.24

SNOWFALL (IN)
  YESTERDAY        0.0                                       0.0
  MONTH TO DATE    0.0                                       0.0
  SINCE MAR 1      0.0                                       0.0
  SINCE JUL 1      0.7                                       3.0

DEGREE DAYS
 HEATING
  YESTERDAY        0                        12    -12        0
  MONTH TO DATE  233                       350   -117      194
  SINCE MAR 1    233                       350   -117      194
  SINCE JUL 1   2454                      3261   -807     2526

 COOLING
  YESTERDAY        2                         1      1        3
  MONTH TO DATE   38                         2     36        3
  SINCE MAR 1     38                         2     36        3
  SINCE JAN 1     54                         3     51        9
..................................................................


WIND (MPH)
  HIGHEST WIND SPEED    30   HIGHEST WIND DIRECTION     S (170)
  HIGHEST GUST SPEED    38   HIGHEST GUST DIRECTION     S (170)
  AVERAGE WIND SPEED    17.2


SKY COVER
  POSSIBLE SUNSHINE  MM
  AVERAGE SKY COVER 0.3


WEATHER CONDITIONS
 THE FOLLOWING WEATHER WAS RECORDED YESTERDAY.
  NO SIGNIFICANT WEATHER WAS OBSERVED.


RELATIVE HUMIDITY (PERCENT)
 HIGHEST    72           300 AM
 LOWEST     33           600 PM
 AVERAGE    53

..........................................................


THE TULSA OKLAHOMA CLIMATE NORMALS FOR TODAY
                         NORMAL    RECORD    YEAR
 MAXIMUM TEMPERATURE (F)   65        91      1929
 MINIMUM TEMPERATURE (F)   42        19      1966


SUNRISE AND SUNSET
MARCH 24 2017.........SUNRISE   721 AM CDT   SUNSET   739 PM CDT
MARCH 25 2017.........SUNRISE   720 AM CDT   SUNSET   740 PM CDT


-  INDICATES NEGATIVE NUMBERS.
R  INDICATES RECORD WAS SET OR TIED.
MM INDICATES DATA IS MISSING.
T  INDICATES TRACE AMOUNT.




$$

&&
...........................................................

THE TULSA PRECIPITATION NORMALS FOR TODAY
                       NORMAL    RECORD      YEAR
  TODAY                 0.11      2.00       1913
  MONTH TO DATE         2.49
  YEAR TO DATE          6.00
...........................................................
ALL DATA MEASURED AT THE TULSA INTERNATIONAL AIRPORT...
EXCEPT SNOWFALL...WHICH IS MEASURED AT THE NWS OFFICE.
