000
CDUS44 KTSA 290648
CLITUL

CLIMATE REPORT
NATIONAL WEATHER SERVICE TULSA OK
147 AM CDT SAT AUG 29 2015


...................................

...THE TULSA OKLAHOMA CLIMATE SUMMARY FOR AUGUST 28 2015...

CLIMATE NORMAL PERIOD 1981 TO 2010
CLIMATE RECORD PERIOD 1882 TO 2015


WEATHER ITEM   OBSERVED TIME   RECORD YEAR NORMAL DEPARTURE LAST
                VALUE   (LST)  VALUE       VALUE  FROM      YEAR
                                                  NORMAL
..................................................................
TEMPERATURE (F)
 YESTERDAY
  MAXIMUM         82    609 PM 104    1963  91     -9       95
                                      1912
  MINIMUM         67    549 AM  53    1967  69     -2       74
  AVERAGE         75                        80     -5       85

PRECIPITATION (IN)
  YESTERDAY        0.00          3.74 1927   0.10  -0.10     0.00
  MONTH TO DATE    5.16                      2.57   2.59     0.97
  SINCE JUN 1     16.65                     10.65   6.00    10.06
  SINCE JAN 1     41.55                     27.15  14.40    18.51

DEGREE DAYS
 COOLING
  YESTERDAY       10                        15     -5       20
  MONTH TO DATE  409                       489    -80      501
  SINCE JUN 1   1492                      1423     69     1322
  SINCE JAN 1   1697                      1657     40     1593
..................................................................


WIND (MPH)
  HIGHEST WIND SPEED    20   HIGHEST WIND DIRECTION     S (170)
  HIGHEST GUST SPEED    25   HIGHEST GUST DIRECTION     S (170)
  AVERAGE WIND SPEED     9.4


SKY COVER
  POSSIBLE SUNSHINE  MM
  AVERAGE SKY COVER 0.9


WEATHER CONDITIONS
 THE FOLLOWING WEATHER WAS RECORDED YESTERDAY.
  NO SIGNIFICANT WEATHER WAS OBSERVED.


RELATIVE HUMIDITY (PERCENT)
 HIGHEST    93           600 AM
 LOWEST     58           300 PM
 AVERAGE    76

..........................................................


THE TULSA OKLAHOMA CLIMATE NORMALS FOR TODAY
                         NORMAL    RECORD    YEAR
 MAXIMUM TEMPERATURE (F)   91       107      1984
 MINIMUM TEMPERATURE (F)   69        51      1931


SUNRISE AND SUNSET
AUGUST 29 2015........SUNRISE   653 AM CDT   SUNSET   756 PM CDT
AUGUST 30 2015........SUNRISE   653 AM CDT   SUNSET   754 PM CDT


-  INDICATES NEGATIVE NUMBERS.
R  INDICATES RECORD WAS SET OR TIED.
MM INDICATES DATA IS MISSING.
T  INDICATES TRACE AMOUNT.




$$

&&
...........................................................

THE TULSA PRECIPITATION NORMALS FOR TODAY
                       NORMAL    RECORD      YEAR
  TODAY                 0.10      2.36       1955
  MONTH TO DATE         2.67
  YEAR TO DATE         27.25
...........................................................
ALL DATA MEASURED AT THE TULSA INTERNATIONAL AIRPORT...
EXCEPT SNOWFALL...WHICH IS MEASURED AT THE NWS OFFICE.
