000
CDUS44 KTSA 180649
CLITUL

CLIMATE REPORT
NATIONAL WEATHER SERVICE TULSA OK
147 AM CDT FRI AUG 18 2017


...................................

...THE TULSA OKLAHOMA CLIMATE SUMMARY FOR AUGUST 17 2017...

CLIMATE NORMAL PERIOD 1981 TO 2010
CLIMATE RECORD PERIOD 1882 TO 2017


WEATHER ITEM   OBSERVED TIME   RECORD YEAR NORMAL DEPARTURE LAST
                VALUE   (LST)  VALUE       VALUE  FROM      YEAR
                                                  NORMAL
..................................................................
TEMPERATURE (F)
 YESTERDAY
  MAXIMUM         91    405 PM 109    1909  94     -3       91
  MINIMUM         71    619 AM  53    1920  72     -1       72
  AVERAGE         81                        82     -1       82

PRECIPITATION (IN)
  YESTERDAY        T             2.04 1938   0.09  -0.09      T
  MONTH TO DATE    6.07                      1.51   4.56     2.04
  SINCE JUN 1     11.07                      9.59   1.48     6.57
  SINCE JAN 1     35.00                     26.09   8.91    20.43

DEGREE DAYS
 COOLING
  YESTERDAY       16                        18     -2       17
  MONTH TO DATE  227                       310    -83      332
  SINCE JUN 1   1213                      1244    -31     1502
  SINCE JAN 1   1500                      1478     22     1706
..................................................................


WIND (MPH)
  HIGHEST WIND SPEED    13   HIGHEST WIND DIRECTION    NW (300)
  HIGHEST GUST SPEED    15   HIGHEST GUST DIRECTION     W (290)
  AVERAGE WIND SPEED     4.9


SKY COVER
  POSSIBLE SUNSHINE  MM
  AVERAGE SKY COVER 0.4


WEATHER CONDITIONS
 THE FOLLOWING WEATHER WAS RECORDED YESTERDAY.
  NO SIGNIFICANT WEATHER WAS OBSERVED.


RELATIVE HUMIDITY (PERCENT)
 HIGHEST   100           100 AM
 LOWEST     50           400 PM
 AVERAGE    75

..........................................................


THE TULSA OKLAHOMA CLIMATE NORMALS FOR TODAY
                         NORMAL    RECORD    YEAR
 MAXIMUM TEMPERATURE (F)   93       109      1918
 MINIMUM TEMPERATURE (F)   71        54      1943


SUNRISE AND SUNSET
AUGUST 18 2017........SUNRISE   644 AM CDT   SUNSET   810 PM CDT
AUGUST 19 2017........SUNRISE   645 AM CDT   SUNSET   808 PM CDT


-  INDICATES NEGATIVE NUMBERS.
R  INDICATES RECORD WAS SET OR TIED.
MM INDICATES DATA IS MISSING.
T  INDICATES TRACE AMOUNT.




$$

&&
...........................................................

THE TULSA PRECIPITATION NORMALS FOR TODAY
                       NORMAL    RECORD      YEAR
  TODAY                 0.09      1.82       1928
  MONTH TO DATE         1.60
  YEAR TO DATE         26.18
...........................................................
ALL DATA MEASURED AT THE TULSA INTERNATIONAL AIRPORT...
EXCEPT SNOWFALL...WHICH IS MEASURED AT THE NWS OFFICE.
