000
CDUS44 KTSA 132210
CLITUL

CLIMATE REPORT...UPDATED FOR HIGH TEMPERATURE
NATIONAL WEATHER SERVICE TULSA OK
510 PM CDT SUN JUL 13 2014


...................................

...THE TULSA OKLAHOMA CLIMATE SUMMARY FOR JULY 13 2014...
VALID TODAY AS OF 0400 PM LOCAL TIME.

CLIMATE NORMAL PERIOD 1981 TO 2010
CLIMATE RECORD PERIOD 1882 TO 2014


WEATHER ITEM   OBSERVED TIME   RECORD YEAR NORMAL DEPARTURE LAST
                VALUE   (LST)  VALUE       VALUE  FROM      YEAR
                                                  NORMAL
..................................................................
TEMPERATURE (F)
 TODAY
  MAXIMUM        100    405 PM 111    1954  93      7       96
  MINIMUM         75    442 AM  54    1975  73      2       75
  AVERAGE         88                        83      5       86

PRECIPITATION (IN)
  TODAY            0.00          3.10 1895   0.11  -0.11     0.03
  MONTH TO DATE    1.98                      1.55   0.43     0.03
  SINCE JUN 1      6.65                      6.27   0.38     1.72
  SINCE JAN 1     15.10                     22.77  -7.67    15.60

DEGREE DAYS
 COOLING
  TODAY           23                        18      5       21
  MONTH TO DATE  203                       224    -21      219
  SINCE JUN 1    606                       603      3      650
  SINCE JAN 1    877                       837     40      842
..................................................................


WIND (MPH)
  HIGHEST WIND SPEED    15   HIGHEST WIND DIRECTION     S (190)
  HIGHEST GUST SPEED    21   HIGHEST GUST DIRECTION     S (190)
  AVERAGE WIND SPEED     9.1


SKY COVER
  POSSIBLE SUNSHINE  MM
  AVERAGE SKY COVER 0.1


WEATHER CONDITIONS
 THE FOLLOWING WEATHER WAS RECORDED TODAY.
  NO SIGNIFICANT WEATHER WAS OBSERVED.


RELATIVE HUMIDITY (PERCENT)
 HIGHEST    69           500 AM
 LOWEST     35           300 PM
 AVERAGE    52

..........................................................


THE TULSA OKLAHOMA CLIMATE NORMALS FOR TOMORROW
                         NORMAL    RECORD    YEAR
 MAXIMUM TEMPERATURE (F)   93       112      1954
 MINIMUM TEMPERATURE (F)   73        54      1967
                                             1926


SUNRISE AND SUNSET
JULY 13 2014..........SUNRISE   617 AM CDT   SUNSET   842 PM CDT
JULY 14 2014..........SUNRISE   617 AM CDT   SUNSET   841 PM CDT


-  INDICATES NEGATIVE NUMBERS.
R  INDICATES RECORD WAS SET OR TIED.
MM INDICATES DATA IS MISSING.
T  INDICATES TRACE AMOUNT.




$$

&&
...........................................................

TULSA RECORD LOW MAX AND HIGH MIN TEMPERATURES FOR TOMORROW
                      RECORD        YEAR
  LOW MAXIMUM           77          1961
  HIGH MINIMUM          85          1954
...........................................................
ALL DATA MEASURED AT THE TULSA INTERNATIONAL AIRPORT...
EXCEPT SNOWFALL...WHICH IS MEASURED AT THE NWS OFFICE.
