000
CDUS44 KTSA 200736
CLITUL

CLIMATE REPORT
NATIONAL WEATHER SERVICE TULSA OK
147 AM CDT SAT SEP 20 2014


...................................

...THE TULSA OKLAHOMA CLIMATE SUMMARY FOR SEPTEMBER 19 2014...

CLIMATE NORMAL PERIOD 1981 TO 2010
CLIMATE RECORD PERIOD 1882 TO 2014


WEATHER ITEM   OBSERVED TIME   RECORD YEAR NORMAL DEPARTURE LAST
                VALUE   (LST)  VALUE       VALUE  FROM      YEAR
                                                  NORMAL
..................................................................
TEMPERATURE (F)
 YESTERDAY
  MAXIMUM         83    412 PM 100    1954  82      1       93
                                      1910
  MINIMUM         67    354 AM  45    1991  61      6       70
                                      1938
  AVERAGE         75                        72      3       82

PRECIPITATION (IN)
  YESTERDAY        0.00          4.30 1974   0.14  -0.14     0.89
  MONTH TO DATE    1.84                      2.70  -0.86     0.99
  SINCE SEP 1      1.84                      2.70  -0.86     0.99
  SINCE JAN 1     20.36                     30.18  -9.82    24.37

DEGREE DAYS
 HEATING
  YESTERDAY        0                         1     -1        0
  MONTH TO DATE   12                         5      7        0
  SINCE SEP 1     12                         5      7        0
  SINCE JUL 1     13                         5      8        0

 COOLING
  YESTERDAY       10                         7      3       17
  MONTH TO DATE  206                       201      5      300
  SINCE SEP 1    206                       201      5      300
  SINCE JAN 1   1859                      1902    -43     1929
..................................................................


WIND (MPH)
  HIGHEST WIND SPEED    14   HIGHEST WIND DIRECTION    SE (140)
  HIGHEST GUST SPEED    18   HIGHEST GUST DIRECTION    SE (140)
  AVERAGE WIND SPEED     6.5


SKY COVER
  POSSIBLE SUNSHINE  MM
  AVERAGE SKY COVER 0.5


WEATHER CONDITIONS
 THE FOLLOWING WEATHER WAS RECORDED YESTERDAY.
  FOG


RELATIVE HUMIDITY (PERCENT)
 HIGHEST   100           300 AM
 LOWEST     63           400 PM
 AVERAGE    82

..........................................................


THE TULSA OKLAHOMA CLIMATE NORMALS FOR TODAY
                         NORMAL    RECORD    YEAR
 MAXIMUM TEMPERATURE (F)   82       102      1954
 MINIMUM TEMPERATURE (F)   60        39      1938


SUNRISE AND SUNSET
SEPTEMBER 20 2014.....SUNRISE   710 AM CDT   SUNSET   723 PM CDT
SEPTEMBER 21 2014.....SUNRISE   711 AM CDT   SUNSET   722 PM CDT


-  INDICATES NEGATIVE NUMBERS.
R  INDICATES RECORD WAS SET OR TIED.
MM INDICATES DATA IS MISSING.
T  INDICATES TRACE AMOUNT.




$$

&&
...........................................................

THE TULSA PRECIPITATION NORMALS FOR TODAY
                       NORMAL    RECORD      YEAR
  TODAY                 0.15      1.98       1915
  MONTH TO DATE         2.85
  YEAR TO DATE         30.33
...........................................................
ALL DATA MEASURED AT THE TULSA INTERNATIONAL AIRPORT...
EXCEPT SNOWFALL...WHICH IS MEASURED AT THE NWS OFFICE.
