000
CDUS44 KTSA 232130
CLITUL

CLIMATE REPORT
NATIONAL WEATHER SERVICE TULSA OK
430 PM CDT MON OCT 23 2017


...................................

...THE TULSA OKLAHOMA CLIMATE SUMMARY FOR OCTOBER 23 2017...
VALID TODAY AS OF 0400 PM LOCAL TIME.

CLIMATE NORMAL PERIOD 1981 TO 2010
CLIMATE RECORD PERIOD 1882 TO 2017


WEATHER ITEM   OBSERVED TIME   RECORD YEAR NORMAL DEPARTURE LAST
                VALUE   (LST)  VALUE       VALUE  FROM      YEAR
                                                  NORMAL
..................................................................
TEMPERATURE (F)
 TODAY
  MAXIMUM         76    231 PM  92    1939  71      5       81
  MINIMUM         45    534 AM  26    1937  49     -4       57
  AVERAGE         61                        60      1       69

PRECIPITATION (IN)
  TODAY            0.00          2.40 1908   0.13  -0.13     0.00
  MONTH TO DATE    7.16                      2.93   4.23     2.47
  SINCE SEP 1      8.96                      7.19   1.77     4.78
  SINCE JAN 1     43.96                     34.67   9.29    25.48

SNOWFALL (IN)
  TODAY            0.0                                       0.0
  MONTH TO DATE    0.0                                       0.0
  SINCE SEP 1      0.0                                       0.0
  SINCE JUL 1      0.0                                       0.0

DEGREE DAYS
 HEATING
  TODAY            4                         7     -3        0
  MONTH TO DATE   45                       100    -55       47
  SINCE SEP 1     45                       124    -79       49
  SINCE JUL 1     45                       124    -79       49

 COOLING
  TODAY            0                         1     -1        4
  MONTH TO DATE  110                        54     56      127
  SINCE SEP 1    419                       318    101      497
  SINCE JAN 1   2120                      2019    101     2437
..................................................................


WIND (MPH)
  HIGHEST WIND SPEED    23   HIGHEST WIND DIRECTION     N (350)
  HIGHEST GUST SPEED    29   HIGHEST GUST DIRECTION     N (350)
  AVERAGE WIND SPEED     7.0


SKY COVER
  POSSIBLE SUNSHINE  MM
  AVERAGE SKY COVER 0.3


WEATHER CONDITIONS
 THE FOLLOWING WEATHER WAS RECORDED TODAY.
  HAZE


RELATIVE HUMIDITY (PERCENT)
 HIGHEST    86          1200 AM
 LOWEST     31           300 PM
 AVERAGE    59

..........................................................


THE TULSA OKLAHOMA CLIMATE NORMALS FOR TOMORROW
                         NORMAL    RECORD    YEAR
 MAXIMUM TEMPERATURE (F)   71        89      2003
 MINIMUM TEMPERATURE (F)   48        24      1917


SUNRISE AND SUNSET
OCTOBER 23 2017.......SUNRISE   738 AM CDT   SUNSET   637 PM CDT
OCTOBER 24 2017.......SUNRISE   739 AM CDT   SUNSET   636 PM CDT


-  INDICATES NEGATIVE NUMBERS.
R  INDICATES RECORD WAS SET OR TIED.
MM INDICATES DATA IS MISSING.
T  INDICATES TRACE AMOUNT.




$$

&&
...........................................................

TULSA RECORD LOW MAX AND HIGH MIN TEMPERATURES FOR TOMORROW
                      RECORD        YEAR
  LOW MAXIMUM           50          1972
  HIGH MINIMUM          71          1939
...........................................................
ALL DATA MEASURED AT THE TULSA INTERNATIONAL AIRPORT...
EXCEPT SNOWFALL...WHICH IS MEASURED AT THE NWS OFFICE.
