000
CDUS44 KTSA 240648
CLITUL

CLIMATE REPORT
NATIONAL WEATHER SERVICE TULSA OK
147 AM CDT THU APR 24 2014


...................................

...THE TULSA OKLAHOMA CLIMATE SUMMARY FOR APRIL 23 2014...

CLIMATE NORMAL PERIOD 1981 TO 2010
CLIMATE RECORD PERIOD 1882 TO 2014


WEATHER ITEM   OBSERVED TIME   RECORD YEAR NORMAL DEPARTURE LAST
                VALUE   (LST)  VALUE       VALUE  FROM      YEAR
                                                  NORMAL
..................................................................
TEMPERATURE (F)
 YESTERDAY
  MAXIMUM         84    424 PM  93    1958  74     10       63
  MINIMUM         49    451 AM  36    1909  52     -3       37
  AVERAGE         67                        63      4       50

PRECIPITATION (IN)
  YESTERDAY        T             3.22 1953   0.15  -0.15     0.13
  MONTH TO DATE    1.33                      2.70  -1.37     3.03
  SINCE MAR 1      3.69                      5.99  -2.30     4.13
  SINCE JAN 1      4.14                      9.50  -5.36     8.85

SNOWFALL (IN)
  YESTERDAY        0.0                                       0.0
  MONTH TO DATE    T                                         0.0
  SINCE MAR 1      2.4                                        T
  SINCE JUL 1     12.4                                       3.7

DEGREE DAYS
 HEATING
  YESTERDAY        0                         4     -4       15
  MONTH TO DATE  166                       162      4      234
  SINCE MAR 1    728                       600    128      769
  SINCE JUL 1   4029                      3511    518     3441

 COOLING
  YESTERDAY        2                         2      0        0
  MONTH TO DATE   20                        35    -15       11
  SINCE MAR 1     21                        46    -25       15
  SINCE JAN 1     21                        47    -26       17
..................................................................


WIND (MPH)
  HIGHEST WIND SPEED    25   HIGHEST WIND DIRECTION     S (160)
  HIGHEST GUST SPEED    32   HIGHEST GUST DIRECTION     S (180)
  AVERAGE WIND SPEED    13.0


SKY COVER
  POSSIBLE SUNSHINE  MM
  AVERAGE SKY COVER 0.4


WEATHER CONDITIONS
 THE FOLLOWING WEATHER WAS RECORDED YESTERDAY.
  NO SIGNIFICANT WEATHER WAS OBSERVED.


RELATIVE HUMIDITY (PERCENT)
 HIGHEST    77           100 AM
 LOWEST     37           300 PM
 AVERAGE    57

..........................................................


THE TULSA OKLAHOMA CLIMATE NORMALS FOR TODAY
                         NORMAL    RECORD    YEAR
 MAXIMUM TEMPERATURE (F)   74        91      1975
 MINIMUM TEMPERATURE (F)   52        32      2013


SUNRISE AND SUNSET
APRIL 24 2014.........SUNRISE   639 AM CDT   SUNSET   805 PM CDT
APRIL 25 2014.........SUNRISE   638 AM CDT   SUNSET   806 PM CDT


-  INDICATES NEGATIVE NUMBERS.
R  INDICATES RECORD WAS SET OR TIED.
MM INDICATES DATA IS MISSING.
T  INDICATES TRACE AMOUNT.




$$

&&
...........................................................

THE TULSA PRECIPITATION NORMALS FOR TODAY
                       NORMAL    RECORD      YEAR
  TODAY                 0.15      2.88       2011
  MONTH TO DATE         2.85
  YEAR TO DATE          9.65
...........................................................
ALL DATA MEASURED AT THE TULSA INTERNATIONAL AIRPORT...
EXCEPT SNOWFALL...WHICH IS MEASURED AT THE NWS OFFICE.
