694
CDUS44 KTSA 240730
CLITUL

CLIMATE REPORT
NATIONAL WEATHER SERVICE TULSA OK
147 AM CDT TUE MAY 24 2016


...................................

...THE TULSA OKLAHOMA CLIMATE SUMMARY FOR MAY 23 2016...

CLIMATE NORMAL PERIOD 1981 TO 2010
CLIMATE RECORD PERIOD 1882 TO 2016


WEATHER ITEM   OBSERVED TIME   RECORD YEAR NORMAL DEPARTURE LAST
                VALUE   (LST)  VALUE       VALUE  FROM      YEAR
                                                  NORMAL
..................................................................
TEMPERATURE (F)
 YESTERDAY
  MAXIMUM         73   1225 PM  94    2000  81     -8       76
  MINIMUM         63    858 AM  41    1917  61      2       59
  AVERAGE         68                        71     -3       68

PRECIPITATION (IN)
  YESTERDAY        0.47          3.36 2015   0.20   0.27     3.36
  MONTH TO DATE    2.25                      4.40  -2.15    11.23
  SINCE MAR 1     11.00                     11.48  -0.48    19.04
  SINCE JAN 1     12.20                     14.99  -2.79    21.36

DEGREE DAYS
 COOLING
  YESTERDAY        3                         7     -4        3
  MONTH TO DATE   68                       107    -39       93
  SINCE MAR 1    116                       171    -55      167
  SINCE JAN 1    122                       172    -50      167
..................................................................


WIND (MPH)
  HIGHEST WIND SPEED    24   HIGHEST WIND DIRECTION     S (170)
  HIGHEST GUST SPEED    28   HIGHEST GUST DIRECTION     S (170)
  AVERAGE WIND SPEED    10.2


SKY COVER
  POSSIBLE SUNSHINE  MM
  AVERAGE SKY COVER 0.8


WEATHER CONDITIONS
 THE FOLLOWING WEATHER WAS RECORDED YESTERDAY.
  THUNDERSTORM
  HEAVY RAIN
  RAIN
  LIGHT RAIN
  FOG


RELATIVE HUMIDITY (PERCENT)
 HIGHEST   100          1100 AM
 LOWEST     66           600 AM
 AVERAGE    83

..........................................................


THE TULSA OKLAHOMA CLIMATE NORMALS FOR TODAY
                         NORMAL    RECORD    YEAR
 MAXIMUM TEMPERATURE (F)   81        94      1911
 MINIMUM TEMPERATURE (F)   62        42      1935


SUNRISE AND SUNSET
MAY 24 2016...........SUNRISE   611 AM CDT   SUNSET   830 PM CDT
MAY 25 2016...........SUNRISE   610 AM CDT   SUNSET   831 PM CDT


-  INDICATES NEGATIVE NUMBERS.
R  INDICATES RECORD WAS SET OR TIED.
MM INDICATES DATA IS MISSING.
T  INDICATES TRACE AMOUNT.




$$

&&
...........................................................

THE TULSA PRECIPITATION NORMALS FOR TODAY
                       NORMAL    RECORD      YEAR
  TODAY                 0.19      3.16       1908
  MONTH TO DATE         4.59
  YEAR TO DATE         15.18
...........................................................
ALL DATA MEASURED AT THE TULSA INTERNATIONAL AIRPORT...
EXCEPT SNOWFALL...WHICH IS MEASURED AT THE NWS OFFICE.
