000
CDUS44 KTSA 270653
CLITUL

CLIMATE REPORT
NATIONAL WEATHER SERVICE TULSA OK
147 AM CDT WED AUG 27 2014


...................................

...THE TULSA OKLAHOMA CLIMATE SUMMARY FOR AUGUST 26 2014...

CLIMATE NORMAL PERIOD 1981 TO 2010
CLIMATE RECORD PERIOD 1882 TO 2014


WEATHER ITEM   OBSERVED TIME   RECORD YEAR NORMAL DEPARTURE LAST
                VALUE   (LST)  VALUE       VALUE  FROM      YEAR
                                                  NORMAL
..................................................................
TEMPERATURE (F)
 YESTERDAY
  MAXIMUM         99    326 PM 109    1999  92      7       93
  MINIMUM         73    314 AM  52    1910  70      3       75
  AVERAGE         86                        81      5       84

PRECIPITATION (IN)
  YESTERDAY        0.00          1.91 1987   0.10  -0.10     0.00
  MONTH TO DATE    0.97                      2.36  -1.39     2.88
  SINCE JUN 1     10.06                     10.44  -0.38     9.50
  SINCE JAN 1     18.51                     26.94  -8.43    23.38

DEGREE DAYS
 COOLING
  YESTERDAY       21                        16      5       19
  MONTH TO DATE  460                       459      1      391
  SINCE JUN 1   1281                      1393   -112     1332
  SINCE JAN 1   1552                      1627    -75     1524
..................................................................


WIND (MPH)
  HIGHEST WIND SPEED    14   HIGHEST WIND DIRECTION    SE (150)
  HIGHEST GUST SPEED    18   HIGHEST GUST DIRECTION    SE (120)
  AVERAGE WIND SPEED     5.4


SKY COVER
  POSSIBLE SUNSHINE  MM
  AVERAGE SKY COVER 0.2


WEATHER CONDITIONS
 THE FOLLOWING WEATHER WAS RECORDED YESTERDAY.
  NO SIGNIFICANT WEATHER WAS OBSERVED.


RELATIVE HUMIDITY (PERCENT)
 HIGHEST    82           400 AM
 LOWEST     35           300 PM
 AVERAGE    59

..........................................................


THE TULSA OKLAHOMA CLIMATE NORMALS FOR TODAY
                         NORMAL    RECORD    YEAR
 MAXIMUM TEMPERATURE (F)   91       105      2000
                                             1913
 MINIMUM TEMPERATURE (F)   70        50      1910


SUNRISE AND SUNSET
AUGUST 27 2014........SUNRISE   651 AM CDT   SUNSET   758 PM CDT
AUGUST 28 2014........SUNRISE   652 AM CDT   SUNSET   757 PM CDT


-  INDICATES NEGATIVE NUMBERS.
R  INDICATES RECORD WAS SET OR TIED.
MM INDICATES DATA IS MISSING.
T  INDICATES TRACE AMOUNT.




$$

&&
...........................................................

THE TULSA PRECIPITATION NORMALS FOR TODAY
                       NORMAL    RECORD      YEAR
  TODAY                 0.11      1.42       1927
  MONTH TO DATE         2.47
  YEAR TO DATE         27.05
...........................................................
ALL DATA MEASURED AT THE TULSA INTERNATIONAL AIRPORT...
EXCEPT SNOWFALL...WHICH IS MEASURED AT THE NWS OFFICE.
