000
CDUS44 KMEG 250639
CLITUP


CLIMATE REPORT
NATIONAL WEATHER SERVICE MEMPHIS TN
138 AM CDT WED MAY 25 2016


...................................

...THE TUPELO CLIMATE SUMMARY FOR MAY 24 2016...

CLIMATE NORMAL PERIOD 1981 TO 2010
CLIMATE RECORD PERIOD 1930 TO 2016


WEATHER ITEM   OBSERVED TIME   RECORD YEAR NORMAL DEPARTURE LAST
                VALUE   (LST)  VALUE       VALUE  FROM      YEAR
                                                  NORMAL
..................................................................
TEMPERATURE (F)
 YESTERDAY
  MAXIMUM         89    321 PM  94    1958  84      5       87
  MINIMUM         60    432 AM  44    1931  62     -2       66
  AVERAGE         75                        73      2       77

PRECIPITATION (IN)
  YESTERDAY        0.00          1.78 1997   0.17  -0.17     0.70
  MONTH TO DATE    0.90                      4.42  -3.52     3.38
  SINCE MAR 1     14.64                     14.02   0.62    17.54
  SINCE JAN 1     21.81                     23.46  -1.65    26.70

SNOWFALL (IN)
  YESTERDAY        0.0          MM      MM   0.0    0.0      0.0
  MONTH TO DATE    0.0                       0.0    0.0      0.0
  SINCE MAR 1      0.0                       0.3   -0.3      0.1
  SINCE JUL 1      T                         2.1   -2.1      7.4
  SNOW DEPTH       0

DEGREE DAYS
 HEATING
  YESTERDAY        0                         0      0        0
  MONTH TO DATE   21                        23     -2       21
  SINCE MAR 1    345                       524   -179      435
  SINCE JUL 1   2282                      2955   -673     3153

 COOLING
  YESTERDAY       10                         8      2       12
  MONTH TO DATE   97                       137    -40      163
  SINCE MAR 1    187                       211    -24      239
  SINCE JAN 1    187                       213    -26      239
..................................................................


WIND (MPH)
  HIGHEST WIND SPEED    15   HIGHEST WIND DIRECTION     S (160)
  HIGHEST GUST SPEED    18   HIGHEST GUST DIRECTION    SE (140)
  AVERAGE WIND SPEED     5.8


SKY COVER
  POSSIBLE SUNSHINE  MM
  AVERAGE SKY COVER 0.0


WEATHER CONDITIONS
 THE FOLLOWING WEATHER WAS RECORDED YESTERDAY.
  NO SIGNIFICANT WEATHER WAS OBSERVED.


RELATIVE HUMIDITY (PERCENT)
 HIGHEST    84           100 AM
 LOWEST     29           400 PM
 AVERAGE    57

..........................................................


THE TUPELO CLIMATE NORMALS FOR TODAY
                         NORMAL    RECORD    YEAR
 MAXIMUM TEMPERATURE (F)   84        95      1941
 MINIMUM TEMPERATURE (F)   62        37      1979


SUNRISE AND SUNSET
MAY 25 2016...........SUNRISE   547 AM CDT   SUNSET   758 PM CDT
MAY 26 2016...........SUNRISE   546 AM CDT   SUNSET   758 PM CDT


-  INDICATES NEGATIVE NUMBERS.
R  INDICATES RECORD WAS SET OR TIED.
MM INDICATES DATA IS MISSING.
T  INDICATES TRACE AMOUNT.




$$
