000
CDUS44 KMEG 052146
CLITUP


CLIMATE REPORT
NATIONAL WEATHER SERVICE MEMPHIS TN
446 PM CDT SUN JUL 5 2015


...................................

...THE TUPELO CLIMATE SUMMARY FOR JULY 5 2015...
VALID TODAY AS OF 0400 PM LOCAL TIME.

CLIMATE NORMAL PERIOD 1981 TO 2010
CLIMATE RECORD PERIOD 1930 TO 2015


WEATHER ITEM   OBSERVED TIME   RECORD YEAR NORMAL DEPARTURE LAST
                VALUE   (LST)  VALUE       VALUE  FROM      YEAR
                                                  NORMAL
..................................................................
TEMPERATURE (F)
 TODAY
  MAXIMUM         82    259 PM 100    1980  91     -9       87
                                      1977
                                      1954
  MINIMUM         68    357 AM  57    1970  71     -3       59
                                      1961
  AVERAGE         75                        81     -6       73

PRECIPITATION (IN)
  TODAY            0.00          2.07 1967   0.14  -0.14     0.00
  MONTH TO DATE    8.04                      0.70   7.34     0.12
  SINCE JUN 1     11.42                      5.22   6.20     8.46
  SINCE JAN 1     43.83                     29.82  14.01    28.63

SNOWFALL (IN)
  TODAY            0.0

DEGREE DAYS
 HEATING
  TODAY            0                         0      0        0
  MONTH TO DATE    0                         0      0        0
  SINCE JUN 1      0                         0      0        0
  SINCE JUL 1      0                         0      0        0

 COOLING
  TODAY           10                        16     -6        8
  MONTH TO DATE   60                        80    -20       60
  SINCE JUN 1    493                       475     18      480
  SINCE JAN 1    798                       752     46      754
..................................................................


WIND (MPH)
  HIGHEST WIND SPEED    13   HIGHEST WIND DIRECTION     S (200)
  HIGHEST GUST SPEED    16   HIGHEST GUST DIRECTION     S (200)
  AVERAGE WIND SPEED     4.3


SKY COVER
  POSSIBLE SUNSHINE  MM
  AVERAGE SKY COVER 0.7


WEATHER CONDITIONS
 THE FOLLOWING WEATHER WAS RECORDED TODAY.
  FOG
  FOG W/VISIBILITY <= 1/4 MILE


RELATIVE HUMIDITY (PERCENT)
 HIGHEST   100           600 AM
 LOWEST     65           300 PM
 AVERAGE    83

..........................................................


THE TUPELO CLIMATE NORMALS FOR TOMORROW
                         NORMAL    RECORD    YEAR
 MAXIMUM TEMPERATURE (F)   91       102      2012
                                             1943
 MINIMUM TEMPERATURE (F)   71        52      1970


SUNRISE AND SUNSET
JULY  5 2015..........SUNRISE   548 AM CDT   SUNSET   811 PM CDT
JULY  6 2015..........SUNRISE   549 AM CDT   SUNSET   810 PM CDT


-  INDICATES NEGATIVE NUMBERS.
R  INDICATES RECORD WAS SET OR TIED.
MM INDICATES DATA IS MISSING.
T  INDICATES TRACE AMOUNT.




$$
