436
CDUS44 KMEG 180632
CLITUP


CLIMATE REPORT
NATIONAL WEATHER SERVICE MEMPHIS TN
132 AM CDT FRI AUG 18 2017


...................................

...THE TUPELO CLIMATE SUMMARY FOR AUGUST 17 2017...

CLIMATE NORMAL PERIOD 1981 TO 2010
CLIMATE RECORD PERIOD 1930 TO 2017


WEATHER ITEM   OBSERVED TIME   RECORD YEAR NORMAL DEPARTURE LAST
                VALUE   (LST)  VALUE       VALUE  FROM      YEAR
                                                  NORMAL
..................................................................
TEMPERATURE (F)
 YESTERDAY
  MAXIMUM         92    248 PM 104    1936  92      0       91
  MINIMUM         73    533 AM  56    2004  70      3       73
  AVERAGE         83                        81      2       82

PRECIPITATION (IN)
  YESTERDAY        0.00          1.08 2012   0.12  -0.12     0.00
  MONTH TO DATE    1.72                      2.06  -0.34     3.05
  SINCE JUN 1     11.71                     10.48   1.23    11.45
  SINCE JAN 1     33.47                     35.08  -1.61    33.55

SNOWFALL (IN)
  YESTERDAY        0.0          MM      MM   0.0    0.0      0.0
  MONTH TO DATE    0.0                       0.0    0.0      0.0
  SINCE JUN 1      0.0                       0.0    0.0      0.0
  SINCE JUL 1      0.0                       0.0    0.0      0.0
  SNOW DEPTH       0

DEGREE DAYS
 HEATING
  YESTERDAY        0                         0      0        0
  MONTH TO DATE    0                         0      0        0
  SINCE JUN 1      0                         0      0        0
  SINCE JUL 1      0                         0      0        0

 COOLING
  YESTERDAY       18                        16      2       17
  MONTH TO DATE  265                       276    -11      328
  SINCE JUN 1   1165                      1181    -16     1388
  SINCE JAN 1   1501                      1458     43     1674
..................................................................


WIND (MPH)
  HIGHEST WIND SPEED    15   HIGHEST WIND DIRECTION     S (180)
  HIGHEST GUST SPEED    22   HIGHEST GUST DIRECTION    SW (240)
  AVERAGE WIND SPEED     6.9


SKY COVER
  POSSIBLE SUNSHINE  MM
  AVERAGE SKY COVER 0.4


WEATHER CONDITIONS
 THE FOLLOWING WEATHER WAS RECORDED YESTERDAY.
  THUNDERSTORM


RELATIVE HUMIDITY (PERCENT)
 HIGHEST    93           200 AM
 LOWEST     56          1200 PM
 AVERAGE    75

..........................................................


THE TUPELO CLIMATE NORMALS FOR TODAY
                         NORMAL    RECORD    YEAR
 MAXIMUM TEMPERATURE (F)   92       103      1936
 MINIMUM TEMPERATURE (F)   70        60      1992


SUNRISE AND SUNSET
AUGUST 18 2017........SUNRISE   619 AM CDT   SUNSET   738 PM CDT
AUGUST 19 2017........SUNRISE   619 AM CDT   SUNSET   737 PM CDT


-  INDICATES NEGATIVE NUMBERS.
R  INDICATES RECORD WAS SET OR TIED.
MM INDICATES DATA IS MISSING.
T  INDICATES TRACE AMOUNT.




$$
