000
CDUS44 KMEG 052150
CLITUP


CLIMATE REPORT
NATIONAL WEATHER SERVICE MEMPHIS TN
450 PM CDT THU MAY 5 2016


...................................

...THE TUPELO CLIMATE SUMMARY FOR MAY 5 2016...
VALID TODAY AS OF 0400 PM LOCAL TIME.

CLIMATE NORMAL PERIOD 1981 TO 2010
CLIMATE RECORD PERIOD 1930 TO 2016


WEATHER ITEM   OBSERVED TIME   RECORD YEAR NORMAL DEPARTURE LAST
                VALUE   (LST)  VALUE       VALUE  FROM      YEAR
                                                  NORMAL
..................................................................
TEMPERATURE (F)
 TODAY
  MAXIMUM         71    343 PM  93    1959  79     -8       85
                                      1955
  MINIMUM         48    525 AM  37    1973  56     -8       56
  AVERAGE         60                        68     -8       71

PRECIPITATION (IN)
  TODAY            0.00          4.22 2003   0.18  -0.18     0.00
  MONTH TO DATE    0.54                      0.94  -0.40     0.00
  SINCE MAR 1     14.28                     10.54   3.74    14.16
  SINCE JAN 1     21.45                     19.98   1.47    23.32

SNOWFALL (IN)
  TODAY            0.0

DEGREE DAYS
 HEATING
  TODAY            5                         1      4        0
  MONTH TO DATE    8                         9     -1       10
  SINCE MAR 1    332                       510   -178      424
  SINCE JUL 1   2269                      2941   -672     3142

 COOLING
  TODAY            0                         4     -4        6
  MONTH TO DATE    7                        19    -12       14
  SINCE MAR 1     97                        93      4       90
  SINCE JAN 1     97                        95      2       90
..................................................................


WIND (MPH)
  HIGHEST WIND SPEED    21   HIGHEST WIND DIRECTION    NW (310)
  HIGHEST GUST SPEED    31   HIGHEST GUST DIRECTION    NW (310)
  AVERAGE WIND SPEED     9.4


SKY COVER
  POSSIBLE SUNSHINE  MM
  AVERAGE SKY COVER 0.0


WEATHER CONDITIONS
 THE FOLLOWING WEATHER WAS RECORDED TODAY.
  NO SIGNIFICANT WEATHER WAS OBSERVED.


RELATIVE HUMIDITY (PERCENT)
 HIGHEST    86           400 AM
 LOWEST     22           300 PM
 AVERAGE    54

..........................................................


THE TUPELO CLIMATE NORMALS FOR TOMORROW
                         NORMAL    RECORD    YEAR
 MAXIMUM TEMPERATURE (F)   79        92      2007
                                             1952
                                             1940
 MINIMUM TEMPERATURE (F)   57        42      1958


SUNRISE AND SUNSET
MAY  5 2016...........SUNRISE   601 AM CDT   SUNSET   743 PM CDT
MAY  6 2016...........SUNRISE   600 AM CDT   SUNSET   744 PM CDT


-  INDICATES NEGATIVE NUMBERS.
R  INDICATES RECORD WAS SET OR TIED.
MM INDICATES DATA IS MISSING.
T  INDICATES TRACE AMOUNT.




$$
