000
CDUS44 KMEG 270642
CLITUP


CLIMATE REPORT
NATIONAL WEATHER SERVICE MEMPHIS TN
142 AM CDT TUE JUN 27 2017


...................................

...THE TUPELO CLIMATE SUMMARY FOR JUNE 26 2017...

CLIMATE NORMAL PERIOD 1981 TO 2010
CLIMATE RECORD PERIOD 1930 TO 2017


WEATHER ITEM   OBSERVED TIME   RECORD YEAR NORMAL DEPARTURE LAST
                VALUE   (LST)  VALUE       VALUE  FROM      YEAR
                                                  NORMAL
..................................................................
TEMPERATURE (F)
 YESTERDAY
  MAXIMUM         84   1126 AM 101    1988  91     -7       98
                                      1954
                                      1934
  MINIMUM         59    459 AM  49    1974  70    -11       75
  AVERAGE         72                        80     -8       87

PRECIPITATION (IN)
  YESTERDAY        0.00          2.34 1958   0.15  -0.15     0.00
  MONTH TO DATE    8.56                      3.93   4.63     5.06
  SINCE JUN 1      8.56                      3.93   4.63     5.06
  SINCE JAN 1     30.32                     28.53   1.79    27.16

SNOWFALL (IN)
  YESTERDAY        0.0          MM      MM   0.0    0.0      0.0
  MONTH TO DATE    0.0                       0.0    0.0      0.0
  SINCE JUN 1      0.0                       0.0    0.0      0.0
  SINCE JUL 1      T                         2.1   -2.1       T
  SNOW DEPTH       0

DEGREE DAYS
 HEATING
  YESTERDAY        0                         0      0        0
  MONTH TO DATE    0                         0      0        0
  SINCE JUN 1      0                         0      0        0
  SINCE JUL 1   1986                      2956   -970     2282

 COOLING
  YESTERDAY        7                        15     -8       22
  MONTH TO DATE  303                       332    -29      420
  SINCE JUN 1    303                       332    -29      420
  SINCE JAN 1    639                       609     30      706
..................................................................


WIND (MPH)
  HIGHEST WIND SPEED    14   HIGHEST WIND DIRECTION     N (340)
  HIGHEST GUST SPEED    17   HIGHEST GUST DIRECTION     N (360)
  AVERAGE WIND SPEED     1.9


SKY COVER
  POSSIBLE SUNSHINE  MM
  AVERAGE SKY COVER 0.0


WEATHER CONDITIONS
 THE FOLLOWING WEATHER WAS RECORDED YESTERDAY.
  NO SIGNIFICANT WEATHER WAS OBSERVED.


RELATIVE HUMIDITY (PERCENT)
 HIGHEST    93           100 AM
 LOWEST     33          1100 AM
 AVERAGE    63

..........................................................


THE TUPELO CLIMATE NORMALS FOR TODAY
                         NORMAL    RECORD    YEAR
 MAXIMUM TEMPERATURE (F)   91       104      1954
 MINIMUM TEMPERATURE (F)   70        52      1974


SUNRISE AND SUNSET
JUNE 27 2017..........SUNRISE   545 AM CDT   SUNSET   811 PM CDT
JUNE 28 2017..........SUNRISE   546 AM CDT   SUNSET   811 PM CDT


-  INDICATES NEGATIVE NUMBERS.
R  INDICATES RECORD WAS SET OR TIED.
MM INDICATES DATA IS MISSING.
T  INDICATES TRACE AMOUNT.




$$
