000
CDUS44 KMEG 130623
CLITUP


CLIMATE REPORT
NATIONAL WEATHER SERVICE MEMPHIS TN
123 AM CDT SUN JUL 13 2014


...................................

...THE TUPELO CLIMATE SUMMARY FOR JULY 12 2014...

CLIMATE NORMAL PERIOD 1981 TO 2010
CLIMATE RECORD PERIOD 1930 TO 2014


WEATHER ITEM   OBSERVED TIME   RECORD YEAR NORMAL DEPARTURE LAST
                VALUE   (LST)  VALUE       VALUE  FROM      YEAR
                                                  NORMAL
..................................................................
TEMPERATURE (F)
 YESTERDAY
  MAXIMUM         92    257 PM 107    1930  92      0       90
  MINIMUM         70    436 AM  58    1976  71     -1       68
                                      1973
  AVERAGE         81                        82     -1       79

PRECIPITATION (IN)
  YESTERDAY        0.00          2.71 2012   0.13  -0.13     0.00
  MONTH TO DATE    0.82                      1.62  -0.80     0.29
  SINCE JUN 1      9.16                      6.14   3.02     2.33
  SINCE JAN 1     29.33                     30.74  -1.41    30.76

SNOWFALL (IN)
  YESTERDAY        0.0          MM      MM   0.0    0.0      0.0
  MONTH TO DATE    0.0                       0.0    0.0      0.0
  SINCE JUN 1      0.0                       0.0    0.0      0.0
  SINCE JUL 1      0.0                       0.0    0.0      0.0
  SNOW DEPTH       0

DEGREE DAYS
 HEATING
  YESTERDAY        0                         0      0        0
  MONTH TO DATE    0                         0      0        0
  SINCE JUN 1      0                         0      0        0
  SINCE JUL 1      0                         0      0        0

 COOLING
  YESTERDAY       16                        17     -1       14
  MONTH TO DATE  162                       193    -31      175
  SINCE JUN 1    582                       588     -6      591
  SINCE JAN 1    856                       865     -9      837
..................................................................


WIND (MPH)
  HIGHEST WIND SPEED     9   HIGHEST WIND DIRECTION     N (10)
  HIGHEST GUST SPEED    12   HIGHEST GUST DIRECTION     N (10)
  AVERAGE WIND SPEED     2.4


SKY COVER
  POSSIBLE SUNSHINE  MM
  AVERAGE SKY COVER 0.0


WEATHER CONDITIONS
 THE FOLLOWING WEATHER WAS RECORDED YESTERDAY.
  FOG


RELATIVE HUMIDITY (PERCENT)
 HIGHEST    93           100 AM
 LOWEST     41           400 PM
 AVERAGE    67

..........................................................


THE TUPELO CLIMATE NORMALS FOR TODAY
                         NORMAL    RECORD    YEAR
 MAXIMUM TEMPERATURE (F)   92       105      1936
                                             1930
 MINIMUM TEMPERATURE (F)   71        58      1975


SUNRISE AND SUNSET
JULY 13 2014..........SUNRISE   553 AM CDT   SUNSET   808 PM CDT
JULY 14 2014..........SUNRISE   554 AM CDT   SUNSET   808 PM CDT


-  INDICATES NEGATIVE NUMBERS.
R  INDICATES RECORD WAS SET OR TIED.
MM INDICATES DATA IS MISSING.
T  INDICATES TRACE AMOUNT.




$$
