449
CDUS45 KTWC 300730
CLITUS

CLIMATE REPORT
NATIONAL WEATHER SERVICE TUCSON AZ
1229 AM MST TUE AUG 30 2016


...................................

...THE TUCSON AZ CLIMATE SUMMARY FOR AUGUST 29 2016...

CLIMATE NORMAL PERIOD 1981 TO 2010
CLIMATE RECORD PERIOD 1895 TO 2016


WEATHER ITEM   OBSERVED TIME   RECORD YEAR NORMAL DEPARTURE LAST
                VALUE   (LST)  VALUE       VALUE  FROM      YEAR
                                                  NORMAL
..................................................................
TEMPERATURE (F)
 YESTERDAY
  MAXIMUM        100    443 PM 107    1985  98      2      105
                                      1905
  MINIMUM         69    651 AM  58    1917  73     -4       78
  AVERAGE         85                        85      0       92

PRECIPITATION (IN)
  YESTERDAY        0.00          1.73 1910   0.06  -0.06      T
  MONTH TO DATE    1.09                      2.26  -1.17     1.51
  SINCE OCT 1     11.41                     10.17   1.24    11.35
  SINCE JAN 1      8.53                      7.78   0.75     7.85

DEGREE DAYS
 HEATING
  YESTERDAY        0                         0      0        0
  MONTH TO DATE    0                         0      0        0
  SINCE JUN 1      0                         0      0        0
  SINCE JUL 1      0                         0      0        0

 COOLING
  YESTERDAY       20                        20      0       27
  MONTH TO DATE  592                       586      6      707
  SINCE JUN 1   2095                      1863    232     2121
  SINCE JAN 1   2662                      2365    297     2635
..................................................................


WIND (MPH)
  HIGHEST WIND SPEED    14   HIGHEST WIND DIRECTION    SE (130)
  HIGHEST GUST SPEED    19   HIGHEST GUST DIRECTION    SE (130)
  AVERAGE WIND SPEED     5.5


SKY COVER
  POSSIBLE SUNSHINE  MM
  AVERAGE SKY COVER 0.0


WEATHER CONDITIONS
 THE FOLLOWING WEATHER WAS RECORDED YESTERDAY.
  NO SIGNIFICANT WEATHER WAS OBSERVED.


RELATIVE HUMIDITY (PERCENT)
 HIGHEST    40
 LOWEST     12
 AVERAGE    26

..........................................................


THE TUCSON AZ CLIMATE NORMALS FOR TODAY
                         NORMAL    RECORD    YEAR
 MAXIMUM TEMPERATURE (F)   98       107      2011
 MINIMUM TEMPERATURE (F)   72        61      1920
                                             1906


SUNRISE AND SUNSET
AUGUST 30 2016........SUNRISE   558 AM MST   SUNSET   650 PM MST
AUGUST 31 2016........SUNRISE   559 AM MST   SUNSET   648 PM MST


-  INDICATES NEGATIVE NUMBERS.
R  INDICATES RECORD WAS SET OR TIED.
MM INDICATES DATA IS MISSING.
T  INDICATES TRACE AMOUNT.




$$
