000
CDUS45 KTWC 230730
CLITUS

CLIMATE REPORT
NATIONAL WEATHER SERVICE TUCSON AZ
1229 AM MST THU FEB 23 2017


...................................

...THE TUCSON AZ CLIMATE SUMMARY FOR FEBRUARY 22 2017...

CLIMATE NORMAL PERIOD 1981 TO 2010
CLIMATE RECORD PERIOD 1895 TO 2017


WEATHER ITEM   OBSERVED TIME   RECORD YEAR NORMAL DEPARTURE LAST
                VALUE   (LST)  VALUE       VALUE  FROM      YEAR
                                                  NORMAL
..................................................................
TEMPERATURE (F)
 YESTERDAY
  MAXIMUM         80    404 PM  85    1991  70     10       77
  MINIMUM         50    704 AM  20    1955  43      7       45
  AVERAGE         65                        56      9       61

PRECIPITATION (IN)
  YESTERDAY        0.00          0.74 1941   0.03  -0.03     0.00
  MONTH TO DATE    0.17                      0.69  -0.52     0.18
  SINCE OCT 1      3.03                      4.02  -0.99     4.59
  SINCE JAN 1      1.35                      1.63  -0.28     1.71

DEGREE DAYS
 HEATING
  YESTERDAY        0                         9     -9        4
  MONTH TO DATE   95                       223   -128      128
  SINCE DEC 1    728                      1011   -283      919
  SINCE JUL 1    822                      1217   -395     1114

 COOLING
  YESTERDAY        0                         0      0        0
  MONTH TO DATE    9                         0      9       23
  SINCE DEC 1     12                         1     11       23
  SINCE JAN 1      9                         1      8       23
..................................................................


WIND (MPH)
  HIGHEST WIND SPEED    16   HIGHEST WIND DIRECTION     W (290)
  HIGHEST GUST SPEED    22   HIGHEST GUST DIRECTION    NW (310)
  AVERAGE WIND SPEED     8.0


SKY COVER
  POSSIBLE SUNSHINE  MM
  AVERAGE SKY COVER 0.0


WEATHER CONDITIONS
 THE FOLLOWING WEATHER WAS RECORDED YESTERDAY.
  NO SIGNIFICANT WEATHER WAS OBSERVED.


RELATIVE HUMIDITY (PERCENT)
 HIGHEST    77
 LOWEST     24
 AVERAGE    51

..........................................................


THE TUCSON AZ CLIMATE NORMALS FOR TODAY
                         NORMAL    RECORD    YEAR
 MAXIMUM TEMPERATURE (F)   70        91      2009
 MINIMUM TEMPERATURE (F)   43        25      1975
                                             1955


SUNRISE AND SUNSET
FEBRUARY 23 2017......SUNRISE   657 AM MST   SUNSET   617 PM MST
FEBRUARY 24 2017......SUNRISE   656 AM MST   SUNSET   618 PM MST


-  INDICATES NEGATIVE NUMBERS.
R  INDICATES RECORD WAS SET OR TIED.
MM INDICATES DATA IS MISSING.
T  INDICATES TRACE AMOUNT.




$$
