000
CDUS45 KTWC 271427
CLITUS

CLIMATE REPORT
NATIONAL WEATHER SERVICE TUCSON AZ
727 AM MST TUE SEP 27 2016


...................................

...THE TUCSON AZ CLIMATE SUMMARY FOR SEPTEMBER 27 2016...
VALID AS OF 0700 AM LOCAL TIME.

CLIMATE NORMAL PERIOD 1981 TO 2010
CLIMATE RECORD PERIOD 1895 TO 2016


WEATHER ITEM   OBSERVED TIME   RECORD YEAR NORMAL DEPARTURE LAST
                VALUE   (LST)  VALUE       VALUE  FROM      YEAR
                                                  NORMAL
..................................................................
TEMPERATURE (F)
 TODAY
  MINIMUM         61    631 AM  46    1915  65     -4       69

PRECIPITATION (IN)
  TODAY            0.09          1.38 1926   0.03   0.06     0.00
  MONTH TO DATE    1.39                      1.19   0.20     2.40
  SINCE OCT 1     12.80                     11.49   1.31    14.04
  SINCE JAN 1      9.92                      9.10   0.82    10.54

DEGREE DAYS
 HEATING
  TODAY            0                         0      0        0

 COOLING
  TODAY            1                        13    -12       19
..................................................................


WIND (MPH)
  HIGHEST WIND SPEED    32   HIGHEST WIND DIRECTION    SE (140)
  HIGHEST GUST SPEED    38   HIGHEST GUST DIRECTION    SE (140)
  AVERAGE WIND SPEED    21.5


SKY COVER
  POSSIBLE SUNSHINE  MM
  AVERAGE SKY COVER 0.5


WEATHER CONDITIONS
 THE FOLLOWING WEATHER WAS RECORDED TODAY.
  THUNDERSTORM
  LIGHT RAIN


RELATIVE HUMIDITY (PERCENT)
 HIGHEST    52           200 AM

..........................................................


THE TUCSON AZ CLIMATE NORMALS FOR TOMORROW
                         NORMAL    RECORD    YEAR
 MAXIMUM TEMPERATURE (F)   91       103      1994
 MINIMUM TEMPERATURE (F)   64        44      1936
                                             1923
                                             1904


SUNRISE AND SUNSET
SEPTEMBER 27 2016.....SUNRISE   615 AM MST   SUNSET   613 PM MST
SEPTEMBER 28 2016.....SUNRISE   616 AM MST   SUNSET   612 PM MST


-  INDICATES NEGATIVE NUMBERS.
R  INDICATES RECORD WAS SET OR TIED.
MM INDICATES DATA IS MISSING.
T  INDICATES TRACE AMOUNT.

$$
