000
CDUS43 KAPX 250543
CLITVC


CLIMATE REPORT
NATIONAL WEATHER SERVICE GAYLORD MI
1243 AM EST SUN JAN 25 2015


...................................

...THE TRAVERSE CITY MI CLIMATE SUMMARY FOR JANUARY 24 2015...

CLIMATE NORMAL PERIOD 1981 TO 2010
CLIMATE RECORD PERIOD 1896 TO 2015


WEATHER ITEM   OBSERVED TIME   RECORD YEAR NORMAL DEPARTURE LAST
                VALUE   (LST)  VALUE       VALUE  FROM      YEAR
                                                  NORMAL
..................................................................
TEMPERATURE (F)
 YESTERDAY
  MAXIMUM         38    351 PM  54    1950  28     10       24
  MINIMUM         23   1159 PM -10    1963  14      9        6
  AVERAGE         31                        21     10       15

PRECIPITATION (IN)
  YESTERDAY        0.01          1.82 1938   0.08  -0.07     0.12
  MONTH TO DATE    0.37                      2.27  -1.90     0.87
  SINCE DEC 1      1.43                      4.76  -3.33     1.86
  SINCE JAN 1      0.37                      2.27  -1.90     0.87

DEGREE DAYS
 HEATING
  YESTERDAY       34                        44    -10       50
  MONTH TO DATE 1107                      1041     66     1119
  SINCE DEC 1   2178                      2230    -52     2449
  SINCE JUL 1   3857                      3849      8     3940
..................................................................


WIND (MPH)
  HIGHEST WIND SPEED    18   HIGHEST WIND DIRECTION     N (20)
  HIGHEST GUST SPEED    26   HIGHEST GUST DIRECTION     N (10)
  AVERAGE WIND SPEED     8.3




RELATIVE HUMIDITY (PERCENT)
 HIGHEST    85
 LOWEST     70
 AVERAGE    78

..........................................................


THE TRAVERSE CITY MI CLIMATE NORMALS FOR TODAY
                         NORMAL    RECORD    YEAR
 MAXIMUM TEMPERATURE (F)   28        55      1950
 MINIMUM TEMPERATURE (F)   14       -15      1904


SUNRISE AND SUNSET
JANUARY 25 2015.......SUNRISE   809 AM EST   SUNSET   541 PM EST
JANUARY 26 2015.......SUNRISE   808 AM EST   SUNSET   542 PM EST


-  INDICATES NEGATIVE NUMBERS.
R  INDICATES RECORD WAS SET OR TIED.
MM INDICATES DATA IS MISSING.
T  INDICATES TRACE AMOUNT.




$$
