000
CDUS43 KAPX 220528
CLITVC


CLIMATE REPORT
NATIONAL WEATHER SERVICE GAYLORD MI
128 AM EDT SUN OCT 22 2017


...................................

...THE TRAVERSE CITY MI CLIMATE SUMMARY FOR OCTOBER 21 2017...

CLIMATE NORMAL PERIOD 1981 TO 2010
CLIMATE RECORD PERIOD 1896 TO 2017


WEATHER ITEM   OBSERVED TIME   RECORD YEAR NORMAL DEPARTURE LAST
                VALUE   (LST)  VALUE       VALUE  FROM      YEAR
                                                  NORMAL
..................................................................
TEMPERATURE (F)
 YESTERDAY
  MAXIMUM         77    410 PM  82    1953  55     22       50
  MINIMUM         62    826 AM  21    1959  38     24       43
  AVERAGE         70                        46     24       47

PRECIPITATION (IN)
  YESTERDAY        0.00          1.10 1933   0.09  -0.09     0.12
  MONTH TO DATE    2.28                      2.19   0.09     2.21
  SINCE SEP 1      4.68                      5.72  -1.04     5.98
  SINCE JAN 1     25.05                     26.83  -1.78    23.72

DEGREE DAYS
 HEATING
  YESTERDAY        0                        19    -19       18
  MONTH TO DATE  115                       321   -206      152
  SINCE SEP 1    216                       514   -298      201
  SINCE JUL 1    250                       583   -333      210

 COOLING
  YESTERDAY        5                         0      5        0
  MONTH TO DATE   20                         0     20        4
  SINCE SEP 1    144                        38    106      103
  SINCE JAN 1    527                       407    120      763
..................................................................


WIND (MPH)
  HIGHEST WIND SPEED    13   HIGHEST WIND DIRECTION     S (190)
  HIGHEST GUST SPEED    23   HIGHEST GUST DIRECTION    SW (210)
  AVERAGE WIND SPEED     6.1




RELATIVE HUMIDITY (PERCENT)
 HIGHEST    60
 LOWEST     27
 AVERAGE    44

..........................................................


THE TRAVERSE CITY MI CLIMATE NORMALS FOR TODAY
                         NORMAL    RECORD    YEAR
 MAXIMUM TEMPERATURE (F)   55        83      1947
 MINIMUM TEMPERATURE (F)   37        22      2008


SUNRISE AND SUNSET
OCTOBER 22 2017.......SUNRISE   807 AM EDT   SUNSET   646 PM EDT
OCTOBER 23 2017.......SUNRISE   808 AM EDT   SUNSET   644 PM EDT


-  INDICATES NEGATIVE NUMBERS.
R  INDICATES RECORD WAS SET OR TIED.
MM INDICATES DATA IS MISSING.
T  INDICATES TRACE AMOUNT.




$$
