000
CDUS43 KAPX 290529
CLITVC


CLIMATE REPORT
NATIONAL WEATHER SERVICE GAYLORD MI
127 AM EDT THU JUN 29 2017


...................................

...THE TRAVERSE CITY MI CLIMATE SUMMARY FOR JUNE 28 2017...

CLIMATE NORMAL PERIOD 1981 TO 2010
CLIMATE RECORD PERIOD 1896 TO 2017


WEATHER ITEM   OBSERVED TIME   RECORD YEAR NORMAL DEPARTURE LAST
                VALUE   (LST)  VALUE       VALUE  FROM      YEAR
                                                  NORMAL
..................................................................
TEMPERATURE (F)
 YESTERDAY
  MAXIMUM         76   1234 PM 101    1971  79     -3       70
  MINIMUM         57    505 AM  38    1925  56      1       49
  AVERAGE         67                        68     -1       60

PRECIPITATION (IN)
  YESTERDAY        0.24          1.10 1987   0.12   0.12     0.01
  MONTH TO DATE    4.05                      2.94   1.11     1.88
  SINCE JUN 1      4.05                      2.94   1.11     1.88
  SINCE JAN 1     14.02                     14.49  -0.47    11.74

DEGREE DAYS
 HEATING
  YESTERDAY        0                         2     -2        5
  MONTH TO DATE   47                       110    -63       61
  SINCE JUN 1     47                       110    -63       61
  SINCE JUL 1   6122                      7546  -1424     6229

 COOLING
  YESTERDAY        2                         4     -2        0
  MONTH TO DATE   95                        71     24       86
  SINCE JUN 1     95                        71     24       86
  SINCE JAN 1    116                        91     25      136
..................................................................


WIND (MPH)
  HIGHEST WIND SPEED    15   HIGHEST WIND DIRECTION     S (160)
  HIGHEST GUST SPEED    26   HIGHEST GUST DIRECTION     S (190)
  AVERAGE WIND SPEED     6.7




RELATIVE HUMIDITY (PERCENT)
 HIGHEST    87
 LOWEST     43
 AVERAGE    65

..........................................................


THE TRAVERSE CITY MI CLIMATE NORMALS FOR TODAY
                         NORMAL    RECORD    YEAR
 MAXIMUM TEMPERATURE (F)   79       100      1971
 MINIMUM TEMPERATURE (F)   56        40      1988


SUNRISE AND SUNSET
JUNE 29 2017..........SUNRISE   600 AM EDT   SUNSET   932 PM EDT
JUNE 30 2017..........SUNRISE   600 AM EDT   SUNSET   932 PM EDT


-  INDICATES NEGATIVE NUMBERS.
R  INDICATES RECORD WAS SET OR TIED.
MM INDICATES DATA IS MISSING.
T  INDICATES TRACE AMOUNT.




$$
