000
CDUS43 KAPX 280528
CLITVC


CLIMATE REPORT
NATIONAL WEATHER SERVICE GAYLORD MI
127 AM EDT WED SEP 28 2016


...................................

...THE TRAVERSE CITY MI CLIMATE SUMMARY FOR SEPTEMBER 27 2016...

CLIMATE NORMAL PERIOD 1981 TO 2010
CLIMATE RECORD PERIOD 1896 TO 2016


WEATHER ITEM   OBSERVED TIME   RECORD YEAR NORMAL DEPARTURE LAST
                VALUE   (LST)  VALUE       VALUE  FROM      YEAR
                                                  NORMAL
..................................................................
TEMPERATURE (F)
 YESTERDAY
  MAXIMUM         58    126 PM  86    1923  65     -7       73
  MINIMUM         51   1159 PM  27    1989  46      5       58
  AVERAGE         55                        55      0       66

PRECIPITATION (IN)
  YESTERDAY        0.24          0.75 1996   0.11   0.13      T
  MONTH TO DATE    3.76                      3.20   0.56     3.74
  SINCE SEP 1      3.76                      3.20   0.56     3.74
  SINCE JAN 1     21.50                     24.31  -2.81    15.39

DEGREE DAYS
 HEATING
  YESTERDAY       10                        10      0        0
  MONTH TO DATE   42                       161   -119       44
  SINCE SEP 1     42                       161   -119       44
  SINCE JUL 1     51                       230   -179       91

 COOLING
  YESTERDAY        0                         1     -1        1
  MONTH TO DATE   99                        39     60      127
  SINCE SEP 1     99                        39     60      127
  SINCE JAN 1    759                       408    351      560
..................................................................


WIND (MPH)
  HIGHEST WIND SPEED    20   HIGHEST WIND DIRECTION     W (280)
  HIGHEST GUST SPEED    25   HIGHEST GUST DIRECTION     W (270)
  AVERAGE WIND SPEED     5.3




RELATIVE HUMIDITY (PERCENT)
 HIGHEST    96
 LOWEST     62
 AVERAGE    79

..........................................................


THE TRAVERSE CITY MI CLIMATE NORMALS FOR TODAY
                         NORMAL    RECORD    YEAR
 MAXIMUM TEMPERATURE (F)   65        85      1971
 MINIMUM TEMPERATURE (F)   45        27      2000


SUNRISE AND SUNSET
SEPTEMBER 28 2016.....SUNRISE   737 AM EDT   SUNSET   727 PM EDT
SEPTEMBER 29 2016.....SUNRISE   738 AM EDT   SUNSET   726 PM EDT


-  INDICATES NEGATIVE NUMBERS.
R  INDICATES RECORD WAS SET OR TIED.
MM INDICATES DATA IS MISSING.
T  INDICATES TRACE AMOUNT.




$$
