000
CDUS43 KAPX 230539
CLITVC


CLIMATE REPORT
NATIONAL WEATHER SERVICE GAYLORD MI
138 AM EDT SUN APR 23 2017


...................................

...THE TRAVERSE CITY MI CLIMATE SUMMARY FOR APRIL 22 2017...

CLIMATE NORMAL PERIOD 1981 TO 2010
CLIMATE RECORD PERIOD 1896 TO 2017


WEATHER ITEM   OBSERVED TIME   RECORD YEAR NORMAL DEPARTURE LAST
                VALUE   (LST)  VALUE       VALUE  FROM      YEAR
                                                  NORMAL
..................................................................
TEMPERATURE (F)
 YESTERDAY
  MAXIMUM         59    405 PM  88    1980  57      2       49
  MINIMUM         29    618 AM  19    1905  34     -5       39
  AVERAGE         44                        46     -2       44

PRECIPITATION (IN)
  YESTERDAY        0.00          0.45 1937   0.09  -0.09      T
                                      1918
  MONTH TO DATE    2.34                      2.07   0.27     0.83
  SINCE MAR 1      4.07                      3.93   0.14     4.65
  SINCE JAN 1      7.40                      8.25  -0.85     7.44

DEGREE DAYS
 HEATING
  YESTERDAY       21                        20      1       21
  MONTH TO DATE  390                       521   -131      539
  SINCE MAR 1   1423                      1583   -160     1394
  SINCE JUL 1   5596                      6923  -1327     5704

 COOLING
  YESTERDAY        0                         0      0        0
  MONTH TO DATE    2                         0      2        0
  SINCE MAR 1      2                         0      2        0
  SINCE JAN 1      2                         0      2        0
..................................................................


WIND (MPH)
  HIGHEST WIND SPEED     9   HIGHEST WIND DIRECTION    NE (40)
  HIGHEST GUST SPEED    14   HIGHEST GUST DIRECTION    NE (60)
  AVERAGE WIND SPEED     2.9




RELATIVE HUMIDITY (PERCENT)
 HIGHEST    92
 LOWEST     28
 AVERAGE    60

..........................................................


THE TRAVERSE CITY MI CLIMATE NORMALS FOR TODAY
                         NORMAL    RECORD    YEAR
 MAXIMUM TEMPERATURE (F)   57        86      1925
 MINIMUM TEMPERATURE (F)   35        21      1986


SUNRISE AND SUNSET
APRIL 23 2017.........SUNRISE   644 AM EDT   SUNSET   838 PM EDT
APRIL 24 2017.........SUNRISE   643 AM EDT   SUNSET   839 PM EDT


-  INDICATES NEGATIVE NUMBERS.
R  INDICATES RECORD WAS SET OR TIED.
MM INDICATES DATA IS MISSING.
T  INDICATES TRACE AMOUNT.




$$
