000
CDUS43 KAPX 182234
CLITVC


CLIMATE REPORT
NATIONAL WEATHER SERVICE GAYLORD MI
534 PM EST MON DEC 18 2017


...................................

...THE TRAVERSE CITY MI CLIMATE SUMMARY FOR DECEMBER 18 2017...
VALID TODAY AS OF 0500 PM LOCAL TIME.

CLIMATE NORMAL PERIOD 1981 TO 2010
CLIMATE RECORD PERIOD 1896 TO 2017


WEATHER ITEM   OBSERVED TIME   RECORD YEAR NORMAL DEPARTURE LAST
                VALUE   (LST)  VALUE       VALUE  FROM      YEAR
                                                  NORMAL
..................................................................
TEMPERATURE (F)
 TODAY
  MAXIMUM         36    423 PM  49    1931  31      5       20
  MINIMUM         27   1252 AM  -3    1926  20      7       11
  AVERAGE         32                        26      6       16

PRECIPITATION (IN)
  TODAY            T             0.62 1977   0.07  -0.07     0.03
  MONTH TO DATE    1.04                      1.43  -0.39     0.90
  SINCE DEC 1      1.04                      1.43  -0.39     0.90
  SINCE JAN 1     32.33                     31.99   0.34    26.07

SNOWFALL (IN)
  TODAY           MM            MM      MM   0.9   MM       MM
  MONTH TO DATE   MM                        13.3   MM       MM
  SINCE OCT 1     MM                        22.5   MM       MM
  SINCE JUL 1     MM                        22.5   MM       MM

DEGREE DAYS
 HEATING
  TODAY           33                        39     -6       49
  MONTH TO DATE  655                       658     -3      684
  SINCE DEC 1    655                       658     -3      684
  SINCE JUL 1   1949                      2277   -328     1643
..................................................................


WIND (MPH)
  RESULTANT WIND SPEED   2   RESULTANT WIND DIRECTION  SW (210)
  HIGHEST WIND SPEED    12   HIGHEST WIND DIRECTION    SW (240)
  HIGHEST GUST SPEED    17   HIGHEST GUST DIRECTION    SW (220)
  AVERAGE WIND SPEED     3.6


SKY COVER
  POSSIBLE SUNSHINE  MM
  AVERAGE SKY COVER 1.0


WEATHER CONDITIONS
 THE FOLLOWING WEATHER WAS RECORDED TODAY.
  LIGHT SNOW
  FOG
  FOG W/VISIBILITY <= 1/4 MILE
  HAZE


RELATIVE HUMIDITY (PERCENT)
 HIGHEST   100           900 AM
 LOWEST     82          1200 PM
 AVERAGE    91

..........................................................




SUNRISE AND SUNSET
DECEMBER 18 2017......SUNRISE   815 AM EST   SUNSET   503 PM EST
DECEMBER 19 2017......SUNRISE   815 AM EST   SUNSET   504 PM EST


-  INDICATES NEGATIVE NUMBERS.
R  INDICATES RECORD WAS SET OR TIED.
MM INDICATES DATA IS MISSING.
T  INDICATES TRACE AMOUNT.




$$
