000
CDUS43 KAPX 300540
CLITVC


CLIMATE REPORT
NATIONAL WEATHER SERVICE GAYLORD MI
140 AM EDT MON MAR 30 2015


...................................

...THE TRAVERSE CITY MI CLIMATE SUMMARY FOR MARCH 29 2015...

CLIMATE NORMAL PERIOD 1981 TO 2010
CLIMATE RECORD PERIOD 1896 TO 2015


WEATHER ITEM   OBSERVED TIME   RECORD YEAR NORMAL DEPARTURE LAST
                VALUE   (LST)  VALUE       VALUE  FROM      YEAR
                                                  NORMAL
..................................................................
TEMPERATURE (F)
 YESTERDAY
  MAXIMUM         43   1233 PM  82    1910  45     -2       36
  MINIMUM         26    454 AM   2    1970  26      0       24
  AVERAGE         35                        36     -1       30

PRECIPITATION (IN)
  YESTERDAY        0.12          0.50 1938   0.07   0.05     0.00
  MONTH TO DATE    0.52                      1.72  -1.20     0.92
  SINCE MAR 1      0.52                      1.72  -1.20     0.92
  SINCE JAN 1      1.30                      6.04  -4.74     2.34

DEGREE DAYS
 HEATING
  YESTERDAY       30                        29      1       35
  MONTH TO DATE 1030                      1005     25     1281
  SINCE MAR 1   1030                      1005     25     1281
  SINCE JUL 1   6762                      6345    417     7003

 COOLING
  YESTERDAY        0                         0      0        0
  MONTH TO DATE    0                         0      0        0
  SINCE MAR 1      0                         0      0        0
  SINCE JAN 1      0                         0      0        0
..................................................................


WIND (MPH)
  HIGHEST WIND SPEED    25   HIGHEST WIND DIRECTION     W (290)
  HIGHEST GUST SPEED    36   HIGHEST GUST DIRECTION    SW (230)
  AVERAGE WIND SPEED    11.3




RELATIVE HUMIDITY (PERCENT)
 HIGHEST    82
 LOWEST     33
 AVERAGE    58

..........................................................


THE TRAVERSE CITY MI CLIMATE NORMALS FOR TODAY
                         NORMAL    RECORD    YEAR
 MAXIMUM TEMPERATURE (F)   46        81      1931
 MINIMUM TEMPERATURE (F)   27         6      1969


SUNRISE AND SUNSET
MARCH 30 2015.........SUNRISE   727 AM EDT   SUNSET   807 PM EDT
MARCH 31 2015.........SUNRISE   725 AM EDT   SUNSET   808 PM EDT


-  INDICATES NEGATIVE NUMBERS.
R  INDICATES RECORD WAS SET OR TIED.
MM INDICATES DATA IS MISSING.
T  INDICATES TRACE AMOUNT.




$$
