000
CDUS43 KAPX 190600
CLITVC


CLIMATE REPORT
NATIONAL WEATHER SERVICE GAYLORD MI
1259 AM EST FRI DEC 19 2014


...................................

...THE TRAVERSE CITY MI CLIMATE SUMMARY FOR DECEMBER 18 2014...

CLIMATE NORMAL PERIOD 1981 TO 2010
CLIMATE RECORD PERIOD 1896 TO 2014


WEATHER ITEM   OBSERVED TIME   RECORD YEAR NORMAL DEPARTURE LAST
                VALUE   (LST)  VALUE       VALUE  FROM      YEAR
                                                  NORMAL
..................................................................
TEMPERATURE (F)
 YESTERDAY
  MAXIMUM         31    107 AM  49    1931  31      0       28
  MINIMUM         15   1159 PM  -3    1926  20     -5       17
  AVERAGE         23                        26     -3       23

PRECIPITATION (IN)
  YESTERDAY        0.01          0.62 1977   0.07  -0.06      T
  MONTH TO DATE    0.39                      1.43  -1.04     0.49
  SINCE DEC 1      0.39                      1.43  -1.04     0.49
  SINCE JAN 1     31.87                     31.99  -0.12    35.64

DEGREE DAYS
 HEATING
  YESTERDAY       42                        39      3       42
  MONTH TO DATE  617                       658    -41      768
  SINCE DEC 1    617                       658    -41      768
  SINCE JUL 1   2296                      2277     19     2259
..................................................................


WIND (MPH)
  HIGHEST WIND SPEED    15   HIGHEST WIND DIRECTION    NE (30)
  HIGHEST GUST SPEED    21   HIGHEST GUST DIRECTION    NE (40)
  AVERAGE WIND SPEED     6.6




RELATIVE HUMIDITY (PERCENT)
 HIGHEST    85
 LOWEST     69
 AVERAGE    77

..........................................................


THE TRAVERSE CITY MI CLIMATE NORMALS FOR TODAY
                         NORMAL    RECORD    YEAR
 MAXIMUM TEMPERATURE (F)   31        59      1913
 MINIMUM TEMPERATURE (F)   20        -9      1983


SUNRISE AND SUNSET
DECEMBER 19 2014......SUNRISE   815 AM EST   SUNSET   504 PM EST
DECEMBER 20 2014......SUNRISE   816 AM EST   SUNSET   504 PM EST


-  INDICATES NEGATIVE NUMBERS.
R  INDICATES RECORD WAS SET OR TIED.
MM INDICATES DATA IS MISSING.
T  INDICATES TRACE AMOUNT.




$$
