000
CDUS44 KJAN 260635
CLITVR


CLIMATE REPORT
NATIONAL WEATHER SERVICE JACKSON MS
134 AM CDT FRI MAY 26 2017


...................................

...THE VICKSBURG CLIMATE SUMMARY FOR MAY 25 2017...

CLIMATE NORMAL PERIOD 1981 TO 2010
CLIMATE RECORD PERIOD 1948 TO 2017


WEATHER ITEM   OBSERVED TIME   RECORD YEAR NORMAL DEPARTURE LAST
                VALUE   (LST)  VALUE       VALUE  FROM      YEAR
                                                  NORMAL
..................................................................
TEMPERATURE (F)
 YESTERDAY
  MAXIMUM         79    432 PM  94    1972  86     -7       91
                                      1970
  MINIMUM         51    506 AM  49    1979  64    -13       71
  AVERAGE         65                        75    -10       81

PRECIPITATION (IN)
  YESTERDAY        0.00          2.98 1986   0.15  -0.15     0.42
  MONTH TO DATE    4.55                      4.17   0.38     1.74
  SINCE MAR 1     18.39                     14.17   4.22    24.37
  SINCE JAN 1     25.15                     24.51   0.64    34.37

SNOWFALL (IN)
  YESTERDAY        0.0

DEGREE DAYS
 HEATING
  YESTERDAY        0                         0      0        0
  MONTH TO DATE   15                         9      6        0
  SINCE MAR 1    214                       374   -160      129
  SINCE JUL 1   1490                      2350   -860     1507

 COOLING
  YESTERDAY        0                        10    -10       16
  MONTH TO DATE  149                       187    -38      196
  SINCE MAR 1    384                       296     88      412
  SINCE JAN 1    435                       305    130      424
..................................................................


WIND (MPH)
  HIGHEST WIND SPEED    13   HIGHEST WIND DIRECTION     S (170)
  HIGHEST GUST SPEED    19   HIGHEST GUST DIRECTION     S (160)
  AVERAGE WIND SPEED     4.2


SKY COVER
  POSSIBLE SUNSHINE  MM
  AVERAGE SKY COVER 0.0


WEATHER CONDITIONS
 THE FOLLOWING WEATHER WAS RECORDED YESTERDAY.
  NO SIGNIFICANT WEATHER WAS OBSERVED.


RELATIVE HUMIDITY (PERCENT)
 HIGHEST    96           400 AM
 LOWEST     46          1100 AM
 AVERAGE    71

..........................................................


THE VICKSBURG CLIMATE NORMALS FOR TODAY
                         NORMAL    RECORD    YEAR
 MAXIMUM TEMPERATURE (F)   87        93      2000
 MINIMUM TEMPERATURE (F)   64        46      1979


SUNRISE AND SUNSET
MAY 26 2017...........SUNRISE   600 AM CDT   SUNSET   803 PM CDT
MAY 27 2017...........SUNRISE   600 AM CDT   SUNSET   803 PM CDT


-  INDICATES NEGATIVE NUMBERS.
R  INDICATES RECORD WAS SET OR TIED.
MM INDICATES DATA IS MISSING.
T  INDICATES TRACE AMOUNT.




$$
