581
CDUS44 KJAN 220627
CLITVR


CLIMATE REPORT
NATIONAL WEATHER SERVICE JACKSON MS
1225 AM CST SUN JAN 22 2017


...................................

...THE VICKSBURG CLIMATE SUMMARY FOR JANUARY 21 2017...

CLIMATE NORMAL PERIOD 1981 TO 2010
CLIMATE RECORD PERIOD 1948 TO 2017


WEATHER ITEM   OBSERVED TIME   RECORD YEAR NORMAL DEPARTURE LAST
                VALUE   (LST)  VALUE       VALUE  FROM      YEAR
                                                  NORMAL
..................................................................
TEMPERATURE (F)
 YESTERDAY
  MAXIMUM         72    329 PM  80    1982  56     16       52
  MINIMUM         57    740 AM   3    1985  35     22       38
  AVERAGE         65                        45     20       45

PRECIPITATION (IN)
  YESTERDAY        0.53          3.26 1973   0.16   0.37     3.20
  MONTH TO DATE    3.77                      3.29   0.48     4.35
  SINCE DEC 1     10.04                      8.90   1.14     9.90
  SINCE JAN 1      3.77                      3.29   0.48     4.35

SNOWFALL (IN)
  YESTERDAY        0.0

DEGREE DAYS
 HEATING
  YESTERDAY        0                        20    -20       20
  MONTH TO DATE  210                       419   -209      406
  SINCE DEC 1    670                       954   -284      689
  SINCE JUL 1    947                      1356   -409      878

 COOLING
  YESTERDAY        0                         0      0        0
  MONTH TO DATE   14                         0     14        0
  SINCE DEC 1     42                         6     36       62
  SINCE JAN 1     14                         0     14        0
..................................................................


WIND (MPH)
  HIGHEST WIND SPEED    26   HIGHEST WIND DIRECTION     S (170)
  HIGHEST GUST SPEED    32   HIGHEST GUST DIRECTION     S (180)
  AVERAGE WIND SPEED     6.9


SKY COVER
  POSSIBLE SUNSHINE  MM
  AVERAGE SKY COVER 0.3


WEATHER CONDITIONS
 THE FOLLOWING WEATHER WAS RECORDED YESTERDAY.
  THUNDERSTORM
  HEAVY RAIN
  RAIN
  LIGHT RAIN
  FOG


RELATIVE HUMIDITY (PERCENT)
 HIGHEST    97           200 AM
 LOWEST     66           100 PM
 AVERAGE    82

..........................................................


THE VICKSBURG CLIMATE NORMALS FOR TODAY
                         NORMAL    RECORD    YEAR
 MAXIMUM TEMPERATURE (F)   56        81      1999
 MINIMUM TEMPERATURE (F)   35        10      1985


SUNRISE AND SUNSET
JANUARY 22 2017.......SUNRISE   703 AM CST   SUNSET   528 PM CST
JANUARY 23 2017.......SUNRISE   703 AM CST   SUNSET   529 PM CST


-  INDICATES NEGATIVE NUMBERS.
R  INDICATES RECORD WAS SET OR TIED.
MM INDICATES DATA IS MISSING.
T  INDICATES TRACE AMOUNT.




$$
