000
CDUS44 KJAN 210640
CLITVR


CLIMATE REPORT
NATIONAL WEATHER SERVICE JACKSON MS
1237 AM CST TUE FEB 21 2017


...................................

...THE VICKSBURG CLIMATE SUMMARY FOR FEBRUARY 20 2017...

CLIMATE NORMAL PERIOD 1981 TO 2010
CLIMATE RECORD PERIOD 1948 TO 2017


WEATHER ITEM   OBSERVED TIME   RECORD YEAR NORMAL DEPARTURE LAST
                VALUE   (LST)  VALUE       VALUE  FROM      YEAR
                                                  NORMAL
..................................................................
TEMPERATURE (F)
 YESTERDAY
  MAXIMUM         79    222 PM  82    1986  62     17       78
  MINIMUM         51    708 AM  23    1978  41     10       56
  AVERAGE         65                        51     14       67

PRECIPITATION (IN)
  YESTERDAY        0.57          2.17 1953   0.19   0.38     0.00
  MONTH TO DATE    0.86                      3.82  -2.96     2.54
  SINCE DEC 1     11.36                     14.50  -3.14    13.79
  SINCE JAN 1      5.09                      8.89  -3.80     8.24

SNOWFALL (IN)
  YESTERDAY        0.0

DEGREE DAYS
 HEATING
  YESTERDAY        0                        14    -14        0
  MONTH TO DATE  157                       327   -170      237
  SINCE DEC 1    956                      1469   -513     1100
  SINCE JUL 1   1233                      1871   -638     1289

 COOLING
  YESTERDAY        0                         0      0        2
  MONTH TO DATE   26                         0     26        7
  SINCE DEC 1     68                         9     59       70
  SINCE JAN 1     40                         3     37        8
..................................................................


WIND (MPH)
  HIGHEST WIND SPEED    22   HIGHEST WIND DIRECTION    SE (140)
  HIGHEST GUST SPEED    30   HIGHEST GUST DIRECTION    SE (140)
  AVERAGE WIND SPEED     9.7


SKY COVER
  POSSIBLE SUNSHINE  MM
  AVERAGE SKY COVER 0.3


WEATHER CONDITIONS
 THE FOLLOWING WEATHER WAS RECORDED YESTERDAY.
  HEAVY RAIN
  RAIN
  LIGHT RAIN
  FOG


RELATIVE HUMIDITY (PERCENT)
 HIGHEST    93          1100 PM
 LOWEST     53           800 PM
 AVERAGE    73

..........................................................


THE VICKSBURG CLIMATE NORMALS FOR TODAY
                         NORMAL    RECORD    YEAR
 MAXIMUM TEMPERATURE (F)   62        84      1986
 MINIMUM TEMPERATURE (F)   41        23      1959


SUNRISE AND SUNSET
FEBRUARY 21 2017......SUNRISE   640 AM CST   SUNSET   555 PM CST
FEBRUARY 22 2017......SUNRISE   639 AM CST   SUNSET   556 PM CST


-  INDICATES NEGATIVE NUMBERS.
R  INDICATES RECORD WAS SET OR TIED.
MM INDICATES DATA IS MISSING.
T  INDICATES TRACE AMOUNT.




$$
