000
CDUS44 KJAN 300841
CLITVR


CLIMATE REPORT
NATIONAL WEATHER SERVICE JACKSON MS
339 AM CDT THU MAR 30 2017


...................................

...THE VICKSBURG CLIMATE SUMMARY FOR MARCH 29 2017...

CLIMATE NORMAL PERIOD 1981 TO 2010
CLIMATE RECORD PERIOD 1948 TO 2017


WEATHER ITEM   OBSERVED TIME   RECORD YEAR NORMAL DEPARTURE LAST
                VALUE   (LST)  VALUE       VALUE  FROM      YEAR
                                                  NORMAL
..................................................................
TEMPERATURE (F)
 YESTERDAY
  MAXIMUM         83    245 PM  85    1997  72     11       78
  MINIMUM         62    504 AM  27    1955  49     13       54
  AVERAGE         73                        60     13       66

PRECIPITATION (IN)
  YESTERDAY        0.58          2.00 1975   0.15   0.43     0.00
  MONTH TO DATE    2.81                      4.73  -1.92     9.82
  SINCE MAR 1      2.81                      4.73  -1.92     9.82
  SINCE JAN 1      9.57                     15.07  -5.50    19.82

SNOWFALL (IN)
  YESTERDAY        0.0

DEGREE DAYS
 HEATING
  YESTERDAY        0                         6     -6        0
  MONTH TO DATE  169                       253    -84      108
  SINCE MAR 1    169                       253    -84      108
  SINCE JUL 1   1445                      2229   -784     1486

 COOLING
  YESTERDAY        8                         1      7        1
  MONTH TO DATE   86                        26     60       59
  SINCE MAR 1     86                        26     60       59
  SINCE JAN 1    137                        35    102       71
..................................................................


WIND (MPH)
  HIGHEST WIND SPEED    23   HIGHEST WIND DIRECTION    SE (130)
  HIGHEST GUST SPEED    28   HIGHEST GUST DIRECTION    SE (130)
  AVERAGE WIND SPEED    10.9


SKY COVER
  POSSIBLE SUNSHINE  MM
  AVERAGE SKY COVER 0.3


WEATHER CONDITIONS
 THE FOLLOWING WEATHER WAS RECORDED YESTERDAY.
  THUNDERSTORM
  HEAVY RAIN
  RAIN
  LIGHT RAIN
  FOG


RELATIVE HUMIDITY (PERCENT)
 HIGHEST   100           400 AM
 LOWEST     47           200 PM
 AVERAGE    74

..........................................................


THE VICKSBURG CLIMATE NORMALS FOR TODAY
                         NORMAL    RECORD    YEAR
 MAXIMUM TEMPERATURE (F)   72        88      1974
 MINIMUM TEMPERATURE (F)   49        30      1950


SUNRISE AND SUNSET
MARCH 30 2017.........SUNRISE   655 AM CDT   SUNSET   723 PM CDT
MARCH 31 2017.........SUNRISE   653 AM CDT   SUNSET   724 PM CDT


-  INDICATES NEGATIVE NUMBERS.
R  INDICATES RECORD WAS SET OR TIED.
MM INDICATES DATA IS MISSING.
T  INDICATES TRACE AMOUNT.




$$
