372
CDUS44 KJAN 242204
CLITVR


CLIMATE REPORT
NATIONAL WEATHER SERVICE JACKSON MS
504 PM CDT MON JUL 24 2017


...................................

...THE VICKSBURG CLIMATE SUMMARY FOR JULY 24 2017...
VALID AS OF 0500 PM LOCAL TIME.

CLIMATE NORMAL PERIOD 1981 TO 2010
CLIMATE RECORD PERIOD 1948 TO 2017


WEATHER ITEM   OBSERVED TIME   RECORD YEAR NORMAL DEPARTURE LAST
                VALUE   (LST)  VALUE       VALUE  FROM      YEAR
                                                  NORMAL
..................................................................
TEMPERATURE (F)
 TODAY
  MAXIMUM         86   1214 PM 103    1954  92     -6       87
  MINIMUM         73    231 PM  61    2006  71      2       75
  AVERAGE         80                        82     -2       81

PRECIPITATION (IN)
  TODAY            0.94          2.39 2013   0.11   0.83     0.16
  MONTH TO DATE    3.87                      2.86   1.01     1.81
  SINCE JUN 1     11.02                      6.85   4.17     5.32
  SINCE JAN 1     38.44                     32.15   6.29    40.79

DEGREE DAYS
 HEATING
  TODAY            0                         0      0        0
  MONTH TO DATE    0                         0      0        0
  SINCE JUN 1      0                         0      0        0
  SINCE JUL 1      0                         0      0        0

 COOLING
  TODAY           15                        17     -2       16
  MONTH TO DATE  429                       394     35      480
  SINCE JUN 1    823                       812     11      999
  SINCE JAN 1   1323                      1182    141     1514
..................................................................


WIND (MPH)
  HIGHEST WIND SPEED    12   HIGHEST WIND DIRECTION     S (180)
  HIGHEST GUST SPEED    16   HIGHEST GUST DIRECTION    SW (210)
  AVERAGE WIND SPEED     2.9


SKY COVER
  POSSIBLE SUNSHINE  MM
  AVERAGE SKY COVER 1.0


WEATHER CONDITIONS
 THE FOLLOWING WEATHER WAS RECORDED TODAY.
  THUNDERSTORM
  HEAVY RAIN
  RAIN
  LIGHT RAIN
  FOG
  HAZE


RELATIVE HUMIDITY (PERCENT)
 HIGHEST    80          1200 PM
 LOWEST     74          1100 AM
 AVERAGE    77

..........................................................


THE VICKSBURG CLIMATE NORMALS FOR TOMORROW
                         NORMAL    RECORD    YEAR
 MAXIMUM TEMPERATURE (F)   92       101      1952
 MINIMUM TEMPERATURE (F)   71        63      2009


SUNRISE AND SUNSET
JULY 24 2017..........SUNRISE   614 AM CDT   SUNSET   807 PM CDT
JULY 25 2017..........SUNRISE   614 AM CDT   SUNSET   807 PM CDT


-  INDICATES NEGATIVE NUMBERS.
R  INDICATES RECORD WAS SET OR TIED.
MM INDICATES DATA IS MISSING.
T  INDICATES TRACE AMOUNT.




$$
