906
CDUS45 KBOI 200931
CLITWF


CLIMATE REPORT
NATIONAL WEATHER SERVICE BOISE ID
231 AM MST SAT JAN 20 2018


...................................

...THE TWIN FALLS ID CLIMATE SUMMARY FOR JANUARY 19 2018...

CLIMATE NORMAL PERIOD 1981 TO 2010
CLIMATE RECORD PERIOD 9999 TO 9999


WEATHER ITEM   OBSERVED TIME   NORMAL DEPARTURE LAST
                VALUE   (LST)  VALUE  FROM      YEAR
                                      NORMAL
......................................................
TEMPERATURE (F)
 YESTERDAY
  MAXIMUM         39    827 AM  38      1       41
  MINIMUM         29   1159 PM  22      7       31
  AVERAGE         34

PRECIPITATION (IN)
  YESTERDAY        0.16          0.02   0.14     0.15
  MONTH TO DATE    0.80          0.69   0.11     1.11
  SINCE OCT 1      3.36          3.94  -0.58     5.61
  SINCE JAN 1      0.80          0.69   0.11     1.11

DEGREE DAYS
 HEATING
  YESTERDAY       31            35     -4       29
  MONTH TO DATE  573           679   -106      857
  SINCE DEC 1   1724          1808    -84     2115
  SINCE JUL 1   3258          3246     12     3417

 COOLING
  YESTERDAY        0             0      0        0
  MONTH TO DATE    0             0      0        0
  SINCE DEC 1      0             0      0        0
  SINCE JAN 1      0             0      0        0
......................................................


WIND (MPH)
  HIGHEST WIND SPEED    25   HIGHEST WIND DIRECTION     W (250)
  HIGHEST GUST SPEED    30   HIGHEST GUST DIRECTION     W (250)
  AVERAGE WIND SPEED    11.9


SKY COVER
  AVERAGE SKY COVER 0.7


WEATHER CONDITIONS
 THE FOLLOWING WEATHER WAS RECORDED YESTERDAY.
  LIGHT RAIN
  LIGHT SNOW
  FOG


RELATIVE HUMIDITY (PERCENT)
 HIGHEST   100           100 AM
 LOWEST     75           300 PM
 AVERAGE    88

..........................................................




SUNRISE AND SUNSET
JANUARY 20 2018.......SUNRISE   802 AM MST   SUNSET   536 PM MST
JANUARY 21 2018.......SUNRISE   801 AM MST   SUNSET   538 PM MST


-  INDICATES NEGATIVE NUMBERS.
R  INDICATES RECORD WAS SET OR TIED.
MM INDICATES DATA IS MISSING.
T  INDICATES TRACE AMOUNT.




$$
