000
CDUS45 KBOI 200934
CLITWF


CLIMATE REPORT
NATIONAL WEATHER SERVICE BOISE ID
234 AM MST MON FEB 20 2017


...................................

...THE TWIN FALLS ID CLIMATE SUMMARY FOR FEBRUARY 19 2017...

CLIMATE NORMAL PERIOD 1981 TO 2010
CLIMATE RECORD PERIOD 9999 TO 9999


WEATHER ITEM   OBSERVED TIME   NORMAL DEPARTURE LAST
                VALUE   (LST)  VALUE  FROM      YEAR
                                      NORMAL
......................................................
TEMPERATURE (F)
 YESTERDAY
  MAXIMUM         51    414 PM  44      7       54
  MINIMUM         32   1139 PM  24      8       33
  AVERAGE         42

PRECIPITATION (IN)
  YESTERDAY        0.06          0.03   0.03     0.00
  MONTH TO DATE    1.01          0.57   0.44     0.17
  SINCE OCT 1      7.02          4.80   2.22     5.60
  SINCE JAN 1      2.52          1.55   0.97     1.22

DEGREE DAYS
 HEATING
  YESTERDAY       23            31     -8       21
  MONTH TO DATE  537           632    -95      555
  SINCE DEC 1   3156          2862    294     2814
  SINCE JUL 1   4458          4300    158     4025

 COOLING
  YESTERDAY        0             0      0        0
  MONTH TO DATE    0             0      0        0
  SINCE DEC 1      0             0      0        0
  SINCE JAN 1      0             0      0        0
......................................................


WIND (MPH)
  HIGHEST WIND SPEED    36   HIGHEST WIND DIRECTION     W (260)
  HIGHEST GUST SPEED    48   HIGHEST GUST DIRECTION     W (260)
  AVERAGE WIND SPEED    10.4


SKY COVER
  AVERAGE SKY COVER 0.8


WEATHER CONDITIONS
 THE FOLLOWING WEATHER WAS RECORDED YESTERDAY.
  LIGHT RAIN


RELATIVE HUMIDITY (PERCENT)
 HIGHEST    86          1200 AM
 LOWEST     32           300 PM
 AVERAGE    59

..........................................................




SUNRISE AND SUNSET
FEBRUARY 20 2017......SUNRISE   727 AM MST   SUNSET   617 PM MST
FEBRUARY 21 2017......SUNRISE   725 AM MST   SUNSET   618 PM MST


-  INDICATES NEGATIVE NUMBERS.
R  INDICATES RECORD WAS SET OR TIED.
MM INDICATES DATA IS MISSING.
T  INDICATES TRACE AMOUNT.




$$
