000
CDUS45 KBOI 280931
CLITWF


CLIMATE REPORT
NATIONAL WEATHER SERVICE BOISE ID
231 AM MST FRI NOV 28 2014


...................................

...THE TWIN FALLS ID CLIMATE SUMMARY FOR NOVEMBER 27 2014...

CLIMATE NORMAL PERIOD 1981 TO 2010
CLIMATE RECORD PERIOD 9999 TO 9999


WEATHER ITEM   OBSERVED TIME   NORMAL DEPARTURE LAST
                VALUE   (LST)  VALUE  FROM      YEAR
                                      NORMAL
......................................................
TEMPERATURE (F)
 YESTERDAY
  MAXIMUM         66    120 PM  42     24       50
  MINIMUM         44    320 AM  23     21       22
  AVERAGE         55

PRECIPITATION (IN)
  YESTERDAY        0.00          0.04  -0.04     0.00
  MONTH TO DATE    1.26          1.03   0.23     0.23
  SINCE OCT 1      1.39          1.83  -0.44     0.35
  SINCE JAN 1     14.43          9.28   5.15     4.46

DEGREE DAYS
 HEATING
  YESTERDAY       10            32    -22       29
  MONTH TO DATE  746           720     26      669
  SINCE SEP 1   1108          1318   -210     1280
  SINCE JUL 1   1127          1339   -212     1280

 COOLING
  YESTERDAY        0             0      0        0
  MONTH TO DATE    0             0      0        0
  SINCE SEP 1     92            63     29       99
  SINCE JAN 1    851           680    171     1138
......................................................


WIND (MPH)
  HIGHEST WIND SPEED    18   HIGHEST WIND DIRECTION     S (180)
  HIGHEST GUST SPEED    24   HIGHEST GUST DIRECTION     S (170)
  AVERAGE WIND SPEED    10.1


SKY COVER
  AVERAGE SKY COVER 0.1


WEATHER CONDITIONS
 THE FOLLOWING WEATHER WAS RECORDED YESTERDAY.
  NO SIGNIFICANT WEATHER WAS OBSERVED.


RELATIVE HUMIDITY (PERCENT)
 HIGHEST    56           500 PM
 LOWEST     26          1200 PM
 AVERAGE    41

..........................................................




SUNRISE AND SUNSET
NOVEMBER 28 2014......SUNRISE   745 AM MST   SUNSET   507 PM MST
NOVEMBER 29 2014......SUNRISE   746 AM MST   SUNSET   507 PM MST


-  INDICATES NEGATIVE NUMBERS.
R  INDICATES RECORD WAS SET OR TIED.
MM INDICATES DATA IS MISSING.
T  INDICATES TRACE AMOUNT.




$$
