000
CDUS45 KBOI 050932
CLITWF


CLIMATE REPORT
NATIONAL WEATHER SERVICE BOISE ID
231 AM MST MON DEC 5 2016


...................................

...THE TWIN FALLS ID CLIMATE SUMMARY FOR DECEMBER 4 2016...

CLIMATE NORMAL PERIOD 1981 TO 2010
CLIMATE RECORD PERIOD 9999 TO 9999


WEATHER ITEM   OBSERVED TIME   NORMAL DEPARTURE LAST
                VALUE   (LST)  VALUE  FROM      YEAR
                                      NORMAL
......................................................
TEMPERATURE (F)
 YESTERDAY
  MAXIMUM         49    415 PM  40      9       44
  MINIMUM         27   1159 PM  21      6       32
  AVERAGE         38

PRECIPITATION (IN)
  YESTERDAY        0.05          0.04   0.01      T
  MONTH TO DATE    0.05          0.15  -0.10      T
  SINCE OCT 1      3.02          2.13   0.89     2.71
  SINCE JAN 1     11.93          9.58   2.35     8.66

DEGREE DAYS
 HEATING
  YESTERDAY       27            35     -8       27
  MONTH TO DATE  127           138    -11      161
  SINCE DEC 1    127           138    -11      161
  SINCE JUL 1   1429          1576   -147     1372

 COOLING
  YESTERDAY        0             0      0        0
  MONTH TO DATE    0             0      0        0
  SINCE DEC 1      0             0      0        0
  SINCE JAN 1    642           680    -38     1020
......................................................


WIND (MPH)
  HIGHEST WIND SPEED    32   HIGHEST WIND DIRECTION     W (270)
  HIGHEST GUST SPEED    42   HIGHEST GUST DIRECTION     W (270)
  AVERAGE WIND SPEED    16.9


SKY COVER
  AVERAGE SKY COVER 0.9


WEATHER CONDITIONS
 THE FOLLOWING WEATHER WAS RECORDED YESTERDAY.
  LIGHT RAIN
  SNOW
  LIGHT SNOW
  FOG


RELATIVE HUMIDITY (PERCENT)
 HIGHEST    92          1000 PM
 LOWEST     34           800 AM
 AVERAGE    63

..........................................................




SUNRISE AND SUNSET
DECEMBER  5 2016......SUNRISE   752 AM MST   SUNSET   505 PM MST
DECEMBER  6 2016......SUNRISE   753 AM MST   SUNSET   505 PM MST


-  INDICATES NEGATIVE NUMBERS.
R  INDICATES RECORD WAS SET OR TIED.
MM INDICATES DATA IS MISSING.
T  INDICATES TRACE AMOUNT.




$$
