000
CDUS45 KBOI 280934
CLITWF


CLIMATE REPORT
NATIONAL WEATHER SERVICE BOISE ID
234 AM MST WED JAN 28 2015


...................................

...THE TWIN FALLS ID CLIMATE SUMMARY FOR JANUARY 27 2015...

CLIMATE NORMAL PERIOD 1981 TO 2010
CLIMATE RECORD PERIOD 9999 TO 9999


WEATHER ITEM   OBSERVED TIME   NORMAL DEPARTURE LAST
                VALUE   (LST)  VALUE  FROM      YEAR
                                      NORMAL
......................................................
TEMPERATURE (F)
 YESTERDAY
  MAXIMUM         54   1216 PM  38     16       25
  MINIMUM         31    802 AM  22      9       18
  AVERAGE         43

PRECIPITATION (IN)
  YESTERDAY        0.18          0.02   0.16     0.00
  MONTH TO DATE    0.91          0.87   0.04     0.28
  SINCE OCT 1      3.91          4.12  -0.21     0.75
  SINCE JAN 1      0.91          0.87   0.04     0.28

DEGREE DAYS
 HEATING
  YESTERDAY       22            35    -13       43
  MONTH TO DATE  893           959    -66      858
  SINCE DEC 1   1774          2088   -314     2048
  SINCE JUL 1   2966          3526   -560     3404

 COOLING
  YESTERDAY        0             0      0        0
  MONTH TO DATE    0             0      0        0
  SINCE DEC 1      0             0      0        0
  SINCE JAN 1      0             0      0        0
......................................................


WIND (MPH)
  HIGHEST WIND SPEED    29   HIGHEST WIND DIRECTION     S (160)
  HIGHEST GUST SPEED    36   HIGHEST GUST DIRECTION     S (170)
  AVERAGE WIND SPEED     7.4


SKY COVER
  AVERAGE SKY COVER 0.5


WEATHER CONDITIONS
 THE FOLLOWING WEATHER WAS RECORDED YESTERDAY.
  LIGHT RAIN
  FOG


RELATIVE HUMIDITY (PERCENT)
 HIGHEST    89          1200 AM
 LOWEST     46          1200 PM
 AVERAGE    68

..........................................................




SUNRISE AND SUNSET
JANUARY 28 2015.......SUNRISE   756 AM MST   SUNSET   546 PM MST
JANUARY 29 2015.......SUNRISE   755 AM MST   SUNSET   548 PM MST


-  INDICATES NEGATIVE NUMBERS.
R  INDICATES RECORD WAS SET OR TIED.
MM INDICATES DATA IS MISSING.
T  INDICATES TRACE AMOUNT.




$$
