000
CDUS45 KBOI 230931
CLITWF


CLIMATE REPORT
NATIONAL WEATHER SERVICE BOISE ID
331 AM MDT MON MAY 23 2016


...................................

...THE TWIN FALLS ID CLIMATE SUMMARY FOR MAY 22 2016...

CLIMATE NORMAL PERIOD 1981 TO 2010
CLIMATE RECORD PERIOD 9999 TO 9999


WEATHER ITEM   OBSERVED TIME   NORMAL DEPARTURE LAST
                VALUE   (LST)  VALUE  FROM      YEAR
                                      NORMAL
......................................................
TEMPERATURE (F)
 YESTERDAY
  MAXIMUM         57   1254 PM  72    -15       67
  MINIMUM         37    347 AM  44     -7       50
  AVERAGE         47

PRECIPITATION (IN)
  YESTERDAY        0.08          0.05   0.03     0.02
  MONTH TO DATE    1.83          0.98   0.85     1.89
  SINCE OCT 1     10.50          8.20   2.30     6.75
  SINCE JAN 1      6.12          4.95   1.17     3.75

DEGREE DAYS
 HEATING
  YESTERDAY       18             8     10        6
  MONTH TO DATE  217           227    -10      172
  SINCE MAR 1   1295          1458   -163     1113
  SINCE JUL 1   5581          6025   -444     4806

 COOLING
  YESTERDAY        0             1     -1        0
  MONTH TO DATE    3            10     -7        0
  SINCE MAR 1      3            11     -8        0
  SINCE JAN 1      3            11     -8        0
......................................................


WIND (MPH)
  HIGHEST WIND SPEED    22   HIGHEST WIND DIRECTION    SW (230)
  HIGHEST GUST SPEED    32   HIGHEST GUST DIRECTION     W (270)
  AVERAGE WIND SPEED    10.6


SKY COVER
  AVERAGE SKY COVER 0.2


WEATHER CONDITIONS
 THE FOLLOWING WEATHER WAS RECORDED YESTERDAY.
  THUNDERSTORM
  HEAVY RAIN
  LIGHT RAIN


RELATIVE HUMIDITY (PERCENT)
 HIGHEST    85           200 AM
 LOWEST     43           200 PM
 AVERAGE    64

..........................................................




SUNRISE AND SUNSET
MAY 23 2016...........SUNRISE   609 AM MDT   SUNSET   901 PM MDT
MAY 24 2016...........SUNRISE   608 AM MDT   SUNSET   902 PM MDT


-  INDICATES NEGATIVE NUMBERS.
R  INDICATES RECORD WAS SET OR TIED.
MM INDICATES DATA IS MISSING.
T  INDICATES TRACE AMOUNT.




$$
