000
CDUS45 KBOI 190932
CLITWF


CLIMATE REPORT
NATIONAL WEATHER SERVICE BOISE ID
332 AM MDT FRI SEP 19 2014


...................................

...THE TWIN FALLS ID CLIMATE SUMMARY FOR SEPTEMBER 18 2014...

CLIMATE NORMAL PERIOD 1981 TO 2010
CLIMATE RECORD PERIOD 9999 TO 9999


WEATHER ITEM   OBSERVED TIME   NORMAL DEPARTURE LAST
                VALUE   (LST)  VALUE  FROM      YEAR
                                      NORMAL
......................................................
TEMPERATURE (F)
 YESTERDAY
  MAXIMUM         82    339 PM  76      6       65
  MINIMUM         62    837 PM  47     15       47
  AVERAGE         72

PRECIPITATION (IN)
  YESTERDAY        T             0.01  -0.01      T
  MONTH TO DATE    T             0.29  -0.29     0.73
  SINCE OCT 1     12.72         10.42   2.30     7.10
  SINCE JAN 1     12.25          7.17   5.08     3.92

DEGREE DAYS
 HEATING
  YESTERDAY        0             5     -5        9
  MONTH TO DATE   41            56    -15        9
  SINCE SEP 1     41            56    -15        9
  SINCE JUL 1     60            77    -17        9

 COOLING
  YESTERDAY        7             1      6        0
  MONTH TO DATE   53            52      1       97
  SINCE SEP 1     53            52      1       97
  SINCE JAN 1    812           669    143     1136
......................................................


WIND (MPH)
  HIGHEST WIND SPEED    18   HIGHEST WIND DIRECTION    SW (230)
  HIGHEST GUST SPEED    23   HIGHEST GUST DIRECTION    SW (240)
  AVERAGE WIND SPEED    10.6


SKY COVER
  AVERAGE SKY COVER 0.2


WEATHER CONDITIONS
 THE FOLLOWING WEATHER WAS RECORDED YESTERDAY.
  THUNDERSTORM
  HAZE


RELATIVE HUMIDITY (PERCENT)
 HIGHEST    48           900 PM
 LOWEST     26          1200 PM
 AVERAGE    37

..........................................................




SUNRISE AND SUNSET
SEPTEMBER 19 2014.....SUNRISE   722 AM MDT   SUNSET   740 PM MDT
SEPTEMBER 20 2014.....SUNRISE   723 AM MDT   SUNSET   739 PM MDT


-  INDICATES NEGATIVE NUMBERS.
R  INDICATES RECORD WAS SET OR TIED.
MM INDICATES DATA IS MISSING.
T  INDICATES TRACE AMOUNT.




$$
