000
CDUS45 KBOI 310934
CLITWF


CLIMATE REPORT
NATIONAL WEATHER SERVICE BOISE ID
332 AM MDT FRI JUL 31 2015


...................................

...THE TWIN FALLS ID CLIMATE SUMMARY FOR JULY 30 2015...

CLIMATE NORMAL PERIOD 1981 TO 2010
CLIMATE RECORD PERIOD 9999 TO 9999


WEATHER ITEM   OBSERVED TIME   NORMAL DEPARTURE LAST
                VALUE   (LST)  VALUE  FROM      YEAR
                                      NORMAL
......................................................
TEMPERATURE (F)
 YESTERDAY
  MAXIMUM         94    314 PM  91      3       91
  MINIMUM         57    549 AM  59     -2       60
  AVERAGE         76

PRECIPITATION (IN)
  YESTERDAY        0.00          0.01  -0.01     0.00
  MONTH TO DATE    0.71          0.29   0.42     0.23
  SINCE OCT 1      8.11          9.80  -1.69     7.15
  SINCE JAN 1      5.11          6.55  -1.44     6.68

DEGREE DAYS
 HEATING
  YESTERDAY        0             0      0        0
  MONTH TO DATE    3             3      0        0
  SINCE JUN 1     10            90    -80       58
  SINCE JUL 1      3             3      0        0

 COOLING
  YESTERDAY       11            10      1       11
  MONTH TO DATE  278           266     12      426
  SINCE JUN 1    544           353    191      513
  SINCE JAN 1    560           375    185      546
......................................................


WIND (MPH)
  HIGHEST WIND SPEED    15   HIGHEST WIND DIRECTION     S (190)
  HIGHEST GUST SPEED    19   HIGHEST GUST DIRECTION     S (180)
  AVERAGE WIND SPEED     9.4


SKY COVER
  AVERAGE SKY COVER 0.0


WEATHER CONDITIONS
 THE FOLLOWING WEATHER WAS RECORDED YESTERDAY.
  NO SIGNIFICANT WEATHER WAS OBSERVED.


RELATIVE HUMIDITY (PERCENT)
 HIGHEST    37           500 AM
 LOWEST     10           500 PM
 AVERAGE    24

..........................................................




SUNRISE AND SUNSET
JULY 31 2015..........SUNRISE   629 AM MDT   SUNSET   859 PM MDT
AUGUST  1 2015........SUNRISE   630 AM MDT   SUNSET   858 PM MDT


-  INDICATES NEGATIVE NUMBERS.
R  INDICATES RECORD WAS SET OR TIED.
MM INDICATES DATA IS MISSING.
T  INDICATES TRACE AMOUNT.




$$
