000
CDUS45 KBOI 090931
CLITWF


CLIMATE REPORT
NATIONAL WEATHER SERVICE BOISE ID
330 AM MDT WED JUL 9 2014


...................................

...THE TWIN FALLS ID CLIMATE SUMMARY FOR JULY 8 2014...

CLIMATE NORMAL PERIOD 1981 TO 2010
CLIMATE RECORD PERIOD 9999 TO 9999


WEATHER ITEM   OBSERVED TIME   NORMAL DEPARTURE LAST
                VALUE   (LST)  VALUE  FROM      YEAR
                                      NORMAL
......................................................
TEMPERATURE (F)
 YESTERDAY
  MAXIMUM         96    422 PM  88      8       95
  MINIMUM         70    540 AM  57     13       68
  AVERAGE         83

PRECIPITATION (IN)
  YESTERDAY        0.00          0.00   0.00     0.00
  MONTH TO DATE    0.00          0.09  -0.09     0.15
  SINCE OCT 1      6.92          9.60  -2.68     6.36
  SINCE JAN 1      6.45          6.35   0.10     3.18

DEGREE DAYS
 HEATING
  YESTERDAY        0             0      0        0
  MONTH TO DATE    0             3     -3        0
  SINCE JUN 1     58            90    -32       55
  SINCE JUL 1      0             3     -3        0

 COOLING
  YESTERDAY       18             8     10       17
  MONTH TO DATE  115            55     60      123
  SINCE JUN 1    202           142     60      296
  SINCE JAN 1    235           164     71      321
......................................................


WIND (MPH)
  HIGHEST WIND SPEED    17   HIGHEST WIND DIRECTION     W (270)
  HIGHEST GUST SPEED    20   HIGHEST GUST DIRECTION     W (260)
  AVERAGE WIND SPEED    12.0


SKY COVER
  AVERAGE SKY COVER 0.0


WEATHER CONDITIONS
 THE FOLLOWING WEATHER WAS RECORDED YESTERDAY.
  NO SIGNIFICANT WEATHER WAS OBSERVED.


RELATIVE HUMIDITY (PERCENT)
 HIGHEST    29           900 PM
 LOWEST     14           700 PM
 AVERAGE    22

..........................................................




SUNRISE AND SUNSET
JULY  9 2014..........SUNRISE   609 AM MDT   SUNSET   917 PM MDT
JULY 10 2014..........SUNRISE   610 AM MDT   SUNSET   916 PM MDT


-  INDICATES NEGATIVE NUMBERS.
R  INDICATES RECORD WAS SET OR TIED.
MM INDICATES DATA IS MISSING.
T  INDICATES TRACE AMOUNT.




$$
