000
CDUS45 KBOI 260931
CLITWF


CLIMATE REPORT
NATIONAL WEATHER SERVICE BOISE ID
331 AM MDT TUE MAY 26 2015


...................................

...THE TWIN FALLS ID CLIMATE SUMMARY FOR MAY 25 2015...

CLIMATE NORMAL PERIOD 1981 TO 2010
CLIMATE RECORD PERIOD 9999 TO 9999


WEATHER ITEM   OBSERVED TIME   NORMAL DEPARTURE LAST
                VALUE   (LST)  VALUE  FROM      YEAR
                                      NORMAL
......................................................
TEMPERATURE (F)
 YESTERDAY
  MAXIMUM         72    120 PM  73     -1       81
  MINIMUM         50   1214 AM  45      5       51
  AVERAGE         61

PRECIPITATION (IN)
  YESTERDAY        T             0.04  -0.04     0.00
  MONTH TO DATE    2.18          1.11   1.07     0.64
  SINCE OCT 1      7.04          8.33  -1.29     6.06
  SINCE JAN 1      4.04          5.08  -1.04     5.59

DEGREE DAYS
 HEATING
  YESTERDAY        4             7     -3        0
  MONTH TO DATE  184           249    -65      180
  SINCE MAR 1   1125          1480   -355     1251
  SINCE JUL 1   4818          6047  -1229     5504

 COOLING
  YESTERDAY        0             1     -1        1
  MONTH TO DATE    0            13    -13       22
  SINCE MAR 1      0            14    -14       22
  SINCE JAN 1      0            14    -14       22
......................................................


WIND (MPH)
  HIGHEST WIND SPEED    23   HIGHEST WIND DIRECTION    SW (210)
  HIGHEST GUST SPEED    28   HIGHEST GUST DIRECTION    SW (210)
  AVERAGE WIND SPEED    10.7


SKY COVER
  AVERAGE SKY COVER 0.3


WEATHER CONDITIONS
 THE FOLLOWING WEATHER WAS RECORDED YESTERDAY.
  LIGHT RAIN


RELATIVE HUMIDITY (PERCENT)
 HIGHEST    77          1200 AM
 LOWEST     41           100 PM
 AVERAGE    59

..........................................................




SUNRISE AND SUNSET
MAY 26 2015...........SUNRISE   607 AM MDT   SUNSET   904 PM MDT
MAY 27 2015...........SUNRISE   606 AM MDT   SUNSET   904 PM MDT


-  INDICATES NEGATIVE NUMBERS.
R  INDICATES RECORD WAS SET OR TIED.
MM INDICATES DATA IS MISSING.
T  INDICATES TRACE AMOUNT.




$$
