000
CDUS45 KBOI 050946
CLITWF


CLIMATE REPORT
NATIONAL WEATHER SERVICE BOISE ID
246 AM MST FRI FEB 5 2016


...................................

...THE TWIN FALLS ID CLIMATE SUMMARY FOR FEBRUARY 4 2016...

CLIMATE NORMAL PERIOD 1981 TO 2010
CLIMATE RECORD PERIOD 9999 TO 9999


WEATHER ITEM   OBSERVED TIME   NORMAL DEPARTURE LAST
                VALUE   (LST)  VALUE  FROM      YEAR
                                      NORMAL
......................................................
TEMPERATURE (F)
 YESTERDAY
  MAXIMUM         37    244 PM  40     -3       55
  MINIMUM         33   1159 PM  22     11       38
  AVERAGE         35

PRECIPITATION (IN)
  YESTERDAY        0.03          0.03   0.00     0.11
  MONTH TO DATE    0.03          0.12  -0.09     0.45
  SINCE OCT 1      5.46          4.35   1.11     4.37
  SINCE JAN 1      1.08          1.10  -0.02     1.37

DEGREE DAYS
 HEATING
  YESTERDAY       30            34     -4       18
  MONTH TO DATE  154           138     16       86
  SINCE DEC 1   2413          2368     45     1969
  SINCE JUL 1   3624          3806   -182     3161

 COOLING
  YESTERDAY        0             0      0        0
  MONTH TO DATE    0             0      0        0
  SINCE DEC 1      0             0      0        0
  SINCE JAN 1      0             0      0        0
......................................................


WIND (MPH)
  HIGHEST WIND SPEED    17   HIGHEST WIND DIRECTION    SW (240)
  HIGHEST GUST SPEED    22   HIGHEST GUST DIRECTION    SW (230)
  AVERAGE WIND SPEED     8.6


SKY COVER
  AVERAGE SKY COVER 0.8


WEATHER CONDITIONS
 THE FOLLOWING WEATHER WAS RECORDED YESTERDAY.
  LIGHT SNOW
  FOG


RELATIVE HUMIDITY (PERCENT)
 HIGHEST    96           400 AM
 LOWEST     70          1200 PM
 AVERAGE    83

..........................................................




SUNRISE AND SUNSET
FEBRUARY  5 2016......SUNRISE   748 AM MST   SUNSET   557 PM MST
FEBRUARY  6 2016......SUNRISE   747 AM MST   SUNSET   558 PM MST


-  INDICATES NEGATIVE NUMBERS.
R  INDICATES RECORD WAS SET OR TIED.
MM INDICATES DATA IS MISSING.
T  INDICATES TRACE AMOUNT.




$$
