000
CDUS44 KSHV 232236
CLITXK


CLIMATE REPORT
NATIONAL WEATHER SERVICE SHREVEPORT, LA
435 PM CST FRI FEB 23 2018


...................................

...THE TEXARKANA CLIMATE SUMMARY FOR FEBRUARY 23 2018...
VALID TODAY AS OF 0400 PM LOCAL TIME.

CLIMATE NORMAL PERIOD 1981 TO 2010
CLIMATE RECORD PERIOD 1896 TO 2018


WEATHER ITEM   OBSERVED TIME   RECORD YEAR NORMAL DEPARTURE LAST
                VALUE   (LST)  VALUE       VALUE  FROM      YEAR
                                                  NORMAL
..................................................................
TEMPERATURE (F)
 TODAY
  MAXIMUM         63    359 PM  83    1996  61      2       81
  MINIMUM         47    214 AM  13    1899  40      7       55
  AVERAGE         55                        50      5       68

PRECIPITATION (IN)
  TODAY            1.59          1.91 1985   0.16   1.43     0.00
  MONTH TO DATE   10.72                      3.23   7.49     2.56
  SINCE DEC 1     19.70                     11.68   8.02    13.25
  SINCE JAN 1     13.11                      6.63   6.48     6.83

SNOWFALL (IN)
  TODAY            0.0
  MONTH TO DATE    T
  SINCE DEC 1      2.0
  SINCE JUL 1      2.0
  SNOW DEPTH       0

DEGREE DAYS
 HEATING
  TODAY           10                        15     -5        0
  MONTH TO DATE  383                       402    -19      218
  SINCE DEC 1   1724                      1666     58     1163
  SINCE JUL 1   2080                      2124    -44     1397

 COOLING
  TODAY            0                         0      0        3
  MONTH TO DATE   13                         0     13       14
  SINCE DEC 1     15                         4     11       35
  SINCE JAN 1     13                         1     12       28
..................................................................


WIND (MPH)
  HIGHEST WIND SPEED    12   HIGHEST WIND DIRECTION    SE (140)
  HIGHEST GUST SPEED    14   HIGHEST GUST DIRECTION    SE (150)
  AVERAGE WIND SPEED     5.0


SKY COVER
  POSSIBLE SUNSHINE  MM
  AVERAGE SKY COVER 1.0


WEATHER CONDITIONS
 THE FOLLOWING WEATHER WAS RECORDED TODAY.
  THUNDERSTORM
  HEAVY RAIN
  RAIN
  LIGHT RAIN
  FOG


RELATIVE HUMIDITY (PERCENT)
 HIGHEST   100          1200 AM
 LOWEST     93           300 PM
 AVERAGE    97

..........................................................


THE TEXARKANA CLIMATE NORMALS FOR TOMORROW
                         NORMAL    RECORD    YEAR
 MAXIMUM TEMPERATURE (F)   61        85      1921
 MINIMUM TEMPERATURE (F)   40        20      1965


SUNRISE AND SUNSET
FEBRUARY 23 2018......SUNRISE   651 AM CST   SUNSET   608 PM CST
FEBRUARY 24 2018......SUNRISE   650 AM CST   SUNSET   609 PM CST


-  INDICATES NEGATIVE NUMBERS.
R  INDICATES RECORD WAS SET OR TIED.
MM INDICATES DATA IS MISSING.
T  INDICATES TRACE AMOUNT.




$$
