000
CDUS44 KSHV 300740
CLITXK


CLIMATE REPORT
NATIONAL WEATHER SERVICE SHREVEPORT, LA
237 AM CDT TUE AUG 30 2016


...................................

...THE TEXARKANA CLIMATE SUMMARY FOR AUGUST 29 2016...

CLIMATE NORMAL PERIOD 1981 TO 2010
CLIMATE RECORD PERIOD 1896 TO 2016


WEATHER ITEM   OBSERVED TIME   RECORD YEAR NORMAL DEPARTURE LAST
                VALUE   (LST)  VALUE       VALUE  FROM      YEAR
                                                  NORMAL
..................................................................
TEMPERATURE (F)
 YESTERDAY
  MAXIMUM         91    257 PM 104    1954  92     -1       90
  MINIMUM         73    625 AM  51    1986  69      4       67
  AVERAGE         82                        80      2       79

PRECIPITATION (IN)
  YESTERDAY        T             2.19 1944   0.11  -0.11      T
  MONTH TO DATE    5.93                      2.69   3.24     0.80
  SINCE DEC 1     44.74                     36.25   8.49    43.23
  SINCE JAN 1     38.76                     31.20   7.56    40.55

SNOWFALL (IN)
  YESTERDAY        0.0
  MONTH TO DATE    0.0
  SINCE JUN 1      0.0
  SINCE JUL 1      0.0
  SNOW DEPTH       0

DEGREE DAYS
 HEATING
  YESTERDAY        0                         0      0        0
  MONTH TO DATE    0                         0      0        0
  SINCE JUN 1      0                         0      0        0
  SINCE JUL 1      0                         0      0        0

 COOLING
  YESTERDAY       17                        15      2       14
  MONTH TO DATE  495                       499     -4      512
  SINCE JUN 1   1612                      1439    173     1612
  SINCE JAN 1   1902                      1759    143     1936
..................................................................


WIND (MPH)
  HIGHEST WIND SPEED    10   HIGHEST WIND DIRECTION    NE (50)
  HIGHEST GUST SPEED    15   HIGHEST GUST DIRECTION    NE (50)
  AVERAGE WIND SPEED     3.4


SKY COVER
  POSSIBLE SUNSHINE  MM
  AVERAGE SKY COVER 0.1


WEATHER CONDITIONS
 THE FOLLOWING WEATHER WAS RECORDED YESTERDAY.
  FOG


RELATIVE HUMIDITY (PERCENT)
 HIGHEST   100           400 AM
 LOWEST     59          1200 PM
 AVERAGE    80

..........................................................


THE TEXARKANA CLIMATE NORMALS FOR TODAY
                         NORMAL    RECORD    YEAR
 MAXIMUM TEMPERATURE (F)   91       106      1954
                                             2000
 MINIMUM TEMPERATURE (F)   69        53      1986


SUNRISE AND SUNSET
AUGUST 30 2016........SUNRISE   649 AM CDT   SUNSET   743 PM CDT
AUGUST 31 2016........SUNRISE   650 AM CDT   SUNSET   742 PM CDT


-  INDICATES NEGATIVE NUMBERS.
R  INDICATES RECORD WAS SET OR TIED.
MM INDICATES DATA IS MISSING.
T  INDICATES TRACE AMOUNT.




$$
