000
CDUS44 KSHV 010841
CLITXK


CLIMATE REPORT
NATIONAL WEATHER SERVICE SHREVEPORT, LA
241 AM CST SUN MAR 1 2015


...................................

...THE TEXARKANA CLIMATE SUMMARY FOR FEBRUARY 28 2015...

CLIMATE NORMAL PERIOD 1981 TO 2010
CLIMATE RECORD PERIOD 1896 TO 2015


WEATHER ITEM   OBSERVED TIME   RECORD YEAR NORMAL DEPARTURE LAST
                VALUE   (LST)  VALUE       VALUE  FROM      YEAR
                                                  NORMAL
..................................................................
TEMPERATURE (F)
 YESTERDAY
  MAXIMUM         39    747 PM  84    1950  63    -24       48
  MINIMUM         26    558 AM  24    2002  41    -15       37
                                      1900
  AVERAGE         33                        52    -19       43

PRECIPITATION (IN)
  YESTERDAY        T             1.52 1963   0.15  -0.15      T
  MONTH TO DATE    3.85                      3.99  -0.14     3.19
  SINCE DEC 1     10.77                     12.44  -1.67     9.75
  SINCE JAN 1      8.09                      7.39   0.70     3.92

SNOWFALL (IN)
  YESTERDAY        T
  MONTH TO DATE    4.2
  SINCE DEC 1      4.2
  SINCE JUL 1      4.2
  SNOW DEPTH       0

DEGREE DAYS
 HEATING
  YESTERDAY       32                        14     18       22
  MONTH TO DATE  650                       473    177      568
  SINCE DEC 1   1871                      1736    135     1943
  SINCE JUL 1   2381                      2194    187     2468

 COOLING
  YESTERDAY        0                         0      0        0
  MONTH TO DATE    0                         3     -3        0
  SINCE DEC 1      1                         7     -6        2
  SINCE JAN 1      0                         4     -4        0
..................................................................


WIND (MPH)
  HIGHEST WIND SPEED    13   HIGHEST WIND DIRECTION     E (70)
  HIGHEST GUST SPEED    19   HIGHEST GUST DIRECTION     E (80)
  AVERAGE WIND SPEED     6.9


SKY COVER
  POSSIBLE SUNSHINE  MM
  AVERAGE SKY COVER 1.0


WEATHER CONDITIONS
 THE FOLLOWING WEATHER WAS RECORDED YESTERDAY.
  LIGHT SNOW
  SLEET


RELATIVE HUMIDITY (PERCENT)
 HIGHEST    81          1200 AM
 LOWEST     59           200 PM
 AVERAGE    70

..........................................................


THE TEXARKANA CLIMATE NORMALS FOR TODAY
                         NORMAL    RECORD    YEAR
 MAXIMUM TEMPERATURE (F)   63        85      1921
 MINIMUM TEMPERATURE (F)   41        23      1968


SUNRISE AND SUNSET
MARCH  1 2015.........SUNRISE   645 AM CST   SUNSET   613 PM CST
MARCH  2 2015.........SUNRISE   643 AM CST   SUNSET   613 PM CST


-  INDICATES NEGATIVE NUMBERS.
R  INDICATES RECORD WAS SET OR TIED.
MM INDICATES DATA IS MISSING.
T  INDICATES TRACE AMOUNT.




$$
