000
CDUS44 KSHV 210736
CLITYR


CLIMATE REPORT
NATIONAL WEATHER SERVICE SHREVEPORT, LA
236 AM CDT MON APR 21 2014


...................................

...THE TYLER CLIMATE SUMMARY FOR APRIL 20 2014...

CLIMATE NORMAL PERIOD 1981 TO 2010
CLIMATE RECORD PERIOD 1896 TO 2014


WEATHER ITEM   OBSERVED TIME   RECORD YEAR NORMAL DEPARTURE LAST
                VALUE   (LST)  VALUE       VALUE  FROM      YEAR
                                                  NORMAL
..................................................................
TEMPERATURE (F)
 YESTERDAY
  MAXIMUM         80   1233 PM  94    1987  76      4       71
  MINIMUM         59    624 AM  36    1956  56      3       38
  AVERAGE         70                        66      4       55

PRECIPITATION (IN)
  YESTERDAY        0.00          1.63 1957   0.11  -0.11     0.00
  MONTH TO DATE    2.46                      1.91   0.55     1.98
  SINCE DEC 1     11.78                     17.14  -5.36    13.22
  SINCE JAN 1      8.76                     12.90  -4.14    10.33

SNOWFALL (IN)
  YESTERDAY        0.0
  MONTH TO DATE    0.0
  SINCE MAR 1      1.0
  SINCE JUL 1      1.2
  SNOW DEPTH       0

DEGREE DAYS
 HEATING
  YESTERDAY        0                         2     -2       10
  MONTH TO DATE   97                        84     13      107
  SINCE MAR 1    446                       357     89      386
  SINCE JUL 1   2510                      2249    261     1945

 COOLING
  YESTERDAY        5                         3      2        0
  MONTH TO DATE   60                        41     19       67
  SINCE MAR 1     73                        62     11       80
  SINCE JAN 1     76                        74      2       90
..................................................................


WIND (MPH)
  HIGHEST WIND SPEED    18   HIGHEST WIND DIRECTION     S (200)
  HIGHEST GUST SPEED    23   HIGHEST GUST DIRECTION     S (200)
  AVERAGE WIND SPEED     5.8


SKY COVER
  POSSIBLE SUNSHINE  MM
  AVERAGE SKY COVER 0.5


WEATHER CONDITIONS
 THE FOLLOWING WEATHER WAS RECORDED YESTERDAY.
  NO SIGNIFICANT WEATHER WAS OBSERVED.


RELATIVE HUMIDITY (PERCENT)
 HIGHEST    87           600 AM
 LOWEST     43           500 PM
 AVERAGE    65

..........................................................


THE TYLER CLIMATE NORMALS FOR TODAY
                         NORMAL    RECORD    YEAR
 MAXIMUM TEMPERATURE (F)   76        92      1987
 MINIMUM TEMPERATURE (F)   56        38      1918


SUNRISE AND SUNSET
APRIL 21 2014.........SUNRISE   645 AM CDT   SUNSET   756 PM CDT
APRIL 22 2014.........SUNRISE   644 AM CDT   SUNSET   756 PM CDT


-  INDICATES NEGATIVE NUMBERS.
R  INDICATES RECORD WAS SET OR TIED.
MM INDICATES DATA IS MISSING.
T  INDICATES TRACE AMOUNT.




$$
