507
CDUS44 KSHV 272151
CLITYR


CLIMATE REPORT
NATIONAL WEATHER SERVICE SHREVEPORT, LA
449 PM CDT MON MAR 27 2017


...................................

...THE TYLER CLIMATE SUMMARY FOR MARCH 27 2017...
VALID TODAY AS OF 0400 PM LOCAL TIME.

CLIMATE NORMAL PERIOD 1981 TO 2010
CLIMATE RECORD PERIOD 1896 TO 2017


WEATHER ITEM   OBSERVED TIME   RECORD YEAR NORMAL DEPARTURE LAST
                VALUE   (LST)  VALUE       VALUE  FROM      YEAR
                                                  NORMAL
..................................................................
TEMPERATURE (F)
 TODAY
  MAXIMUM         81    250 PM  87    1939  69     12       69
  MINIMUM         67    641 AM  24    1955  49     18       49
  AVERAGE         74                        59     15       59

PRECIPITATION (IN)
  TODAY            0.00          1.92 1977   0.12  -0.12     0.00
  MONTH TO DATE    1.66                      3.68  -2.02     7.98
  SINCE DEC 1     12.11                     14.79  -2.68    21.95
  SINCE JAN 1      9.46                     10.55  -1.09    12.18

SNOWFALL (IN)
  TODAY            0.0
  MONTH TO DATE    0.0
  SINCE MAR 1      0.0
  SINCE JUL 1      T
  SNOW DEPTH       0

DEGREE DAYS
 HEATING
  TODAY            0                         7     -7        6
  MONTH TO DATE  126                       247   -121      106
  SINCE MAR 1    126                       247   -121      106
  SINCE JUL 1   1209                      2139   -930     1415

 COOLING
  TODAY            9                         1      8        0
  MONTH TO DATE   92                        15     77       33
  SINCE MAR 1     92                        15     77       33
  SINCE JAN 1    166                        27    139       43
..................................................................


WIND (MPH)
  HIGHEST WIND SPEED    20   HIGHEST WIND DIRECTION     S (190)
  HIGHEST GUST SPEED    23   HIGHEST GUST DIRECTION     S (180)
  AVERAGE WIND SPEED    11.1


SKY COVER
  POSSIBLE SUNSHINE  MM
  AVERAGE SKY COVER 0.7


WEATHER CONDITIONS
 THE FOLLOWING WEATHER WAS RECORDED TODAY.
  NO SIGNIFICANT WEATHER WAS OBSERVED.


RELATIVE HUMIDITY (PERCENT)
 HIGHEST    93           600 AM
 LOWEST     51           300 PM
 AVERAGE    72

..........................................................


THE TYLER CLIMATE NORMALS FOR TOMORROW
                         NORMAL    RECORD    YEAR
 MAXIMUM TEMPERATURE (F)   70        87      1989
 MINIMUM TEMPERATURE (F)   49        24      1955


SUNRISE AND SUNSET
MARCH 27 2017.........SUNRISE   716 AM CDT   SUNSET   738 PM CDT
MARCH 28 2017.........SUNRISE   715 AM CDT   SUNSET   739 PM CDT


-  INDICATES NEGATIVE NUMBERS.
R  INDICATES RECORD WAS SET OR TIED.
MM INDICATES DATA IS MISSING.
T  INDICATES TRACE AMOUNT.




$$
