000
CDUS44 KSHV 180753
CLITYR


CLIMATE REPORT
NATIONAL WEATHER SERVICE SHREVEPORT, LA
252 AM CDT WED OCT 18 2017


...................................

...THE TYLER CLIMATE SUMMARY FOR OCTOBER 17 2017...

CLIMATE NORMAL PERIOD 1981 TO 2010
CLIMATE RECORD PERIOD 1896 TO 2017


WEATHER ITEM   OBSERVED TIME   RECORD YEAR NORMAL DEPARTURE LAST
                VALUE   (LST)  VALUE       VALUE  FROM      YEAR
                                                  NORMAL
..................................................................
TEMPERATURE (F)
 YESTERDAY
  MAXIMUM         77    334 PM  89    2016  78     -1       89
                                      1980
  MINIMUM         43    654 AM  38    1977  56    -13       74
  AVERAGE         60                        67     -7       82

PRECIPITATION (IN)
  YESTERDAY        0.00          2.46 1994   0.17  -0.17     0.00
  MONTH TO DATE    0.27                      2.46  -2.19     0.95
  SINCE DEC 1     34.77                     39.30  -4.53    42.32
  SINCE JAN 1     32.12                     35.06  -2.94    32.55

SNOWFALL (IN)
  YESTERDAY        0.0
  MONTH TO DATE    0.0
  SINCE SEP 1      0.0
  SINCE JUL 1      0.0
  SNOW DEPTH       0

DEGREE DAYS
 HEATING
  YESTERDAY        5                         2      3        0
  MONTH TO DATE    7                        21    -14        0
  SINCE SEP 1      7                        26    -19        0
  SINCE JUL 1      7                        26    -19        0

 COOLING
  YESTERDAY        0                         4     -4       17
  MONTH TO DATE  159                        90     69      168
  SINCE SEP 1    539                       432    107      646
  SINCE JAN 1   2673                      2354    319     2945
..................................................................


WIND (MPH)
  HIGHEST WIND SPEED    10   HIGHEST WIND DIRECTION    SE (140)
  HIGHEST GUST SPEED    14   HIGHEST GUST DIRECTION    SE (120)
  AVERAGE WIND SPEED     3.3


SKY COVER
  POSSIBLE SUNSHINE  MM
  AVERAGE SKY COVER 0.0


WEATHER CONDITIONS
 THE FOLLOWING WEATHER WAS RECORDED YESTERDAY.
  NO SIGNIFICANT WEATHER WAS OBSERVED.


RELATIVE HUMIDITY (PERCENT)
 HIGHEST    96           700 AM
 LOWEST     21           400 PM
 AVERAGE    59

..........................................................


THE TYLER CLIMATE NORMALS FOR TODAY
                         NORMAL    RECORD    YEAR
 MAXIMUM TEMPERATURE (F)   77        92      1972
 MINIMUM TEMPERATURE (F)   56        34      1976


SUNRISE AND SUNSET
OCTOBER 18 2017.......SUNRISE   728 AM CDT   SUNSET   645 PM CDT
OCTOBER 19 2017.......SUNRISE   729 AM CDT   SUNSET   644 PM CDT


-  INDICATES NEGATIVE NUMBERS.
R  INDICATES RECORD WAS SET OR TIED.
MM INDICATES DATA IS MISSING.
T  INDICATES TRACE AMOUNT.




$$
