000
CDUS44 KSHV 300753
CLITYR


CLIMATE REPORT
NATIONAL WEATHER SERVICE SHREVEPORT, LA
250 AM CDT SAT MAY 30 2015


...................................

...THE TYLER CLIMATE SUMMARY FOR MAY 29 2015...

CLIMATE NORMAL PERIOD 1981 TO 2010
CLIMATE RECORD PERIOD 1896 TO 2015


WEATHER ITEM   OBSERVED TIME   RECORD YEAR NORMAL DEPARTURE LAST
                VALUE   (LST)  VALUE       VALUE  FROM      YEAR
                                                  NORMAL
..................................................................
TEMPERATURE (F)
 YESTERDAY
  MAXIMUM         84    448 PM  98    1998  85     -1       86
  MINIMUM         72   1134 PM  49    1947  67      5       65
  AVERAGE         78                        76      2       76

PRECIPITATION (IN)
  YESTERDAY        T             2.65 1914   0.17  -0.17     0.00
  MONTH TO DATE    9.50                      4.40   5.10     3.76
  SINCE DEC 1     34.00                     22.80  11.20    15.55
  SINCE JAN 1     32.53                     18.56  13.97    12.53

SNOWFALL (IN)
  YESTERDAY        0.0
  MONTH TO DATE    0.0
  SINCE MAR 1      0.5
  SINCE JUL 1      2.1
  SNOW DEPTH       0

DEGREE DAYS
 HEATING
  YESTERDAY        0                         0      0        0
  MONTH TO DATE    0                         6     -6       21
  SINCE MAR 1    307                       376    -69      475
  SINCE JUL 1   2194                      2268    -74     2539

 COOLING
  YESTERDAY       13                        11      2       11
  MONTH TO DATE  273                       234     39      235
  SINCE MAR 1    446                       334    112      364
  SINCE JAN 1    446                       346    100      367
..................................................................


WIND (MPH)
  HIGHEST WIND SPEED    23   HIGHEST WIND DIRECTION    SE (120)
  HIGHEST GUST SPEED    29   HIGHEST GUST DIRECTION    SE (120)
  AVERAGE WIND SPEED    10.0


SKY COVER
  POSSIBLE SUNSHINE  MM
  AVERAGE SKY COVER 0.5


WEATHER CONDITIONS
 THE FOLLOWING WEATHER WAS RECORDED YESTERDAY.
  NO SIGNIFICANT WEATHER WAS OBSERVED.


RELATIVE HUMIDITY (PERCENT)
 HIGHEST    93           500 AM
 LOWEST     58           100 PM
 AVERAGE    76

..........................................................


THE TYLER CLIMATE NORMALS FOR TODAY
                         NORMAL    RECORD    YEAR
 MAXIMUM TEMPERATURE (F)   86        99      1998
 MINIMUM TEMPERATURE (F)   67        47      1984


SUNRISE AND SUNSET
MAY 30 2015...........SUNRISE   616 AM CDT   SUNSET   822 PM CDT
MAY 31 2015...........SUNRISE   616 AM CDT   SUNSET   823 PM CDT


-  INDICATES NEGATIVE NUMBERS.
R  INDICATES RECORD WAS SET OR TIED.
MM INDICATES DATA IS MISSING.
T  INDICATES TRACE AMOUNT.




$$
