000
CDUS44 KSHV 282240
CLITYR


CLIMATE REPORT
NATIONAL WEATHER SERVICE SHREVEPORT, LA
432 PM CST FRI NOV 28 2014


...................................

...THE TYLER CLIMATE SUMMARY FOR NOVEMBER 28 2014...
VALID TODAY AS OF 0400 PM LOCAL TIME.

CLIMATE NORMAL PERIOD 1981 TO 2010
CLIMATE RECORD PERIOD 1896 TO 2014


WEATHER ITEM   OBSERVED TIME   RECORD YEAR NORMAL DEPARTURE LAST
                VALUE   (LST)  VALUE       VALUE  FROM      YEAR
                                                  NORMAL
..................................................................
TEMPERATURE (F)
 TODAY
  MAXIMUM         68    359 PM  85    1949  61      7       50
  MINIMUM         38    647 AM  18    1912  42     -4       27
  AVERAGE         53                        51      2       39

PRECIPITATION (IN)
  TODAY            0.00          1.66 2001   0.13  -0.13     0.00
  MONTH TO DATE    3.93                      3.83   0.10     4.77
  SINCE DEC 1     35.82                     45.52  -9.70    41.90
  SINCE JAN 1     32.80                     41.28  -8.48    39.01

SNOWFALL (IN)
  TODAY           MM
  MONTH TO DATE    T
  SINCE SEP 1      T
  SINCE JUL 1      T
  SNOW DEPTH       0

DEGREE DAYS
 HEATING
  TODAY           12                        14     -2       26
  MONTH TO DATE  367                       267    100      327
  SINCE SEP 1    381                       344     37      369
  SINCE JUL 1    381                       344     37      369

 COOLING
  TODAY            0                         0      0        0
  MONTH TO DATE    2                        14    -12       17
  SINCE SEP 1    630                       485    145      651
  SINCE JAN 1   2596                      2407    189     2767
..................................................................


WIND (MPH)
  HIGHEST WIND SPEED    21   HIGHEST WIND DIRECTION     S (190)
  HIGHEST GUST SPEED    26   HIGHEST GUST DIRECTION     S (200)
  AVERAGE WIND SPEED    11.0


SKY COVER
  POSSIBLE SUNSHINE  MM
  AVERAGE SKY COVER 0.0


WEATHER CONDITIONS
 THE FOLLOWING WEATHER WAS RECORDED TODAY.
  NO SIGNIFICANT WEATHER WAS OBSERVED.


RELATIVE HUMIDITY (PERCENT)
 HIGHEST    76           600 AM
 LOWEST     49           300 PM
 AVERAGE    63

..........................................................


THE TYLER CLIMATE NORMALS FOR TOMORROW
                         NORMAL    RECORD    YEAR
 MAXIMUM TEMPERATURE (F)   61        80      1949
 MINIMUM TEMPERATURE (F)   42        10      1976


SUNRISE AND SUNSET
NOVEMBER 28 2014......SUNRISE   702 AM CST   SUNSET   516 PM CST
NOVEMBER 29 2014......SUNRISE   703 AM CST   SUNSET   516 PM CST


-  INDICATES NEGATIVE NUMBERS.
R  INDICATES RECORD WAS SET OR TIED.
MM INDICATES DATA IS MISSING.
T  INDICATES TRACE AMOUNT.




$$
