000
CDUS44 KSHV 060833
CLITYR


CLIMATE REPORT
NATIONAL WEATHER SERVICE SHREVEPORT, LA
257 AM CDT FRI MAY 6 2016


...................................

...THE TYLER CLIMATE SUMMARY FOR MAY 5 2016...

CLIMATE NORMAL PERIOD 1981 TO 2010
CLIMATE RECORD PERIOD 1896 TO 2016


WEATHER ITEM   OBSERVED TIME   RECORD YEAR NORMAL DEPARTURE LAST
                VALUE   (LST)  VALUE       VALUE  FROM      YEAR
                                                  NORMAL
..................................................................
TEMPERATURE (F)
 YESTERDAY
  MAXIMUM         81    306 PM  93    1906  80      1       84
  MINIMUM         56    531 AM  41    2013  60     -4       62
  AVERAGE         69                        70     -1       73

PRECIPITATION (IN)
  YESTERDAY        0.00          3.00 1935   0.16  -0.16     0.20
  MONTH TO DATE    0.09                      0.76  -0.67     0.20
  SINCE DEC 1     28.93                     19.16   9.77    24.70
  SINCE JAN 1     19.16                     14.92   4.24    23.23

SNOWFALL (IN)
  YESTERDAY        0.0
  MONTH TO DATE    0.0
  SINCE MAR 1      0.0
  SINCE JUL 1      0.0
  SNOW DEPTH       0

DEGREE DAYS
 HEATING
  YESTERDAY        0                         1     -1        0
  MONTH TO DATE    8                         5      3        0
  SINCE MAR 1    154                       375   -221      307
  SINCE JUL 1   1463                      2267   -804     2194

 COOLING
  YESTERDAY        4                         6     -2        8
  MONTH TO DATE   12                        27    -15       32
  SINCE MAR 1    189                       127     62      205
  SINCE JAN 1    199                       139     60      205
..................................................................


WIND (MPH)
  HIGHEST WIND SPEED    17   HIGHEST WIND DIRECTION    NW (320)
  HIGHEST GUST SPEED    21   HIGHEST GUST DIRECTION    NW (320)
  AVERAGE WIND SPEED     5.6


SKY COVER
  POSSIBLE SUNSHINE  MM
  AVERAGE SKY COVER 0.0


WEATHER CONDITIONS
 THE FOLLOWING WEATHER WAS RECORDED YESTERDAY.
  NO SIGNIFICANT WEATHER WAS OBSERVED.


RELATIVE HUMIDITY (PERCENT)
 HIGHEST    75           300 AM
 LOWEST     26           300 PM
 AVERAGE    51

..........................................................


THE TYLER CLIMATE NORMALS FOR TODAY
                         NORMAL    RECORD    YEAR
 MAXIMUM TEMPERATURE (F)   80        93      1984
 MINIMUM TEMPERATURE (F)   61        43      1957


SUNRISE AND SUNSET
MAY  6 2016...........SUNRISE   630 AM CDT   SUNSET   807 PM CDT
MAY  7 2016...........SUNRISE   629 AM CDT   SUNSET   807 PM CDT


-  INDICATES NEGATIVE NUMBERS.
R  INDICATES RECORD WAS SET OR TIED.
MM INDICATES DATA IS MISSING.
T  INDICATES TRACE AMOUNT.




$$
