000
CDUS44 KMRX 282225
CLITYS

CLIMATE REPORT NATIONAL WEATHER SERVICE MORRISTOWN TN
525 PM EST WED JAN 28 2015

...................................

...THE KNOXVILLE CLIMATE SUMMARY FOR JANUARY 28 2015... VALID TODAY
AS OF 500 PM LOCAL TIME.

CLIMATE NORMAL PERIOD 1981 TO 2010
CLIMATE RECORD PERIOD 1871 TO 2015


WEATHER ITEM   OBSERVED TIME   RECORD YEAR NORMAL DEPARTURE LAST
                VALUE   (LST)  VALUE       VALUE  FROM      YEAR
                                                  NORMAL
..................................................................
TEMPERATURE (F)
 TODAY
  MAXIMUM         44    445 PM  74    1876  48     -4       21
  MINIMUM         22    741 AM  -3    1940  30     -8       13
  AVERAGE         33                        39     -6       17

PRECIPITATION (IN)
  TODAY            0.00          2.97 1882   0.14  -0.14     0.15
  MONTH TO DATE    3.37                      3.89  -0.52     3.12
  SINCE DEC 1      7.61                      8.39  -0.78    11.35
  SINCE JAN 1      3.37                      3.89  -0.52     3.12

SNOWFALL (IN)
  TODAY            0.0                       0.1   -0.1      3.5
  MONTH TO DATE    1.1                       2.4   -1.3      4.2
  SINCE DEC 1      1.1                       3.2   -2.1      4.2
  SINCE JUL 1      1.1                       3.2   -2.1      5.0
  SNOW DEPTH       0

DEGREE DAYS
 HEATING
  TODAY           32                        26      6       48
  MONTH TO DATE  777                       752     25      901
  SINCE DEC 1   1441                      1504    -63     1570
  SINCE JUL 1   2267                      2185     82     2260

 COOLING
  TODAY            0                         0      0        0
  MONTH TO DATE    0                         0      0        0
  SINCE DEC 1      0                         0      0        4
  SINCE JAN 1      0                         0      0        0
..................................................................


WIND (MPH)
  HIGHEST WIND SPEED    13   HIGHEST WIND DIRECTION    NE (40)
  HIGHEST GUST SPEED    15   HIGHEST GUST DIRECTION    NE (40)
  AVERAGE WIND SPEED     6.3


SKY COVER
  POSSIBLE SUNSHINE  MM
  AVERAGE SKY COVER 0.2


WEATHER CONDITIONS
 THE FOLLOWING WEATHER WAS RECORDED TODAY.
  NO SIGNIFICANT WEATHER WAS OBSERVED.


RELATIVE HUMIDITY (PERCENT)
 HIGHEST    75           500 AM
 LOWEST     30           300 PM
 AVERAGE    53

..........................................................


THE KNOXVILLE    ASOS CLIMATE NORMALS FOR TOMORROW
                         NORMAL    RECORD    YEAR
 MAXIMUM TEMPERATURE (F)   48        73      2002
                                             1957
                                             1947
 MINIMUM TEMPERATURE (F)   30        -3      1897


SUNRISE AND SUNSET
JANUARY 28 2015.......SUNRISE   739 AM EST   SUNSET   559 PM EST
JANUARY 29 2015.......SUNRISE   739 AM EST   SUNSET   600 PM EST


-  INDICATES NEGATIVE NUMBERS.
R  INDICATES RECORD WAS SET OR TIED.
MM INDICATES DATA IS MISSING.
T  INDICATES TRACE AMOUNT.




$$
