000
CDUS44 KMRX 262122
CLITYS

CLIMATE REPORT
NATIONAL WEATHER SERVICE MORRISTOWN TN
522 PM EDT TUE MAY 26 2015


...................................

...THE KNOXVILLE CLIMATE SUMMARY FOR MAY 26 2015...
VALID TODAY AS OF 0500 PM LOCAL TIME.

CLIMATE NORMAL PERIOD 1981 TO 2010
CLIMATE RECORD PERIOD 1871 TO 2015


WEATHER ITEM   OBSERVED TIME   RECORD YEAR NORMAL DEPARTURE LAST
                VALUE   (LST)  VALUE       VALUE  FROM      YEAR
                                                  NORMAL
..................................................................
TEMPERATURE (F)
 TODAY
  MAXIMUM         89    250 PM  94    1926  81      8       85
  MINIMUM         64    458 AM  38    1979  59      5       58
  AVERAGE         77                        70      7       72

PRECIPITATION (IN)
  TODAY            0.00          1.76 2004   0.14  -0.14     0.00
  MONTH TO DATE    0.62                      3.82  -3.20     0.98
  SINCE MAR 1      9.20                     12.17  -2.97     7.72
  SINCE JAN 1     16.34                     20.75  -4.41    15.79

SNOWFALL (IN)
  TODAY            0.0                       0.0    0.0      0.0
  MONTH TO DATE    0.0                       0.0    0.0      0.0
  SINCE MAR 1      T                         1.4   -1.4      0.5
  SINCE JUL 1      9.3                       6.5    2.8     12.4
  SNOW DEPTH       0

DEGREE DAYS
 HEATING
  TODAY            0                         1     -1        0
  MONTH TO DATE   30                        55    -25       61
  SINCE MAR 1    580                       734   -154      750
  SINCE JUL 1   3845                      3630    215     3797

 COOLING
  TODAY           12                         6      6        7
  MONTH TO DATE  162                        93     69      118
  SINCE MAR 1    187                       130     57      150
  SINCE JAN 1    187                       130     57      150
..................................................................


WIND (MPH)
  HIGHEST WIND SPEED    25   HIGHEST WIND DIRECTION     S (200)
  HIGHEST GUST SPEED    31   HIGHEST GUST DIRECTION     S (200)
  AVERAGE WIND SPEED     6.3


SKY COVER
  POSSIBLE SUNSHINE  MM
  AVERAGE SKY COVER 0.8


WEATHER CONDITIONS
 THE FOLLOWING WEATHER WAS RECORDED TODAY.
  THUNDERSTORM


RELATIVE HUMIDITY (PERCENT)
 HIGHEST   100           300 AM
 LOWEST     40           300 PM
 AVERAGE    70

..........................................................


THE KNOXVILLE CLIMATE NORMALS FOR TOMORROW
                         NORMAL    RECORD    YEAR
 MAXIMUM TEMPERATURE (F)   81        94      1941
 MINIMUM TEMPERATURE (F)   59        39      1961


SUNRISE AND SUNSET
MAY 26 2015...........SUNRISE   624 AM EDT   SUNSET   843 PM EDT
MAY 27 2015...........SUNRISE   623 AM EDT   SUNSET   843 PM EDT


-  INDICATES NEGATIVE NUMBERS.
R  INDICATES RECORD WAS SET OR TIED.
MM INDICATES DATA IS MISSING.
T  INDICATES TRACE AMOUNT.




$$
