000
CDUS44 KMRX 232119
CLITYS


CLIMATE REPORT
NATIONAL WEATHER SERVICE MORRISTOWN TN
519 PM EDT WED AUG 23 2017


...................................

...THE KNOXVILLE    ASOS CLIMATE SUMMARY FOR AUGUST 23 2017...
VALID TODAY AS OF 0500 PM LOCAL TIME.

CLIMATE NORMAL PERIOD 1981 TO 2010
CLIMATE RECORD PERIOD 1871 TO 2017


WEATHER ITEM   OBSERVED TIME   RECORD YEAR NORMAL DEPARTURE LAST
                VALUE   (LST)  VALUE       VALUE  FROM      YEAR
                                                  NORMAL
..................................................................
TEMPERATURE (F)
 TODAY
  MAXIMUM         87    346 PM 102    2007  88     -1       87
  MINIMUM         73    732 AM  54    1930  67      6       61
  AVERAGE         80                        78      2       74

PRECIPITATION (IN)
  TODAY            0.00          1.60 1967   0.09  -0.09     0.00
  MONTH TO DATE    5.00                      2.56   2.44     2.23
  SINCE JUN 1     12.44                     11.45   0.99    11.46
  SINCE JAN 1     36.57                     32.89   3.68    30.72

SNOWFALL (IN)
  TODAY            0.0                       0.0    0.0      0.0
  MONTH TO DATE    0.0                       0.0    0.0      0.0
  SINCE JUN 1      0.0                       0.0    0.0      0.0
  SINCE JUL 1      0.0                       0.0    0.0      0.0
  SNOW DEPTH       0

DEGREE DAYS
 HEATING
  TODAY            0                         0      0        0
  MONTH TO DATE    0                         0      0        0
  SINCE JUN 1      0                         4     -4        0
  SINCE JUL 1      0                         0      0        0

 COOLING
  TODAY           15                        12      3        9
  MONTH TO DATE  286                       298    -12      377
  SINCE JUN 1    975                      1020    -45     1301
  SINCE JAN 1   1223                      1182     41     1512
..................................................................


WIND (MPH)
  HIGHEST WIND SPEED    13   HIGHEST WIND DIRECTION    SW (220)
  HIGHEST GUST SPEED    15   HIGHEST GUST DIRECTION    SW (220)
  AVERAGE WIND SPEED     7.0


SKY COVER
  POSSIBLE SUNSHINE  MM
  AVERAGE SKY COVER 0.7


WEATHER CONDITIONS
 THE FOLLOWING WEATHER WAS RECORDED TODAY.
  NO SIGNIFICANT WEATHER WAS OBSERVED.


RELATIVE HUMIDITY (PERCENT)
 HIGHEST    87           400 AM
 LOWEST     37           400 PM
 AVERAGE    62

..........................................................


THE KNOXVILLE    ASOS CLIMATE NORMALS FOR TOMORROW
                         NORMAL    RECORD    YEAR
 MAXIMUM TEMPERATURE (F)   88       100      2007
 MINIMUM TEMPERATURE (F)   67        53      1888


SUNRISE AND SUNSET
AUGUST 23 2017........SUNRISE   701 AM EDT   SUNSET   815 PM EDT
AUGUST 24 2017........SUNRISE   702 AM EDT   SUNSET   814 PM EDT


-  INDICATES NEGATIVE NUMBERS.
R  INDICATES RECORD WAS SET OR TIED.
MM INDICATES DATA IS MISSING.
T  INDICATES TRACE AMOUNT.




$$
