000
CDUS44 KMRX 280842
CLITYS

CLIMATE REPORT
NATIONAL WEATHER SERVICE MORRISTOWN TN
339 AM EST FRI NOV 28 2014


...................................

...THE KNOXVILLE CLIMATE SUMMARY FOR NOVEMBER 27 2014...

CLIMATE NORMAL PERIOD 1981 TO 2010
CLIMATE RECORD PERIOD 1871 TO 2014


WEATHER ITEM   OBSERVED TIME   RECORD YEAR NORMAL DEPARTURE LAST
                VALUE   (LST)  VALUE       VALUE  FROM      YEAR
                                                  NORMAL
..................................................................
TEMPERATURE (F)
 YESTERDAY
  MAXIMUM         42   1216 AM  78    1990  56    -14       38
  MINIMUM         31   1157 PM  16    1903  36     -5       29
                                      1898
  AVERAGE         37                        46     -9       34

PRECIPITATION (IN)
  YESTERDAY        0.24          2.60 1959   0.15   0.09     0.10
  MONTH TO DATE    2.10                      3.53  -1.43     4.41
  SINCE SEP 1      8.17                      9.28  -1.11     9.74
  SINCE JAN 1     37.43                     42.88  -5.45    61.12

SNOWFALL (IN)
  YESTERDAY        T                         0.0    0.0      0.8
  MONTH TO DATE    T                         0.0    0.0      0.8
  SINCE SEP 1      T                         0.0    0.0      0.8
  SINCE JUL 1      T                         0.0    0.0      0.8
  SNOW DEPTH       0

DEGREE DAYS
 HEATING
  YESTERDAY       28                        19      9       31
  MONTH TO DATE  586                       403    183      453
  SINCE SEP 1    764                       622    142      608
  SINCE JUL 1    764                       622    142      608

 COOLING
  YESTERDAY        0                         0      0        0
  MONTH TO DATE    0                         0      0        0
  SINCE SEP 1    287                       242     45      258
  SINCE JAN 1   1486                      1523    -37     1445
..................................................................


WIND (MPH)
  HIGHEST WIND SPEED    16   HIGHEST WIND DIRECTION     W (280)
  HIGHEST GUST SPEED    22   HIGHEST GUST DIRECTION     W (280)
  AVERAGE WIND SPEED    10.4


SKY COVER
  POSSIBLE SUNSHINE  MM
  AVERAGE SKY COVER  MM


WEATHER CONDITIONS
 THE FOLLOWING WEATHER WAS RECORDED YESTERDAY.
  HEAVY RAIN
  RAIN
  LIGHT RAIN
  SLEET
  FOG


RELATIVE HUMIDITY (PERCENT)
 HIGHEST    92           100 AM
 LOWEST     63          1000 PM
 AVERAGE    78

..........................................................


THE KNOXVILLE CLIMATE NORMALS FOR TODAY
                         NORMAL    RECORD    YEAR
 MAXIMUM TEMPERATURE (F)   55        77      2001
 MINIMUM TEMPERATURE (F)   35        18      1955
                                             1938


SUNRISE AND SUNSET
NOVEMBER 28 2014......SUNRISE   725 AM EST   SUNSET   523 PM EST
NOVEMBER 29 2014......SUNRISE   726 AM EST   SUNSET   523 PM EST


-  INDICATES NEGATIVE NUMBERS.
R  INDICATES RECORD WAS SET OR TIED.
MM INDICATES DATA IS MISSING.
T  INDICATES TRACE AMOUNT.




$$
