000
CDUS44 KMRX 200838
CLITYS


CLIMATE REPORT
NATIONAL WEATHER SERVICE MORRISTOWN TN
438 AM EDT FRI OCT 20 2017


...................................

...THE KNOXVILLE    ASOS CLIMATE SUMMARY FOR OCTOBER 19 2017...

CLIMATE NORMAL PERIOD 1981 TO 2010
CLIMATE RECORD PERIOD 1871 TO 2017


WEATHER ITEM   OBSERVED TIME   RECORD YEAR NORMAL DEPARTURE LAST
                VALUE   (LST)  VALUE       VALUE  FROM      YEAR
                                                  NORMAL
..................................................................
TEMPERATURE (F)
 YESTERDAY
  MAXIMUM         72    428 PM  88    2016  70      2       88
  MINIMUM         41    631 AM  29    1948  47     -6       63
  AVERAGE         57                        59     -2       76

PRECIPITATION (IN)
  YESTERDAY        0.00          2.00 2011   0.07  -0.07     0.00
  MONTH TO DATE    2.76                      1.48   1.28      T
  SINCE SEP 1      5.19                      4.72   0.47     1.42
  SINCE JAN 1     42.71                     38.32   4.39    32.24

SNOWFALL (IN)
  YESTERDAY        0.0                       0.0    0.0      0.0
  MONTH TO DATE    0.0                       0.0    0.0      0.0
  SINCE SEP 1      0.0                       0.0    0.0      0.0
  SINCE JUL 1      0.0                       0.0    0.0      0.0
  SNOW DEPTH       0

DEGREE DAYS
 HEATING
  YESTERDAY        8                         7      1        0
  MONTH TO DATE   41                        89    -48       12
  SINCE SEP 1     56                       112    -56       16
  SINCE JUL 1     56                       112    -56       16

 COOLING
  YESTERDAY        0                         1     -1       11
  MONTH TO DATE   89                        30     59       74
  SINCE SEP 1    264                       236     28      436
  SINCE JAN 1   1552                      1517     35     2086
..................................................................


WIND (MPH)
  HIGHEST WIND SPEED     6   HIGHEST WIND DIRECTION     W (280)
  HIGHEST GUST SPEED     9   HIGHEST GUST DIRECTION    NW (330)
  AVERAGE WIND SPEED     2.0


SKY COVER
  POSSIBLE SUNSHINE  MM
  AVERAGE SKY COVER 0.1


WEATHER CONDITIONS
 THE FOLLOWING WEATHER WAS RECORDED YESTERDAY.
  NO SIGNIFICANT WEATHER WAS OBSERVED.


RELATIVE HUMIDITY (PERCENT)
 HIGHEST   100           100 AM
 LOWEST     35           400 PM
 AVERAGE    68

..........................................................


THE KNOXVILLE    ASOS CLIMATE NORMALS FOR TODAY
                         NORMAL    RECORD    YEAR
 MAXIMUM TEMPERATURE (F)   70        88      2016
 MINIMUM TEMPERATURE (F)   47        31      1992


SUNRISE AND SUNSET
OCTOBER 20 2017.......SUNRISE   747 AM EDT   SUNSET   654 PM EDT
OCTOBER 21 2017.......SUNRISE   748 AM EDT   SUNSET   652 PM EDT


-  INDICATES NEGATIVE NUMBERS.
R  INDICATES RECORD WAS SET OR TIED.
MM INDICATES DATA IS MISSING.
T  INDICATES TRACE AMOUNT.




$$
