000
CDUS44 KMRX 302113
CLITYS


CLIMATE REPORT
NATIONAL WEATHER SERVICE MORRISTOWN TN
513 PM EDT SUN AUG 30 2015


...................................

...THE KNOXVILLE    ASOS CLIMATE SUMMARY FOR AUGUST 30 2015...
VALID TODAY AS OF 0500 PM LOCAL TIME.

CLIMATE NORMAL PERIOD 1981 TO 2010
CLIMATE RECORD PERIOD 1871 TO 2015


WEATHER ITEM   OBSERVED TIME   RECORD YEAR NORMAL DEPARTURE LAST
                VALUE   (LST)  VALUE       VALUE  FROM      YEAR
                                                  NORMAL
..................................................................
TEMPERATURE (F)
 TODAY
  MAXIMUM         73   1246 AM  96    1995  87    -14       89
                                      1953
  MINIMUM         69    345 PM  53    1883  66      3       67
  AVERAGE         71                        76     -5       78

PRECIPITATION (IN)
  TODAY            0.00          1.85 2001   0.08  -0.08     0.67
  MONTH TO DATE    3.66                      3.18   0.48     3.98
  SINCE JUN 1     15.44                     12.07   3.37    13.20
  SINCE JAN 1     32.92                     33.51  -0.59    29.23

SNOWFALL (IN)
  TODAY            0.0                       0.0    0.0      0.0
  MONTH TO DATE    0.0                       0.0    0.0      0.0
  SINCE JUN 1      0.0                       0.0    0.0      0.0
  SINCE JUL 1      0.0                       0.0    0.0      0.0
  SNOW DEPTH       0

DEGREE DAYS
 HEATING
  TODAY            0                         0      0        0
  MONTH TO DATE    0                         0      0        0
  SINCE JUN 1      0                         4     -4        0
  SINCE JUL 1      0                         0      0        0

 COOLING
  TODAY            6                        11     -5       13
  MONTH TO DATE  350                       381    -31      336
  SINCE JUN 1   1173                      1103     70      983
  SINCE JAN 1   1407                      1265    142     1188
..................................................................


WIND (MPH)
  HIGHEST WIND SPEED    46   HIGHEST WIND DIRECTION     E (70)
  HIGHEST GUST SPEED    46   HIGHEST GUST DIRECTION     E (70)
  AVERAGE WIND SPEED     4.6


SKY COVER
  POSSIBLE SUNSHINE  MM
  AVERAGE SKY COVER 1.0


WEATHER CONDITIONS
 THE FOLLOWING WEATHER WAS RECORDED TODAY.
  LIGHT RAIN


RELATIVE HUMIDITY (PERCENT)
 HIGHEST   100           800 AM
 LOWEST     68          1200 AM
 AVERAGE    84

..........................................................


THE KNOXVILLE    ASOS CLIMATE NORMALS FOR TOMORROW
                         NORMAL    RECORD    YEAR
 MAXIMUM TEMPERATURE (F)   87        99      1932
 MINIMUM TEMPERATURE (F)   66        49      1946


SUNRISE AND SUNSET
AUGUST 30 2015........SUNRISE   706 AM EDT   SUNSET   806 PM EDT
AUGUST 31 2015........SUNRISE   707 AM EDT   SUNSET   805 PM EDT


-  INDICATES NEGATIVE NUMBERS.
R  INDICATES RECORD WAS SET OR TIED.
MM INDICATES DATA IS MISSING.
T  INDICATES TRACE AMOUNT.




$$
