000
CDUS44 KMRX 160925
CLITYS


CLIMATE REPORT
NATIONAL WEATHER SERVICE MORRISTOWN TN
425 AM EST SAT DEC 16 2017


...................................

...THE KNOXVILLE    ASOS CLIMATE SUMMARY FOR DECEMBER 15 2017...

CLIMATE NORMAL PERIOD 1981 TO 2010
CLIMATE RECORD PERIOD 1871 TO 2017


WEATHER ITEM   OBSERVED TIME   RECORD YEAR NORMAL DEPARTURE LAST
                VALUE   (LST)  VALUE       VALUE  FROM      YEAR
                                                  NORMAL
..................................................................
TEMPERATURE (F)
 YESTERDAY
  MAXIMUM         36    427 PM  73    1971  50    -14       37
  MINIMUM         26   1145 PM   5    1914  32     -6       22
  AVERAGE         31                        41    -10       30

PRECIPITATION (IN)
  YESTERDAY        0.00          1.54 1922   0.15  -0.15     0.00
  MONTH TO DATE    0.92                      2.30  -1.38     3.83
  SINCE DEC 1      0.92                      2.30  -1.38     3.83
  SINCE JAN 1     49.42                     45.66   3.76    42.03

SNOWFALL (IN)
  YESTERDAY        0.0                       0.0    0.0      0.0
  MONTH TO DATE    0.9                       0.2    0.7      0.0
  SINCE DEC 1      0.9                       0.2    0.7      0.0
  SINCE JUL 1      0.9                       0.2    0.7      0.0
  SNOW DEPTH       0

DEGREE DAYS
 HEATING
  YESTERDAY       34                        24     10       35
  MONTH TO DATE  343                       340      3      353
  SINCE DEC 1    343                       340      3      353
  SINCE JUL 1    961                      1021    -60      757

 COOLING
  YESTERDAY        0                         0      0        0
  MONTH TO DATE    0                         0      0        0
  SINCE DEC 1      0                         0      0        0
  SINCE JAN 1   1558                      1526     32     2121
..................................................................


WIND (MPH)
  HIGHEST WIND SPEED    14   HIGHEST WIND DIRECTION     W (270)
  HIGHEST GUST SPEED    17   HIGHEST GUST DIRECTION     W (270)
  AVERAGE WIND SPEED     5.7


SKY COVER
  POSSIBLE SUNSHINE  MM
  AVERAGE SKY COVER 0.6


WEATHER CONDITIONS
 THE FOLLOWING WEATHER WAS RECORDED YESTERDAY.
  NO SIGNIFICANT WEATHER WAS OBSERVED.


RELATIVE HUMIDITY (PERCENT)
 HIGHEST   100           600 AM
 LOWEST     64           200 PM
 AVERAGE    82

..........................................................


THE KNOXVILLE    ASOS CLIMATE NORMALS FOR TODAY
                         NORMAL    RECORD    YEAR
 MAXIMUM TEMPERATURE (F)   49        71      1929
 MINIMUM TEMPERATURE (F)   32         5      1914


SUNRISE AND SUNSET
DECEMBER 16 2017......SUNRISE   739 AM EST   SUNSET   524 PM EST
DECEMBER 17 2017......SUNRISE   740 AM EST   SUNSET   524 PM EST


-  INDICATES NEGATIVE NUMBERS.
R  INDICATES RECORD WAS SET OR TIED.
MM INDICATES DATA IS MISSING.
T  INDICATES TRACE AMOUNT.




$$
