629
CDUS44 KMRX 012136
CLITYS


CLIMATE REPORT
NATIONAL WEATHER SERVICE MORRISTOWN TN
534 PM EDT SAT OCT 1 2016


...................................

...THE KNOXVILLE    ASOS CLIMATE SUMMARY FOR OCTOBER 1 2016...
VALID TODAY AS OF 0500 PM LOCAL TIME.

CLIMATE NORMAL PERIOD 1981 TO 2010
CLIMATE RECORD PERIOD 1871 TO 2016


WEATHER ITEM   OBSERVED TIME   RECORD YEAR NORMAL DEPARTURE LAST
                VALUE   (LST)  VALUE       VALUE  FROM      YEAR
                                                  NORMAL
..................................................................
TEMPERATURE (F)
 TODAY
  MAXIMUM         76    355 PM  92    1884  76      0       68
  MINIMUM         50    657 AM  36    1924  54     -4       59
                                      1895
                                      1876
  AVERAGE         63                        65     -2       64

PRECIPITATION (IN)
  TODAY            0.00          1.85 1973   0.09  -0.09     0.08
  MONTH TO DATE    0.00                      0.09  -0.09     0.08
  SINCE SEP 1      1.42                      3.33  -1.91     1.66
  SINCE JAN 1     32.24                     36.93  -4.69    34.58

SNOWFALL (IN)
  TODAY            0.0                       0.0    0.0      0.0
  MONTH TO DATE    0.0                       0.0    0.0      0.0
  SINCE SEP 1      0.0                       0.0    0.0      0.0
  SINCE JUL 1      0.0                       0.0    0.0      0.0
  SNOW DEPTH       0

DEGREE DAYS
 HEATING
  TODAY            2                         3     -1        1
  MONTH TO DATE    2                         3     -1        1
  SINCE SEP 1      6                        26    -20       11
  SINCE JUL 1      6                        26    -20       11

 COOLING
  TODAY            0                         3     -3        0
  MONTH TO DATE    0                         3     -3        0
  SINCE SEP 1    362                       209    153      235
  SINCE JAN 1   2012                      1490    522     1657
..................................................................


WIND (MPH)
  HIGHEST WIND SPEED    12   HIGHEST WIND DIRECTION    SW (220)
  HIGHEST GUST SPEED    16   HIGHEST GUST DIRECTION    SW (240)
  AVERAGE WIND SPEED     2.9


SKY COVER
  POSSIBLE SUNSHINE  MM
  AVERAGE SKY COVER 0.3


WEATHER CONDITIONS
 THE FOLLOWING WEATHER WAS RECORDED TODAY.
  NO SIGNIFICANT WEATHER WAS OBSERVED.


RELATIVE HUMIDITY (PERCENT)
 HIGHEST    86           500 AM
 LOWEST     41           400 PM
 AVERAGE    64

..........................................................


THE KNOXVILLE    ASOS CLIMATE NORMALS FOR TOMORROW
                         NORMAL    RECORD    YEAR
 MAXIMUM TEMPERATURE (F)   76        93      1884
 MINIMUM TEMPERATURE (F)   54        36      1946
                                             1895


SUNRISE AND SUNSET
OCTOBER  1 2016.......SUNRISE   731 AM EDT   SUNSET   719 PM EDT
OCTOBER  2 2016.......SUNRISE   732 AM EDT   SUNSET   717 PM EDT


-  INDICATES NEGATIVE NUMBERS.
R  INDICATES RECORD WAS SET OR TIED.
MM INDICATES DATA IS MISSING.
T  INDICATES TRACE AMOUNT.




$$
