000
CDUS44 KMRX 281042
CLITYS

CLIMATE REPORT
NATIONAL WEATHER SERVICE MORRISTOWN TN
542 AM EST SUN DEC 28 2014


...................................

...THE KNOXVILLE CLIMATE SUMMARY FOR DECEMBER 27 2014...

CLIMATE NORMAL PERIOD 1981 TO 2010
CLIMATE RECORD PERIOD 1871 TO 2014


WEATHER ITEM   OBSERVED TIME   RECORD YEAR NORMAL DEPARTURE LAST
                VALUE   (LST)  VALUE       VALUE  FROM      YEAR
                                                  NORMAL
..................................................................
TEMPERATURE (F)
 YESTERDAY
  MAXIMUM         53    437 PM  82    1947  48      5       52
  MINIMUM         36    755 AM   5    1925  30      6       24
  AVERAGE         45                        39      6       38

PRECIPITATION (IN)
  YESTERDAY        T             1.83 1932   0.14  -0.14     0.00
  MONTH TO DATE    3.62                      3.97  -0.35     6.68
  SINCE DEC 1      3.62                      3.97  -0.35     6.68
  SINCE JAN 1     41.05                     47.33  -6.28    67.80

SNOWFALL (IN)
  YESTERDAY        0.0                       0.0   -0.0      0.0
  MONTH TO DATE    0.0                       0.6   -0.6      0.0
  SINCE DEC 1      0.0                       0.6   -0.6      0.0
  SINCE JUL 1      T                         0.6   -0.6      0.8
  SNOW DEPTH       0

DEGREE DAYS
 HEATING
  YESTERDAY       20                        26     -6       27
  MONTH TO DATE  567                       646    -79      562
  SINCE DEC 1    567                       646    -79      562
  SINCE JUL 1   1393                      1327     66     1252

 COOLING
  YESTERDAY        0                         0      0        0
  MONTH TO DATE    0                         0      0        4
  SINCE DEC 1      0                         0      0        4
  SINCE JAN 1   1486                      1526    -40     1449
..................................................................


WIND (MPH)
  HIGHEST WIND SPEED     7   HIGHEST WIND DIRECTION    NE (40)
  HIGHEST GUST SPEED     7   HIGHEST GUST DIRECTION     N (20)
  AVERAGE WIND SPEED     0.9


SKY COVER
  POSSIBLE SUNSHINE  MM
  AVERAGE SKY COVER  MM


WEATHER CONDITIONS
 THE FOLLOWING WEATHER WAS RECORDED YESTERDAY.
  LIGHT RAIN


RELATIVE HUMIDITY (PERCENT)
 HIGHEST    92           500 AM
 LOWEST     59           200 PM
 AVERAGE    76

..........................................................


THE KNOXVILLE CLIMATE NORMALS FOR TODAY
                         NORMAL    RECORD    YEAR
 MAXIMUM TEMPERATURE (F)   47        75      1874
 MINIMUM TEMPERATURE (F)   30         4      1925


SUNRISE AND SUNSET
DECEMBER 28 2014......SUNRISE   745 AM EST   SUNSET   530 PM EST
DECEMBER 29 2014......SUNRISE   745 AM EST   SUNSET   531 PM EST


-  INDICATES NEGATIVE NUMBERS.
R  INDICATES RECORD WAS SET OR TIED.
MM INDICATES DATA IS MISSING.
T  INDICATES TRACE AMOUNT.




$$
