000
CDUS44 KMRX 250814
CLITYS


CLIMATE REPORT
NATIONAL WEATHER SERVICE MORRISTOWN TN
414 AM EDT THU MAY 25 2017


...................................

...THE KNOXVILLE    ASOS CLIMATE SUMMARY FOR MAY 24 2017...

CLIMATE NORMAL PERIOD 1981 TO 2010
CLIMATE RECORD PERIOD 1871 TO 2017


WEATHER ITEM   OBSERVED TIME   RECORD YEAR NORMAL DEPARTURE LAST
                VALUE   (LST)  VALUE       VALUE  FROM      YEAR
                                                  NORMAL
..................................................................
TEMPERATURE (F)
 YESTERDAY
  MAXIMUM         73    347 PM  92    1904  80     -7       82
  MINIMUM         55   1159 PM  37    1883  59     -4       51
  AVERAGE         64                        69     -5       67

PRECIPITATION (IN)
  YESTERDAY        0.66          2.57 2000   0.13   0.53     0.00
  MONTH TO DATE    3.84                      3.55   0.29     2.68
  SINCE MAR 1     17.18                     11.90   5.28     8.00
  SINCE JAN 1     23.12                     20.48   2.64    17.88

SNOWFALL (IN)
  YESTERDAY        0.0                       0.0    0.0      0.0
  MONTH TO DATE    0.0                       0.0    0.0      0.0
  SINCE MAR 1      T                         1.4   -1.4      0.0
  SINCE JUL 1      2.3                       6.5   -4.2      5.2
  SNOW DEPTH       0

DEGREE DAYS
 HEATING
  YESTERDAY        1                         1      0        0
  MONTH TO DATE   47                        53     -6       52
  SINCE MAR 1    527                       732   -205      522
  SINCE JUL 1   2586                      3628  -1042     2955

 COOLING
  YESTERDAY        0                         5     -5        2
  MONTH TO DATE  118                        81     37       71
  SINCE MAR 1    214                       118     96      144
  SINCE JAN 1    214                       118     96      144
..................................................................


WIND (MPH)
  HIGHEST WIND SPEED    28   HIGHEST WIND DIRECTION    SW (240)
  HIGHEST GUST SPEED    34   HIGHEST GUST DIRECTION     W (260)
  AVERAGE WIND SPEED    10.2


SKY COVER
  POSSIBLE SUNSHINE  MM
  AVERAGE SKY COVER 0.8


WEATHER CONDITIONS
 THE FOLLOWING WEATHER WAS RECORDED YESTERDAY.
  THUNDERSTORM
  HEAVY RAIN
  RAIN
  LIGHT RAIN
  FOG


RELATIVE HUMIDITY (PERCENT)
 HIGHEST    97           500 AM
 LOWEST     53           500 PM
 AVERAGE    75

..........................................................


THE KNOXVILLE    ASOS CLIMATE NORMALS FOR TODAY
                         NORMAL    RECORD    YEAR
 MAXIMUM TEMPERATURE (F)   80        93      2011
                                             1933
 MINIMUM TEMPERATURE (F)   59        43      2013


SUNRISE AND SUNSET
MAY 25 2017...........SUNRISE   624 AM EDT   SUNSET   842 PM EDT
MAY 26 2017...........SUNRISE   623 AM EDT   SUNSET   843 PM EDT


-  INDICATES NEGATIVE NUMBERS.
R  INDICATES RECORD WAS SET OR TIED.
MM INDICATES DATA IS MISSING.
T  INDICATES TRACE AMOUNT.




$$
