000
CDUS44 KMRX 130953
CLITYS


CLIMATE REPORT
NATIONAL WEATHER SERVICE MORRISTOWN TN
453 AM EST SAT FEB 13 2016


...................................

...THE KNOXVILLE    ASOS CLIMATE SUMMARY FOR FEBRUARY 12 2016...

CLIMATE NORMAL PERIOD 1981 TO 2010
CLIMATE RECORD PERIOD 1871 TO 2016


WEATHER ITEM   OBSERVED TIME   RECORD YEAR NORMAL DEPARTURE LAST
                VALUE   (LST)  VALUE       VALUE  FROM      YEAR
                                                  NORMAL
..................................................................
TEMPERATURE (F)
 YESTERDAY
  MAXIMUM         36    633 PM  76    1984  51    -15       40
  MINIMUM         29   1008 AM   1    1899  32     -3       23
  AVERAGE         33                        42     -9       32

PRECIPITATION (IN)
  YESTERDAY        0.14          2.15 1948   0.15  -0.01      T
  MONTH TO DATE    3.23                      1.81   1.42     0.74
  SINCE DEC 1     13.84                     10.63   3.21     8.37
  SINCE JAN 1      6.00                      6.13  -0.13     4.13

SNOWFALL (IN)
  YESTERDAY        1.7                       0.0    1.7       T
  MONTH TO DATE    2.1                       0.8    1.3       T
  SINCE DEC 1      4.7                       4.3    0.4      1.1
  SINCE JUL 1      4.7                       4.3    0.4      1.1
  SNOW DEPTH       T

DEGREE DAYS
 HEATING
  YESTERDAY       32                        23      9       33
  MONTH TO DATE  290                       295     -5      304
  SINCE DEC 1   1566                      1876   -310     1829
  SINCE JUL 1   2076                      2557   -481     2655

 COOLING
  YESTERDAY        0                         0      0        0
  MONTH TO DATE    0                         0      0        0
  SINCE DEC 1      5                         0      5        0
  SINCE JAN 1      0                         0      0        0
..................................................................


WIND (MPH)
  HIGHEST WIND SPEED    18   HIGHEST WIND DIRECTION     W (280)
  HIGHEST GUST SPEED    24   HIGHEST GUST DIRECTION     W (270)
  AVERAGE WIND SPEED     6.8


SKY COVER
  POSSIBLE SUNSHINE  MM
  AVERAGE SKY COVER 1.0


WEATHER CONDITIONS
 THE FOLLOWING WEATHER WAS RECORDED YESTERDAY.
  SNOW
  LIGHT SNOW
  FOG


RELATIVE HUMIDITY (PERCENT)
 HIGHEST   100           900 AM
 LOWEST     58          1200 AM
 AVERAGE    79

..........................................................


THE KNOXVILLE    ASOS CLIMATE NORMALS FOR TODAY
                         NORMAL    RECORD    YEAR
 MAXIMUM TEMPERATURE (F)   52        74      1962
                                             1949
 MINIMUM TEMPERATURE (F)   32        -7      1899


SUNRISE AND SUNSET
FEBRUARY 13 2016......SUNRISE   726 AM EST   SUNSET   615 PM EST
FEBRUARY 14 2016......SUNRISE   725 AM EST   SUNSET   616 PM EST


-  INDICATES NEGATIVE NUMBERS.
R  INDICATES RECORD WAS SET OR TIED.
MM INDICATES DATA IS MISSING.
T  INDICATES TRACE AMOUNT.




$$
