000
CDUS44 KMRX 191203
CLITYS

CLIMATE REPORT NATIONAL WEATHER SERVICE MORRISTOWN TN
802 AM EDT SAT APR 19 2014

...................................

...THE KNOXVILLE  CLIMATE SUMMARY FOR APRIL 18 2014...

CLIMATE NORMAL PERIOD 1981 TO 2010
CLIMATE RECORD PERIOD 1871 TO 2014


WEATHER ITEM   OBSERVED TIME   RECORD YEAR NORMAL DEPARTURE LAST
                VALUE   (LST)  VALUE       VALUE  FROM      YEAR
                                                  NORMAL
..................................................................
TEMPERATURE (F)
 YESTERDAY
  MAXIMUM         63    300 PM  90    1896  71     -8       82
  MINIMUM         48    641 AM  24    1875  48      0       57
  AVERAGE         56                        60     -4       70

PRECIPITATION (IN)
  YESTERDAY        0.00          1.84 1924   0.13  -0.13     0.00
  MONTH TO DATE    2.57                      2.37   0.20     2.08
  SINCE MAR 1      4.99                      6.71  -1.72     7.57
  SINCE JAN 1     13.06                     15.29  -2.23    22.66

SNOWFALL (IN)
  YESTERDAY        0.0                       0.1   -0.1      0.0
  MONTH TO DATE    T                         0.5   -0.5      0.0
  SINCE MAR 1      0.5                       1.4   -0.9      1.2
  SINCE JUL 1     12.4                       6.5    5.9      3.8
  SNOW DEPTH       0

DEGREE DAYS
 HEATING
  YESTERDAY        9                         7      2        0
  MONTH TO DATE  123                       158    -35      124
  SINCE MAR 1    656                       619     37      767
  SINCE JUL 1   3703                      3515    188     3459

 COOLING
  YESTERDAY        0                         1     -1        5
  MONTH TO DATE   14                        16     -2       27
  SINCE MAR 1     14                        21     -7       29
  SINCE JAN 1     14                        21     -7       31
..................................................................


WIND (MPH)
  HIGHEST WIND SPEED    12   HIGHEST WIND DIRECTION    NE (50)
  HIGHEST GUST SPEED    16   HIGHEST GUST DIRECTION    NE (40)
  AVERAGE WIND SPEED     5.6


SKY COVER
  POSSIBLE SUNSHINE  MM
  AVERAGE SKY COVER  MM


WEATHER CONDITIONS
 THE FOLLOWING WEATHER WAS RECORDED YESTERDAY.
  NO SIGNIFICANT WEATHER WAS OBSERVED.


RELATIVE HUMIDITY (PERCENT)
 HIGHEST    71           300 AM
 LOWEST     42           100 PM
 AVERAGE    57

..........................................................


THE KNOXVILLE    ASOS CLIMATE NORMALS FOR TODAY
                         NORMAL    RECORD    YEAR
 MAXIMUM TEMPERATURE (F)   71        90      1941
 MINIMUM TEMPERATURE (F)   48        29      1983


SUNRISE AND SUNSET
APRIL 19 2014.........SUNRISE   658 AM EDT   SUNSET   813 PM EDT
APRIL 20 2014.........SUNRISE   657 AM EDT   SUNSET   814 PM EDT


-  INDICATES NEGATIVE NUMBERS.
R  INDICATES RECORD WAS SET OR TIED.
MM INDICATES DATA IS MISSING.
T  INDICATES TRACE AMOUNT.

&&

THE LOW TEMPERATURE THIS MORNING WAS 51.
THERE HAS BEEN NO PRECIPITATION SINCE MIDNIGHT.


$$
