000
CDUS43 KLOT 030643
CLIUGN


CLIMATE REPORT
NATIONAL WEATHER SERVICE CHICAGO IL
143 AM CDT FRI JUL 3 2015


...................................

...THE WAUKEGAN   CLIMATE SUMMARY FOR JULY 2 2015...

CLIMATE NORMAL PERIOD 1981 TO 2010
CLIMATE RECORD PERIOD 2000 TO 2015


WEATHER ITEM   OBSERVED TIME   RECORD YEAR NORMAL DEPARTURE LAST
                VALUE   (LST)  VALUE       VALUE  FROM      YEAR
                                                  NORMAL
..................................................................
TEMPERATURE (F)
 YESTERDAY
  MAXIMUM         65    121 PM  91    2011  80    -15       67
                                      2002
  MINIMUM         45    316 AM  43    2001  62    -17       54
  AVERAGE         55

PRECIPITATION (IN)
  YESTERDAY        0.00          1.37 2000   0.11  -0.11     0.10
  MONTH TO DATE    0.00                      0.23  -0.23     0.10
  SINCE JUN 1      4.26                      4.11   0.15     7.35
  SINCE JAN 1     13.66                     16.97  -3.31    18.19

DEGREE DAYS
 HEATING
  YESTERDAY       10                         1      9        4
  MONTH TO DATE   19                         2     17        4
  SINCE JUN 1    122                        88     34       77
  SINCE JUL 1     19                         2     17        4

 COOLING
  YESTERDAY        0                         6     -6        0
  MONTH TO DATE    0                        12    -12        7
  SINCE JUN 1     54                       117    -63       90
  SINCE JAN 1     79                       142    -63      113
..................................................................


WIND (MPH)
  RESULTANT WIND SPEED   6   RESULTANT WIND DIRECTION   N (20)
  HIGHEST WIND SPEED    14   HIGHEST WIND DIRECTION     N (20)
  HIGHEST GUST SPEED    19   HIGHEST GUST DIRECTION     N (20)
  AVERAGE WIND SPEED     6.6


SKY COVER
  POSSIBLE SUNSHINE  MM
  AVERAGE SKY COVER 0.2


WEATHER CONDITIONS
 THE FOLLOWING WEATHER WAS RECORDED YESTERDAY.
  FOG


RELATIVE HUMIDITY (PERCENT)
 HIGHEST   100
 LOWEST     67
 AVERAGE    84

..........................................................


THE WAUKEGAN   CLIMATE NORMALS FOR TODAY
                         NORMAL    RECORD    YEAR
 MAXIMUM TEMPERATURE (F)   80        97      2012
 MINIMUM TEMPERATURE (F)   62        50      2008


SUNRISE AND SUNSET
JULY  3 2015..........SUNRISE   519 AM CDT   SUNSET   832 PM CDT
JULY  4 2015..........SUNRISE   520 AM CDT   SUNSET   832 PM CDT


-  INDICATES NEGATIVE NUMBERS.
R  INDICATES RECORD WAS SET OR TIED.
MM INDICATES DATA IS MISSING.
T  INDICATES TRACE AMOUNT.




$$
