000
CDUS43 KLOT 220638
CLIUGN


CLIMATE REPORT
NATIONAL WEATHER SERVICE CHICAGO IL
138 AM CDT FRI AUG 22 2014


...................................

...THE WAUKEGAN   CLIMATE SUMMARY FOR AUGUST 21 2014...

CLIMATE NORMAL PERIOD 1981 TO 2010
CLIMATE RECORD PERIOD 2000 TO 2014


WEATHER ITEM   OBSERVED TIME   RECORD YEAR NORMAL DEPARTURE LAST
                VALUE   (LST)  VALUE       VALUE  FROM      YEAR
                                                  NORMAL
..................................................................
TEMPERATURE (F)
 YESTERDAY
  MAXIMUM         75   1102 AM  95    2003  79     -4       90
  MINIMUM         65    213 AM  50    2004  61      4       66
  AVERAGE         70

PRECIPITATION (IN)
  YESTERDAY        0.48R         0.23 2001   0.12   0.36      T
  MONTH TO DATE    2.34                      2.65  -0.31     0.95
  SINCE JUN 1     10.74                     10.41   0.33     7.57
  SINCE JAN 1     21.58                     23.27  -1.69    21.43

DEGREE DAYS
 HEATING
  YESTERDAY        0                         0      0        0
  MONTH TO DATE    9                         0      9       12
  SINCE JUN 1    116                        98     18      136
  SINCE JUL 1     43                        12     31       39

 COOLING
  YESTERDAY        5                         5      0       13
  MONTH TO DATE   86                       122    -36       70
  SINCE JUN 1    270                       432   -162      347
  SINCE JAN 1    293                       457   -164      394
..................................................................


WIND (MPH)
  RESULTANT WIND SPEED   2   RESULTANT WIND DIRECTION  SE (140)
  HIGHEST WIND SPEED    13   HIGHEST WIND DIRECTION    SE (130)
  HIGHEST GUST SPEED    16   HIGHEST GUST DIRECTION    SE (130)
  AVERAGE WIND SPEED     3.5


SKY COVER
  POSSIBLE SUNSHINE  MM
  AVERAGE SKY COVER 0.6


WEATHER CONDITIONS
 THE FOLLOWING WEATHER WAS RECORDED YESTERDAY.
  THUNDERSTORM
  RAIN
  LIGHT RAIN
  FOG
  FOG W/VISIBILITY <= 1/4 MILE


RELATIVE HUMIDITY (PERCENT)
 HIGHEST   100
 LOWEST     82
 AVERAGE    91

..........................................................


THE WAUKEGAN   CLIMATE NORMALS FOR TODAY
                         NORMAL    RECORD    YEAR
 MAXIMUM TEMPERATURE (F)   79        88      2007
 MINIMUM TEMPERATURE (F)   61        50      2004


SUNRISE AND SUNSET
AUGUST 22 2014........SUNRISE   606 AM CDT   SUNSET   742 PM CDT
AUGUST 23 2014........SUNRISE   607 AM CDT   SUNSET   740 PM CDT


-  INDICATES NEGATIVE NUMBERS.
R  INDICATES RECORD WAS SET OR TIED.
MM INDICATES DATA IS MISSING.
T  INDICATES TRACE AMOUNT.




$$
