000
CDUS43 KLOT 180632
CLIUGN


CLIMATE REPORT
NATIONAL WEATHER SERVICE CHICAGO IL
1231 AM CST SAT NOV 18 2017


...................................

...THE WAUKEGAN   CLIMATE SUMMARY FOR NOVEMBER 17 2017...

CLIMATE NORMAL PERIOD 1981 TO 2010
CLIMATE RECORD PERIOD 2000 TO 2017


WEATHER ITEM   OBSERVED TIME   RECORD YEAR NORMAL DEPARTURE LAST
                VALUE   (LST)  VALUE       VALUE  FROM      YEAR
                                                  NORMAL
..................................................................
TEMPERATURE (F)
 YESTERDAY
  MAXIMUM         45   1057 PM  72    2016  46     -1       72
  MINIMUM         35    720 AM   9    2014  31      4       50
  AVERAGE         40                        38      2       61

PRECIPITATION (IN)
  YESTERDAY        0.18          0.75 2013   0.09   0.09     0.00
  MONTH TO DATE    1.49                      1.70  -0.21     1.19
  SINCE SEP 1      7.04                      8.08  -1.04     7.05
  SINCE JAN 1     35.88                     32.53   3.35    26.36

DEGREE DAYS
 HEATING
  YESTERDAY       25                        27     -2        4
  MONTH TO DATE  469                       387     82      206
  SINCE SEP 1    870                       965    -95      543
  SINCE JUL 1    892                       993   -101      554

 COOLING
  YESTERDAY        0                         0      0        0
  MONTH TO DATE    0                         0      0        3
  SINCE SEP 1    125                        62     63      140
  SINCE JAN 1    571                       564      7      855
..................................................................


WIND (MPH)
  RESULTANT WIND SPEED   9   RESULTANT WIND DIRECTION   S (180)
  HIGHEST WIND SPEED    20   HIGHEST WIND DIRECTION     S (180)
  HIGHEST GUST SPEED    26   HIGHEST GUST DIRECTION     S (170)
  AVERAGE WIND SPEED    10.6


SKY COVER
  POSSIBLE SUNSHINE  MM
  AVERAGE SKY COVER 0.9


WEATHER CONDITIONS
 THE FOLLOWING WEATHER WAS RECORDED YESTERDAY.
  LIGHT RAIN
  FOG
  HAZE


RELATIVE HUMIDITY (PERCENT)
 HIGHEST   100
 LOWEST     58
 AVERAGE    79

..........................................................


THE WAUKEGAN   CLIMATE NORMALS FOR TODAY
                         NORMAL    RECORD    YEAR
 MAXIMUM TEMPERATURE (F)   45        68      1999
 MINIMUM TEMPERATURE (F)   30         9      2014


SUNRISE AND SUNSET
NOVEMBER 18 2017......SUNRISE   646 AM CST   SUNSET   427 PM CST
NOVEMBER 19 2017......SUNRISE   648 AM CST   SUNSET   426 PM CST


-  INDICATES NEGATIVE NUMBERS.
R  INDICATES RECORD WAS SET OR TIED.
MM INDICATES DATA IS MISSING.
T  INDICATES TRACE AMOUNT.




$$
