000
CDUS43 KLOT 250643
CLIUGN


CLIMATE REPORT
NATIONAL WEATHER SERVICE CHICAGO IL
143 AM CDT FRI APR 25 2014


...................................

...THE WAUKEGAN   CLIMATE SUMMARY FOR APRIL 24 2014...

CLIMATE NORMAL PERIOD 1981 TO 2010
CLIMATE RECORD PERIOD 2000 TO 2014


WEATHER ITEM   OBSERVED TIME   RECORD YEAR NORMAL DEPARTURE LAST
                VALUE   (LST)  VALUE       VALUE  FROM      YEAR
                                                  NORMAL
..................................................................
TEMPERATURE (F)
 YESTERDAY
  MAXIMUM         55    254 PM  84    2009  59     -4       51
  MINIMUM         35   1222 AM  28    2003  40     -5       36
  AVERAGE         45

PRECIPITATION (IN)
  YESTERDAY        0.09          0.57 2010   0.12  -0.03     0.09
  MONTH TO DATE    1.61                      2.60  -0.99     7.67
  SINCE MAR 1      2.37                      4.92  -2.55     8.93
  SINCE JAN 1      4.39                      7.97  -3.58    11.09

DEGREE DAYS
 HEATING
  YESTERDAY       20                        16      4       21
  MONTH TO DATE  524                       485     39      556
  SINCE MAR 1   1663                      1409    254     1635
  SINCE JUL 1   7532                      6355   1177     6236

 COOLING
  YESTERDAY        0                         0      0        0
  MONTH TO DATE    0                         0      0        0
  SINCE MAR 1      0                         0      0        0
  SINCE JAN 1      0                         0      0        0
..................................................................


WIND (MPH)
  RESULTANT WIND SPEED   9   RESULTANT WIND DIRECTION  SE (120)
  HIGHEST WIND SPEED    21   HIGHEST WIND DIRECTION    SE (130)
  HIGHEST GUST SPEED    29   HIGHEST GUST DIRECTION    SE (120)
  AVERAGE WIND SPEED     9.8


SKY COVER
  POSSIBLE SUNSHINE  MM
  AVERAGE SKY COVER 0.5


WEATHER CONDITIONS
 THE FOLLOWING WEATHER WAS RECORDED YESTERDAY.
  LIGHT RAIN


RELATIVE HUMIDITY (PERCENT)
 HIGHEST    89
 LOWEST     38
 AVERAGE    64

..........................................................


THE WAUKEGAN   CLIMATE NORMALS FOR TODAY
                         NORMAL    RECORD    YEAR
 MAXIMUM TEMPERATURE (F)   59        80      2008
 MINIMUM TEMPERATURE (F)   40        28      2006


SUNRISE AND SUNSET
APRIL 25 2014.........SUNRISE   555 AM CDT   SUNSET   744 PM CDT
APRIL 26 2014.........SUNRISE   554 AM CDT   SUNSET   746 PM CDT


-  INDICATES NEGATIVE NUMBERS.
R  INDICATES RECORD WAS SET OR TIED.
MM INDICATES DATA IS MISSING.
T  INDICATES TRACE AMOUNT.




$$
