000
CDUS43 KLOT 250632
CLIUGN


CLIMATE REPORT
NATIONAL WEATHER SERVICE CHICAGO IL
132 AM CDT THU MAY 25 2017


...................................

...THE WAUKEGAN   CLIMATE SUMMARY FOR MAY 24 2017...

CLIMATE NORMAL PERIOD 1981 TO 2010
CLIMATE RECORD PERIOD 2000 TO 2017


WEATHER ITEM   OBSERVED TIME   RECORD YEAR NORMAL DEPARTURE LAST
                VALUE   (LST)  VALUE       VALUE  FROM      YEAR
                                                  NORMAL
..................................................................
TEMPERATURE (F)
 YESTERDAY
  MAXIMUM         60    359 PM  88    2007  68     -8       85
  MINIMUM         49    308 AM  35    2013  47      2       52
  AVERAGE         55

PRECIPITATION (IN)
  YESTERDAY        0.29          0.56 2006   0.14   0.15      T
  MONTH TO DATE    2.14                      3.13  -0.99     2.98
  SINCE MAR 1      9.63                      8.93   0.70     9.29
  SINCE JAN 1     13.85                     11.98   1.87    10.80

DEGREE DAYS
 HEATING
  YESTERDAY       10                         8      2        0
  MONTH TO DATE  311                       260     51      299
  SINCE MAR 1   1653                      1756   -103     1712
  SINCE JUL 1   5765                      6702   -937     6057

 COOLING
  YESTERDAY        0                         1     -1        4
  MONTH TO DATE   17                        11      6        4
  SINCE MAR 1     21                        15      6        4
  SINCE JAN 1     21                        15      6        4
..................................................................


WIND (MPH)
  RESULTANT WIND SPEED  11   RESULTANT WIND DIRECTION   N (20)
  HIGHEST WIND SPEED    22   HIGHEST WIND DIRECTION     N (20)
  HIGHEST GUST SPEED    34   HIGHEST GUST DIRECTION    NE (30)
  AVERAGE WIND SPEED    11.2


SKY COVER
  POSSIBLE SUNSHINE  MM
  AVERAGE SKY COVER 0.9


WEATHER CONDITIONS
 THE FOLLOWING WEATHER WAS RECORDED YESTERDAY.
  LIGHT RAIN
  FOG


RELATIVE HUMIDITY (PERCENT)
 HIGHEST   100
 LOWEST     72
 AVERAGE    86

..........................................................


THE WAUKEGAN   CLIMATE NORMALS FOR TODAY
                         NORMAL    RECORD    YEAR
 MAXIMUM TEMPERATURE (F)   68        81      2012
 MINIMUM TEMPERATURE (F)   47        38      2013


SUNRISE AND SUNSET
MAY 25 2017...........SUNRISE   521 AM CDT   SUNSET   816 PM CDT
MAY 26 2017...........SUNRISE   520 AM CDT   SUNSET   817 PM CDT


-  INDICATES NEGATIVE NUMBERS.
R  INDICATES RECORD WAS SET OR TIED.
MM INDICATES DATA IS MISSING.
T  INDICATES TRACE AMOUNT.




$$
