000
CDUS46 KSEW 080833
CLIUIL


CLIMATE REPORT
NATIONAL WEATHER SERVICE SEATTLE WA
1233 AM PST MON FEB 8 2016


...................................

...THE QUILLAYUTE WA AIRPORT CLIMATE SUMMARY FOR FEBRUARY 7 2016...

CLIMATE NORMAL PERIOD 1981 TO 2010
CLIMATE RECORD PERIOD 1966 TO 2016


WEATHER ITEM   OBSERVED TIME   RECORD YEAR NORMAL DEPARTURE LAST
                VALUE   (LST)  VALUE       VALUE  FROM      YEAR
                                                  NORMAL
..................................................................
TEMPERATURE (F)
 YESTERDAY
  MAXIMUM         52    315 PM  62    1987  49      3       54
                                      1968
  MINIMUM         40    323 AM  17    1989  35      5       50
  AVERAGE         46                        42      4       52

PRECIPITATION (IN)
  YESTERDAY        T             1.35 1996   0.38  -0.38     0.96
  MONTH TO DATE    3.06                      2.72   0.34     5.56
  SINCE OCT 1     62.76                     56.33   6.43    61.84
  SINCE JAN 1     18.78                     17.33   1.45    17.09

DEGREE DAYS
 HEATING
  YESTERDAY       19                        23     -4       13
  MONTH TO DATE  145                       161    -16      107
  SINCE DEC 1   1454                      1652   -198     1327
  SINCE JUL 1   2765                      3366   -601     2561

 COOLING
  YESTERDAY        0                         0      0        0
  MONTH TO DATE    0                         0      0        0
  SINCE DEC 1      0                         0      0        0
  SINCE JAN 1      0                         0      0        0
..................................................................


WIND (MPH)
  RESULTANT WIND SPEED   5   RESULTANT WIND DIRECTION  NE (60)
  HIGHEST WIND SPEED    12   HIGHEST WIND DIRECTION    NE (50)
  HIGHEST GUST SPEED    14   HIGHEST GUST DIRECTION    NE (50)
  AVERAGE WIND SPEED     5.3


SKY COVER
  AVERAGE SKY COVER 1.0


WEATHER CONDITIONS
 THE FOLLOWING WEATHER WAS RECORDED YESTERDAY.
  LIGHT RAIN


RELATIVE HUMIDITY (PERCENT)
 HIGHEST    92          1200 AM
 LOWEST     66          1200 PM
 AVERAGE    79

..........................................................


THE QUILLAYUTE WA AIRPORT CLIMATE NORMALS FOR TODAY
                         NORMAL    RECORD    YEAR
 MAXIMUM TEMPERATURE (F)   49        61      1970
 MINIMUM TEMPERATURE (F)   35        18      1989


SUNRISE AND SUNSET
FEBRUARY  8 2016......SUNRISE   736 AM PST   SUNSET   529 PM PST
FEBRUARY  9 2016......SUNRISE   735 AM PST   SUNSET   531 PM PST


-  INDICATES NEGATIVE NUMBERS.
R  INDICATES RECORD WAS SET OR TIED.
MM INDICATES DATA IS MISSING.
T  INDICATES TRACE AMOUNT.




$$
