000
CDUS46 KSEW 030828
CLIUIL


CLIMATE REPORT
NATIONAL WEATHER SERVICE SEATTLE WA
128 AM PDT FRI JUL 3 2015


...................................

...THE QUILLAYUTE WA AIRPORT CLIMATE SUMMARY FOR JULY 2 2015...

CLIMATE NORMAL PERIOD 1981 TO 2010
CLIMATE RECORD PERIOD 1966 TO 2015


WEATHER ITEM   OBSERVED TIME   RECORD YEAR NORMAL DEPARTURE LAST
                VALUE   (LST)  VALUE       VALUE  FROM      YEAR
                                                  NORMAL
..................................................................
TEMPERATURE (F)
 YESTERDAY
  MAXIMUM         80    419 PM  84    1972  66     14       67
  MINIMUM         52    455 AM  40    2002  49      3       56
  AVERAGE         66                        58      8       62

PRECIPITATION (IN)
  YESTERDAY        0.00          0.57 2012   0.08  -0.08      T
  MONTH TO DATE    0.00                      0.16  -0.16      T
  SINCE OCT 1     86.35                     91.41  -5.06    71.57
  SINCE JAN 1     41.60                     52.41 -10.81    54.34

DEGREE DAYS
 HEATING
  YESTERDAY        0                         8     -8        3
  MONTH TO DATE    0                        16    -16        3
  SINCE JUN 1    190                       310   -120      252
  SINCE JUL 1      0                        16    -16        3

 COOLING
  YESTERDAY        1                         0      1        0
  MONTH TO DATE    2                         0      2        6
  SINCE JUN 1     15                         3     12        6
  SINCE JAN 1     15                         4     11       10
..................................................................


WIND (MPH)
  RESULTANT WIND SPEED   4   RESULTANT WIND DIRECTION   W (260)
  HIGHEST WIND SPEED    13   HIGHEST WIND DIRECTION     W (260)
  HIGHEST GUST SPEED    17   HIGHEST GUST DIRECTION    SW (230)
  AVERAGE WIND SPEED     4.4


SKY COVER
  AVERAGE SKY COVER 0.0


WEATHER CONDITIONS
 THE FOLLOWING WEATHER WAS RECORDED YESTERDAY.
  FOG


RELATIVE HUMIDITY (PERCENT)
 HIGHEST   100           400 AM
 LOWEST     50           100 PM
 AVERAGE    75

..........................................................


THE QUILLAYUTE WA AIRPORT CLIMATE NORMALS FOR TODAY
                         NORMAL    RECORD    YEAR
 MAXIMUM TEMPERATURE (F)   66        88      1972
 MINIMUM TEMPERATURE (F)   50        39      1988


SUNRISE AND SUNSET
JULY  3 2015..........SUNRISE   524 AM PDT   SUNSET   920 PM PDT
JULY  4 2015..........SUNRISE   525 AM PDT   SUNSET   920 PM PDT


-  INDICATES NEGATIVE NUMBERS.
R  INDICATES RECORD WAS SET OR TIED.
MM INDICATES DATA IS MISSING.
T  INDICATES TRACE AMOUNT.




$$
