000
CDUS43 KLSX 280812
CLIUIN


CLIMATE REPORT
NATIONAL WEATHER SERVICE ST LOUIS MO
311 AM CDT SAT MAY 28 2016


...................................

...THE QUINCY IL CLIMATE SUMMARY FOR MAY 27 2016...

CLIMATE NORMAL PERIOD 1981 TO 2010
CLIMATE RECORD PERIOD 1901 TO 2016


WEATHER ITEM   OBSERVED TIME   RECORD YEAR NORMAL DEPARTURE LAST
                VALUE   (LST)  VALUE       VALUE  FROM      YEAR
                                                  NORMAL
..................................................................
TEMPERATURE (F)
 YESTERDAY
  MAXIMUM         80    409 PM  94    1911  76      4       79
  MINIMUM         64    334 AM  34    1907  56      8       63
  AVERAGE         72                        66      6

PRECIPITATION (IN)
  YESTERDAY        0.65          2.75 1973   0.16   0.49     0.00
  MONTH TO DATE    3.64                      3.92  -0.28     3.51
  SINCE MAR 1      8.06                     10.07  -2.01     6.16
  SINCE JAN 1      8.68                     13.47  -4.79     8.20

DEGREE DAYS
 HEATING
  YESTERDAY        0                         2     -2
  MONTH TO DATE  148                       128     20
  SINCE MAR 1    995                      1216   -221
  SINCE JUL 1   4592                      5558   -966

 COOLING
  YESTERDAY        7                         3      4
  MONTH TO DATE   47                        51     -4
  SINCE MAR 1     68                        69     -1
  SINCE JAN 1     68                        69     -1
..................................................................


WIND (MPH)
  HIGHEST WIND SPEED    22   HIGHEST WIND DIRECTION     S (170)
  HIGHEST GUST SPEED    30   HIGHEST GUST DIRECTION     S (180)
  AVERAGE WIND SPEED    11.4


SKY COVER
  AVERAGE SKY COVER 0.9



RELATIVE HUMIDITY (PERCENT)
 HIGHEST    97          1000 PM
 LOWEST     69           200 PM
 AVERAGE    83

..........................................................


THE QUINCY IL CLIMATE NORMALS FOR TODAY
                         NORMAL    RECORD    YEAR
 MAXIMUM TEMPERATURE (F)   76        94      1914
 MINIMUM TEMPERATURE (F)   57        38      1992
                                             1907


SUNRISE AND SUNSET
MAY 28 2016...........SUNRISE   540 AM CDT   SUNSET   825 PM CDT
MAY 29 2016...........SUNRISE   539 AM CDT   SUNSET   826 PM CDT


-  INDICATES NEGATIVE NUMBERS.
R  INDICATES RECORD WAS SET OR TIED.
MM INDICATES DATA IS MISSING.
T  INDICATES TRACE AMOUNT.




$$
