000
CDUS43 KLSX 040745
CLIUIN


CLIMATE REPORT
NATIONAL WEATHER SERVICE ST LOUIS MO
245 AM CDT SAT JUL 4 2015


...................................

...THE QUINCY IL CLIMATE SUMMARY FOR JULY 3 2015...

CLIMATE NORMAL PERIOD 1981 TO 2010
CLIMATE RECORD PERIOD 1901 TO 2015


WEATHER ITEM   OBSERVED TIME   RECORD YEAR NORMAL DEPARTURE LAST
                VALUE   (LST)  VALUE       VALUE  FROM      YEAR
                                                  NORMAL
..................................................................
TEMPERATURE (F)
 YESTERDAY
  MAXIMUM         80    430 PM 104    1911  86     -6       78
  MINIMUM         62    521 AM  51    1968  66     -4       56
  AVERAGE         71                        76     -5

PRECIPITATION (IN)
  YESTERDAY        0.00          1.68 1982   0.12  -0.12     0.00
  MONTH TO DATE    0.12                      0.38  -0.26     0.01
  SINCE JUN 1      8.65                      4.37   4.28     8.16
  SINCE JAN 1     17.33                     18.46  -1.13    16.57

DEGREE DAYS
 HEATING
  YESTERDAY        0                         0      0
  MONTH TO DATE    0                         0      0
  SINCE JUN 1      8                        16     -8
  SINCE JUL 1      0                         0      0

 COOLING
  YESTERDAY        6                        11     -5
  MONTH TO DATE   20                        33    -13
  SINCE JUN 1    267                       260      7
  SINCE JAN 1    381                       346     35
..................................................................


WIND (MPH)
  HIGHEST WIND SPEED    13   HIGHEST WIND DIRECTION     N (360)
  HIGHEST GUST SPEED    15   HIGHEST GUST DIRECTION     N (10)
  AVERAGE WIND SPEED     6.2


SKY COVER
  AVERAGE SKY COVER 0.2



RELATIVE HUMIDITY (PERCENT)
 HIGHEST    93           400 AM
 LOWEST     45           400 PM
 AVERAGE    69

..........................................................


THE QUINCY IL CLIMATE NORMALS FOR TODAY
                         NORMAL    RECORD    YEAR
 MAXIMUM TEMPERATURE (F)   86       103      1936
                                             1911
 MINIMUM TEMPERATURE (F)   66        48      1940


SUNRISE AND SUNSET
JULY  4 2015..........SUNRISE   541 AM CDT   SUNSET   837 PM CDT
JULY  5 2015..........SUNRISE   542 AM CDT   SUNSET   837 PM CDT


-  INDICATES NEGATIVE NUMBERS.
R  INDICATES RECORD WAS SET OR TIED.
MM INDICATES DATA IS MISSING.
T  INDICATES TRACE AMOUNT.




$$
