000
CDUS43 KLSX 110726
CLIUIN


CLIMATE REPORT
NATIONAL WEATHER SERVICE ST LOUIS MO
126 AM CST MON DEC 11 2017


...................................

...THE QUINCY IL CLIMATE SUMMARY FOR DECEMBER 10 2017...

CLIMATE NORMAL PERIOD 1981 TO 2010
CLIMATE RECORD PERIOD 1901 TO 2017


WEATHER ITEM   OBSERVED TIME   RECORD YEAR NORMAL DEPARTURE LAST
                VALUE   (LST)  VALUE       VALUE  FROM      YEAR
                                                  NORMAL
..................................................................
TEMPERATURE (F)
 YESTERDAY
  MAXIMUM         46    256 PM  63    1979  39      7       33
  MINIMUM         19    143 AM  -7    1917  23     -4       22
  AVERAGE         33                        31      2

PRECIPITATION (IN)
  YESTERDAY        0.00          1.30 2003   0.08  -0.08     0.00
  MONTH TO DATE    0.10                      0.85  -0.75     0.33
  SINCE DEC 1      0.10                      0.85  -0.75     0.33
  SINCE JAN 1     32.70                     35.93  -3.23    30.18

DEGREE DAYS
 HEATING
  YESTERDAY       32                        34     -2
  MONTH TO DATE  278                       322    -44
  SINCE DEC 1    278                       322    -44
  SINCE JUL 1   1225                      1422   -197

 COOLING
  YESTERDAY        0                         0      0
  MONTH TO DATE    0                         0      0
  SINCE DEC 1      0                         0      0
  SINCE JAN 1   1229                      1094    135
..................................................................


WIND (MPH)
  HIGHEST WIND SPEED    21   HIGHEST WIND DIRECTION     W (290)
  HIGHEST GUST SPEED    24   HIGHEST GUST DIRECTION    SW (230)
  AVERAGE WIND SPEED     9.4


SKY COVER
  AVERAGE SKY COVER 0.0



RELATIVE HUMIDITY (PERCENT)
 HIGHEST    77          1200 AM
 LOWEST     42           300 PM
 AVERAGE    60

..........................................................


THE QUINCY IL CLIMATE NORMALS FOR TODAY
                         NORMAL    RECORD    YEAR
 MAXIMUM TEMPERATURE (F)   38        69      1949
 MINIMUM TEMPERATURE (F)   23        -8      1917


SUNRISE AND SUNSET
DECEMBER 11 2017......SUNRISE   717 AM CST   SUNSET   440 PM CST
DECEMBER 12 2017......SUNRISE   717 AM CST   SUNSET   440 PM CST


-  INDICATES NEGATIVE NUMBERS.
R  INDICATES RECORD WAS SET OR TIED.
MM INDICATES DATA IS MISSING.
T  INDICATES TRACE AMOUNT.




$$
