000
CDUS43 KLSX 210745
CLIUIN


CLIMATE REPORT
NATIONAL WEATHER SERVICE ST LOUIS MO
245 AM CDT THU AUG 21 2014


...................................

...THE QUINCY IL CLIMATE SUMMARY FOR AUGUST 20 2014...

CLIMATE NORMAL PERIOD 1981 TO 2010
CLIMATE RECORD PERIOD 1901 TO 2014


WEATHER ITEM   OBSERVED TIME   RECORD YEAR NORMAL DEPARTURE LAST
                VALUE   (LST)  VALUE       VALUE  FROM      YEAR
                                                  NORMAL
..................................................................
TEMPERATURE (F)
 YESTERDAY
  MAXIMUM         85    534 PM 104    1936  84      1       89
  MINIMUM         69    236 AM  42    1950  64      5       65
  AVERAGE         77                        74      3

PRECIPITATION (IN)
  YESTERDAY        0.12          1.92 1951   0.12   0.00     0.00
  MONTH TO DATE    5.47                      2.36   3.11     0.01
  SINCE JUN 1     16.51                     10.39   6.12     2.86
  SINCE JAN 1     24.92                     24.48   0.44    28.10

DEGREE DAYS
 HEATING
  YESTERDAY        0                         0      0
  MONTH TO DATE    0                         0      0
  SINCE JUN 1      9                        16     -7
  SINCE JUL 1      5                         0      5

 COOLING
  YESTERDAY       12                         9      3
  MONTH TO DATE  148                       204    -56
  SINCE JUN 1    613                       774   -161
  SINCE JAN 1    756                       860   -104
..................................................................


WIND (MPH)
  HIGHEST WIND SPEED    14   HIGHEST WIND DIRECTION     W (250)
  HIGHEST GUST SPEED    18   HIGHEST GUST DIRECTION     S (180)
  AVERAGE WIND SPEED     5.6


SKY COVER
  AVERAGE SKY COVER 0.1



RELATIVE HUMIDITY (PERCENT)
 HIGHEST   100           600 AM
 LOWEST     70           400 PM
 AVERAGE    85

..........................................................


THE QUINCY IL CLIMATE NORMALS FOR TODAY
                         NORMAL    RECORD    YEAR
 MAXIMUM TEMPERATURE (F)   84       102      1947
                                             1936
 MINIMUM TEMPERATURE (F)   64        44      1950


SUNRISE AND SUNSET
AUGUST 21 2014........SUNRISE   622 AM CDT   SUNSET   753 PM CDT
AUGUST 22 2014........SUNRISE   623 AM CDT   SUNSET   751 PM CDT


-  INDICATES NEGATIVE NUMBERS.
R  INDICATES RECORD WAS SET OR TIED.
MM INDICATES DATA IS MISSING.
T  INDICATES TRACE AMOUNT.




$$
