698
CDUS43 KLSX 250737
CLIUIN


CLIMATE REPORT
NATIONAL WEATHER SERVICE ST LOUIS MO
234 AM CDT TUE APR 25 2017


...................................

...THE QUINCY IL CLIMATE SUMMARY FOR APRIL 24 2017...

CLIMATE NORMAL PERIOD 1981 TO 2010
CLIMATE RECORD PERIOD 1901 TO 2017


WEATHER ITEM   OBSERVED TIME   RECORD YEAR NORMAL DEPARTURE LAST
                VALUE   (LST)  VALUE       VALUE  FROM      YEAR
                                                  NORMAL
..................................................................
TEMPERATURE (F)
 YESTERDAY
  MAXIMUM         76    433 PM  89    1989  66     10       81
  MINIMUM         46    455 AM  22    1910  46      0       53
  AVERAGE         61                        56      5

PRECIPITATION (IN)
  YESTERDAY        0.00          1.50 1904   0.14  -0.14     0.00
  MONTH TO DATE    2.00                      2.90  -0.90     1.62
  SINCE MAR 1      5.18                      5.36  -0.18     2.70
  SINCE JAN 1      7.23                      8.76  -1.53     3.32

DEGREE DAYS
 HEATING
  YESTERDAY        4                        10     -6
  MONTH TO DATE  188                       319   -131
  SINCE MAR 1    810                      1037   -227
  SINCE JUL 1   4251                      5379  -1128

 COOLING
  YESTERDAY        0                         1     -1
  MONTH TO DATE   30                        11     19
  SINCE MAR 1     30                        13     17
  SINCE JAN 1     30                        13     17
..................................................................


WIND (MPH)
  HIGHEST WIND SPEED    20   HIGHEST WIND DIRECTION    SE (140)
  HIGHEST GUST SPEED    26   HIGHEST GUST DIRECTION    SE (130)
  AVERAGE WIND SPEED     9.4


SKY COVER
  AVERAGE SKY COVER 0.0



RELATIVE HUMIDITY (PERCENT)
 HIGHEST    59           700 AM
 LOWEST     15           300 PM
 AVERAGE    37

..........................................................


THE QUINCY IL CLIMATE NORMALS FOR TODAY
                         NORMAL    RECORD    YEAR
 MAXIMUM TEMPERATURE (F)   67        92      1986
 MINIMUM TEMPERATURE (F)   46        32      1934


SUNRISE AND SUNSET
APRIL 25 2017.........SUNRISE   612 AM CDT   SUNSET   754 PM CDT
APRIL 26 2017.........SUNRISE   611 AM CDT   SUNSET   755 PM CDT


-  INDICATES NEGATIVE NUMBERS.
R  INDICATES RECORD WAS SET OR TIED.
MM INDICATES DATA IS MISSING.
T  INDICATES TRACE AMOUNT.




$$
