000
CDUS43 KLSX 240745
CLIUIN


CLIMATE REPORT
NATIONAL WEATHER SERVICE ST LOUIS MO
245 AM CDT THU JUL 24 2014


...................................

...THE QUINCY IL CLIMATE SUMMARY FOR JULY 23 2014...

CLIMATE NORMAL PERIOD 1981 TO 2010
CLIMATE RECORD PERIOD 1901 TO 2014


WEATHER ITEM   OBSERVED TIME   RECORD YEAR NORMAL DEPARTURE LAST
                VALUE   (LST)  VALUE       VALUE  FROM      YEAR
                                                  NORMAL
..................................................................
TEMPERATURE (F)
 YESTERDAY
  MAXIMUM         82   1249 PM 112    1934  86     -4       86
  MINIMUM         62   1159 PM  53    1947  66     -4       63
                                      1904
  AVERAGE         72                        76     -4

PRECIPITATION (IN)
  YESTERDAY        0.00          1.23 1981   0.13  -0.13      T
  MONTH TO DATE    2.07                      3.07  -1.00     0.25
  SINCE JUN 1     10.22                      7.06   3.16     2.03
  SINCE JAN 1     18.63                     21.15  -2.52    27.27

DEGREE DAYS
 HEATING
  YESTERDAY        0                         0      0
  MONTH TO DATE    5                         0      5
  SINCE JUN 1      9                        16     -7
  SINCE JUL 1      5                         0      5

 COOLING
  YESTERDAY        7                        11     -4
  MONTH TO DATE  156                       253    -97
  SINCE JUN 1    423                       480    -57
  SINCE JAN 1    566                       566      0
..................................................................


WIND (MPH)
  HIGHEST WIND SPEED    20   HIGHEST WIND DIRECTION    NE (30)
  HIGHEST GUST SPEED    25   HIGHEST GUST DIRECTION     N (20)
  AVERAGE WIND SPEED    11.2


SKY COVER
  AVERAGE SKY COVER 0.3



RELATIVE HUMIDITY (PERCENT)
 HIGHEST    91          1200 AM
 LOWEST     48           500 PM
 AVERAGE    70

..........................................................


THE QUINCY IL CLIMATE NORMALS FOR TODAY
                         NORMAL    RECORD    YEAR
 MAXIMUM TEMPERATURE (F)   86       111      1934
 MINIMUM TEMPERATURE (F)   66        52      1904


SUNRISE AND SUNSET
JULY 24 2014..........SUNRISE   556 AM CDT   SUNSET   826 PM CDT
JULY 25 2014..........SUNRISE   557 AM CDT   SUNSET   825 PM CDT


-  INDICATES NEGATIVE NUMBERS.
R  INDICATES RECORD WAS SET OR TIED.
MM INDICATES DATA IS MISSING.
T  INDICATES TRACE AMOUNT.




$$
