000
CDUS43 KLSX 300728
CLIUIN


CLIMATE REPORT
NATIONAL WEATHER SERVICE ST LOUIS MO
227 AM CDT WED JUL 30 2014


...................................

...THE QUINCY IL CLIMATE SUMMARY FOR JULY 29 2014...

CLIMATE NORMAL PERIOD 1981 TO 2010
CLIMATE RECORD PERIOD 1901 TO 2014


WEATHER ITEM   OBSERVED TIME   RECORD YEAR NORMAL DEPARTURE LAST
                VALUE   (LST)  VALUE       VALUE  FROM      YEAR
                                                  NORMAL
..................................................................
TEMPERATURE (F)
 YESTERDAY
  MAXIMUM         78    302 PM 105    1931  86     -8       78
  MINIMUM         56    506 AM  50    2013  66    -10       50
  AVERAGE         67                        76     -9

PRECIPITATION (IN)
  YESTERDAY        0.00          1.73 1901   0.11  -0.11     0.02
  MONTH TO DATE    2.89                      3.79  -0.90     0.52
  SINCE JUN 1     11.04                      7.78   3.26     2.30
  SINCE JAN 1     19.45                     21.87  -2.42    27.54

DEGREE DAYS
 HEATING
  YESTERDAY        0                         0      0
  MONTH TO DATE    5                         0      5
  SINCE JUN 1      9                        16     -7
  SINCE JUL 1      5                         0      5

 COOLING
  YESTERDAY        2                        11     -9
  MONTH TO DATE  189                       319   -130
  SINCE JUN 1    456                       546    -90
  SINCE JAN 1    599                       632    -33
..................................................................


WIND (MPH)
  HIGHEST WIND SPEED    14   HIGHEST WIND DIRECTION    NW (320)
  HIGHEST GUST SPEED    17   HIGHEST GUST DIRECTION    NW (310)
  AVERAGE WIND SPEED     4.6


SKY COVER
  AVERAGE SKY COVER 0.0



RELATIVE HUMIDITY (PERCENT)
 HIGHEST    93           300 AM
 LOWEST     43           200 PM
 AVERAGE    68

..........................................................


THE QUINCY IL CLIMATE NORMALS FOR TODAY
                         NORMAL    RECORD    YEAR
 MAXIMUM TEMPERATURE (F)   86       106      1931
 MINIMUM TEMPERATURE (F)   66        48      1971


SUNRISE AND SUNSET
JULY 30 2014..........SUNRISE   601 AM CDT   SUNSET   820 PM CDT
JULY 31 2014..........SUNRISE   602 AM CDT   SUNSET   819 PM CDT


-  INDICATES NEGATIVE NUMBERS.
R  INDICATES RECORD WAS SET OR TIED.
MM INDICATES DATA IS MISSING.
T  INDICATES TRACE AMOUNT.




$$
