000
CDUS43 KLSX 020745
CLIUIN


CLIMATE REPORT
NATIONAL WEATHER SERVICE ST LOUIS MO
245 AM CDT TUE JUN 2 2015


...................................

...THE QUINCY IL CLIMATE SUMMARY FOR JUNE 1 2015...

CLIMATE NORMAL PERIOD 1981 TO 2010
CLIMATE RECORD PERIOD 1901 TO 2015


WEATHER ITEM   OBSERVED TIME   RECORD YEAR NORMAL DEPARTURE LAST
                VALUE   (LST)  VALUE       VALUE  FROM      YEAR
                                                  NORMAL
..................................................................
TEMPERATURE (F)
 YESTERDAY
  MAXIMUM         65    502 PM 101    1934  78    -13       88
  MINIMUM         53    531 AM  45    2012  58     -5       69
                                      1972
  AVERAGE         59                        68     -9

PRECIPITATION (IN)
  YESTERDAY        T             2.81 2006   0.15  -0.15     0.08
  MONTH TO DATE    T                         0.15  -0.15     0.08
  SINCE JUN 1      T                         0.15  -0.15     0.08
  SINCE JAN 1      8.68                     14.24  -5.56     8.49

DEGREE DAYS
 HEATING
  YESTERDAY        6                         2      4
  MONTH TO DATE    6                         2      4
  SINCE JUN 1      6                         2      4
  SINCE JUL 1   5758                      5568    190

 COOLING
  YESTERDAY        0                         4     -4
  MONTH TO DATE    0                         4     -4
  SINCE JUN 1      0                         4     -4
  SINCE JAN 1    114                        90     24
..................................................................


WIND (MPH)
  HIGHEST WIND SPEED    12   HIGHEST WIND DIRECTION    NE (40)
  HIGHEST GUST SPEED    15   HIGHEST GUST DIRECTION     E (70)
  AVERAGE WIND SPEED     6.9


SKY COVER
  AVERAGE SKY COVER 0.9



RELATIVE HUMIDITY (PERCENT)
 HIGHEST    93          1100 PM
 LOWEST     63           400 PM
 AVERAGE    78

..........................................................


THE QUINCY IL CLIMATE NORMALS FOR TODAY
                         NORMAL    RECORD    YEAR
 MAXIMUM TEMPERATURE (F)   78       102      1934
 MINIMUM TEMPERATURE (F)   58        43      1956


SUNRISE AND SUNSET
JUNE  2 2015..........SUNRISE   538 AM CDT   SUNSET   828 PM CDT
JUNE  3 2015..........SUNRISE   538 AM CDT   SUNSET   829 PM CDT


-  INDICATES NEGATIVE NUMBERS.
R  INDICATES RECORD WAS SET OR TIED.
MM INDICATES DATA IS MISSING.
T  INDICATES TRACE AMOUNT.




$$
