000
CDUS46 KEKA 260019
CLIUKI


CLIMATE REPORT
NATIONAL WEATHER SERVICE EUREKA CA
416 PM PST SAT FEB 25 2017


...................................

...THE UKIAH CA CLIMATE SUMMARY FOR FEBRUARY 25 2017...
VALID TODAY AS OF 0400 PM LOCAL TIME.

CLIMATE NORMAL PERIOD 1981 TO 2010
CLIMATE RECORD PERIOD 1903 TO 2017


WEATHER ITEM   OBSERVED RECORD YEAR NORMAL DEPARTURE LAST
                VALUE   VALUE       VALUE  FROM      YEAR
                                           NORMAL
...........................................................
TEMPERATURE (F)
 TODAY
  MAXIMUM         53     82    1992  62     -9       73
  MINIMUM         32     22    1920  40     -8       38
  AVERAGE         43                 51     -8       56

PRECIPITATION (IN)
  TODAY            0.00   1.50 1922   0.25  -0.25     0.00
  MONTH TO DATE   12.16               5.79   6.37     2.17
  SINCE OCT 1     44.19              26.18  18.01    25.16
  SINCE JAN 1     27.08              12.80  14.28    12.95

SNOWFALL (IN)
  TODAY            0.0   MM          MM     MM        0.0
  MONTH TO DATE    0.0               MM     MM        0.0
  SINCE DEC 1      0.0               MM     MM        0.0
  SINCE JUL 1      0.0               MM     MM        0.0
  SNOW DEPTH       0

...........................................................


WIND (MPH)
  HIGHEST WIND SPEED    10   HIGHEST WIND DIRECTION    SE (150)
  HIGHEST GUST SPEED    13   HIGHEST GUST DIRECTION    SE (130)
  AVERAGE WIND SPEED     1.6


SKY COVER
  AVERAGE SKY COVER 0.5


WEATHER CONDITIONS
 THE FOLLOWING WEATHER WAS RECORDED TODAY.
  NO SIGNIFICANT WEATHER WAS OBSERVED.


RELATIVE HUMIDITY (PERCENT)
 HIGHEST   100
 LOWEST     45
 AVERAGE    73

..........................................................


THE UKIAH CA CLIMATE NORMALS FOR TOMORROW
                         NORMAL    RECORD    YEAR
 MAXIMUM TEMPERATURE (F)   62        86      1932
 MINIMUM TEMPERATURE (F)   40        24      1911


SUNRISE AND SUNSET
FEBRUARY 25 2017......SUNRISE   651 AM PST   SUNSET   601 PM PST
FEBRUARY 26 2017......SUNRISE   649 AM PST   SUNSET   603 PM PST


-  INDICATES NEGATIVE NUMBERS.
R  INDICATES RECORD WAS SET OR TIED.
MM INDICATES DATA IS MISSING.
T  INDICATES TRACE AMOUNT.




$$
