341
CDUS46 KEKA 081209
CLIUKI


CLIMATE REPORT
NATIONAL WEATHER SERVICE EUREKA CA
409 AM PST MON FEB 8 2016


...................................

...THE UKIAH CA CLIMATE SUMMARY FOR FEBRUARY 7 2016...

CLIMATE NORMAL PERIOD 1981 TO 2010
CLIMATE RECORD PERIOD 1903 TO 2016


WEATHER ITEM   OBSERVED TIME   RECORD YEAR NORMAL DEPARTURE LAST
                VALUE   (LST)  VALUE       VALUE  FROM      YEAR
                                                  NORMAL
..................................................................
TEMPERATURE (F)
 YESTERDAY
  MAXIMUM         78    345 PM  79    1954  59     19       65
  MINIMUM         40    735 AM  18    1989  38      2       51
  AVERAGE         59                        49     10       58

PRECIPITATION (IN)
  YESTERDAY        0.00          2.39 1924   0.22  -0.22     0.01
  MONTH TO DATE    0.29                      1.39  -1.10     3.26
  SINCE OCT 1     23.28                     21.78   1.50    21.49
  SINCE JAN 1     11.07                      8.40   2.67     3.72

SNOWFALL (IN)
  YESTERDAY        0.0          MM      MM  MM     MM        0.0
  MONTH TO DATE    0.0                      MM     MM        0.0
  SINCE DEC 1      0.0                      MM     MM        0.0
  SINCE JUL 1      0.0                      MM     MM        0.0
  SNOW DEPTH       0

DEGREE DAYS
 HEATING
  YESTERDAY        6                        16    -10        7
  MONTH TO DATE  104                       117    -13       51
  SINCE DEC 1   1203                      1294    -91      897
  SINCE JUL 1   1726                      1917   -191     1298

 COOLING
  YESTERDAY        0                         0      0        0
  MONTH TO DATE    0                         0      0        0
  SINCE DEC 1      0                         0      0        0
  SINCE JAN 1      0                         0      0        0
..................................................................


WIND (MPH)
  HIGHEST WIND SPEED     7   HIGHEST WIND DIRECTION    SE (120)
  HIGHEST GUST SPEED     9   HIGHEST GUST DIRECTION    SE (120)
  AVERAGE WIND SPEED     0.6


SKY COVER
  AVERAGE SKY COVER 0.0


WEATHER CONDITIONS
 THE FOLLOWING WEATHER WAS RECORDED YESTERDAY.
  NO SIGNIFICANT WEATHER WAS OBSERVED.


RELATIVE HUMIDITY (PERCENT)
 HIGHEST   100
 LOWEST     43
 AVERAGE    72

..........................................................


THE UKIAH CA CLIMATE NORMALS FOR TODAY
                         NORMAL    RECORD    YEAR
 MAXIMUM TEMPERATURE (F)   59        80      1954
 MINIMUM TEMPERATURE (F)   38        19      1989


SUNRISE AND SUNSET
FEBRUARY  8 2016......SUNRISE   713 AM PST   SUNSET   542 PM PST
FEBRUARY  9 2016......SUNRISE   712 AM PST   SUNSET   543 PM PST


-  INDICATES NEGATIVE NUMBERS.
R  INDICATES RECORD WAS SET OR TIED.
MM INDICATES DATA IS MISSING.
T  INDICATES TRACE AMOUNT.




$$
