000
CDUS46 KEKA 221209
CLIUKI


CLIMATE REPORT
NATIONAL WEATHER SERVICE EUREKA CA
509 AM PDT WED OCT 22 2014


...................................

...THE UKIAH CA CLIMATE SUMMARY FOR OCTOBER 21 2014...

CLIMATE NORMAL PERIOD 1981 TO 2010
CLIMATE RECORD PERIOD 1903 TO 2014


WEATHER ITEM   OBSERVED TIME   RECORD YEAR NORMAL DEPARTURE LAST
                VALUE   (LST)  VALUE       VALUE  FROM      YEAR
                                                  NORMAL
..................................................................
TEMPERATURE (F)
 YESTERDAY
  MAXIMUM         70    253 PM  96    1929  75     -5       88
  MINIMUM         46    408 AM  29    1912  43      3       41
  AVERAGE         58                        59     -1       65

PRECIPITATION (IN)
  YESTERDAY        0.00          1.44 1985   0.07  -0.07     0.00
  MONTH TO DATE    0.49                      0.87  -0.38     0.00
  SINCE JUL 1      1.18                      1.46  -0.28     0.58
  SINCE JAN 1     17.81                     24.84  -7.03     6.16

SNOWFALL (IN)
  YESTERDAY        0.0          MM      MM  MM     MM        0.0
  MONTH TO DATE    0.0                      MM     MM        0.0
  SINCE SEP 1      0.0                      MM     MM        0.0
  SINCE JUL 1      0.0                      MM     MM        0.0
  SNOW DEPTH       0

DEGREE DAYS
 HEATING
  YESTERDAY        7                         6      1        0
  MONTH TO DATE   39                        86    -47       88
  SINCE SEP 1     44                       116    -72      124
  SINCE JUL 1     44                       119    -75      124

 COOLING
  YESTERDAY        0                         0      0        0
  MONTH TO DATE   91                        19     72        0
  SINCE SEP 1    290                       149    141      127
  SINCE JAN 1   1290                       832    458      974
..................................................................


WIND (MPH)
  HIGHEST WIND SPEED    12   HIGHEST WIND DIRECTION    NW (330)
  HIGHEST GUST SPEED    15   HIGHEST GUST DIRECTION    NW (320)
  AVERAGE WIND SPEED     1.7


SKY COVER
  AVERAGE SKY COVER 0.2


WEATHER CONDITIONS
 THE FOLLOWING WEATHER WAS RECORDED YESTERDAY.
  FOG


RELATIVE HUMIDITY (PERCENT)
 HIGHEST    93
 LOWEST     37
 AVERAGE    65

..........................................................


THE UKIAH CA CLIMATE NORMALS FOR TODAY
                         NORMAL    RECORD    YEAR
 MAXIMUM TEMPERATURE (F)   74        97      1929
 MINIMUM TEMPERATURE (F)   43        26      1906


SUNRISE AND SUNSET
OCTOBER 22 2014.......SUNRISE   730 AM PDT   SUNSET   624 PM PDT
OCTOBER 23 2014.......SUNRISE   731 AM PDT   SUNSET   623 PM PDT


-  INDICATES NEGATIVE NUMBERS.
R  INDICATES RECORD WAS SET OR TIED.
MM INDICATES DATA IS MISSING.
T  INDICATES TRACE AMOUNT.




$$
