000
CDUS43 KSGF 312226
CLIUNO


CLIMATE REPORT
NATIONAL WEATHER SERVICE SPRINGFIELD MO
526 PM CDT TUE MAY 31 2016


...................................

...THE WEST PLAINS MO CLIMATE SUMMARY FOR MAY 31 2016...
VALID TODAY AS OF 0500 PM LOCAL TIME.

CLIMATE NORMAL PERIOD 1981 TO 2010
CLIMATE RECORD PERIOD 1947 TO 2016


WEATHER ITEM   OBSERVED TIME   RECORD YEAR NORMAL DEPARTURE LAST
                VALUE   (LST)  VALUE       VALUE  FROM      YEAR
                                                  NORMAL
..................................................................
TEMPERATURE (F)
 TODAY
  MAXIMUM         80    310 PM  94    1953  80      0       70
  MINIMUM         64    626 AM  39    1984  59      5       57
  AVERAGE         72                        70      2       64

PRECIPITATION (IN)
  TODAY            0.15          1.59 1980   0.15   0.00      T
  MONTH TO DATE    6.87                      4.94   1.93     7.57
  SINCE MAR 1     12.10                     13.71  -1.61    12.93
  SINCE JAN 1     14.74                     19.27  -4.53    17.61

DEGREE DAYS
 COOLING
  TODAY            7                         5      2        0
  MONTH TO DATE   77                        94    -17      106
  SINCE MAR 1     93                       122    -29      122
  SINCE JAN 1     93                       122    -29      122
..................................................................


WIND (MPH)
  HIGHEST WIND SPEED    12   HIGHEST WIND DIRECTION    SE (150)
  HIGHEST GUST SPEED    16   HIGHEST GUST DIRECTION    SE (150)


SKY COVER
  AVERAGE SKY COVER 0.8


WEATHER CONDITIONS
 THE FOLLOWING WEATHER WAS RECORDED TODAY.
  THUNDERSTORM
  HEAVY RAIN
  RAIN
  LIGHT RAIN
  FOG
  HAZE


RELATIVE HUMIDITY (PERCENT)
 HIGHEST    87           100 AM
 LOWEST     58           300 PM
 AVERAGE    73

..........................................................


THE WEST PLAINS MO CLIMATE NORMALS FOR TOMORROW
                         NORMAL    RECORD    YEAR
 MAXIMUM TEMPERATURE (F)   81        94      1951
 MINIMUM TEMPERATURE (F)   59        39      1972


SUNRISE AND SUNSET
MAY 31 2016...........SUNRISE   550 AM CDT   SUNSET   821 PM CDT
JUNE  1 2016..........SUNRISE   550 AM CDT   SUNSET   822 PM CDT


-  INDICATES NEGATIVE NUMBERS.
R  INDICATES RECORD WAS SET OR TIED.
MM INDICATES DATA IS MISSING.
T  INDICATES TRACE AMOUNT.




$$
