000
CDUS43 KSGF 180626
CLIUNO


CLIMATE REPORT
NATIONAL WEATHER SERVICE SPRINGFIELD MO
1226 AM CST SUN FEB 18 2018


...................................

...THE WEST PLAINS MO CLIMATE SUMMARY FOR FEBRUARY 17 2018...

CLIMATE NORMAL PERIOD 1981 TO 2010
CLIMATE RECORD PERIOD 1947 TO 2018


WEATHER ITEM   OBSERVED TIME   RECORD YEAR NORMAL DEPARTURE LAST
                VALUE   (LST)  VALUE       VALUE  FROM      YEAR
                                                  NORMAL
..................................................................
TEMPERATURE (F)
 YESTERDAY
  MAXIMUM         46    524 PM  77    1986  50     -4       70
  MINIMUM         32   1114 PM  -2    1958  27      5       38
  AVERAGE         39                        38      1       54

PRECIPITATION (IN)
  YESTERDAY        0.59          1.49 1956   0.10   0.49     0.00
  MONTH TO DATE    1.24                      1.69  -0.45     0.49
  SINCE DEC 1      5.29                      8.05  -2.76     3.55
  SINCE JAN 1      3.26                      4.41  -1.15     2.53

DEGREE DAYS
 HEATING
  YESTERDAY       26                        27     -1       11
  MONTH TO DATE  488                       486      2      344
  SINCE DEC 1   2378                      2338     40     2003
  SINCE JUL 1   3041                      3190   -149     2523

 COOLING
  YESTERDAY        0                         0      0        0
  MONTH TO DATE    6                         0      6        0
  SINCE DEC 1      6                         0      6        0
  SINCE JAN 1      6                         0      6        0
..................................................................


WIND (MPH)
  HIGHEST WIND SPEED    15   HIGHEST WIND DIRECTION     W (290)
  HIGHEST GUST SPEED    24   HIGHEST GUST DIRECTION     W (290)
  AVERAGE WIND SPEED     5.5


SKY COVER
  AVERAGE SKY COVER 0.6


WEATHER CONDITIONS
 THE FOLLOWING WEATHER WAS RECORDED YESTERDAY.
  RAIN
  LIGHT RAIN
  FOG


RELATIVE HUMIDITY (PERCENT)
 HIGHEST   100           800 AM
 LOWEST     75          1200 AM
 AVERAGE    88

..........................................................


THE WEST PLAINS MO CLIMATE NORMALS FOR TODAY
                         NORMAL    RECORD    YEAR
 MAXIMUM TEMPERATURE (F)   50        77      1986
 MINIMUM TEMPERATURE (F)   27        -2      1993


SUNRISE AND SUNSET
FEBRUARY 18 2018......SUNRISE   652 AM CST   SUNSET   551 PM CST
FEBRUARY 19 2018......SUNRISE   651 AM CST   SUNSET   552 PM CST


-  INDICATES NEGATIVE NUMBERS.
R  INDICATES RECORD WAS SET OR TIED.
MM INDICATES DATA IS MISSING.
T  INDICATES TRACE AMOUNT.




$$
